HTML-Template-Associate-FormField v0.12 Perl 5 v5.36.0 x86_64-linux
- Status
- Fail
- From
- Slaven Rezić
- Dist
-
HTML-Template-Associate-FormField v0.12
- Platform
- Perl 5 v5.36.0 x86_64-linux
- Date
- 2022-10-19 22:04:01
- ID
- f06e7f0c-4ff9-11ed-9eb5-832c6e8775ea
This distribution has been tested as part of the CPAN Testers
project, supporting the Perl programming language. See
http://wiki.cpantesters.org/ for more information or email
questions to cpan-testers-discuss@perl.org
--
Dear Masatoshi Mizuno,
This is a computer-generated report for HTML-Template-Associate-FormField-0.12
on perl 5.36.0, created by CPAN-Reporter-1.2018.
Thank you for uploading your work to CPAN. However, there was a problem
testing your distribution.
If you think this report is invalid, please consult the CPAN Testers Wiki
for suggestions on how to avoid getting FAIL reports for missing library
or binary dependencies, unsupported operating systems, and so on:
http://wiki.cpantesters.org/wiki/CPANAuthorNotes
Sections of this report:
* Tester comments
* Program output
* Prerequisites
* Environment and other context
------------------------------
TESTER COMMENTS
------------------------------
Additional comments from tester:
none provided
------------------------------
PROGRAM OUTPUT
------------------------------
Output from './Build test':
# Failed test 'use HTML::Template::Associate::FormField;'
# at t/00_use.t line 3.
# Tried to use 'HTML::Template::Associate::FormField'.
# Error: UNIVERSAL does not export anything at /home/cpansand/.cpan/build/2022101920/HTML-Template-Associate-FormField-0.12-0/blib/lib/HTML/Template/Associate/FormField.pm line 9.
# BEGIN failed--compilation aborted at /home/cpansand/.cpan/build/2022101920/HTML-Template-Associate-FormField-0.12-0/blib/lib/HTML/Template/Associate/FormField.pm line 9.
# Compilation failed in require at t/00_use.t line 3.
# BEGIN failed--compilation aborted at t/00_use.t line 3.
# Looks like you failed 1 test of 1.
t/00_use.t ...........
Dubious, test returned 1 (wstat 256, 0x100)
Failed 1/1 subtests
UNIVERSAL does not export anything at /home/cpansand/.cpan/build/2022101920/HTML-Template-Associate-FormField-0.12-0/blib/lib/HTML/Template/Associate/FormField.pm line 9.
BEGIN failed--compilation aborted at /home/cpansand/.cpan/build/2022101920/HTML-Template-Associate-FormField-0.12-0/blib/lib/HTML/Template/Associate/FormField.pm line 9.
Compilation failed in require at t/01_param.t line 4.
BEGIN failed--compilation aborted at t/01_param.t line 4.
# Looks like your test exited with 255 before it could output anything.
t/01_param.t .........
Dubious, test returned 255 (wstat 65280, 0xff00)
Failed 4/4 subtests
UNIVERSAL does not export anything at /home/cpansand/.cpan/build/2022101920/HTML-Template-Associate-FormField-0.12-0/blib/lib/HTML/Template/Associate/FormField.pm line 9.
BEGIN failed--compilation aborted at /home/cpansand/.cpan/build/2022101920/HTML-Template-Associate-FormField-0.12-0/blib/lib/HTML/Template/Associate/FormField.pm line 9.
Compilation failed in require at t/02_hidden.t line 4.
BEGIN failed--compilation aborted at t/02_hidden.t line 4.
# Looks like your test exited with 255 before it could output anything.
t/02_hidden.t ........
Dubious, test returned 255 (wstat 65280, 0xff00)
Failed 8/8 subtests
UNIVERSAL does not export anything at /home/cpansand/.cpan/build/2022101920/HTML-Template-Associate-FormField-0.12-0/blib/lib/HTML/Template/Associate/FormField.pm line 9.
BEGIN failed--compilation aborted at /home/cpansand/.cpan/build/2022101920/HTML-Template-Associate-FormField-0.12-0/blib/lib/HTML/Template/Associate/FormField.pm line 9.
Compilation failed in require at t/03_output.t line 8.
BEGIN failed--compilation aborted at t/03_output.t line 8.
# Looks like your test exited with 255 before it could output anything.
t/03_output.t ........
Dubious, test returned 255 (wstat 65280, 0xff00)
Failed 18/18 subtests
# Failed test 'POD test for blib/lib/HTML/Template/Associate/FormField.pm'
# at /opt/perl-5.36.0/lib/site_perl/5.36.0/Test/Pod.pm line 184.
Wide character in print at /opt/perl-5.36.0/lib/5.36.0/Test2/Formatter/TAP.pm line 125.
# blib/lib/HTML/Template/Associate/FormField.pm (313): Non-ASCII character seen before =encoding in '�E�E�E'. Assuming CP1252
# Looks like you failed 1 test of 1.
t/89_pod.t ...........
Dubious, test returned 1 (wstat 256, 0x100)
Failed 1/1 subtests
t/98_perlcritic.t .... ok
# Failed test 'Pod coverage on HTML::Template::Associate::FormField'
# at /opt/perl-5.36.0/lib/site_perl/5.36.0/Test/Pod/Coverage.pm line 133.
# HTML::Template::Associate::FormField: requiring 'HTML::Template::Associate::FormField' failed
# Looks like you failed 1 test of 1.
t/99_pod_coverage.t ..
Dubious, test returned 1 (wstat 256, 0x100)
Failed 1/1 subtests
Test Summary Report
-------------------
t/00_use.t (Wstat: 256 (exited 1) Tests: 1 Failed: 1)
Failed test: 1
Non-zero exit status: 1
t/01_param.t (Wstat: 65280 (exited 255) Tests: 0 Failed: 0)
Non-zero exit status: 255
Parse errors: Bad plan. You planned 4 tests but ran 0.
t/02_hidden.t (Wstat: 65280 (exited 255) Tests: 0 Failed: 0)
Non-zero exit status: 255
Parse errors: Bad plan. You planned 8 tests but ran 0.
t/03_output.t (Wstat: 65280 (exited 255) Tests: 0 Failed: 0)
Non-zero exit status: 255
Parse errors: Bad plan. You planned 18 tests but ran 0.
t/89_pod.t (Wstat: 256 (exited 1) Tests: 1 Failed: 1)
Failed test: 1
Non-zero exit status: 1
t/99_pod_coverage.t (Wstat: 256 (exited 1) Tests: 1 Failed: 1)
Failed test: 1
Non-zero exit status: 1
Files=7, Tests=4, 1 wallclock secs ( 0.02 usr 0.01 sys + 0.83 cusr 0.15 csys = 1.01 CPU)
Result: FAIL
Failed 6/7 test programs. 3/4 subtests failed.
------------------------------
PREREQUISITES
------------------------------
Prerequisite modules loaded:
requires:
Module Need Have
------------------- ---- --------
HTML::Template 2.9 2.97
Test::More 0 1.302190
Test::Perl::Critic 0 1.04
Test::Pod 0 1.52
Test::Pod::Coverage 0 1.10
------------------------------
ENVIRONMENT AND OTHER CONTEXT
------------------------------
Environment variables:
LANG = en_US.UTF-8
PATH = /usr/local/bin:/usr/bin:/bin:/usr/local/sbin:/usr/sbin:/sbin:/home/cpansand/bin/linux-gnu:/home/cpansand/bin/sh:/home/cpansand/bin:/usr/games:/home/cpansand/devel:/home/eserte/src/srezic-misc/scripts
PERL5LIB = /home/cpansand/.cpan/build/2022101920/Template-PopupTreeSelect-0.9-0/blib/arch:/home/cpansand/.cpan/build/2022101920/Template-PopupTreeSelect-0.9-0/blib/lib:/home/cpansand/.cpan/build/2022101920/HTML-PopupTreeSelect-Dynamic-1.2-0/blib/arch:/home/cpansand/.cpan/build/2022101920/HTML-PopupTreeSelect-Dynamic-1.2-0/blib/lib:/home/cpansand/.cpan/build/2022101920/HTML-Prototype-1.48-0/blib/arch:/home/cpansand/.cpan/build/2022101920/HTML-Prototype-1.48-0/blib/lib:/home/cpansand/.cpan/build/2022101920/HTML-PopupTreeSelect-1.6-0/blib/arch:/home/cpansand/.cpan/build/2022101920/HTML-PopupTreeSelect-1.6-0/blib/lib:/home/cpansand/.cpan/build/2022101920/HTML-Template-2.97-3/blib/arch:/home/cpansand/.cpan/build/2022101920/HTML-Template-2.97-3/blib/lib
PERL5OPT =
PERL5_CPANPLUS_IS_RUNNING = 797489
PERL5_CPAN_IS_RUNNING = 797489
PERL5_CPAN_IS_RUNNING_IN_RECURSION = 778271,797489
PERLDOC = -MPod::Perldoc::ToTextOverstrike
PERL_BATCH = yes
PERL_CANARY_STABILITY_NOPROMPT = 1
PERL_CPAN_REPORTER_CONFIG = /var/tmp/cpansmoker-1023/2022101920/cpanreporter_000_config.ini
PERL_EXTUTILS_AUTOINSTALL = --defaultdeps
PERL_USE_UNSAFE_INC = 1
SHELL = /usr/bin/zsh
TERM = screen
TMPDIR = /var/tmp/cpansmoker-1023/2022101920
Perl special variables (and OS-specific diagnostics, for MSWin32):
$^X = /opt/perl-5.36.0/bin/perl
$UID/$EUID = 1023 / 1023
$GID = 1023 1023
$EGID = 1023 1023
Perl module toolchain versions installed:
Module Have
------------------- --------
CPAN 2.33
CPAN::Meta 2.150010
Cwd 3.84
ExtUtils::CBuilder 0.280236
ExtUtils::Command 7.64
ExtUtils::Install 2.20
ExtUtils::MakeMaker 7.64
ExtUtils::Manifest 1.73
ExtUtils::ParseXS 3.45
File::Spec 3.84
JSON 4.09
JSON::PP 4.12
Module::Build 0.4231
Module::Signature 0.88
Parse::CPAN::Meta 2.150010
Test::Harness 3.44
Test::More 1.302190
YAML 1.30
YAML::Syck 1.34
version 0.9929
--
Summary of my perl5 (revision 5 version 36 subversion 0) configuration:
Platform:
osname=linux
osvers=5.19.9-200.fc36.x86_64
archname=x86_64-linux
uname='linux cloud4.bbbike.org 5.19.9-200.fc36.x86_64 #1 smp preempt_dynamic thu sep 15 09:49:52 utc 2022 x86_64 x86_64 x86_64 gnulinux '
config_args='-ds -e -Dprefix=/opt/perl-5.36.0 -Dcf_email=srezic@cpan.org'
hint=recommended
useposix=true
d_sigaction=define
useithreads=undef
usemultiplicity=undef
use64bitint=define
use64bitall=define
uselongdouble=undef
usemymalloc=n
default_inc_excludes_dot=define
Compiler:
cc='cc'
ccflags ='-fwrapv -fno-strict-aliasing -pipe -fstack-protector-strong -I/usr/local/include -D_LARGEFILE_SOURCE -D_FILE_OFFSET_BITS=64 -D_FORTIFY_SOURCE=2'
optimize='-O2'
cppflags='-fwrapv -fno-strict-aliasing -pipe -fstack-protector-strong -I/usr/local/include'
ccversion=''
gccversion='12.2.1 20220819 (Red Hat 12.2.1-2)'
gccosandvers=''
intsize=4
longsize=8
ptrsize=8
doublesize=8
byteorder=12345678
doublekind=3
d_longlong=define
longlongsize=8
d_longdbl=define
longdblsize=16
longdblkind=3
ivtype='long'
ivsize=8
nvtype='double'
nvsize=8
Off_t='off_t'
lseeksize=8
alignbytes=8
prototype=define
Linker and Libraries:
ld='cc'
ldflags =' -fstack-protector-strong -L/usr/local/lib'
libpth=/usr/local/lib /usr/lib /usr/lib64 /usr/local/lib64
libs=-lpthread -ldl -lm -lcrypt -lutil -lc
perllibs=-lpthread -ldl -lm -lcrypt -lutil -lc
libc=/lib/../lib64/libc.so.6
so=so
useshrplib=false
libperl=libperl.a
gnulibc_version='2.35'
Dynamic Linking:
dlsrc=dl_dlopen.xs
dlext=so
d_dlsymun=undef
ccdlflags='-Wl,-E'
cccdlflags='-fPIC'
lddlflags='-shared -O2 -L/usr/local/lib -fstack-protector-strong'
Characteristics of this binary (from libperl):
Compile-time options:
HAS_TIMES
PERLIO_LAYERS
PERL_COPY_ON_WRITE
PERL_DONT_CREATE_GVSV
PERL_MALLOC_WRAP
PERL_OP_PARENT
PERL_PRESERVE_IVUV
USE_64_BIT_ALL
USE_64_BIT_INT
USE_LARGE_FILES
USE_LOCALE
USE_LOCALE_COLLATE
USE_LOCALE_CTYPE
USE_LOCALE_NUMERIC
USE_LOCALE_TIME
USE_PERLIO
USE_PERL_ATOF
Built under linux
Compiled at Sep 20 2022 21:00:03
%ENV:
PERL5LIB="/home/cpansand/.cpan/build/2022101920/Template-PopupTreeSelect-0.9-0/blib/arch:/home/cpansand/.cpan/build/2022101920/Template-PopupTreeSelect-0.9-0/blib/lib:/home/cpansand/.cpan/build/2022101920/HTML-PopupTreeSelect-Dynamic-1.2-0/blib/arch:/home/cpansand/.cpan/build/2022101920/HTML-PopupTreeSelect-Dynamic-1.2-0/blib/lib:/home/cpansand/.cpan/build/2022101920/HTML-Prototype-1.48-0/blib/arch:/home/cpansand/.cpan/build/2022101920/HTML-Prototype-1.48-0/blib/lib:/home/cpansand/.cpan/build/2022101920/HTML-PopupTreeSelect-1.6-0/blib/arch:/home/cpansand/.cpan/build/2022101920/HTML-PopupTreeSelect-1.6-0/blib/lib:/home/cpansand/.cpan/build/2022101920/HTML-Template-2.97-3/blib/arch:/home/cpansand/.cpan/build/2022101920/HTML-Template-2.97-3/blib/lib"
PERL5OPT=""
PERL5_CPANPLUS_IS_RUNNING="797489"
PERL5_CPAN_IS_RUNNING="797489"
PERL5_CPAN_IS_RUNNING_IN_RECURSION="778271,797489"
PERLDOC="-MPod::Perldoc::ToTextOverstrike"
PERL_BATCH="yes"
PERL_CANARY_STABILITY_NOPROMPT="1"
PERL_CPAN_REPORTER_CONFIG="/var/tmp/cpansmoker-1023/2022101920/cpanreporter_000_config.ini"
PERL_EXTUTILS_AUTOINSTALL="--defaultdeps"
PERL_USE_UNSAFE_INC="1"
@INC:
/home/cpansand/.cpan/build/2022101920/Template-PopupTreeSelect-0.9-0/blib/arch
/home/cpansand/.cpan/build/2022101920/Template-PopupTreeSelect-0.9-0/blib/lib
/home/cpansand/.cpan/build/2022101920/HTML-PopupTreeSelect-Dynamic-1.2-0/blib/arch
/home/cpansand/.cpan/build/2022101920/HTML-PopupTreeSelect-Dynamic-1.2-0/blib/lib
/home/cpansand/.cpan/build/2022101920/HTML-Prototype-1.48-0/blib/arch
/home/cpansand/.cpan/build/2022101920/HTML-Prototype-1.48-0/blib/lib
/home/cpansand/.cpan/build/2022101920/HTML-PopupTreeSelect-1.6-0/blib/arch
/home/cpansand/.cpan/build/2022101920/HTML-PopupTreeSelect-1.6-0/blib/lib
/home/cpansand/.cpan/build/2022101920/HTML-Template-2.97-3/blib/arch
/home/cpansand/.cpan/build/2022101920/HTML-Template-2.97-3/blib/lib
/opt/perl-5.36.0/lib/site_perl/5.36.0/x86_64-linux
/opt/perl-5.36.0/lib/site_perl/5.36.0
/opt/perl-5.36.0/lib/5.36.0/x86_64-linux
/opt/perl-5.36.0/lib/5.36.0
.