Report for Role-Log-Syslog-Fast-0.14

Back
From: metabase:user:322078bc-2aae-11df-837a-5e0a49663a4f
Subject: FAIL Role-Log-Syslog-Fast-0.14 v5.12.0 GNU/Linux
Date: 2012-01-22T08:20:27Z

This distribution has been tested as part of the CPAN Testers
project, supporting the Perl programming language.  See
http://wiki.cpantesters.org/ for more information or email
questions to cpan-testers-discuss@perl.org


--

Dear TBR,

This is a computer-generated error report created automatically by
CPANPLUS, version 0.9116. Testers personal comments may appear
at the end of this report.


Thank you for uploading your work to CPAN.  However, it appears that
there were some problems testing your distribution.

TEST RESULTS:

Below is the error stack from stage 'make test':

[MSG] [Sun Jan 22 08:19:41 2012] Checking if your kit is complete...
Looks good
Writing Makefile for Role::Log::Syslog::Fast
Writing MYMETA.yml and MYMETA.json

[MSG] [Sun Jan 22 08:19:41 2012] DEFAULT 'filter_prereqs' HANDLER RETURNING 'sub return value'
[MSG] [Sun Jan 22 08:19:41 2012] Checking for previous PASS result for "Role-Log-Syslog-Fast-0.14"
[MSG] [Sun Jan 22 08:19:41 2012] cp lib/Role/Log/Syslog/Fast.pm blib/lib/Role/Log/Syslog/Fast.pm
Manifying blib/man3/Role::Log::Syslog::Fast.3

[ERROR] [Sun Jan 22 08:19:42 2012] MAKE TEST failed: PERL_DL_NONLAZY=1 /home/cpan/pit/thr-ld/perl-5.12.0/bin/perl "-MExtUtils::Command::MM" "-e" "test_harness(0, 'blib/lib', 'blib/arch')" t/*.t
Can't locate Moose/Role.pm in @INC (@INC contains: lib /home/cpan/pit/thr-ld/conf/perl-5.12.0/.cpanplus/5.12.0/build/Role-Log-Syslog-Fast-0.14/blib/lib /home/cpan/pit/thr-ld/conf/perl-5.12.0/.cpanplus/5.12.0/build/Role-Log-Syslog-Fast-0.14/blib/arch /home/cpan/pit/thr-ld/conf/perl-5.12.0/.cpanplus/5.12.0/build/Role-Log-Syslog-Fast-0.14/blib/lib /home/cpan/pit/thr-ld/conf/perl-5.12.0/.cpanplus/5.12.0/build/Role-Log-Syslog-Fast-0.14/blib/arch /home/cpan/pit/thr-ld/perl-5.12.0/lib/site_perl/5.12.0/x86_64-linux-thread-multi-ld /home/cpan/pit/thr-ld/perl-5.12.0/lib/site_perl/5.12.0 /home/cpan/pit/thr-ld/perl-5.12.0/lib/5.12.0/x86_64-linux-thread-multi-ld /home/cpan/pit/thr-ld/perl-5.12.0/lib/5.12.0 .) at lib/Role/Log/Syslog/Fast.pm line 5.
BEGIN failed--compilation aborted at lib/Role/Log/Syslog/Fast.pm line 5.
Compilation failed in require at -e line 1.
t/00-compile.t ................ 
Dubious, test returned 1 (wstat 256, 0x100)
Failed 1/1 subtests 

#   Failed test 'Role::Log::Syslog::Fast loaded ok'
#   at t/00-compile.t line 48.
#                   ''
#     doesn't match '(?s-xim:^\s*Role::Log::Syslog::Fast ok)'
# Looks like you failed 1 test of 1.
# 
# 
# perl: v5.12.0 (wanted any version) on linux from /home/cpan/pit/thr-ld/perl-5.12.0/bin/perl
# 
# ExtUtils::MakeMaker                           => 6.62       (want 6.30)   
# 
# Thanks for using my code.  I hope it works for you.
# If not, please try and include this output in the bug report.
# That will help me reproduce the issue and solve you problem.
# 
t/000-report-versions-tiny.t .. ok

#   Failed test 'use Role::Log::Syslog::Fast;'
#   at t/00load.t line 5.
#     Tried to use 'Role::Log::Syslog::Fast'.
#     Error:  Can't locate Moose/Role.pm in @INC (@INC contains: /home/cpan/pit/thr-ld/conf/perl-5.12.0/.cpanplus/5.12.0/build/Role-Log-Syslog-Fast-0.14/blib/lib /home/cpan/pit/thr-ld/conf/perl-5.12.0/.cpanplus/5.12.0/build/Role-Log-Syslog-Fast-0.14/blib/arch /home/cpan/pit/thr-ld/conf/perl-5.12.0/.cpanplus/5.12.0/build/Role-Log-Syslog-Fast-0.14/blib/lib /home/cpan/pit/thr-ld/conf/perl-5.12.0/.cpanplus/5.12.0/build/Role-Log-Syslog-Fast-0.14/blib/arch /home/cpan/pit/thr-ld/perl-5.12.0/lib/site_perl/5.12.0/x86_64-linux-thread-multi-ld /home/cpan/pit/thr-ld/perl-5.12.0/lib/site_perl/5.12.0 /home/cpan/pit/thr-ld/perl-5.12.0/lib/5.12.0/x86_64-linux-thread-multi-ld /home/cpan/pit/thr-ld/perl-5.12.0/lib/5.12.0 .) at /home/cpan/pit/thr-ld/conf/perl-5.12.0/.cpanplus/5.12.0/build/Role-Log-Syslog-Fast-0.14/blib/lib/Role/Log/Syslog/Fast.pm line 5.
# BEGIN failed--compilation aborted at /home/cpan/pit/thr-ld/conf/perl-5.12.0/.cpanplus/5.12.0/build/Role-Log-Syslog-Fast-0.14/blib/lib/Role/Log/Syslog/Fast.pm line 5.
# Compilation failed in require at (eval 4) line 2.
# BEGIN failed--compilation aborted at (eval 4) line 2.
# Looks like you failed 1 test of 1.
t/00load.t .................... 
Dubious, test returned 1 (wstat 256, 0x100)
Failed 1/1 subtests 
Can't locate Moose.pm in @INC (@INC contains: /home/cpan/pit/thr-ld/conf/perl-5.12.0/.cpanplus/5.12.0/build/Role-Log-Syslog-Fast-0.14/blib/lib /home/cpan/pit/thr-ld/conf/perl-5.12.0/.cpanplus/5.12.0/build/Role-Log-Syslog-Fast-0.14/blib/arch /home/cpan/pit/thr-ld/conf/perl-5.12.0/.cpanplus/5.12.0/build/Role-Log-Syslog-Fast-0.14/blib/lib /home/cpan/pit/thr-ld/conf/perl-5.12.0/.cpanplus/5.12.0/build/Role-Log-Syslog-Fast-0.14/blib/arch /home/cpan/pit/thr-ld/perl-5.12.0/lib/site_perl/5.12.0/x86_64-linux-thread-multi-ld /home/cpan/pit/thr-ld/perl-5.12.0/lib/site_perl/5.12.0 /home/cpan/pit/thr-ld/perl-5.12.0/lib/5.12.0/x86_64-linux-thread-multi-ld /home/cpan/pit/thr-ld/perl-5.12.0/lib/5.12.0 .) at t/01basic.t line 9.
BEGIN failed--compilation aborted at t/01basic.t line 9.
# Looks like your test exited with 2 before it could output anything.
t/01basic.t ................... 
Dubious, test returned 2 (wstat 512, 0x200)
Failed 9/9 subtests 
t/author-critic.t ............. skipped: these tests are for testing by the author
t/release-distmeta.t .......... skipped: these tests are for release candidate testing
t/release-eol.t ............... skipped: these tests are for release candidate testing
t/release-has-version.t ....... skipped: these tests are for release candidate testing
t/release-kwalitee.t .......... skipped: these tests are for release candidate testing
t/release-pod-coverage.t ...... skipped: these tests are for release candidate testing
t/release-pod-syntax.t ........ skipped: these tests are for release candidate testing
t/release-unused-vars.t ....... skipped: these tests are for release candidate testing

Test Summary Report
-------------------
t/00-compile.t              (Wstat: 256 Tests: 1 Failed: 1)
  Failed test:  1
  Non-zero exit status: 1
t/00load.t                  (Wstat: 256 Tests: 1 Failed: 1)
  Failed test:  1
  Non-zero exit status: 1
t/01basic.t                 (Wstat: 512 Tests: 0 Failed: 0)
  Non-zero exit status: 2
  Parse errors: Bad plan.  You planned 9 tests but ran 0.
Files=12, Tests=3,  0 wallclock secs ( 0.03 usr  0.02 sys +  0.28 cusr  0.03 csys =  0.36 CPU)
Result: FAIL
Failed 3/12 test programs. 2/3 subtests failed.
make: *** [test_dynamic] Error 255

[MSG] [Sun Jan 22 08:19:42 2012] DEFAULT 'proceed_on_test_failure' HANDLER RETURNING 'sub return value'


MISSING PREREQUISITES:

It was observed that the test suite seem to fail without these modules:

Moose::Role
Moose

As such, adding the prerequisite module(s) to 'PREREQ_PM' in your
Makefile.PL should solve this problem.  For example:

WriteMakefile(
    AUTHOR      => 'TBR (cpanplus-info@lists.sf.net)',
    ... # other information
    PREREQ_PM   => {
	'Moose::Role'	=> '0', # or a minimum working version
	'Moose'	=> '0', # or a minimum working version
    }
);

Thanks! :-)


Perl module toolchain versions installed:
	Module Name                        Have
	CPANPLUS                         0.9116
	CPANPLUS::Dist::Build              0.60
	Cwd                                3.33
	ExtUtils::CBuilder             0.280202
	ExtUtils::Command                  1.16
	ExtUtils::Install                  1.55
	ExtUtils::MakeMaker                6.62
	ExtUtils::Manifest                 1.60
	ExtUtils::ParseXS                  3.11
	File::Spec                         3.33
	Module::Build                    0.3800
	Test::Harness                      3.23
	Test::More                         0.98
	version                            0.95

******************************** NOTE ********************************
The comments above are created mechanically, possibly without manual
checking by the sender.  As there are many people performing automatic
tests on each upload to CPAN, it is likely that you will receive
identical messages about the same problem.

If you believe that the message is mistaken, please reply to the first
one with correction and/or additional informations, and do not take
it personally.  We appreciate your patience. :)
**********************************************************************

Additional comments:


This report was machine-generated by CPANPLUS::Dist::YACSmoke 0.66.
Powered by minismokebox version 0.54

------------------------------
ENVIRONMENT AND OTHER CONTEXT
------------------------------

Environment variables:

    AUTOMATED_TESTING = 1
    LANG = en_US
    LC_COLLATE = C
    PATH = /usr/local/bin:/usr/bin:/bin:/usr/games:/usr/lib64/java/bin:/usr/lib64/qt/bin:/usr/share/texmf/bin:.
    PERL5LIB = :/home/cpan/pit/thr-ld/conf/perl-5.12.0/.cpanplus/5.12.0/build/Role-Log-Syslog-Fast-0.14/blib/lib:/home/cpan/pit/thr-ld/conf/perl-5.12.0/.cpanplus/5.12.0/build/Role-Log-Syslog-Fast-0.14/blib/arch
    PERL5_CPANPLUS_IS_RUNNING = 10977
    PERL5_CPANPLUS_IS_VERSION = 0.9116
    PERL5_MINISMOKEBOX = 0.54
    PERL5_YACSMOKE_BASE = /home/cpan/pit/thr-ld/conf/perl-5.12.0
    PERL_EXTUTILS_AUTOINSTALL = --defaultdeps
    PERL_MM_USE_DEFAULT = 1
    SHELL = /bin/bash
    TERM = screen

Perl special variables (and OS-specific diagnostics, for MSWin32):

    Perl: $^X = /home/cpan/pit/thr-ld/perl-5.12.0/bin/perl
    UID:  $<  = 1001
    EUID: $>  = 1001
    GID:  $(  = 100 100
    EGID: $)  = 100 100


-------------------------------


--

Summary of my perl5 (revision 5 version 12 subversion 0) configuration:
   
  Platform:
    osname=linux, osvers=2.6.33.4, archname=x86_64-linux-thread-multi-ld
    uname='linux slack64 2.6.33.4 #3 smp wed may 12 23:13:09 cdt 2010 x86_64 intel(r) xeon(r) cpu e5520 @ 2.27ghz genuineintel gnulinux '
    config_args='-des -Dprefix=/home/cpan/pit/thr-ld/perl-5.12.0 -Dusethreads -Duselongdouble'
    hint=recommended, useposix=true, d_sigaction=define
    useithreads=define, usemultiplicity=define
    useperlio=define, d_sfio=undef, uselargefiles=define, usesocks=undef
    use64bitint=define, use64bitall=define, uselongdouble=define
    usemymalloc=n, bincompat5005=undef
  Compiler:
    cc='cc', ccflags ='-D_REENTRANT -D_GNU_SOURCE -fno-strict-aliasing -pipe -fstack-protector -I/usr/local/include -D_LARGEFILE_SOURCE -D_FILE_OFFSET_BITS=64',
    optimize='-O2',
    cppflags='-D_REENTRANT -D_GNU_SOURCE -fno-strict-aliasing -pipe -fstack-protector -I/usr/local/include'
    ccversion='', gccversion='4.4.4', gccosandvers=''
    intsize=4, longsize=8, ptrsize=8, doublesize=8, byteorder=12345678
    d_longlong=define, longlongsize=8, d_longdbl=define, longdblsize=16
    ivtype='long', ivsize=8, nvtype='long double', nvsize=16, Off_t='off_t', lseeksize=8
    alignbytes=16, prototype=define
  Linker and Libraries:
    ld='cc', ldflags =' -fstack-protector -L/usr/local/lib'
    libpth=/usr/local/lib /lib/../lib64 /usr/lib/../lib64 /lib /usr/lib /lib64 /usr/lib64 /usr/local/lib64
    libs=-lnsl -lgdbm -ldb -ldl -lm -lcrypt -lutil -lpthread -lc
    perllibs=-lnsl -ldl -lm -lcrypt -lutil -lpthread -lc
    libc=, so=so, useshrplib=false, libperl=libperl.a
    gnulibc_version='2.11.1'
  Dynamic Linking:
    dlsrc=dl_dlopen.xs, dlext=so, d_dlsymun=undef, ccdlflags='-Wl,-E'
    cccdlflags='-fPIC', lddlflags='-shared -O2 -L/usr/local/lib -fstack-protector'


Characteristics of this binary (from libperl): 
  Compile-time options: MULTIPLICITY PERL_DONT_CREATE_GVSV
                        PERL_IMPLICIT_CONTEXT PERL_MALLOC_WRAP USE_64_BIT_ALL
                        USE_64_BIT_INT USE_ITHREADS USE_LARGE_FILES
                        USE_LONG_DOUBLE USE_PERLIO USE_PERL_ATOF
                        USE_REENTRANT_API
  Built under linux
  Compiled at Jan  5 2012 23:48:21
  %ENV:
    PERL5LIB=":/home/cpan/pit/thr-ld/conf/perl-5.12.0/.cpanplus/5.12.0/build/Role-Log-Syslog-Fast-0.14/blib/lib:/home/cpan/pit/thr-ld/conf/perl-5.12.0/.cpanplus/5.12.0/build/Role-Log-Syslog-Fast-0.14/blib/arch"
    PERL5_CPANPLUS_IS_RUNNING="10977"
    PERL5_CPANPLUS_IS_VERSION="0.9116"
    PERL5_MINISMOKEBOX="0.54"
    PERL5_YACSMOKE_BASE="/home/cpan/pit/thr-ld/conf/perl-5.12.0"
    PERL_EXTUTILS_AUTOINSTALL="--defaultdeps"
    PERL_MM_USE_DEFAULT="1"
  @INC:
    /home/cpan/pit/thr-ld/conf/perl-5.12.0/.cpanplus/5.12.0/build/Role-Log-Syslog-Fast-0.14/blib/lib
    /home/cpan/pit/thr-ld/conf/perl-5.12.0/.cpanplus/5.12.0/build/Role-Log-Syslog-Fast-0.14/blib/arch
    /home/cpan/pit/thr-ld/perl-5.12.0/lib/site_perl/5.12.0/x86_64-linux-thread-multi-ld
    /home/cpan/pit/thr-ld/perl-5.12.0/lib/site_perl/5.12.0
    /home/cpan/pit/thr-ld/perl-5.12.0/lib/5.12.0/x86_64-linux-thread-multi-ld
    /home/cpan/pit/thr-ld/perl-5.12.0/lib/5.12.0
    .