Report for Stream-Aggregate-0.406

Back
From: metabase:user:320bfe00-2aae-11df-837a-5e0a49663a4f
Subject: FAIL Stream-Aggregate-0.406 v5.19.3 GNU/Linux
Date: 2013-11-07T23:47:19Z

This distribution has been tested as part of the CPAN Testers
project, supporting the Perl programming language.  See
http://wiki.cpantesters.org/ for more information or email
questions to cpan-testers-discuss@perl.org


--
Dear David Muir Sharnoff,

This is a computer-generated report for Stream-Aggregate-0.406
on perl 5.19.3, created by CPAN-Reporter-1.2010.

Thank you for uploading your work to CPAN.  However, there was a problem
testing your distribution.

If you think this report is invalid, please consult the CPAN Testers Wiki
for suggestions on how to avoid getting FAIL reports for missing library
or binary dependencies, unsupported operating systems, and so on:

http://wiki.cpantesters.org/wiki/CPANAuthorNotes

Sections of this report:

    * Tester comments
    * Program output
    * Prerequisites
    * Environment and other context

------------------------------
TESTER COMMENTS
------------------------------

Additional comments from tester:

this report is from an automated smoke testing program
and was not reviewed by a human for accuracy

------------------------------
PROGRAM OUTPUT
------------------------------

Output from '/usr/bin/make test':

PERL_DL_NONLAZY=1 /tmp/basesmoker-reloperl-_zXu/bin/perl "-MExtUtils::Command::MM" "-e" "test_harness(0, 'blib/lib', 'blib/arch')" t/*.t
t/aggregate.t ... ok
t/aggregate2.t .. ok
Use of uninitialized value $column_age in hash element at /tmp/loop_over_bdir-5190-WwG4IU/Stream-Aggregate-0.406-GapWP5/blib/lib/Stream/Aggregate.pm line 612, <DATA> line 11.
Use of uninitialized value $column_age in hash element at /tmp/loop_over_bdir-5190-WwG4IU/Stream-Aggregate-0.406-GapWP5/blib/lib/Stream/Aggregate.pm line 616, <DATA> line 11.
Use of uninitialized value $column_age in hash element at /tmp/loop_over_bdir-5190-WwG4IU/Stream-Aggregate-0.406-GapWP5/blib/lib/Stream/Aggregate.pm line 612, <DATA> line 11.
Use of uninitialized value $column_age in hash element at /tmp/loop_over_bdir-5190-WwG4IU/Stream-Aggregate-0.406-GapWP5/blib/lib/Stream/Aggregate.pm line 616, <DATA> line 11.
Use of uninitialized value $column_age in hash element at /tmp/loop_over_bdir-5190-WwG4IU/Stream-Aggregate-0.406-GapWP5/blib/lib/Stream/Aggregate.pm line 612, <DATA> line 11.
Use of uninitialized value $column_age in hash element at /tmp/loop_over_bdir-5190-WwG4IU/Stream-Aggregate-0.406-GapWP5/blib/lib/Stream/Aggregate.pm line 616, <DATA> line 11.
Use of uninitialized value $column_age in hash element at /tmp/loop_over_bdir-5190-WwG4IU/Stream-Aggregate-0.406-GapWP5/blib/lib/Stream/Aggregate.pm line 612, <DATA> line 11.
Use of uninitialized value $column_age in hash element at /tmp/loop_over_bdir-5190-WwG4IU/Stream-Aggregate-0.406-GapWP5/blib/lib/Stream/Aggregate.pm line 613, <DATA> line 11.
Use of uninitialized value $column_age in hash element at /tmp/loop_over_bdir-5190-WwG4IU/Stream-Aggregate-0.406-GapWP5/blib/lib/Stream/Aggregate.pm line 612, <DATA> line 11.
Use of uninitialized value $column_age in hash element at /tmp/loop_over_bdir-5190-WwG4IU/Stream-Aggregate-0.406-GapWP5/blib/lib/Stream/Aggregate.pm line 616, <DATA> line 11.
Use of uninitialized value $column_age in hash element at /tmp/loop_over_bdir-5190-WwG4IU/Stream-Aggregate-0.406-GapWP5/blib/lib/Stream/Aggregate.pm line 612, <DATA> line 11.
Use of uninitialized value $column_age in hash element at /tmp/loop_over_bdir-5190-WwG4IU/Stream-Aggregate-0.406-GapWP5/blib/lib/Stream/Aggregate.pm line 616, <DATA> line 11.
Use of uninitialized value $column_age in hash element at /tmp/loop_over_bdir-5190-WwG4IU/Stream-Aggregate-0.406-GapWP5/blib/lib/Stream/Aggregate.pm line 612, <DATA> line 11.
Use of uninitialized value $column_age in hash element at /tmp/loop_over_bdir-5190-WwG4IU/Stream-Aggregate-0.406-GapWP5/blib/lib/Stream/Aggregate.pm line 616, <DATA> line 11.
Use of uninitialized value $column_age in hash element at /tmp/loop_over_bdir-5190-WwG4IU/Stream-Aggregate-0.406-GapWP5/blib/lib/Stream/Aggregate.pm line 612, <DATA> line 11.
Use of uninitialized value $column_age in hash element at /tmp/loop_over_bdir-5190-WwG4IU/Stream-Aggregate-0.406-GapWP5/blib/lib/Stream/Aggregate.pm line 616, <DATA> line 11.
Use of uninitialized value $column_age in hash element at /tmp/loop_over_bdir-5190-WwG4IU/Stream-Aggregate-0.406-GapWP5/blib/lib/Stream/Aggregate.pm line 612, <DATA> line 11.
Use of uninitialized value $column_age in hash element at /tmp/loop_over_bdir-5190-WwG4IU/Stream-Aggregate-0.406-GapWP5/blib/lib/Stream/Aggregate.pm line 616, <DATA> line 11.
t/h3.t .......... ok
Use of uninitialized value $column_age in hash element at /tmp/loop_over_bdir-5190-WwG4IU/Stream-Aggregate-0.406-GapWP5/blib/lib/Stream/Aggregate.pm line 612, <DATA> line 24.
Use of uninitialized value $column_age in hash element at /tmp/loop_over_bdir-5190-WwG4IU/Stream-Aggregate-0.406-GapWP5/blib/lib/Stream/Aggregate.pm line 616, <DATA> line 24.
Use of uninitialized value $column_age in hash element at /tmp/loop_over_bdir-5190-WwG4IU/Stream-Aggregate-0.406-GapWP5/blib/lib/Stream/Aggregate.pm line 612, <DATA> line 24.
Use of uninitialized value $column_age in hash element at /tmp/loop_over_bdir-5190-WwG4IU/Stream-Aggregate-0.406-GapWP5/blib/lib/Stream/Aggregate.pm line 616, <DATA> line 24.
Use of uninitialized value $column_age in hash element at /tmp/loop_over_bdir-5190-WwG4IU/Stream-Aggregate-0.406-GapWP5/blib/lib/Stream/Aggregate.pm line 612, <DATA> line 24.
Use of uninitialized value $column_age in hash element at /tmp/loop_over_bdir-5190-WwG4IU/Stream-Aggregate-0.406-GapWP5/blib/lib/Stream/Aggregate.pm line 613, <DATA> line 24.
Use of uninitialized value $column_age in hash element at /tmp/loop_over_bdir-5190-WwG4IU/Stream-Aggregate-0.406-GapWP5/blib/lib/Stream/Aggregate.pm line 612, <DATA> line 24.
Use of uninitialized value $column_age in hash element at /tmp/loop_over_bdir-5190-WwG4IU/Stream-Aggregate-0.406-GapWP5/blib/lib/Stream/Aggregate.pm line 613, <DATA> line 24.
Use of uninitialized value $column_age in hash element at /tmp/loop_over_bdir-5190-WwG4IU/Stream-Aggregate-0.406-GapWP5/blib/lib/Stream/Aggregate.pm line 612, <DATA> line 24.
Use of uninitialized value $column_age in hash element at /tmp/loop_over_bdir-5190-WwG4IU/Stream-Aggregate-0.406-GapWP5/blib/lib/Stream/Aggregate.pm line 613, <DATA> line 24.
Use of uninitialized value $column_age in hash element at /tmp/loop_over_bdir-5190-WwG4IU/Stream-Aggregate-0.406-GapWP5/blib/lib/Stream/Aggregate.pm line 612, <DATA> line 24.
Use of uninitialized value $column_age in hash element at /tmp/loop_over_bdir-5190-WwG4IU/Stream-Aggregate-0.406-GapWP5/blib/lib/Stream/Aggregate.pm line 613, <DATA> line 24.
Use of uninitialized value $column_age in hash element at /tmp/loop_over_bdir-5190-WwG4IU/Stream-Aggregate-0.406-GapWP5/blib/lib/Stream/Aggregate.pm line 612, <DATA> line 24.
Use of uninitialized value $column_age in hash element at /tmp/loop_over_bdir-5190-WwG4IU/Stream-Aggregate-0.406-GapWP5/blib/lib/Stream/Aggregate.pm line 613, <DATA> line 24.
Use of uninitialized value $column_age in hash element at /tmp/loop_over_bdir-5190-WwG4IU/Stream-Aggregate-0.406-GapWP5/blib/lib/Stream/Aggregate.pm line 612, <DATA> line 24.
Use of uninitialized value $column_age in hash element at /tmp/loop_over_bdir-5190-WwG4IU/Stream-Aggregate-0.406-GapWP5/blib/lib/Stream/Aggregate.pm line 613, <DATA> line 24.
Use of uninitialized value $column_age in hash element at /tmp/loop_over_bdir-5190-WwG4IU/Stream-Aggregate-0.406-GapWP5/blib/lib/Stream/Aggregate.pm line 612, <DATA> line 24.
Use of uninitialized value $column_age in hash element at /tmp/loop_over_bdir-5190-WwG4IU/Stream-Aggregate-0.406-GapWP5/blib/lib/Stream/Aggregate.pm line 613, <DATA> line 24.
Use of uninitialized value $column_age in hash element at /tmp/loop_over_bdir-5190-WwG4IU/Stream-Aggregate-0.406-GapWP5/blib/lib/Stream/Aggregate.pm line 612, <DATA> line 24.
Use of uninitialized value $column_age in hash element at /tmp/loop_over_bdir-5190-WwG4IU/Stream-Aggregate-0.406-GapWP5/blib/lib/Stream/Aggregate.pm line 613, <DATA> line 24.
Use of uninitialized value $column_age in hash element at /tmp/loop_over_bdir-5190-WwG4IU/Stream-Aggregate-0.406-GapWP5/blib/lib/Stream/Aggregate.pm line 612, <DATA> line 24.
Use of uninitialized value $column_age in hash element at /tmp/loop_over_bdir-5190-WwG4IU/Stream-Aggregate-0.406-GapWP5/blib/lib/Stream/Aggregate.pm line 613, <DATA> line 24.
Use of uninitialized value $column_age in hash element at /tmp/loop_over_bdir-5190-WwG4IU/Stream-Aggregate-0.406-GapWP5/blib/lib/Stream/Aggregate.pm line 612, <DATA> line 24.
Use of uninitialized value $column_age in hash element at /tmp/loop_over_bdir-5190-WwG4IU/Stream-Aggregate-0.406-GapWP5/blib/lib/Stream/Aggregate.pm line 613, <DATA> line 24.
Use of uninitialized value $column_age in hash element at /tmp/loop_over_bdir-5190-WwG4IU/Stream-Aggregate-0.406-GapWP5/blib/lib/Stream/Aggregate.pm line 612, <DATA> line 24.
Use of uninitialized value $column_age in hash element at /tmp/loop_over_bdir-5190-WwG4IU/Stream-Aggregate-0.406-GapWP5/blib/lib/Stream/Aggregate.pm line 613, <DATA> line 24.
Use of uninitialized value $column_age in hash element at /tmp/loop_over_bdir-5190-WwG4IU/Stream-Aggregate-0.406-GapWP5/blib/lib/Stream/Aggregate.pm line 612, <DATA> line 24.
Use of uninitialized value $column_age in hash element at /tmp/loop_over_bdir-5190-WwG4IU/Stream-Aggregate-0.406-GapWP5/blib/lib/Stream/Aggregate.pm line 613, <DATA> line 24.
Use of uninitialized value $column_age in hash element at /tmp/loop_over_bdir-5190-WwG4IU/Stream-Aggregate-0.406-GapWP5/blib/lib/Stream/Aggregate.pm line 612, <DATA> line 24.
Use of uninitialized value $column_age in hash element at /tmp/loop_over_bdir-5190-WwG4IU/Stream-Aggregate-0.406-GapWP5/blib/lib/Stream/Aggregate.pm line 613, <DATA> line 24.
Use of uninitialized value $column_age in hash element at /tmp/loop_over_bdir-5190-WwG4IU/Stream-Aggregate-0.406-GapWP5/blib/lib/Stream/Aggregate.pm line 612, <DATA> line 24.
Use of uninitialized value $column_age in hash element at /tmp/loop_over_bdir-5190-WwG4IU/Stream-Aggregate-0.406-GapWP5/blib/lib/Stream/Aggregate.pm line 613, <DATA> line 24.
Use of uninitialized value $column_age in hash element at /tmp/loop_over_bdir-5190-WwG4IU/Stream-Aggregate-0.406-GapWP5/blib/lib/Stream/Aggregate.pm line 612, <DATA> line 24.
Use of uninitialized value $column_age in hash element at /tmp/loop_over_bdir-5190-WwG4IU/Stream-Aggregate-0.406-GapWP5/blib/lib/Stream/Aggregate.pm line 613, <DATA> line 24.
Use of uninitialized value $column_age in hash element at /tmp/loop_over_bdir-5190-WwG4IU/Stream-Aggregate-0.406-GapWP5/blib/lib/Stream/Aggregate.pm line 612, <DATA> line 24.
Use of uninitialized value $column_age in hash element at /tmp/loop_over_bdir-5190-WwG4IU/Stream-Aggregate-0.406-GapWP5/blib/lib/Stream/Aggregate.pm line 613, <DATA> line 24.
Use of uninitialized value $column_age in hash element at /tmp/loop_over_bdir-5190-WwG4IU/Stream-Aggregate-0.406-GapWP5/blib/lib/Stream/Aggregate.pm line 612, <DATA> line 24.
Use of uninitialized value $column_age in hash element at /tmp/loop_over_bdir-5190-WwG4IU/Stream-Aggregate-0.406-GapWP5/blib/lib/Stream/Aggregate.pm line 613, <DATA> line 24.
Use of uninitialized value $column_age in hash element at /tmp/loop_over_bdir-5190-WwG4IU/Stream-Aggregate-0.406-GapWP5/blib/lib/Stream/Aggregate.pm line 612, <DATA> line 24.
Use of uninitialized value $column_age in hash element at /tmp/loop_over_bdir-5190-WwG4IU/Stream-Aggregate-0.406-GapWP5/blib/lib/Stream/Aggregate.pm line 613, <DATA> line 24.
Use of uninitialized value $column_age in hash element at /tmp/loop_over_bdir-5190-WwG4IU/Stream-Aggregate-0.406-GapWP5/blib/lib/Stream/Aggregate.pm line 612, <DATA> line 24.
Use of uninitialized value $column_age in hash element at /tmp/loop_over_bdir-5190-WwG4IU/Stream-Aggregate-0.406-GapWP5/blib/lib/Stream/Aggregate.pm line 613, <DATA> line 24.

#   Failed test 'age10 result age is 10'
#   at t/hospital.t line 94.
#          got: ''
#     expected: '10'

#   Failed test 'age10 result no sex'
#   at t/hospital.t line 95.
#          got: 'M'
#     expected: undef

#   Failed test 'age10 has 5 people'
#   at t/hospital.t line 96.
#          got: '8'
#     expected: '5'

#   Failed test 'age9F result age is 9'
#   at t/hospital.t line 98.
#          got: undef
#     expected: '9'

#   Failed test 'age9F - female'
#   at t/hospital.t line 99.
#          got: 'M'
#     expected: 'F'

#   Failed test 'age9F has 7 people'
#   at t/hospital.t line 100.
#          got: '8'
#     expected: '7'

#   Failed test 'M is M'
#   at t/hospital.t line 102.
#          got: 'F'
#     expected: 'M'

#   Failed test 'M age undef'
#   at t/hospital.t line 103.
#          got: ''
#     expected: undef

#   Failed test '8 men'
#   at t/hospital.t line 104.
#          got: '13'
#     expected: '8'

#   Failed test 'age9 sex undef'
#   at t/hospital.t line 106.
#          got: 'F'
#     expected: undef

#   Failed test 'age9 is 9'
#   at t/hospital.t line 107.
#          got: undef
#     expected: '9'

#   Failed test 'age9 has 9'
#   at t/hospital.t line 108.
#          got: '13'
#     expected: '9'

#   Failed test 'F is F'
#   at t/hospital.t line 110.
#          got: undef
#     expected: 'F'

#   Failed test '13 women'
#   at t/hospital.t line 112.
#          got: '21'
#     expected: '13'

#   Failed test 'all age undef'
#   at t/hospital.t line 115.
#          got: ''
#     expected: undef
# Looks like you failed 15 tests of 19.
t/hospital.t .... 
Dubious, test returned 15 (wstat 3840, 0xf00)
Failed 15/19 subtests 
t/stats.t ....... ok
t/urls.t ........ ok

Test Summary Report
-------------------
t/hospital.t  (Wstat: 3840 Tests: 19 Failed: 15)
  Failed tests:  1-13, 15, 17
  Non-zero exit status: 15
Files=6, Tests=89,  2 wallclock secs ( 0.04 usr  0.01 sys +  0.68 cusr  0.07 csys =  0.80 CPU)
Result: FAIL
Failed 1/6 test programs. 15/89 subtests failed.
make: *** [test_dynamic] Error 255

------------------------------
PREREQUISITES
------------------------------

Prerequisite modules loaded:

requires:

    Module                  Need Have 
    ----------------------- ---- -----
    B::Deparse              0    1.22 
    Clone                   0    0.35 
    Config::Checker         0    0.42 
    Config::YAMLMacros      0    0    
    Data::Dumper            0    2.148
    Hash::Util              0    0.16 
    List::EvenMoreUtils     0    0.11 
    List::MoreUtils         0    0.33 
    List::Util              0    1.31 
    Tie::Function::Examples 0    0.44 

build_requires:

    Module                  Need Have 
    ----------------------- ---- -----
    YAML                    0    0.84 

configure_requires:

    Module                  Need Have 
    ----------------------- ---- -----
    ExtUtils::MakeMaker     0    6.82 


------------------------------
ENVIRONMENT AND OTHER CONTEXT
------------------------------

Environment variables:

    AUTOMATED_TESTING = 1
    LANG = en_US.UTF-8
    LANGUAGE = en_US:en
    PATH = /usr/lib/ccache:/home/sand/bin:/usr/local/bin:/usr/bin:/bin:/usr/bin/X11:/usr/games:/usr/local/perl/bin:/usr/X11/bin:/sbin:/usr/sbin
    PERL5LIB = 
    PERL5OPT = 
    PERL5_CPANPLUS_IS_RUNNING = 5265
    PERL5_CPAN_IS_RUNNING = 5265
    PERL_MM_USE_DEFAULT = 1
    SHELL = /usr/bin/zsh
    TERM = screen

Perl special variables (and OS-specific diagnostics, for MSWin32):

    $^X = /tmp/basesmoker-reloperl-_zXu/bin/perl
    $UID/$EUID = 1005 / 1005
    $GID = 1005 1005
    $EGID = 1005 1005

Perl module toolchain versions installed:

    Module              Have    
    ------------------- --------
    CPAN                2.00    
    CPAN::Meta          2.132140
    Cwd                 3.44    
    ExtUtils::CBuilder  0.280210
    ExtUtils::Command   1.17    
    ExtUtils::Install   1.60    
    ExtUtils::MakeMaker 6.82    
    ExtUtils::Manifest  1.63    
    ExtUtils::ParseXS   3.21    
    File::Spec          3.44    
    JSON                2.90    
    JSON::PP            2.27203 
    Module::Build       0.4007  
    Module::Signature   0.73    
    Parse::CPAN::Meta   1.4409  
    Test::Harness       3.28    
    Test::More          0.98    
    YAML                0.84    
    YAML::Syck          1.27    
    version             0.9903  


--

Summary of my perl5 (revision 5 version 19 subversion 3) configuration:
  Commit id: f865d60069cbf2222595cce29bf98f8f1b6703ec
  Platform:
    osname=linux, osvers=3.11-1-amd64, archname=x86_64-linux
    uname='linux k83 3.11-1-amd64 #1 smp debian 3.11.6-2 (2013-11-01) x86_64 gnulinux '
    config_args='-Dprefix=/home/sand/src/perl/repoperls/installed-perls/perl/v5.19.3/165a -Dmyhostname=k83 -Dinstallusrbinperl=n -Uversiononly -Dusedevel -des -Ui_db -Uuseithreads -Uuselongdouble -DDEBUGGING=-g'
    hint=recommended, useposix=true, d_sigaction=define
    useithreads=undef, usemultiplicity=undef
    useperlio=define, d_sfio=undef, uselargefiles=define, usesocks=undef
    use64bitint=define, use64bitall=define, uselongdouble=undef
    usemymalloc=n, bincompat5005=undef
  Compiler:
    cc='cc', ccflags ='-fno-strict-aliasing -pipe -fstack-protector -I/usr/local/include -D_LARGEFILE_SOURCE -D_FILE_OFFSET_BITS=64',
    optimize='-O2 -g',
    cppflags='-fno-strict-aliasing -pipe -fstack-protector -I/usr/local/include'
    ccversion='', gccversion='4.8.2', gccosandvers=''
    intsize=4, longsize=8, ptrsize=8, doublesize=8, byteorder=12345678
    d_longlong=define, longlongsize=8, d_longdbl=define, longdblsize=16
    ivtype='long', ivsize=8, nvtype='double', nvsize=8, Off_t='off_t', lseeksize=8
    alignbytes=8, prototype=define
  Linker and Libraries:
    ld='cc', ldflags =' -fstack-protector -L/usr/local/lib'
    libpth=/usr/local/lib /lib/x86_64-linux-gnu /lib/../lib /usr/lib/x86_64-linux-gnu /usr/lib/../lib /lib /usr/lib
    libs=-lnsl -lgdbm -ldb -ldl -lm -lcrypt -lutil -lc -lgdbm_compat
    perllibs=-lnsl -ldl -lm -lcrypt -lutil -lc
    libc=, so=so, useshrplib=false, libperl=libperl.a
    gnulibc_version='2.17'
  Dynamic Linking:
    dlsrc=dl_dlopen.xs, dlext=so, d_dlsymun=undef, ccdlflags='-Wl,-E'
    cccdlflags='-fPIC', lddlflags='-shared -O2 -g -L/usr/local/lib -fstack-protector'


Characteristics of this binary (from libperl): 
  Compile-time options: HAS_TIMES PERLIO_LAYERS PERL_DONT_CREATE_GVSV
                        PERL_HASH_FUNC_ONE_AT_A_TIME_HARD PERL_MALLOC_WRAP
                        PERL_NEW_COPY_ON_WRITE PERL_PRESERVE_IVUV
                        PERL_USE_DEVEL USE_64_BIT_ALL USE_64_BIT_INT
                        USE_LARGE_FILES USE_LOCALE USE_LOCALE_COLLATE
                        USE_LOCALE_CTYPE USE_LOCALE_NUMERIC USE_PERLIO
                        USE_PERL_ATOF
  Built under linux
  Compiled at Nov  8 2013 00:18:12
  %ENV:
    PERL5LIB=""
    PERL5OPT=""
    PERL5_CPANPLUS_IS_RUNNING="5265"
    PERL5_CPAN_IS_RUNNING="5265"
    PERL_MM_USE_DEFAULT="1"
  @INC:
    /home/sand/src/perl/repoperls/installed-perls/perl/v5.19.3/165a/lib/site_perl/5.19.3/x86_64-linux
    /home/sand/src/perl/repoperls/installed-perls/perl/v5.19.3/165a/lib/site_perl/5.19.3
    /home/sand/src/perl/repoperls/installed-perls/perl/v5.19.3/165a/lib/5.19.3/x86_64-linux
    /home/sand/src/perl/repoperls/installed-perls/perl/v5.19.3/165a/lib/5.19.3
    .