Back
From: metabase:user:320bfe00-2aae-11df-837a-5e0a49663a4f
Subject: FAIL Module-Install-HTML5Manifest-0.01_02 v5.24.0 GNU/Linux
Date: 2017-04-12T23:08:29Z
This distribution has been tested as part of the CPAN Testers
project, supporting the Perl programming language. See
http://wiki.cpantesters.org/ for more information or email
questions to cpan-testers-discuss@perl.org
--
Dear Kazuhiro Osawa,
This is a computer-generated report for Module-Install-HTML5Manifest-0.01_02
on perl 5.24.0, created by CPAN-Reporter-1.2018.
Thank you for uploading your work to CPAN. However, there was a problem
testing your distribution.
If you think this report is invalid, please consult the CPAN Testers Wiki
for suggestions on how to avoid getting FAIL reports for missing library
or binary dependencies, unsupported operating systems, and so on:
http://wiki.cpantesters.org/wiki/CPANAuthorNotes
Sections of this report:
* Tester comments
* Program output
* Prerequisites
* Environment and other context
------------------------------
TESTER COMMENTS
------------------------------
Additional comments from tester:
this report is from an automated smoke testing program
and was not reviewed by a human for accuracy
------------------------------
PROGRAM OUTPUT
------------------------------
Output from '/usr/bin/make test':
PERL_DL_NONLAZY=1 "/home/sand/src/perl/repoperls/installed-perls/host/k93msid/v5.24.0/f11c/bin/perl" "-MExtUtils::Command::MM" "-MTest::Harness" "-e" "undef *Test::Harness::Switches; test_harness(0, 'inc', 'blib/lib', 'blib/arch')" t/*.t
t/00_compile.t .. ok
t/01_simple.t ... ok
# Failed test at t/02_gz.t line 16.
show stdout:
include /tmp/loop_over_bdir-29534-x2jhoA/Module-Install-HTML5Manifest-0.01_02-0/t/Zlib/inc/Module/Install.pm
include inc/Module/Install/Metadata.pm
include inc/Module/Install/Base.pm
include inc/Module/Install/Makefile.pm
include inc/Module/Install/HTML5Manifest.pm
include inc/HTML5/Manifest.pm
include inc/Module/Install/WriteAll.pm
include inc/Module/Install/Win32.pm
include inc/Module/Install/Can.pm
include inc/Module/Install/Fetch.pm
Checking if your kit is complete...
Warning: the following files are missing in your kit:
inc/Module/Install/AuthorTests.pm
inc/Module/Install/GithubMeta.pm
inc/Module/Install/Include.pm
inc/Module/Install/ReadmeFromPod.pm
inc/Module/Install/ReadmeMarkdownFromPod.pm
inc/Module/Install/Repository.pm
inc/Pod/Markdown.pm
inc/Test/More.pm
META.yml
Please inform the author.
Generating a Unix-style Makefile
Writing Makefile for Example
Writing MYMETA.yml and MYMETA.json
Writing META.yml
make[1]: Entering directory '/tmp/loop_over_bdir-29534-x2jhoA/Module-Install-HTML5Manifest-0.01_02-0/t/Zlib'
echo "ok"
ok
perl -Mlib=inc -MModule::Install::HTML5Manifest -e 'Module::Install::HTML5Manifest->generate("JFZBUjEgPSB7J3VzZV9kaWdlc3QnID0+IDEsJ2h0ZG9jc19mcm9tJyA9PiAnaHRkb2NzJywnbWFuaWZlc3Rfc2tpcCcgPT4gJ2h0bWw1bWFuaWZlc3Quc2tpcCcsJ2dlbmVyYXRlX3RvJyA9PiAnZXhhbXBsZS5tYW5pZmVzdCcsJ25ldHdvcmtfbGlzdCcgPT4gWycvYXBpJywnL2Zvby9iYXIuY2dpJ10sJ3dpdGhfZ3pmaWxlJyA9PiAxfTs=")'
Makefile:854: recipe for target 'html5manifest' failed
make[1]: Leaving directory '/tmp/loop_over_bdir-29534-x2jhoA/Module-Install-HTML5Manifest-0.01_02-0/t/Zlib'
show stderr:
Cannot determine perl version info from lib/Example.pm
Digest::MD5 object version 2.54 does not match bootstrap parameter 2.51 at /usr/lib/x86_64-linux-gnu/perl/5.24/DynaLoader.pm line 204.
Compilation failed in require at inc/HTML5/Manifest.pm line 6.
BEGIN failed--compilation aborted at inc/HTML5/Manifest.pm line 6.
Compilation failed in require at inc/Module/Install/HTML5Manifest.pm line 8.
BEGIN failed--compilation aborted at inc/Module/Install/HTML5Manifest.pm line 8.
Compilation failed in require.
BEGIN failed--compilation aborted.
make[1]: *** [html5manifest] Error 2
show current directory for debug at t/02_gz.t line 27.
# . (420 bytes) at t/02_gz.t line 29.
# .. (180 bytes) at t/02_gz.t line 29.
# META.yml (491 bytes) at t/02_gz.t line 29.
# MYMETA.yml (528 bytes) at t/02_gz.t line 29.
# MYMETA.json (883 bytes) at t/02_gz.t line 29.
# Makefile (26591 bytes) at t/02_gz.t line 29.
# inc (100 bytes) at t/02_gz.t line 29.
# xt (120 bytes) at t/02_gz.t line 29.
# t (60 bytes) at t/02_gz.t line 29.
# README.mkdn (261 bytes) at t/02_gz.t line 29.
# README (269 bytes) at t/02_gz.t line 29.
# MANIFEST.SKIP (213 bytes) at t/02_gz.t line 29.
# MANIFEST (813 bytes) at t/02_gz.t line 29.
# Makefile.PL (313 bytes) at t/02_gz.t line 29.
# lib (60 bytes) at t/02_gz.t line 29.
# html5manifest.skip (11 bytes) at t/02_gz.t line 29.
# htdocs (120 bytes) at t/02_gz.t line 29.
# example.manifest (104 bytes) at t/02_gz.t line 29.
# Changes (105 bytes) at t/02_gz.t line 29.
# .shipit (96 bytes) at t/02_gz.t line 29.
# .gitignore (103 bytes) at t/02_gz.t line 29.
# Failed test at t/02_gz.t line 33.
# got: undef
# expected: 'CACHE MANIFEST
#
# NETWORK:
# /api
# /foo/bar.cgi
#
# CACHE:
# /site.css
# /site.js
#
# # digest: KC22SJMksgNahFOXL97t7w
# '
# Looks like you failed 2 tests of 2.
t/02_gz.t .......
Dubious, test returned 2 (wstat 512, 0x200)
Failed 2/2 subtests
t/03_target.t ... ok
Test Summary Report
-------------------
t/02_gz.t (Wstat: 512 Tests: 2 Failed: 2)
Failed tests: 1-2
Non-zero exit status: 2
Files=4, Tests=6, 28 wallclock secs ( 0.03 usr 0.02 sys + 5.20 cusr 9.96 csys = 15.21 CPU)
Result: FAIL
Failed 1/4 test programs. 2/6 subtests failed.
Makefile:779: recipe for target 'test_dynamic' failed
make: *** [test_dynamic] Error 255
------------------------------
PREREQUISITES
------------------------------
Prerequisite modules loaded:
requires:
Module Need Have
---------------------- ---- --------
Data::Dumper 0 2.161
HTML5::Manifest 0 0.04
MIME::Base64 0 3.15
Module::Install 0 1.17
build_requires:
Module Need Have
---------------------- ---- --------
Capture::Tiny 0 0.46
Digest::MD5 0 2.55
ExtUtils::MakeMaker 6.42 7.24
File::Spec 0 3.63
IO::Compress::Gzip 0 2.074
IO::Uncompress::Gunzip 0 2.074
Test::More 0 1.302078
configure_requires:
Module Need Have
---------------------- ---- --------
ExtUtils::MakeMaker 6.42 7.24
------------------------------
ENVIRONMENT AND OTHER CONTEXT
------------------------------
Environment variables:
AUTOMATED_TESTING = 1
LANG = en_US.UTF-8
PATH = /home/sand/bin:/usr/local/bin:/usr/bin:/bin:/usr/games:/usr/local/perl/bin:/usr/X11/bin:/sbin:/usr/sbin
PERL5LIB =
PERL5OPT =
PERL5_CPANPLUS_IS_RUNNING = 29567
PERL5_CPAN_IS_RUNNING = 29567
PERL_CANARY_STABILITY_NOPROMPT = 1
PERL_MM_USE_DEFAULT = 1
PERL_USE_UNSAFE_INC = 1
SHELL = /usr/bin/zsh
TERM = screen
Perl special variables (and OS-specific diagnostics, for MSWin32):
$^X = /home/sand/src/perl/repoperls/installed-perls/host/k93msid/v5.24.0/f11c/bin/perl
$UID/$EUID = 1005 / 1005
$GID = 1005 1005
$EGID = 1005 1005
Perl module toolchain versions installed:
Module Have
------------------- --------
CPAN 2.17
CPAN::Meta 2.150010
Cwd 3.63
ExtUtils::CBuilder 0.280225
ExtUtils::Command 7.24
ExtUtils::Install 2.04
ExtUtils::MakeMaker 7.24
ExtUtils::Manifest 1.70
ExtUtils::ParseXS 3.31
File::Spec 3.63
JSON 2.90
JSON::PP 2.27400
Module::Build 0.4222
Module::Signature 0.81
Parse::CPAN::Meta 2.150010
Test::Harness 3.39
Test::More 1.302078
YAML 1.23
YAML::Syck 1.29
version 0.9916
--
Summary of my perl5 (revision 5 version 24 subversion 0) configuration:
Derived from: be2c0c650b028f54e427f2469a59942edfdff8a9
Platform:
osname=linux, osvers=4.9.0-2-amd64, archname=x86_64-linux-thread-multi
uname='linux k93msid 4.9.0-2-amd64 #1 smp debian 4.9.13-1 (2017-02-27) x86_64 gnulinux '
config_args='-Dprefix=/home/sand/src/perl/repoperls/installed-perls/host/k93msid/v5.24.0/f11c -Dmyhostname=k93msid -Dinstallusrbinperl=n -Uversiononly -Dusedevel -des -Ui_db -Dlibswanted=cl pthread socket inet nsl gdbm dbm malloc dl ld sun m crypt sec util c cposix posix ucb BSD gdbm_compat -Duseithreads -Uuselongdouble -DDEBUGGING=-g'
hint=recommended, useposix=true, d_sigaction=define
useithreads=define, usemultiplicity=define
use64bitint=define, use64bitall=define, uselongdouble=undef
usemymalloc=n, bincompat5005=undef
Compiler:
cc='cc', ccflags ='-D_REENTRANT -D_GNU_SOURCE -fwrapv -fno-strict-aliasing -pipe -fstack-protector-strong -I/usr/local/include -D_LARGEFILE_SOURCE -D_FILE_OFFSET_BITS=64',
optimize='-O2 -g',
cppflags='-D_REENTRANT -D_GNU_SOURCE -fwrapv -fno-strict-aliasing -pipe -fstack-protector-strong -I/usr/local/include'
ccversion='', gccversion='6.3.0 20170316', gccosandvers=''
intsize=4, longsize=8, ptrsize=8, doublesize=8, byteorder=12345678, doublekind=3
d_longlong=define, longlongsize=8, d_longdbl=define, longdblsize=16, longdblkind=3
ivtype='long', ivsize=8, nvtype='double', nvsize=8, Off_t='off_t', lseeksize=8
alignbytes=8, prototype=define
Linker and Libraries:
ld='cc', ldflags =' -fstack-protector-strong -L/usr/local/lib'
libpth=/usr/local/lib /usr/lib/gcc/x86_64-linux-gnu/6/include-fixed /usr/include/x86_64-linux-gnu /usr/lib /lib/x86_64-linux-gnu /lib/../lib /usr/lib/x86_64-linux-gnu /usr/lib/../lib /lib
libs=-lpthread -lnsl -ldl -lm -lcrypt -lutil -lc
perllibs=-lpthread -lnsl -ldl -lm -lcrypt -lutil -lc
libc=libc-2.24.so, so=so, useshrplib=false, libperl=libperl.a
gnulibc_version='2.24'
Dynamic Linking:
dlsrc=dl_dlopen.xs, dlext=so, d_dlsymun=undef, ccdlflags='-Wl,-E'
cccdlflags='-fPIC', lddlflags='-shared -O2 -g -L/usr/local/lib -fstack-protector-strong'
Characteristics of this binary (from libperl):
Compile-time options: HAS_TIMES MULTIPLICITY PERLIO_LAYERS
PERL_COPY_ON_WRITE PERL_DONT_CREATE_GVSV
PERL_HASH_FUNC_ONE_AT_A_TIME_HARD
PERL_IMPLICIT_CONTEXT PERL_MALLOC_WRAP
PERL_PRESERVE_IVUV PERL_USE_DEVEL USE_64_BIT_ALL
USE_64_BIT_INT USE_ITHREADS USE_LARGE_FILES
USE_LOCALE USE_LOCALE_COLLATE USE_LOCALE_CTYPE
USE_LOCALE_NUMERIC USE_LOCALE_TIME USE_PERLIO
USE_PERL_ATOF USE_REENTRANT_API
Locally applied patches:
uncommitted-changes
Built under linux
Compiled at Mar 19 2017 08:27:33
%ENV:
PERL5LIB=""
PERL5OPT=""
PERL5_CPANPLUS_IS_RUNNING="29567"
PERL5_CPAN_IS_RUNNING="29567"
PERL_CANARY_STABILITY_NOPROMPT="1"
PERL_MM_USE_DEFAULT="1"
PERL_USE_UNSAFE_INC="1"
@INC:
/home/sand/src/perl/repoperls/installed-perls/host/k93msid/v5.24.0/f11c/lib/site_perl/5.24.0/x86_64-linux-thread-multi
/home/sand/src/perl/repoperls/installed-perls/host/k93msid/v5.24.0/f11c/lib/site_perl/5.24.0
/home/sand/src/perl/repoperls/installed-perls/host/k93msid/v5.24.0/f11c/lib/5.24.0/x86_64-linux-thread-multi
/home/sand/src/perl/repoperls/installed-perls/host/k93msid/v5.24.0/f11c/lib/5.24.0
.