LWP-UserAgent-WithCache v0.13 Perl 5 v5.16.3 OpenBSD.amd64-openbsd-thread-multi
- Status
- Fail
- From
- Nigel Horne
- Dist
-
LWP-UserAgent-WithCache v0.13
- Platform
- Perl 5 v5.16.3 OpenBSD.amd64-openbsd-thread-multi
- Date
- 2025-07-15 20:04:40
- ID
- f0fe00a6-61b6-11f0-9738-c52f4f2ff1de
This distribution has been tested as part of the CPAN Testers
project, supporting the Perl programming language. See
http://wiki.cpantesters.org/ for more information or email
questions to cpan-testers-discuss@perl.org
--
Dear Masayoshi Sekimura,
This is a computer-generated report for LWP-UserAgent-WithCache-0.13
on perl 5.16.3, created by CPAN-Reporter-1.2020.
Thank you for uploading your work to CPAN. However, there was a problem
testing your distribution.
If you think this report is invalid, please consult the CPAN Testers Wiki
for suggestions on how to avoid getting FAIL reports for missing library
or binary dependencies, unsupported operating systems, and so on:
http://wiki.cpantesters.org/wiki/CPANAuthorNotes
Sections of this report:
* Tester comments
* Program output
* Prerequisites
* Environment and other context
------------------------------
TESTER COMMENTS
------------------------------
Additional comments from tester:
none provided
------------------------------
PROGRAM OUTPUT
------------------------------
Output from '/usr/bin/make test':
PERL_DL_NONLAZY=1 "/home/njh/perl5/perlbrew/perls/perl-5.16.3-thread/bin/perl5.16.3" "-MExtUtils::Command::MM" "-MTest::Harness" "-e" "undef *Test::Harness::Switches; test_harness(0, 'blib/lib', 'blib/arch')" t/*.t
t/00_compile.t .. ok
t/01_new.t ...... ok
perl5.16.3:/home/njh/perl5/perlbrew/perls/perl-5.16.3-thread/lib/site_perl/5.16.3/OpenBSD.amd64-openbsd-thread-multi/auto/Net/SSLeay/SSLeay.so: undefined symbol 'EVP_add_digest'
perl5.16.3:/home/njh/perl5/perlbrew/perls/perl-5.16.3-thread/lib/site_perl/5.16.3/OpenBSD.amd64-openbsd-thread-multi/auto/Net/SSLeay/SSLeay.so: undefined symbol 'EVP_add_digest'
# Failed test at t/10_request.t line 38.
# got: '501'
# expected: '200'
# Looks like you failed 1 test of 4.
t/10_request.t ..
Dubious, test returned 1 (wstat 256, 0x100)
Failed 1/4 subtests
Test Summary Report
-------------------
t/10_request.t (Wstat: 256 (exited 1) Tests: 4 Failed: 1)
Failed test: 1
Non-zero exit status: 1
Files=3, Tests=10, 0 wallclock secs ( 0.04 usr 0.00 sys + 0.60 cusr 0.14 csys = 0.78 CPU)
Result: FAIL
Failed 1/3 test programs. 1/10 subtests failed.
*** Error 1 in /home/njh/.cpan/build/LWP-UserAgent-WithCache-0.13-OKH_k9 (Makefile:842 'test_dynamic')
------------------------------
PREREQUISITES
------------------------------
Prerequisite modules loaded:
requires:
Module Need Have
------------------- ---- -----
Cache::FileCache 0 0
File::HomeDir 0 1.006
LWP::UserAgent 0 6.79
build_requires:
Module Need Have
------------------- ---- -----
ExtUtils::MakeMaker 0 7.76
configure_requires:
Module Need Have
------------------- ---- -----
ExtUtils::MakeMaker 0 7.76
------------------------------
ENVIRONMENT AND OTHER CONTEXT
------------------------------
Environment variables:
PATH = /home/njh/perl5/perlbrew/bin:/home/njh/perl5/perlbrew/perls/perl-5.16.3-thread/bin:/home/njh/perl5/perlbrew/bin:/home/njh/src/njh/smoker/bin:/usr/local/bin:/usr/bin:/bin:/usr/sbin:/sbin:/usr/X11R6/bin:/usr/local/bin:/usr/local/sbin
PERL5LIB =
PERL5OPT =
PERL5_CPANPLUS_IS_RUNNING = 36512
PERL5_CPAN_IS_RUNNING = 36512
PERL5_CPAN_IS_RUNNING_IN_RECURSION = 27714,36512
PERLBREW_LIB =
PERLBREW_MANPATH = /home/njh/perl5/perlbrew/perls/perl-5.16.3-thread/man
PERLBREW_PATH = /home/njh/perl5/perlbrew/bin:/home/njh/perl5/perlbrew/perls/perl-5.16.3-thread/bin
PERLBREW_PERL = perl-5.16.3-thread
PERLBREW_ROOT = /home/njh/perl5/perlbrew
PERLBREW_SHELLRC_VERSION = 1.01
PERLBREW_VERSION = 1.01
PERL_LOCAL_LIB_ROOT =
SHELL = /usr/local/bin/bash
Perl special variables (and OS-specific diagnostics, for MSWin32):
$^X = /home/njh/perl5/perlbrew/perls/perl-5.16.3-thread/bin/perl5.16.3
$UID/$EUID = 1000 / 1000
$GID = 1000 1000 0
$EGID = 1000 1000 0
Perl module toolchain versions installed:
Module Have
------------------- --------
CPAN 1.9800
CPAN::Meta 2.143240
Cwd 3.39_02
ExtUtils::CBuilder 0.280206
ExtUtils::Command 7.76
ExtUtils::Install 2.22
ExtUtils::MakeMaker 7.76
ExtUtils::Manifest 1.70
ExtUtils::ParseXS 3.16
File::Spec 3.39_02
JSON n/a
JSON::PP 4.16
Module::Build 0.39_01
Module::Signature n/a
Parse::CPAN::Meta 1.4414
Test2 1.302214
Test::Harness 3.52
Test::More 1.302214
YAML n/a
YAML::Syck n/a
version 0.9933
--
Summary of my perl5 (revision 5 version 16 subversion 3) configuration:
Platform:
osname=openbsd, osvers=7.7, archname=OpenBSD.amd64-openbsd-thread-multi
uname='openbsd vultr2.bandsman.co.uk 7.7 generic#2 amd64 '
config_args='-de -Dprefix=/home/njh/perl5/perlbrew/perls/perl-5.16.3-thread -Dusedevel -Dusethreads -Accflags= -Aeval:scriptdir=/home/njh/perl5/perlbrew/perls/perl-5.16.3-thread/bin'
hint=recommended, useposix=true, d_sigaction=define
useithreads=define, usemultiplicity=define
useperlio=define, d_sfio=undef, uselargefiles=define, usesocks=undef
use64bitint=define, use64bitall=define, uselongdouble=undef
usemymalloc=n, bincompat5005=undef
Compiler:
cc='cc', ccflags ='-pthread -fno-strict-aliasing -pipe -fstack-protector -I/usr/local/include',
optimize='-O2',
cppflags='-pthread -fno-strict-aliasing -pipe -fstack-protector -I/usr/local/include'
ccversion='', gccversion='OpenBSD Clang 16.0.6', gccosandvers=''
intsize=4, longsize=8, ptrsize=8, doublesize=8, byteorder=12345678
d_longlong=define, longlongsize=8, d_longdbl=define, longdblsize=16
ivtype='long', ivsize=8, nvtype='double', nvsize=8, Off_t='off_t', lseeksize=8
alignbytes=8, prototype=define
Linker and Libraries:
ld='cc', ldflags ='-pthread -Wl,-E -fstack-protector -L/usr/local/lib'
libpth=/usr/local/lib /usr/lib
libs=-lm -lutil -lc
perllibs=-lm -lutil -lc
libc=/usr/lib/libc.so.100.3, so=so, useshrplib=false, libperl=libperl.a
gnulibc_version=''
Dynamic Linking:
dlsrc=dl_dlopen.xs, dlext=so, d_dlsymun=undef, ccdlflags=' '
cccdlflags='-DPIC -fPIC ', lddlflags='-shared -fPIC -L/usr/local/lib -fstack-protector'
Characteristics of this binary (from libperl):
Compile-time options: HAS_TIMES MULTIPLICITY PERLIO_LAYERS
PERL_DONT_CREATE_GVSV PERL_IMPLICIT_CONTEXT
PERL_MALLOC_WRAP PERL_PRESERVE_IVUV PERL_USE_DEVEL
USE_64_BIT_ALL USE_64_BIT_INT USE_ITHREADS
USE_LARGE_FILES USE_LOCALE USE_LOCALE_COLLATE
USE_LOCALE_CTYPE USE_LOCALE_NUMERIC USE_PERLIO
USE_PERL_ATOF USE_REENTRANT_API
Locally applied patches:
Devel::PatchPerl 2.08
Built under openbsd
Compiled at Jul 6 2025 02:23:46
%ENV:
PERL5LIB=""
PERL5OPT=""
PERL5_CPANPLUS_IS_RUNNING="36512"
PERL5_CPAN_IS_RUNNING="36512"
PERL5_CPAN_IS_RUNNING_IN_RECURSION="27714,36512"
PERLBREW_LIB=""
PERLBREW_MANPATH="/home/njh/perl5/perlbrew/perls/perl-5.16.3-thread/man"
PERLBREW_PATH="/home/njh/perl5/perlbrew/bin:/home/njh/perl5/perlbrew/perls/perl-5.16.3-thread/bin"
PERLBREW_PERL="perl-5.16.3-thread"
PERLBREW_ROOT="/home/njh/perl5/perlbrew"
PERLBREW_SHELLRC_VERSION="1.01"
PERLBREW_VERSION="1.01"
PERL_LOCAL_LIB_ROOT=""
@INC:
/home/njh/perl5/perlbrew/perls/perl-5.16.3-thread/lib/site_perl/5.16.3/OpenBSD.amd64-openbsd-thread-multi
/home/njh/perl5/perlbrew/perls/perl-5.16.3-thread/lib/site_perl/5.16.3
/home/njh/perl5/perlbrew/perls/perl-5.16.3-thread/lib/5.16.3/OpenBSD.amd64-openbsd-thread-multi
/home/njh/perl5/perlbrew/perls/perl-5.16.3-thread/lib/5.16.3
.