Math-Utils v1.14 Perl 5 v5.16.3 cygwin-thread-multi-64int
- Status
- Fail
- From
- Peter John Acklam (PJACKLAM)
- Dist
-
Math-Utils v1.14
- Platform
- Perl 5 v5.16.3 cygwin-thread-multi-64int
- Date
- 2022-02-05 13:58:28
- ID
- f15ccdc5-6e80-1014-aab9-43f664b802d6
This distribution has been tested as part of the CPAN Testers
project, supporting the Perl programming language. See
http://wiki.cpantesters.org/ for more information or email
questions to cpan-testers-discuss@perl.org
--
Dear John Gamble,
This is a computer-generated report for Math-Utils-1.14
on perl 5.16.3, created by CPAN-Reporter-1.2018.
Thank you for uploading your work to CPAN. However, there was a problem
testing your distribution.
If you think this report is invalid, please consult the CPAN Testers Wiki
for suggestions on how to avoid getting FAIL reports for missing library
or binary dependencies, unsupported operating systems, and so on:
http://wiki.cpantesters.org/wiki/CPANAuthorNotes
Sections of this report:
* Tester comments
* Program output
* Prerequisites
* Environment and other context
------------------------------
TESTER COMMENTS
------------------------------
Additional comments from tester:
this report is from an automated smoke testing program
and was not reviewed by a human for accuracy
------------------------------
PROGRAM OUTPUT
------------------------------
Output from './Build test':
# Testing Math::Utils 1.14, Perl 5.016003, /cygdrive/c/opt/perl5/cygwin_nt-10.0-wow/3.3.3/i686/perl/5.16.3/i686-cygwin-thread-multi-64int/bin/perl5.16.3
t/00-load.t ............. ok
t/01-compare.t .......... ok
t/02-signs.t ............ ok
t/03-logarithm.t ........ ok
t/04-fsum.t ............. ok
t/05-intfns.t ........... ok
t/06-moduli.t ........... ok
t/07-gcdlcm.t ........... ok
t/08-softmax.t .......... ok
t/09-scale.t ............ ok
t/10-add.t .............. ok
t/11-subtract.t ......... ok
t/12-multiply.t ......... ok
t/13-divide.t ........... ok
t/14-derivative.t ....... ok
Undefined subroutine &Math::BigInt::_register_callback called at /opt/perl5/cygwin_nt-10.0-wow/3.3.3/i686/perl/5.16.3/i686-cygwin-thread-multi-64int/lib/5.16.3/Math/BigRat.pm line 1583.
BEGIN failed--compilation aborted at t/15-objcoeff.t line 8.
# Looks like your test exited with 255 before it could output anything.
t/15-objcoeff.t .........
Dubious, test returned 255 (wstat 65280, 0xff00)
Failed 2/2 subtests
t/16-evaluate.t ......... ok
t/17-derivative-eval.t .. ok
t/18-translate.t ........ ok
t/30-finitedif.t ........ ok
t/manifest.t ............ skipped: Author tests not required for installation
t/pod.t ................. skipped: Test::Pod 1.22 required for testing POD
Test Summary Report
-------------------
t/15-objcoeff.t (Wstat: 65280 Tests: 0 Failed: 0)
Non-zero exit status: 255
Parse errors: Bad plan. You planned 2 tests but ran 0.
Files=22, Tests=135, 34 wallclock secs ( 0.13 usr 0.31 sys + 5.56 cusr 21.29 csys = 27.29 CPU)
Result: FAIL
Failed 1/22 test programs. 0/135 subtests failed.
------------------------------
PREREQUISITES
------------------------------
Prerequisite modules loaded:
requires:
Module Need Have
------------- ------- --------
perl v5.10.1 5.016003
build_requires:
Module Need Have
------------- ------- --------
Test::More 0 1.302188
configure_requires:
Module Need Have
------------- ------- --------
Module::Build 0.4 0.4231
------------------------------
ENVIRONMENT AND OTHER CONTEXT
------------------------------
Environment variables:
AUTOMATED_TESTING = 1
COMSPEC = C:\WINDOWS\system32\cmd.exe
NUMBER_OF_PROCESSORS = 12
PATH = /usr/site/gcc-11.2.0/bin:/opt/perl5/cygwin_nt-10.0-wow/3.3.3/i686/perl/5.16.3/i686-cygwin-thread-multi-64int/bin:/opt/perl5/cygwin_nt-10.0-wow/3.3.3/i686/perl/5.16.3/i686-cygwin-thread-multi-64int/local/bin:/usr/bin:/bin:/usr/local/bin
PERL5LIB = /opt/perl5/cygwin_nt-10.0-wow/3.3.3/i686/cpan/5.16.3/i686-cygwin-thread-multi-64int/build/Math-Fortran-0.03-0/blib/arch:/opt/perl5/cygwin_nt-10.0-wow/3.3.3/i686/cpan/5.16.3/i686-cygwin-thread-multi-64int/build/Math-Fortran-0.03-0/blib/lib:/opt/perl5/cygwin_nt-10.0-wow/3.3.3/i686/cpan/5.16.3/i686-cygwin-thread-multi-64int/build/Math-Summation-0.02-0/blib/arch:/opt/perl5/cygwin_nt-10.0-wow/3.3.3/i686/cpan/5.16.3/i686-cygwin-thread-multi-64int/build/Math-Summation-0.02-0/blib/lib:/opt/perl5/cygwin_nt-10.0-wow/3.3.3/i686/perl/5.16.3/i686-cygwin-thread-multi-64int/local/lib/perl5:/opt/perl5/cygwin_nt-10.0-wow/3.3.3/i686/perl/5.16.3/i686-cygwin-thread-multi-64int/local/lib/site_perl:/opt/perl5/cygwin_nt-10.0-wow/3.3.3/i686/perl/5.16.3/i686-cygwin-thread-multi-64int/local/lib
PERL5OPT =
PERL5_CPANPLUS_IS_RUNNING = 2389
PERL5_CPAN_IS_RUNNING = 2389
PERL_CANARY_STABILITY_NOPROMPT = 1
PERL_CPAN_REPORTER_CONFIG = /cygdrive/c/peter/.cpanreporter/config-cygwin-OS-A01-L0123.ini
PERL_EXTUTILS_AUTOINSTALL = 1
PERL_LOCAL_LIB_ROOT = /cygdrive/c/peter/perl5
PERL_MB_OPT = --install_base "/cygdrive/c/peter/perl5"
PERL_MM_OPT = INSTALL_BASE=/cygdrive/c/peter/perl5
PERL_MM_USE_DEFAULT = 1
PERL_TEST_CRITIC = 1
PERL_TEST_CRITIC = 1
PERL_TEST_POD = 1
PERL_TEST_POD = 1
PERL_USE_UNSAFE_INC = 1
POD_TESTING = 1
POD_TESTS = 1
PROCESSOR_IDENTIFIER = Intel64 Family 6 Model 158 Stepping 10, GenuineIntel
SHELL = /bin/bash
TEMP = /tmp
TERM = xterm
Perl special variables (and OS-specific diagnostics, for MSWin32):
$^X = /cygdrive/c/opt/perl5/cygwin_nt-10.0-wow/3.3.3/i686/perl/5.16.3/i686-cygwin-thread-multi-64int/bin/perl5.16.3
$UID/$EUID = 1061331 / 1061331
$GID = 1049089 1049089 545 4 66049 11 15 4095 66048 1104222 1150627 1098011 1051245 1113266 1089123 1139839 1090502 1141767 1081310 1090413 1061909 1058653 1081942 1122108 1125494 1137338 1137546 1088201 1143577 1138331 1151869 1090906 1093944 1122107 1051228 1057394 1141985 1068783 1138202 1056539 1057337 1089132 1100278 1051354 1104220 1059243 1089865 1138328 1087957 1105777 1150082 1135663 1152822 1049649 1152548 1125495 1152552 1139179 1069945 1059531 1090104 1090492 1068897 1081637 1095782 1075170 1144155 1139332 1146142 1111057 1137882 1069144 1154615 1081620 70145 1049147 1136188 1083352 401408
$EGID = 1049089 1049089 545 4 66049 11 15 4095 66048 1104222 1150627 1098011 1051245 1113266 1089123 1139839 1090502 1141767 1081310 1090413 1061909 1058653 1081942 1122108 1125494 1137338 1137546 1088201 1143577 1138331 1151869 1090906 1093944 1122107 1051228 1057394 1141985 1068783 1138202 1056539 1057337 1089132 1100278 1051354 1104220 1059243 1089865 1138328 1087957 1105777 1150082 1135663 1152822 1049649 1152548 1125495 1152552 1139179 1069945 1059531 1090104 1090492 1068897 1081637 1095782 1075170 1144155 1139332 1146142 1111057 1137882 1069144 1154615 1081620 70145 1049147 1136188 1083352 401408
Perl module toolchain versions installed:
Module Have
------------------- --------
CPAN 2.29
CPAN::Meta 2.150010
Cwd 3.39_02
ExtUtils::CBuilder 0.280206
ExtUtils::Command 1.17
ExtUtils::Install 1.58
ExtUtils::MakeMaker 6.68
ExtUtils::Manifest 1.61
ExtUtils::ParseXS 3.16
File::Spec 3.39_02
JSON n/a
JSON::PP 4.06
Module::Build 0.4231
Module::Signature n/a
Parse::CPAN::Meta 2.150010
Test::Harness 3.42
Test::More 1.302188
YAML 1.30
YAML::Syck n/a
version 0.99
--
Summary of my perl5 (revision 5 version 16 subversion 3) configuration:
Platform:
osname=cygwin, osvers=3.3.3(0.34153), archname=cygwin-thread-multi-64int
uname='cygwin_nt-10.0-wow os-a01-l0123 3.3.3(0.34153) 2021-12-03 16:31 i686 cygwin '
config_args='-de -Dmksymlinks -Uinc_version_list -Uinstallusrbinperl -Dusethreads -Dusemultiplicity -Duse64bitint -Dprefix=/opt/perl5/cygwin_nt-10.0-wow/3.3.3/i686/perl/5.16.3/i686-cygwin-thread-multi-64int -Darchname=i686-cygwin-thread-multi-64int'
hint=recommended, useposix=true, d_sigaction=define
useithreads=define, usemultiplicity=define
useperlio=define, d_sfio=undef, uselargefiles=define, usesocks=undef
use64bitint=define, use64bitall=undef, uselongdouble=undef
usemymalloc=n, bincompat5005=undef
Compiler:
cc='gcc', ccflags ='-DPERL_USE_SAFE_PUTENV -U__STRICT_ANSI__ -fpcc-struct-return -pipe -fstack-protector -I/usr/local/include',
optimize='-O3',
cppflags='-DPERL_USE_SAFE_PUTENV -U__STRICT_ANSI__ -fpcc-struct-return -pipe -fstack-protector -I/usr/local/include -D__GNUC__'
ccversion='', gccversion='11.2.0', gccosandvers=''
intsize=4, longsize=4, ptrsize=4, doublesize=8, byteorder=12345678
d_longlong=define, longlongsize=8, d_longdbl=define, longdblsize=12
ivtype='long long', ivsize=8, nvtype='double', nvsize=8, Off_t='off_t', lseeksize=8
alignbytes=8, prototype=define
Linker and Libraries:
ld='g++', ldflags =' -Wl,--enable-auto-import -Wl,--export-all-symbols -Wl,--enable-auto-image-base -fstack-protector -L/usr/local/lib'
libpth=/usr/local/lib /usr/lib /lib
libs=-ldl
perllibs=-ldl
libc=/usr/lib/libc.a, so=dll, useshrplib=true, libperl=cygperl5_16_3.dll
gnulibc_version=''
Dynamic Linking:
dlsrc=dl_dlopen.xs, dlext=dll, d_dlsymun=undef, ccdlflags=' '
cccdlflags=' ', lddlflags=' --shared -Wl,--enable-auto-import -Wl,--export-all-symbols -Wl,--enable-auto-image-base -L/usr/local/lib -fstack-protector'
Characteristics of this binary (from libperl):
Compile-time options: HAS_TIMES MULTIPLICITY PERLIO_LAYERS
PERL_DONT_CREATE_GVSV PERL_IMPLICIT_CONTEXT
PERL_PRESERVE_IVUV PERL_USE_SAFE_PUTENV
USE_64_BIT_INT USE_ITHREADS USE_LARGE_FILES
USE_LOCALE USE_LOCALE_COLLATE USE_LOCALE_CTYPE
USE_LOCALE_NUMERIC USE_PERLIO USE_PERL_ATOF
USE_REENTRANT_API
Built under cygwin
Compiled at Dec 10 2021 01:58:49
%ENV:
PERL5LIB="/opt/perl5/cygwin_nt-10.0-wow/3.3.3/i686/cpan/5.16.3/i686-cygwin-thread-multi-64int/build/Math-Fortran-0.03-0/blib/arch:/opt/perl5/cygwin_nt-10.0-wow/3.3.3/i686/cpan/5.16.3/i686-cygwin-thread-multi-64int/build/Math-Fortran-0.03-0/blib/lib:/opt/perl5/cygwin_nt-10.0-wow/3.3.3/i686/cpan/5.16.3/i686-cygwin-thread-multi-64int/build/Math-Summation-0.02-0/blib/arch:/opt/perl5/cygwin_nt-10.0-wow/3.3.3/i686/cpan/5.16.3/i686-cygwin-thread-multi-64int/build/Math-Summation-0.02-0/blib/lib:/opt/perl5/cygwin_nt-10.0-wow/3.3.3/i686/perl/5.16.3/i686-cygwin-thread-multi-64int/local/lib/perl5:/opt/perl5/cygwin_nt-10.0-wow/3.3.3/i686/perl/5.16.3/i686-cygwin-thread-multi-64int/local/lib/site_perl:/opt/perl5/cygwin_nt-10.0-wow/3.3.3/i686/perl/5.16.3/i686-cygwin-thread-multi-64int/local/lib"
PERL5OPT=""
PERL5_CPANPLUS_IS_RUNNING="2389"
PERL5_CPAN_IS_RUNNING="2389"
PERL_CANARY_STABILITY_NOPROMPT="1"
PERL_CPAN_REPORTER_CONFIG="/cygdrive/c/peter/.cpanreporter/config-cygwin-OS-A01-L0123.ini"
PERL_EXTUTILS_AUTOINSTALL="1"
PERL_LOCAL_LIB_ROOT="/cygdrive/c/peter/perl5"
PERL_MB_OPT="--install_base "/cygdrive/c/peter/perl5""
PERL_MM_OPT="INSTALL_BASE=/cygdrive/c/peter/perl5"
PERL_MM_USE_DEFAULT="1"
PERL_TEST_CRITIC="1"
PERL_TEST_POD="1"
PERL_USE_UNSAFE_INC="1"
@INC:
/opt/perl5/cygwin_nt-10.0-wow/3.3.3/i686/cpan/5.16.3/i686-cygwin-thread-multi-64int/build/Math-Fortran-0.03-0/blib/arch
/opt/perl5/cygwin_nt-10.0-wow/3.3.3/i686/cpan/5.16.3/i686-cygwin-thread-multi-64int/build/Math-Fortran-0.03-0/blib/lib
/opt/perl5/cygwin_nt-10.0-wow/3.3.3/i686/cpan/5.16.3/i686-cygwin-thread-multi-64int/build/Math-Summation-0.02-0/blib/arch
/opt/perl5/cygwin_nt-10.0-wow/3.3.3/i686/cpan/5.16.3/i686-cygwin-thread-multi-64int/build/Math-Summation-0.02-0/blib/lib
/opt/perl5/cygwin_nt-10.0-wow/3.3.3/i686/perl/5.16.3/i686-cygwin-thread-multi-64int/local/lib/perl5/5.16.3
/opt/perl5/cygwin_nt-10.0-wow/3.3.3/i686/perl/5.16.3/i686-cygwin-thread-multi-64int/local/lib/perl5/cygwin-thread-multi-64int
/opt/perl5/cygwin_nt-10.0-wow/3.3.3/i686/perl/5.16.3/i686-cygwin-thread-multi-64int/local/lib/perl5
/opt/perl5/cygwin_nt-10.0-wow/3.3.3/i686/perl/5.16.3/i686-cygwin-thread-multi-64int/local/lib/site_perl/5.16.3/cygwin-thread-multi-64int
/opt/perl5/cygwin_nt-10.0-wow/3.3.3/i686/perl/5.16.3/i686-cygwin-thread-multi-64int/local/lib/site_perl/5.16.3
/opt/perl5/cygwin_nt-10.0-wow/3.3.3/i686/perl/5.16.3/i686-cygwin-thread-multi-64int/local/lib/site_perl
/opt/perl5/cygwin_nt-10.0-wow/3.3.3/i686/perl/5.16.3/i686-cygwin-thread-multi-64int/local/lib/5.16.3/cygwin-thread-multi-64int
/opt/perl5/cygwin_nt-10.0-wow/3.3.3/i686/perl/5.16.3/i686-cygwin-thread-multi-64int/local/lib/5.16.3
/opt/perl5/cygwin_nt-10.0-wow/3.3.3/i686/perl/5.16.3/i686-cygwin-thread-multi-64int/local/lib
/opt/perl5/cygwin_nt-10.0-wow/3.3.3/i686/perl/5.16.3/i686-cygwin-thread-multi-64int/lib/site_perl/5.16.3/cygwin-thread-multi-64int
/opt/perl5/cygwin_nt-10.0-wow/3.3.3/i686/perl/5.16.3/i686-cygwin-thread-multi-64int/lib/site_perl/5.16.3
/opt/perl5/cygwin_nt-10.0-wow/3.3.3/i686/perl/5.16.3/i686-cygwin-thread-multi-64int/lib/5.16.3/cygwin-thread-multi-64int
/opt/perl5/cygwin_nt-10.0-wow/3.3.3/i686/perl/5.16.3/i686-cygwin-thread-multi-64int/lib/5.16.3
.