Back
From: metabase:user:cd035d39-6d5b-1014-ab3a-39c0c09612a1
Subject: FAIL Mojolicious-Plugin-SimpleSlides-0.05 v5.24.1 GNU/Linux
Date: 2017-03-14T10:21:10Z
This distribution has been tested as part of the CPAN Testers
project, supporting the Perl programming language. See
http://wiki.cpantesters.org/ for more information or email
questions to cpan-testers-discuss@perl.org
--
Dear Joel Berger,
This is a computer-generated report for Mojolicious-Plugin-SimpleSlides-0.05
on perl 5.24.1, created by CPAN-Reporter-1.2018.
Thank you for uploading your work to CPAN. However, there was a problem
testing your distribution.
If you think this report is invalid, please consult the CPAN Testers Wiki
for suggestions on how to avoid getting FAIL reports for missing library
or binary dependencies, unsupported operating systems, and so on:
http://wiki.cpantesters.org/wiki/CPANAuthorNotes
Sections of this report:
* Tester comments
* Program output
* Prerequisites
* Environment and other context
------------------------------
TESTER COMMENTS
------------------------------
Additional comments from tester:
this report is from an automated smoke testing program
and was not reviewed by a human for accuracy
------------------------------
PROGRAM OUTPUT
------------------------------
Output from './Build test':
Failed to find share dir for dist 'Mojolicious-Plugin-SimpleSlides' at /srv/smoker/cpan/build/Mojolicious-Plugin-SimpleSlides-0.05-0/blib/lib/Mojolicious/Plugin/SimpleSlides.pm line 31.
t/00-basic.t ..
Dubious, test returned 2 (wstat 512, 0x200)
No subtests run
Failed to find share dir for dist 'Mojolicious-Plugin-SimpleSlides' at /srv/smoker/cpan/build/Mojolicious-Plugin-SimpleSlides-0.05-0/blib/lib/Mojolicious/Plugin/SimpleSlides.pm line 31.
t/multiple.t ..
Dubious, test returned 2 (wstat 512, 0x200)
No subtests run
Failed to find share dir for dist 'Mojolicious-Plugin-SimpleSlides' at /srv/smoker/cpan/build/Mojolicious-Plugin-SimpleSlides-0.05-0/blib/lib/Mojolicious/Plugin/SimpleSlides.pm line 31.
t/single.t ....
Dubious, test returned 2 (wstat 512, 0x200)
No subtests run
Test Summary Report
-------------------
t/00-basic.t (Wstat: 512 Tests: 0 Failed: 0)
Non-zero exit status: 2
Parse errors: No plan found in TAP output
t/multiple.t (Wstat: 512 Tests: 0 Failed: 0)
Non-zero exit status: 2
Parse errors: No plan found in TAP output
t/single.t (Wstat: 512 Tests: 0 Failed: 0)
Non-zero exit status: 2
Parse errors: No plan found in TAP output
Files=3, Tests=0, 34 wallclock secs ( 0.59 usr 0.05 sys + 23.51 cusr 0.88 csys = 25.03 CPU)
Result: FAIL
------------------------------
PREREQUISITES
------------------------------
Prerequisite modules loaded:
requires:
Module Need Have
------------------- ----- --------
File::ShareDir 0 1.102
Mojolicious 6.0 7.27
perl 5.010 5.024001
build_requires:
Module Need Have
------------------- ----- --------
Test::More 0.88 1.302075
configure_requires:
Module Need Have
------------------- ----- --------
Module::Build::Tiny 0.034 0.039
------------------------------
ENVIRONMENT AND OTHER CONTEXT
------------------------------
Environment variables:
AUTOMATED_TESTING = 1
LC_CTYPE = de_AT.utf8
LD_LIBRARY_PATH = /usr/lib/libeatmydata
NONINTERACTIVE_TESTING = 1
PATH = /srv/smoker/bin:/usr/lib/ccache:/srv/smoker/perl5/perlbrew/bin:/srv/smoker/perl5/perlbrew/perls/perl-5.24.1/bin:/usr/local/bin:/usr/bin:/bin:/usr/local/games:/usr/games
PERL5LIB =
PERL5OPT =
PERL5_CPANPLUS_IS_RUNNING = 5100
PERL5_CPAN_IS_RUNNING = 5100
PERL5_CPAN_IS_RUNNING_IN_RECURSION = 11252,5100
PERLBREW_BASHRC_VERSION = 0.78
PERLBREW_HOME = /srv/smoker/.perlbrew
PERLBREW_MANPATH = /srv/smoker/perl5/perlbrew/perls/perl-5.24.1/man
PERLBREW_PATH = /srv/smoker/perl5/perlbrew/bin:/srv/smoker/perl5/perlbrew/perls/perl-5.24.1/bin
PERLBREW_PERL = perl-5.24.1
PERLBREW_ROOT = /srv/smoker/perl5/perlbrew
PERLBREW_VERSION = 0.78
PERL_CR_SMOKER_CURRENT = Mojolicious-Plugin-SimpleSlides-0.05
PERL_EXTUTILS_AUTOINSTALL = --defaultdeps
PERL_MM_USE_DEFAULT = 1
SHELL = /bin/bash
TERM = screen-256color
Perl special variables (and OS-specific diagnostics, for MSWin32):
$^X = /srv/smoker/perl5/perlbrew/perls/perl-5.24.1/bin/perl
$UID/$EUID = 1111 / 1111
$GID = 65534 65534
$EGID = 65534 65534
Perl module toolchain versions installed:
Module Have
------------------- --------
CPAN 2.16
CPAN::Meta 2.150010
Cwd 3.63_01
ExtUtils::CBuilder 0.280225
ExtUtils::Command 7.24
ExtUtils::Install 2.04
ExtUtils::MakeMaker 7.24
ExtUtils::Manifest 1.70
ExtUtils::ParseXS 3.31
File::Spec 3.63_01
JSON 2.90
JSON::PP 2.27400
Module::Build 0.4220
Module::Signature n/a
Parse::CPAN::Meta 2.150010
Test::Harness 3.36_01
Test::More 1.302075
YAML 1.23
YAML::Syck n/a
version 0.9917
--
Summary of my perl5 (revision 5 version 24 subversion 1) configuration:
Platform:
osname=linux, osvers=3.18.0-trunk-rpi, archname=armv6l-linux
uname='linux smoker 3.18.0-trunk-rpi #1 preempt raspbian 3.18.5-1~exp1+rpi19+stretch (2015-10-14) armv6l gnulinux '
config_args='-de -Dprefix=/srv/smoker/perl5/perlbrew/perls/perl-5.24.1 -Aeval:scriptdir=/srv/smoker/perl5/perlbrew/perls/perl-5.24.1/bin'
hint=recommended, useposix=true, d_sigaction=define
useithreads=undef, usemultiplicity=undef
use64bitint=undef, use64bitall=undef, uselongdouble=undef
usemymalloc=n, bincompat5005=undef
Compiler:
cc='cc', ccflags ='-fwrapv -fno-strict-aliasing -pipe -fstack-protector-strong -I/usr/local/include -D_LARGEFILE_SOURCE -D_FILE_OFFSET_BITS=64',
optimize='-O2',
cppflags='-fwrapv -fno-strict-aliasing -pipe -fstack-protector-strong -I/usr/local/include'
ccversion='', gccversion='6.2.1 20161124', gccosandvers=''
intsize=4, longsize=4, ptrsize=4, doublesize=8, byteorder=1234, doublekind=3
d_longlong=define, longlongsize=8, d_longdbl=define, longdblsize=8, longdblkind=0
ivtype='long', ivsize=4, nvtype='double', nvsize=8, Off_t='off_t', lseeksize=8
alignbytes=8, prototype=define
Linker and Libraries:
ld='cc', ldflags =' -fstack-protector-strong -L/usr/local/lib'
libpth=/usr/local/lib /usr/lib/gcc/arm-linux-gnueabihf/6/include-fixed /usr/include/arm-linux-gnueabihf /usr/lib /lib/arm-linux-gnueabihf /lib /usr/lib/arm-linux-gnueabihf
libs=-lpthread -lnsl -ldl -lm -lcrypt -lutil -lc
perllibs=-lpthread -lnsl -ldl -lm -lcrypt -lutil -lc
libc=libc-2.24.so, so=so, useshrplib=false, libperl=libperl.a
gnulibc_version='2.24'
Dynamic Linking:
dlsrc=dl_dlopen.xs, dlext=so, d_dlsymun=undef, ccdlflags='-Wl,-E'
cccdlflags='-fPIC', lddlflags='-shared -O2 -L/usr/local/lib -fstack-protector-strong'
Characteristics of this binary (from libperl):
Compile-time options: HAS_TIMES PERLIO_LAYERS PERL_COPY_ON_WRITE
PERL_DONT_CREATE_GVSV
PERL_HASH_FUNC_ONE_AT_A_TIME_HARD PERL_MALLOC_WRAP
PERL_PRESERVE_IVUV USE_LARGE_FILES USE_LOCALE
USE_LOCALE_COLLATE USE_LOCALE_CTYPE
USE_LOCALE_NUMERIC USE_LOCALE_TIME USE_PERLIO
USE_PERL_ATOF
Locally applied patches:
Devel::PatchPerl 1.38
Built under linux
Compiled at Jan 16 2017 10:08:31
%ENV:
PERL5LIB=""
PERL5OPT=""
PERL5_CPANPLUS_IS_RUNNING="5100"
PERL5_CPAN_IS_RUNNING="5100"
PERL5_CPAN_IS_RUNNING_IN_RECURSION="11252,5100"
PERLBREW_BASHRC_VERSION="0.78"
PERLBREW_HOME="/srv/smoker/.perlbrew"
PERLBREW_MANPATH="/srv/smoker/perl5/perlbrew/perls/perl-5.24.1/man"
PERLBREW_PATH="/srv/smoker/perl5/perlbrew/bin:/srv/smoker/perl5/perlbrew/perls/perl-5.24.1/bin"
PERLBREW_PERL="perl-5.24.1"
PERLBREW_ROOT="/srv/smoker/perl5/perlbrew"
PERLBREW_VERSION="0.78"
PERL_CR_SMOKER_CURRENT="Mojolicious-Plugin-SimpleSlides-0.05"
PERL_EXTUTILS_AUTOINSTALL="--defaultdeps"
PERL_MM_USE_DEFAULT="1"
@INC:
/srv/smoker/perl5/perlbrew/perls/perl-5.24.1/lib/site_perl/5.24.1/armv6l-linux
/srv/smoker/perl5/perlbrew/perls/perl-5.24.1/lib/site_perl/5.24.1
/srv/smoker/perl5/perlbrew/perls/perl-5.24.1/lib/5.24.1/armv6l-linux
/srv/smoker/perl5/perlbrew/perls/perl-5.24.1/lib/5.24.1
.