Report for PowerShell-1.00

Back
From: metabase:user:30f4dfbe-2aae-11df-837a-5e0a49663a4f
Subject: FAIL PowerShell-1.00 v5.8.1 FreeBSD
Date: 2016-07-25T03:14:48Z

This distribution has been tested as part of the CPAN Testers
project, supporting the Perl programming language.  See
http://wiki.cpantesters.org/ for more information or email
questions to cpan-testers-discuss@perl.org


--
Dear Lucas Theisen,

This is a computer-generated report for PowerShell-1.00
on perl 5.8.1, created by CPAN-Reporter-1.2017.

Thank you for uploading your work to CPAN.  However, there was a problem
testing your distribution.

If you think this report is invalid, please consult the CPAN Testers Wiki
for suggestions on how to avoid getting FAIL reports for missing library
or binary dependencies, unsupported operating systems, and so on:

http://wiki.cpantesters.org/wiki/CPANAuthorNotes

Sections of this report:

    * Tester comments
    * Program output
    * Prerequisites
    * Environment and other context

------------------------------
TESTER COMMENTS
------------------------------

Additional comments from tester:

this report is from an automated smoke testing program
and was not reviewed by a human for accuracy

------------------------------
PROGRAM OUTPUT
------------------------------

Output from '/usr/bin/make test':

PERL_DL_NONLAZY=1 "/usr/home/njh/perl5/perlbrew/perls/perl-5.8.1/bin/perl5.8.1" "-MExtUtils::Command::MM" "-MTest::Harness" "-e" "undef *Test::Harness::Switches; test_harness(0, 'blib/lib', 'blib/arch')" t/*.t
# 
# Versions for all modules listed in MYMETA.json (including optional ones):
# 
# === Configure Requires ===
# 
#     Module              Want Have
#     ------------------- ---- ----
#     ExtUtils::MakeMaker  any 7.10
# 
# === Build Requires ===
# 
#     Module              Want Have
#     ------------------- ---- ----
#     ExtUtils::MakeMaker  any 7.10
# 
# === Test Requires ===
# 
#     Module              Want     Have
#     ------------------- ---- --------
#     ExtUtils::MakeMaker  any     7.10
#     File::Spec           any     3.60
#     Test::More          0.90 1.001014
# 
# === Test Recommends ===
# 
#     Module         Want     Have
#     ---------- -------- --------
#     CPAN::Meta 2.120900 2.150005
# 
# === Runtime Requires ===
# 
#     Module    Want  Have
#     -------- ----- -----
#     Log::Any 1.032 1.038
# 
t/00-report-prereqs.t .... ok

#   Failed test 'basic Get-Command'
#   at t/PowerShell.t line 36.
#                   ''
#     doesn't match '(?-xism:Get-Command\s+$)'
# Looks like you failed 1 test of 2.
t/PowerShell.t ........... 
Dubious, test returned 1 (wstat 256, 0x100)
Failed 1/2 subtests 
t/PowerShell_Cmdlet.t .... ok
t/PowerShell_Pipeline.t .. ok

Test Summary Report
-------------------
t/PowerShell.t         (Wstat: 256 Tests: 2 Failed: 1)
  Failed test:  2
  Non-zero exit status: 1
Files=4, Tests=14,  5 wallclock secs ( 0.23 usr  0.09 sys +  2.77 cusr  0.51 csys =  3.60 CPU)
Result: FAIL
Failed 1/4 test programs. 1/14 subtests failed.
*** [test_dynamic] Error code 255

Stop in /usr/home/njh/.cpan/build/PowerShell-1.00-2u4uej.

------------------------------
PREREQUISITES
------------------------------

Prerequisite modules loaded:

requires:

    Module              Need  Have    
    ------------------- ----- --------
    Log::Any            1.032 1.038   

build_requires:

    Module              Need  Have    
    ------------------- ----- --------
    ExtUtils::MakeMaker 0     7.10    
    File::Spec          0     3.60    
    Test::More          0.90  1.001014

configure_requires:

    Module              Need  Have    
    ------------------- ----- --------
    ExtUtils::MakeMaker 0     7.10    


------------------------------
ENVIRONMENT AND OTHER CONTEXT
------------------------------

Environment variables:

    AUTOMATED_TESTING = 1
    PATH = /home/njh/perl5/perlbrew/bin:/home/njh/perl5/perlbrew/perls/perl-5.8.1/bin:/home/njh/perl5/perlbrew/bin:/usr/bin:/bin
    PERL5LIB = 
    PERL5OPT = 
    PERL5_CPANPLUS_IS_RUNNING = 96290
    PERL5_CPAN_IS_RUNNING = 96290
    PERLBREW_BASHRC_VERSION = 0.74
    PERLBREW_HOME = /home/njh/.perlbrew
    PERLBREW_LIB = 
    PERLBREW_MANPATH = /home/njh/perl5/perlbrew/perls/perl-5.8.1/man
    PERLBREW_PATH = /home/njh/perl5/perlbrew/bin:/home/njh/perl5/perlbrew/perls/perl-5.8.1/bin
    PERLBREW_PERL = perl-5.8.1
    PERLBREW_ROOT = /home/njh/perl5/perlbrew
    PERLBREW_VERSION = 0.74
    PERL_LOCAL_LIB_ROOT = 
    SHELL = /bin/sh

Perl special variables (and OS-specific diagnostics, for MSWin32):

    $^X = /usr/home/njh/perl5/perlbrew/perls/perl-5.8.1/bin/perl5.8.1
    $UID/$EUID = 1000 / 1000
    $GID = 1000 0 1000
    $EGID = 1000 0 1000

Perl module toolchain versions installed:

    Module              Have    
    ------------------- --------
    CPAN                2.10    
    CPAN::Meta          2.150005
    Cwd                 3.60    
    ExtUtils::CBuilder  0.280224
    ExtUtils::Command   7.10    
    ExtUtils::Install   2.04    
    ExtUtils::MakeMaker 7.10    
    ExtUtils::Manifest  1.70    
    ExtUtils::ParseXS   3.30    
    File::Spec          3.60    
    JSON                2.90    
    JSON::PP            2.27300 
    Module::Build       0.4216  
    Module::Signature   n/a     
    Parse::CPAN::Meta   1.4422  
    Test::Harness       3.36    
    Test::More          1.001014
    YAML                1.15    
    YAML::Syck          1.29    
    version             0.9912  


--

Summary of my perl5 (revision 5.0 version 8 subversion 1) configuration:
  Platform:
    osname=freebsd, osvers=9.1-release, archname=i386-freebsd-thread-multi
    uname='freebsd amber 9.1-release freebsd 9.1-release #0 r243826: tue dec 4 06:55:39 utc 2012 root@obrian.cse.buffalo.edu:usrobjusrsrcsysgeneric i386 '
    config_args='-de -Dprefix=/home/njh/perl5/perlbrew/perls/perl-5.8.1 -Duseithreads -Dusemultiplicity -Accflags=-O2 -W -Wformat=2 -Wswitch -Wshadow -Wwrite-strings -Wuninitialized -Wall -pipe -mtune=native -march=native -fomit-frame-pointer -msse2 -msse -mmmx -mfpmath=sse -pedantic -D_FORTIFY_SOURCE=2 -Wpointer-arith -Wstrict-prototypes -fstack-protector -Wstack-protector -Wextra -Wbad-function-cast -Wcast-align -Wcast-qual -Wdisabled-optimization -Wendif-labels -Wfloat-equal -Wformat-nonliteral -Winline -Wmissing-declarations -Wmissing-prototypes -Wnested-externs -Wpointer-arith -Wundef -Wformat-security -ftree-vectorize -ftree-vectorizer-verbose=2 -Aeval:scriptdir=/home/njh/perl5/perlbrew/perls/perl-5.8.1/bin'
    hint=recommended, useposix=true, d_sigaction=define
    usethreads=define use5005threads=undef useithreads=define usemultiplicity=define
    useperlio=define d_sfio=undef uselargefiles=define usesocks=undef
    use64bitint=undef use64bitall=undef uselongdouble=undef
    usemymalloc=n, bincompat5005=undef
  Compiler:
    cc='cc', ccflags ='-DHAS_FPSETMASK -DHAS_FLOATINGPOINT_H -O2 -W -Wformat=2 -Wswitch -Wshadow -Wwrite-strings -Wuninitialized -Wall -pipe -mtune=native -march=native -fomit-frame-pointer -msse2 -msse -mmmx -mfpmath=sse -pedantic -D_FORTIFY_SOURCE=2 -Wpointer-arith -Wstrict-prototypes -fstack-protector -Wstack-protector -Wextra -Wbad-function-cast -Wcast-align -Wcast-qual -Wdisabled-optimization -Wendif-labels -Wfloat-equal -Wformat-nonliteral -Winline -Wmissing-declarations -Wmissing-prototypes -Wnested-externs -Wpointer-arith -Wundef -Wformat-security -ftree-vectorize -ftree-vectorizer-verbose=2 -fno-strict-aliasing -I/usr/local/include',
    optimize='-O',
    cppflags='-DHAS_FPSETMASK -DHAS_FLOATINGPOINT_H -O2 -W -Wformat=2 -Wswitch -Wshadow -Wwrite-strings -Wuninitialized -Wall -pipe -mtune=native -march=native -fomit-frame-pointer -msse2 -msse -mmmx -mfpmath=sse -pedantic -D_FORTIFY_SOURCE=2 -Wpointer-arith -Wstrict-prototypes -fstack-protector -Wstack-protector -Wextra -Wbad-function-cast -Wcast-align -Wcast-qual -Wdisabled-optimization -Wendif-labels -Wfloat-equal -Wformat-nonliteral -Winline -Wmissing-declarations -Wmissing-prototypes -Wnested-externs -Wpointer-arith -Wundef -Wformat-security -ftree-vectorize -ftree-vectorizer-verbose=2 -fno-strict-aliasing -I/usr/local/include'
    ccversion='', gccversion='4.2.1 20070831 patched [FreeBSD]', gccosandvers=''
    intsize=4, longsize=4, ptrsize=4, doublesize=8, byteorder=1234
    d_longlong=define, longlongsize=8, d_longdbl=define, longdblsize=12
    ivtype='long', ivsize=4, nvtype='double', nvsize=8, Off_t='off_t', lseeksize=8
    alignbytes=4, prototype=define
  Linker and Libraries:
    ld='cc', ldflags ='-pthread -Wl,-E  -L/usr/local/lib'
    libpth=/usr/lib /usr/local/lib
    libs=-lm -lcrypt
    perllibs=-lm -lcrypt
    libc=, so=so, useshrplib=false, libperl=libperl.a
    gnulibc_version=''
  Dynamic Linking:
    dlsrc=dl_dlopen.xs, dlext=so, d_dlsymun=undef, ccdlflags=' '
    cccdlflags='-DPIC -fPIC', lddlflags='-shared  -L/usr/local/lib'


Characteristics of this binary (from libperl): 
  Compile-time options: MULTIPLICITY USE_ITHREADS USE_LARGE_FILES PERL_IMPLICIT_CONTEXT
  Built under freebsd
  Compiled at Aug  3 2013 19:02:55
  %ENV:
    PERL5LIB=""
    PERL5OPT=""
    PERL5_CPANPLUS_IS_RUNNING="96290"
    PERL5_CPAN_IS_RUNNING="96290"
    PERLBREW_BASHRC_VERSION="0.74"
    PERLBREW_HOME="/home/njh/.perlbrew"
    PERLBREW_LIB=""
    PERLBREW_MANPATH="/home/njh/perl5/perlbrew/perls/perl-5.8.1/man"
    PERLBREW_PATH="/home/njh/perl5/perlbrew/bin:/home/njh/perl5/perlbrew/perls/perl-5.8.1/bin"
    PERLBREW_PERL="perl-5.8.1"
    PERLBREW_ROOT="/home/njh/perl5/perlbrew"
    PERLBREW_VERSION="0.74"
    PERL_LOCAL_LIB_ROOT=""
  @INC:
    /home/njh/perl5/perlbrew/perls/perl-5.8.1/lib/5.8.1/i386-freebsd-thread-multi
    /home/njh/perl5/perlbrew/perls/perl-5.8.1/lib/5.8.1
    /home/njh/perl5/perlbrew/perls/perl-5.8.1/lib/site_perl/5.8.1/i386-freebsd-thread-multi
    /home/njh/perl5/perlbrew/perls/perl-5.8.1/lib/site_perl/5.8.1
    /home/njh/perl5/perlbrew/perls/perl-5.8.1/lib/site_perl
    .