Report for MooseX-Error-Exception-Class-0.099

Back
From: metabase:user:e3434da8-b236-11df-85ca-0247c6d74bde
Subject: FAIL MooseX-Error-Exception-Class-0.099 v5.12.3 GNU/Linux
Date: 2011-06-02T12:29:22Z

This distribution has been tested as part of the CPAN Testers
project, supporting the Perl programming language.  See
http://wiki.cpantesters.org/ for more information or email
questions to cpan-testers-discuss@perl.org


--
Dear Curtis Jewell,

This is a computer-generated report for MooseX-Error-Exception-Class-0.099
on perl 5.12.3, created by CPAN-Reporter-1.1902.

Thank you for uploading your work to CPAN.  However, there was a problem
testing your distribution.

If you think this report is invalid, please consult the CPAN Testers Wiki
for suggestions on how to avoid getting FAIL reports for missing library
or binary dependencies, unsupported operating systems, and so on:

http://wiki.cpantesters.org/wiki/CPANAuthorNotes

Sections of this report:

    * Tester comments
    * Program output
    * Prerequisites
    * Environment and other context

------------------------------
TESTER COMMENTS
------------------------------

Additional comments from tester:

this report is from an automated smoke testing program
and was not reviewed by a human for accuracy

------------------------------
PROGRAM OUTPUT
------------------------------

Output from './Build test':

# Testing MooseX::Error::Exception::Class 0.099
t/000_load.t ............ ok
Can't locate object method "_can_be_made_compatible_with" via package "MooseX::Error::Exception::Class" at /home/perl512/testing/lib/site_perl/5.12.3/x86_64-linux-thread-multi/Class/MOP/Class.pm line 364.
BEGIN failed--compilation aborted at t/001_test.t line 17.
# Looks like your test exited with 255 before it could output anything.
t/001_test.t ............ 
Dubious, test returned 255 (wstat 65280, 0xff00)
Failed 5/5 subtests 
t/800_perlcritic.t ...... skipped: Perl::Tidy not available for testing
t/801_pod.t ............. ok
t/802_minimumversion.t .. skipped: Perl::MinimumVersion 1.20 not available for testing
t/803_manifest.t ........ skipped: Test::DistManifest 1.001003 not available for testing
t/804_meta.t ............ skipped: Test::CPAN::Meta 0.13 not available for testing

Test Summary Report
-------------------
t/001_test.t          (Wstat: 65280 Tests: 0 Failed: 0)
  Non-zero exit status: 255
  Parse errors: Bad plan.  You planned 5 tests but ran 0.
Files=7, Tests=3,  0 wallclock secs ( 0.02 usr  0.03 sys +  0.39 cusr  0.09 csys =  0.53 CPU)
Result: FAIL
Failed 1/7 test programs. 0/3 subtests failed.

------------------------------
PREREQUISITES
------------------------------

Prerequisite modules loaded:

requires:

    Module           Need     Have    
    ---------------- -------- --------
    Exception::Class 1.29     1.32    
    Moose            0.88     2.0007  
    perl             5.008001 5.012003

build_requires:

    Module           Need     Have    
    ---------------- -------- --------
    Test::More       0.61     0.98    

configure_requires:

    Module           Need     Have    
    ---------------- -------- --------
    Module::Build    0.33     0.3800  


------------------------------
ENVIRONMENT AND OTHER CONTEXT
------------------------------

Environment variables:

    AUTOMATED_TESTING = 1
    LANG = en_US.UTF-8
    LC_COLLATE = C
    LC_MONETARY = nl_NL.utf8
    PATH = /usr/lib64/qt-3.3/bin:/usr/lib64/ccache:/usr/local/bin:/bin:/usr/bin:/usr/local/sbin:/usr/sbin:/sbin:/home/perl512/bin
    PERL5LIB = /home/perl512/.cpan/build/Exception-Class-1.32-1l0bPr/blib/arch:/home/perl512/.cpan/build/Exception-Class-1.32-1l0bPr/blib/lib:/home/perl512/.cpan/build/Class-Data-Inheritable-0.08-_Bt5iJ/blib/arch:/home/perl512/.cpan/build/Class-Data-Inheritable-0.08-_Bt5iJ/blib/lib:/home/perl512/.cpan/build/Devel-StackTrace-1.27-0cX85r/blib/arch:/home/perl512/.cpan/build/Devel-StackTrace-1.27-0cX85r/blib/lib
    PERL5OPT = 
    PERL5_CPANPLUS_IS_RUNNING = 5445
    PERL5_CPAN_IS_RUNNING = 5445
    PERL5_CPAN_IS_RUNNING_IN_RECURSION = 1786,5445
    PERL_CR_SMOKER_CURRENT = MooseX-Error-Exception-Class-0.099
    PERL_EXTUTILS_AUTOINSTALL = --defaultdeps
    PERL_MM_USE_DEFAULT = 1
    SHELL = /bin/bash
    TERM = screen

Perl special variables (and OS-specific diagnostics, for MSWin32):

    $^X = /home/perl512/testing/bin/perl5.12.3
    $UID/$EUID = 505 / 505
    $GID = 505 505
    $EGID = 505 505

Perl module toolchain versions installed:

    Module              Have    
    ------------------- --------
    CPAN                1.94_56 
    Cwd                 3.31    
    ExtUtils::CBuilder  0.280202
    ExtUtils::Command   1.16    
    ExtUtils::Install   1.55    
    ExtUtils::MakeMaker 6.56    
    ExtUtils::Manifest  1.57    
    ExtUtils::ParseXS   2.21    
    File::Spec          3.31_01 
    Module::Build       0.3800  
    Module::Signature   n/a     
    Test::Harness       3.17    
    Test::More          0.98    
    YAML                n/a     
    YAML::Syck          1.17    
    version             0.88    


--

Summary of my perl5 (revision 5 version 12 subversion 3) configuration:
   
  Platform:
    osname=linux, osvers=2.6.35.11-83.fc14.x86_64, archname=x86_64-linux-thread-multi
    uname='linux firenze.fritz.box 2.6.35.11-83.fc14.x86_64 #1 smp mon feb 7 07:06:44 utc 2011 x86_64 x86_64 x86_64 gnulinux '
    config_args='-Dprefix=/home/perl512/testing -Dusethreads -Dusedevel -des'
    hint=recommended, useposix=true, d_sigaction=define
    useithreads=define, usemultiplicity=define
    useperlio=define, d_sfio=undef, uselargefiles=define, usesocks=undef
    use64bitint=define, use64bitall=define, uselongdouble=undef
    usemymalloc=n, bincompat5005=undef
  Compiler:
    cc='cc', ccflags ='-D_REENTRANT -D_GNU_SOURCE -fno-strict-aliasing -pipe -fstack-protector -I/usr/local/include -D_LARGEFILE_SOURCE -D_FILE_OFFSET_BITS=64',
    optimize='-O2',
    cppflags='-D_REENTRANT -D_GNU_SOURCE -fno-strict-aliasing -pipe -fstack-protector -I/usr/local/include'
    ccversion='', gccversion='4.5.1 20100924 (Red Hat 4.5.1-4)', gccosandvers=''
    intsize=4, longsize=8, ptrsize=8, doublesize=8, byteorder=12345678
    d_longlong=define, longlongsize=8, d_longdbl=define, longdblsize=16
    ivtype='long', ivsize=8, nvtype='double', nvsize=8, Off_t='off_t', lseeksize=8
    alignbytes=8, prototype=define
  Linker and Libraries:
    ld='cc', ldflags =' -fstack-protector -L/usr/local/lib'
    libpth=/usr/local/lib /lib /usr/lib /lib64 /usr/lib64 /usr/local/lib64
    libs=-lnsl -lgdbm -ldb -ldl -lm -lcrypt -lutil -lpthread -lc -lgdbm_compat
    perllibs=-lnsl -ldl -lm -lcrypt -lutil -lpthread -lc
    libc=, so=so, useshrplib=false, libperl=libperl.a
    gnulibc_version='2.13'
  Dynamic Linking:
    dlsrc=dl_dlopen.xs, dlext=so, d_dlsymun=undef, ccdlflags='-Wl,-E'
    cccdlflags='-fPIC', lddlflags='-shared -O2 -L/usr/local/lib -fstack-protector'


Characteristics of this binary (from libperl): 
  Compile-time options: MULTIPLICITY PERL_DONT_CREATE_GVSV
                        PERL_IMPLICIT_CONTEXT PERL_MALLOC_WRAP PERL_USE_DEVEL
                        USE_64_BIT_ALL USE_64_BIT_INT USE_ITHREADS
                        USE_LARGE_FILES USE_PERLIO USE_PERL_ATOF
                        USE_REENTRANT_API
  Built under linux
  Compiled at May 17 2011 15:37:09
  %ENV:
    PERL5LIB="/home/perl512/.cpan/build/Exception-Class-1.32-1l0bPr/blib/arch:/home/perl512/.cpan/build/Exception-Class-1.32-1l0bPr/blib/lib:/home/perl512/.cpan/build/Class-Data-Inheritable-0.08-_Bt5iJ/blib/arch:/home/perl512/.cpan/build/Class-Data-Inheritable-0.08-_Bt5iJ/blib/lib:/home/perl512/.cpan/build/Devel-StackTrace-1.27-0cX85r/blib/arch:/home/perl512/.cpan/build/Devel-StackTrace-1.27-0cX85r/blib/lib"
    PERL5OPT=""
    PERL5_CPANPLUS_IS_RUNNING="5445"
    PERL5_CPAN_IS_RUNNING="5445"
    PERL5_CPAN_IS_RUNNING_IN_RECURSION="1786,5445"
    PERL_CR_SMOKER_CURRENT="MooseX-Error-Exception-Class-0.099"
    PERL_EXTUTILS_AUTOINSTALL="--defaultdeps"
    PERL_MM_USE_DEFAULT="1"
  @INC:
    /home/perl512/.cpan/build/Exception-Class-1.32-1l0bPr/blib/arch
    /home/perl512/.cpan/build/Exception-Class-1.32-1l0bPr/blib/lib
    /home/perl512/.cpan/build/Class-Data-Inheritable-0.08-_Bt5iJ/blib/arch
    /home/perl512/.cpan/build/Class-Data-Inheritable-0.08-_Bt5iJ/blib/lib
    /home/perl512/.cpan/build/Devel-StackTrace-1.27-0cX85r/blib/arch
    /home/perl512/.cpan/build/Devel-StackTrace-1.27-0cX85r/blib/lib
    /home/perl512/testing/lib/site_perl/5.12.3/x86_64-linux-thread-multi
    /home/perl512/testing/lib/site_perl/5.12.3
    /home/perl512/testing/lib/5.12.3/x86_64-linux-thread-multi
    /home/perl512/testing/lib/5.12.3
    .