Test-UniqueTestNames v0.04.1 Perl 5 v5.28.0 x86_64-linux

Status
Fail
From
Slaven Rezić (SREZIC)
Dist
Test-UniqueTestNames v0.04.1
Platform
Perl 5 v5.28.0 x86_64-linux
Date
2019-03-09 19:31:33
ID
f21e3ab8-42a1-11e9-a5f7-19811f24ea8f
This distribution has been tested as part of the CPAN Testers
project, supporting the Perl programming language.  See
http://wiki.cpantesters.org/ for more information or email
questions to cpan-testers-discuss@perl.org


--
Dear Josh Heumann,

This is a computer-generated report for Test-UniqueTestNames-0.04.1
on perl 5.28.0, created by CPAN-Reporter-1.2018.

Thank you for uploading your work to CPAN.  However, there was a problem
testing your distribution.

If you think this report is invalid, please consult the CPAN Testers Wiki
for suggestions on how to avoid getting FAIL reports for missing library
or binary dependencies, unsupported operating systems, and so on:

http://wiki.cpantesters.org/wiki/CPANAuthorNotes

Sections of this report:

    * Tester comments
    * Program output
    * Prerequisites
    * Environment and other context

------------------------------
TESTER COMMENTS
------------------------------

Additional comments from tester:

none provided

------------------------------
PROGRAM OUTPUT
------------------------------

Output from './Build test':


#   Failed test 'fails when there are multiple tests with the same name in a loop'
#   at /opt/perl-5.28.0/lib/site_perl/5.28.0/Test/Builder/Tester.pm line 354.
# STDERR is:
#   #   Failed test 'all test names unique'
#   #   at lib/Test/UniqueTestNames.pm line 156.
#   # The following 1 test name(s) were not unique:
#   # Test Name                               Occurrences     Line(s)
#   # ----------------------------------------------------------------
# > # foo                                         3           323 (3 times)
# not:
#   #   Failed test 'all test names unique'
#   #   at lib/Test/UniqueTestNames.pm line 156.
#   # The following 1 test name(s) were not unique:
#   # Test Name                               Occurrences     Line(s)
#   # ----------------------------------------------------------------
# > # foo                                         3           31 (3 times)
# as expected
t/loop.t ....................... 
Failed 1/3 subtests 

#   Failed test 'fails when there are multiple tests with the same name'
#   at /opt/perl-5.28.0/lib/site_perl/5.28.0/Test/Builder/Tester.pm line 354.
# STDERR is:
#   #   Failed test 'all test names unique'
#   #   at lib/Test/UniqueTestNames.pm line 156.
#   # The following 2 test name(s) were not unique:
#   # Test Name                               Occurrences     Line(s)
#   # ----------------------------------------------------------------
# > # bar                                         2           323 (2 times)
# > # foo                                         2           323 (2 times)
# not:
#   #   Failed test 'all test names unique'
#   #   at lib/Test/UniqueTestNames.pm line 156.
#   # The following 2 test name(s) were not unique:
#   # Test Name                               Occurrences     Line(s)
#   # ----------------------------------------------------------------
# > # foo                                         2           29, 31
# > # bar                                         2           30, 32
# as expected
t/many_duplicates.t ............ 
Failed 1/3 subtests 

#   Failed test 'fails when there are multiple tests with the same names'
#   at /opt/perl-5.28.0/lib/site_perl/5.28.0/Test/Builder/Tester.pm line 354.
# STDERR is:
#   #   Failed test 'all test names unique'
#   #   at lib/Test/UniqueTestNames.pm line 156.
#   # The following 5 test name(s) were not unique:
#   # Test Name                               Occurrences     Line(s)
#   # ----------------------------------------------------------------
# > # this is a really long test name with no ... 2           323 (2 times)
# > # flip circus                                 3           323 (3 times)
# > # shazam                                      2           323 (2 times)
# > # foo                                         5           323 (5 times)
# > # baz                                         2           323 (2 times)
# not:
#   #   Failed test 'all test names unique'
#   #   at lib/Test/UniqueTestNames.pm line 156.
#   # The following 5 test name(s) were not unique:
#   # Test Name                               Occurrences     Line(s)
#   # ----------------------------------------------------------------
# > # foo                                         5           43, 45, 53 (3 times)
# > # baz                                         2           46, 47
# > # shazam                                      2           48, 49
# > # flip circus                                 3           50, 51, 52
# > # this is a really long test name with no ... 2           54 (2 times)
# as expected
t/many_many_duplicates.t ....... 
Failed 1/3 subtests 

#   Failed test 'passes when there are multiple isa_oks, since isa_ok creates its own test name'
#   at /opt/perl-5.28.0/lib/site_perl/5.28.0/Test/Builder/Tester.pm line 354.
# STDOUT is:
# > ok 1 - An object of class 'Foo' isa 'Foo'
# > ok 2 - An object of class 'Foo' isa 'Foo'
# > ok 3 - An object of class 'Foo' isa 'Foo'
# > not ok 4 - all test names unique
# not:
# > ok 1 - The object isa Foo
# > ok 2 - The object isa Foo
# > ok 3 - The object isa Foo
# > ok 4 - all test names unique
# as expected
# STDERR is:
# > #   Failed test 'all test names unique'
# > #   at lib/Test/UniqueTestNames.pm line 156.
# > # The following 1 test name(s) were not unique:
# > # Test Name                               Occurrences     Line(s)
# > # ----------------------------------------------------------------
# > # An object of class 'Foo' isa 'Foo'          3           679 (3 times)
# not:
# > 
# > 
# > 
# > 
# > 
# > 
# as expected
t/multiple_isa_oks.t ........... 
Failed 1/3 subtests 

#   Failed test 'all tests have unique names, fails by default when a test is unnamed'
#   at /opt/perl-5.28.0/lib/site_perl/5.28.0/Test/Builder/Tester.pm line 354.
# STDERR is:
#   #   Failed test 'all test names unique'
#   #   at lib/Test/UniqueTestNames.pm line 156.
#   # The following 1 test name(s) were not unique:
#   # Test Name                               Occurrences     Line(s)
#   # ----------------------------------------------------------------
# > # <no test name>                              2           323 (2 times)
# not:
#   #   Failed test 'all test names unique'
#   #   at lib/Test/UniqueTestNames.pm line 156.
#   # The following 1 test name(s) were not unique:
#   # Test Name                               Occurrences     Line(s)
#   # ----------------------------------------------------------------
# > # <no test name>                              2           28, 29
# as expected
t/multiple_nameless.t .......... 
Failed 1/3 subtests 

#   Failed test 'all tests have unique names, fails by default when a test is unnamed'
#   at /opt/perl-5.28.0/lib/site_perl/5.28.0/Test/Builder/Tester.pm line 354.
# STDERR is:
#   #   Failed test 'all test names unique'
#   #   at lib/Test/UniqueTestNames.pm line 156.
#   # The following 1 test name(s) were not unique:
#   # Test Name                               Occurrences     Line(s)
#   # ----------------------------------------------------------------
# > # <no test name>                              1           323
# not:
#   #   Failed test 'all test names unique'
#   #   at lib/Test/UniqueTestNames.pm line 156.
#   # The following 1 test name(s) were not unique:
#   # Test Name                               Occurrences     Line(s)
#   # ----------------------------------------------------------------
# > # <no test name>                              1           28
# as expected
t/nameless.t ................... 
Failed 1/3 subtests 
t/no_duplicates.t .............. ok
t/no_tests.t ................... ok
t/no_warnings.t ................ ok

#   Failed test 'fails when there are two tests with the same name'
#   at /opt/perl-5.28.0/lib/site_perl/5.28.0/Test/Builder/Tester.pm line 354.
# STDERR is:
#   #   Failed test 'all test names unique'
#   #   at lib/Test/UniqueTestNames.pm line 156.
#   # The following 1 test name(s) were not unique:
#   # Test Name                               Occurrences     Line(s)
#   # ----------------------------------------------------------------
# > # foo                                         2           323 (2 times)
# not:
#   #   Failed test 'all test names unique'
#   #   at lib/Test/UniqueTestNames.pm line 156.
#   # The following 1 test name(s) were not unique:
#   # Test Name                               Occurrences     Line(s)
#   # ----------------------------------------------------------------
# > # foo                                         2           28, 30
# as expected
t/one_duplicate.t .............. 
Failed 1/3 subtests 

#   Failed test 'fails when there are two tests with the same name'
#   at /opt/perl-5.28.0/lib/site_perl/5.28.0/Test/Builder/Tester.pm line 354.
# STDERR is:
#   #   Failed test 'all test names unique'
#   #   at lib/Test/UniqueTestNames.pm line 156.
#   # The following 1 test name(s) were not unique:
#   # Test Name                               Occurrences     Line(s)
#   # ----------------------------------------------------------------
# > # foo                                         3           323 (3 times)
# not:
#   #   Failed test 'all test names unique'
#   #   at lib/Test/UniqueTestNames.pm line 156.
#   # The following 1 test name(s) were not unique:
#   # Test Name                               Occurrences     Line(s)
#   # ----------------------------------------------------------------
# > # foo                                         3           29, 31, 32
# as expected
t/one_duplicate_three_times.t .. 
Failed 1/3 subtests 
# Creating a new isa_ok test with multiple lines
# Creating a new test with no name
t/test_object.t ................ ok
# Adding another failing test with a lower line number
# Adding a test with no name
t/tracker.t .................... ok
t/unnamed_ok.t ................. ok

Test Summary Report
-------------------
t/loop.t                     (Wstat: 0 Tests: 3 Failed: 1)
  Failed test:  2
t/many_duplicates.t          (Wstat: 0 Tests: 3 Failed: 1)
  Failed test:  2
t/many_many_duplicates.t     (Wstat: 0 Tests: 3 Failed: 1)
  Failed test:  2
t/multiple_isa_oks.t         (Wstat: 0 Tests: 3 Failed: 1)
  Failed test:  2
t/multiple_nameless.t        (Wstat: 0 Tests: 3 Failed: 1)
  Failed test:  2
t/nameless.t                 (Wstat: 0 Tests: 3 Failed: 1)
  Failed test:  2
t/no_warnings.t              (Wstat: 0 Tests: 1 Failed: 0)
  TODO passed:   1
t/one_duplicate.t            (Wstat: 0 Tests: 3 Failed: 1)
  Failed test:  2
t/one_duplicate_three_times.t (Wstat: 0 Tests: 3 Failed: 1)
  Failed test:  2
Files=14, Tests=91,  5 wallclock secs ( 0.09 usr  0.14 sys +  3.77 cusr  0.71 csys =  4.71 CPU)
Result: FAIL
Failed 8/14 test programs. 8/91 subtests failed.

------------------------------
PREREQUISITES
------------------------------

Prerequisite modules loaded:

build_requires:

    Module           Need Have    
    ---------------- ---- --------
    Hook::LexWrap    0    0.26    
    Test::Builder    0    1.302162
    Test::Exception  0    0.43    
    Test::More       0    1.302162
    Test::NoWarnings 0    1.04    


------------------------------
ENVIRONMENT AND OTHER CONTEXT
------------------------------

Environment variables:

    LANG = en_US.UTF-8
    PATH = /usr/local/bin:/usr/bin:/bin:/usr/local/sbin:/usr/sbin:/sbin:/home/cpansand/bin/linux-gnu:/home/cpansand/bin/sh:/home/cpansand/bin:/usr/games:/home/cpansand/devel:/home/eserte/src/srezic-misc/scripts
    PERL5LIB = 
    PERL5OPT = 
    PERL5_CPANPLUS_IS_RUNNING = 28007
    PERL5_CPAN_IS_RUNNING = 28007
    PERL5_CPAN_IS_RUNNING_IN_RECURSION = 27672,28007
    PERLDOC = -MPod::Perldoc::ToTextOverstrike
    PERL_BATCH = yes
    PERL_CANARY_STABILITY_NOPROMPT = 1
    PERL_CPAN_REPORTER_CONFIG = /var/tmp/cpansmoker-1023/2019030919/cpanreporter_000_config.ini
    PERL_EXTUTILS_AUTOINSTALL = --defaultdeps
    PERL_USE_UNSAFE_INC = 1
    SHELL = /usr/bin/zsh
    TERM = screen
    TMPDIR = /var/tmp/cpansmoker-1023/2019030919

Perl special variables (and OS-specific diagnostics, for MSWin32):

    $^X = /opt/perl-5.28.0/bin/perl
    $UID/$EUID = 1023 / 1023
    $GID = 1023 1023
    $EGID = 1023 1023

Perl module toolchain versions installed:

    Module              Have    
    ------------------- --------
    CPAN                2.21    
    CPAN::Meta          2.150010
    Cwd                 3.75    
    ExtUtils::CBuilder  0.280230
    ExtUtils::Command   7.34    
    ExtUtils::Install   2.14    
    ExtUtils::MakeMaker 7.34    
    ExtUtils::Manifest  1.70    
    ExtUtils::ParseXS   3.39    
    File::Spec          3.75    
    JSON                4.01    
    JSON::PP            2.97001 
    Module::Build       0.4224  
    Module::Signature   0.83    
    Parse::CPAN::Meta   2.150010
    Test::Harness       3.42    
    Test::More          1.302162
    YAML                1.26    
    YAML::Syck          1.31    
    version             0.9923  


--

Summary of my perl5 (revision 5 version 28 subversion 0) configuration:
   
  Platform:
    osname=linux
    osvers=4.15.0-29-generic
    archname=x86_64-linux
    uname='linux ubuntu18 4.15.0-29-generic #31-ubuntu smp tue jul 17 15:39:52 utc 2018 x86_64 x86_64 x86_64 gnulinux '
    config_args='-ds -e -Dprefix=/opt/perl-5.28.0 -Dcf_email=srezic@cpan.org'
    hint=recommended
    useposix=true
    d_sigaction=define
    useithreads=undef
    usemultiplicity=undef
    use64bitint=define
    use64bitall=define
    uselongdouble=undef
    usemymalloc=n
    default_inc_excludes_dot=define
    bincompat5005=undef
  Compiler:
    cc='cc'
    ccflags ='-fwrapv -fno-strict-aliasing -pipe -fstack-protector-strong -I/usr/local/include -D_LARGEFILE_SOURCE -D_FILE_OFFSET_BITS=64'
    optimize='-O2'
    cppflags='-fwrapv -fno-strict-aliasing -pipe -fstack-protector-strong -I/usr/local/include'
    ccversion=''
    gccversion='7.3.0'
    gccosandvers=''
    intsize=4
    longsize=8
    ptrsize=8
    doublesize=8
    byteorder=12345678
    doublekind=3
    d_longlong=define
    longlongsize=8
    d_longdbl=define
    longdblsize=16
    longdblkind=3
    ivtype='long'
    ivsize=8
    nvtype='double'
    nvsize=8
    Off_t='off_t'
    lseeksize=8
    alignbytes=8
    prototype=define
  Linker and Libraries:
    ld='cc'
    ldflags =' -fstack-protector-strong -L/usr/local/lib'
    libpth=/usr/local/lib /usr/lib/gcc/x86_64-linux-gnu/7/include-fixed /usr/include/x86_64-linux-gnu /usr/lib /lib/x86_64-linux-gnu /lib/../lib /usr/lib/x86_64-linux-gnu /usr/lib/../lib /lib
    libs=-lpthread -lnsl -lgdbm -ldb -ldl -lm -lcrypt -lutil -lc
    perllibs=-lpthread -lnsl -ldl -lm -lcrypt -lutil -lc
    libc=libc-2.27.so
    so=so
    useshrplib=false
    libperl=libperl.a
    gnulibc_version='2.27'
  Dynamic Linking:
    dlsrc=dl_dlopen.xs
    dlext=so
    d_dlsymun=undef
    ccdlflags='-Wl,-E'
    cccdlflags='-fPIC'
    lddlflags='-shared -O2 -L/usr/local/lib -fstack-protector-strong'


Characteristics of this binary (from libperl): 
  Compile-time options:
    HAS_TIMES
    PERLIO_LAYERS
    PERL_COPY_ON_WRITE
    PERL_DONT_CREATE_GVSV
    PERL_MALLOC_WRAP
    PERL_OP_PARENT
    PERL_PRESERVE_IVUV
    USE_64_BIT_ALL
    USE_64_BIT_INT
    USE_LARGE_FILES
    USE_LOCALE
    USE_LOCALE_COLLATE
    USE_LOCALE_CTYPE
    USE_LOCALE_NUMERIC
    USE_LOCALE_TIME
    USE_PERLIO
    USE_PERL_ATOF
  Built under linux
  Compiled at Aug  6 2018 17:44:06
  %ENV:
    PERL5LIB=""
    PERL5OPT=""
    PERL5_CPANPLUS_IS_RUNNING="28007"
    PERL5_CPAN_IS_RUNNING="28007"
    PERL5_CPAN_IS_RUNNING_IN_RECURSION="27672,28007"
    PERLDOC="-MPod::Perldoc::ToTextOverstrike"
    PERL_BATCH="yes"
    PERL_CANARY_STABILITY_NOPROMPT="1"
    PERL_CPAN_REPORTER_CONFIG="/var/tmp/cpansmoker-1023/2019030919/cpanreporter_000_config.ini"
    PERL_EXTUTILS_AUTOINSTALL="--defaultdeps"
    PERL_USE_UNSAFE_INC="1"
  @INC:
    /opt/perl-5.28.0/lib/site_perl/5.28.0/x86_64-linux
    /opt/perl-5.28.0/lib/site_perl/5.28.0
    /opt/perl-5.28.0/lib/5.28.0/x86_64-linux
    /opt/perl-5.28.0/lib/5.28.0
    .