Report for MogileFS-Server-2.70

Back
From: metabase:user:314402c4-2aae-11df-837a-5e0a49663a4f
Subject: FAIL MogileFS-Server-2.70 v5.20.1 RC1 GNU/Linux
Date: 2014-08-29T13:46:58Z

This distribution has been tested as part of the CPAN Testers
project, supporting the Perl programming language.  See
http://wiki.cpantesters.org/ for more information or email
questions to cpan-testers-discuss@perl.org


--
Dear Alan Kasindorf,

This is a computer-generated report for MogileFS-Server-2.70
on perl 5.20.1, created by CPAN-Reporter-1.2011.

Thank you for uploading your work to CPAN.  However, there was a problem
testing your distribution.

If you think this report is invalid, please consult the CPAN Testers Wiki
for suggestions on how to avoid getting FAIL reports for missing library
or binary dependencies, unsupported operating systems, and so on:

http://wiki.cpantesters.org/wiki/CPANAuthorNotes

Sections of this report:

    * Tester comments
    * Program output
    * Prerequisites
    * Environment and other context

------------------------------
TESTER COMMENTS
------------------------------

Additional comments from tester:

none provided

------------------------------
PROGRAM OUTPUT
------------------------------

Output from '/usr/bin/make test':

PERL_DL_NONLAZY=1 /bbbike/perl-5.20.1-RC1/bin/perl "-MExtUtils::Command::MM" "-MTest::Harness" "-e" "undef *Test::Harness::Switches; test_harness(0, 'blib/lib', 'blib/arch')" t/*.t
Can't find mogadm utility mogadm executable not found.

t/00-startup.t ................ skipped: Can't find mogadm executable, necessary for testing.
t/01-domain-class.t ........... skipped: Can't create temporary test database: DBD::mysql isn't installed.  Please install it or define MOGTEST_DBTYPE env. variable at /tmpfs/.cpan-build/MogileFS-Server-2.70-MQwPWe/blib/lib/MogileFS/Test.pm line 57.
t/02-host-device.t ............ skipped: Can't create temporary test database: DBD::mysql isn't installed.  Please install it or define MOGTEST_DBTYPE env. variable at /tmpfs/.cpan-build/MogileFS-Server-2.70-MQwPWe/blib/lib/MogileFS/Test.pm line 57.
Can't find mogadm utility mogadm executable not found.

t/10-weighting.t .............. skipped: Can't find mogadm executable, necessary for testing.
Can't find mogadm utility mogadm executable not found.

t/20-filepaths.t .............. skipped: Can't find mogadm executable, necessary for testing.
Can't find mogadm utility mogadm executable not found.

t/30-rebalance.t .............. skipped: Can't find mogadm executable, necessary for testing.
Can't find mogadm utility mogadm executable not found.

t/40-httpfile.t ............... skipped: Can't find mogadm executable, necessary for testing.
Can't find mogadm utility mogadm executable not found.

t/50-checksum.t ............... skipped: Can't find mogadm executable, necessary for testing.
Can't find mogadm utility mogadm executable not found.

t/51-checksum_class_change.t .. skipped: Can't find mogadm executable, necessary for testing.
Can't find mogadm utility mogadm executable not found.

t/60-fsck.t ................... skipped: Can't find mogadm executable, necessary for testing.
Can't find mogadm utility mogadm executable not found.

t/70-reaper.t ................. skipped: Can't find mogadm executable, necessary for testing.
t/80-job_master.t ............. skipped: Can't create temporary test database: DBD::mysql isn't installed.  Please install it or define MOGTEST_DBTYPE env. variable at /tmpfs/.cpan-build/MogileFS-Server-2.70-MQwPWe/blib/lib/MogileFS/Test.pm line 57.
t/checksum.t .................. skipped: Can't create temporary test database: DBD::mysql isn't installed.  Please install it or define MOGTEST_DBTYPE env. variable at /tmpfs/.cpan-build/MogileFS-Server-2.70-MQwPWe/blib/lib/MogileFS/Test.pm line 57.
t/fid-stat.t .................. ok
t/http.t ...................... ok
(Es konnten nicht alle Prozesse identifiziert werden; Informationen über
nicht-eigene Processe werden nicht angezeigt; Root kann sie anzeigen.)
Can't locate Perlbal.pm in @INC (@INC contains: lib /tmpfs/.cpan-build/MogileFS-Server-2.70-MQwPWe/blib/lib /tmpfs/.cpan-build/MogileFS-Server-2.70-MQwPWe/blib/arch /tmpfs/.cpan-build/MogileFS-Server-2.70-MQwPWe/t/../lib /etc/perl /usr/local/lib/perl/5.14.2 /usr/local/share/perl/5.14.2 /usr/lib/perl5 /usr/share/perl5 /usr/lib/perl/5.14 /usr/share/perl/5.14 /usr/local/lib/site_perl .) at /tmpfs/.cpan-build/MogileFS-Server-2.70-MQwPWe/t/../mogstored line 19.
BEGIN failed--compilation aborted at /tmpfs/.cpan-build/MogileFS-Server-2.70-MQwPWe/t/../mogstored line 19.

#   Failed test 'started daemonized mogstored'
#   at t/mogstored-shutdown.t line 23.
(Es konnten nicht alle Prozesse identifiziert werden; Informationen über
nicht-eigene Processe werden nicht angezeigt; Root kann sie anzeigen.)
Use of uninitialized value $exist in concatenation (.) or string at t/mogstored-shutdown.t line 28.
exist = 
wasn't able to start up. at t/mogstored-shutdown.t line 33.
# Tests were run but no plan was declared and done_testing() was not seen.
# Looks like your test exited with 255 just after 1.
t/mogstored-shutdown.t ........ 
Dubious, test returned 255 (wstat 65280, 0xff00)
Failed 1/1 subtests 
t/multiple-devices-replpol.t .. ok
t/multiple-hosts-replpol.t .... ok
t/replpolicy-parsing.t ........ ok
t/replpolicy.t ................ ok
Database error from MogileFS::Store::SQLite//tmpfs/.cpan-build/MogileFS-Server-2.70-MQwPWe/blib/lib/MogileFS/Store/SQLite.pm/130: UNIQUE constraint failed: lock.lockid at t/store-sqlite.t line 54.
# Looks like you planned 28 tests but ran 5.
# Looks like your test exited with 2 just after 5.
t/store-sqlite.t .............. 
Dubious, test returned 2 (wstat 512, 0x200)
Failed 23/28 subtests 
t/store.t ..................... skipped: Can't create temporary test database: DBD::mysql isn't installed.  Please install it or define MOGTEST_DBTYPE env. variable at /tmpfs/.cpan-build/MogileFS-Server-2.70-MQwPWe/blib/lib/MogileFS/Test.pm line 57.
t/util.t ...................... ok

Test Summary Report
-------------------
t/mogstored-shutdown.t      (Wstat: 65280 Tests: 1 Failed: 1)
  Failed test:  1
  Non-zero exit status: 255
  Parse errors: No plan found in TAP output
t/store-sqlite.t            (Wstat: 512 Tests: 5 Failed: 0)
  Non-zero exit status: 2
  Parse errors: Bad plan.  You planned 28 tests but ran 5.
Files=23, Tests=190, 73 wallclock secs ( 0.05 usr  0.11 sys +  3.64 cusr  1.04 csys =  4.84 CPU)
Result: FAIL
Failed 2/23 test programs. 1/190 subtests failed.
make: *** [test_dynamic] Fehler 255

------------------------------
PREREQUISITES
------------------------------

Prerequisite modules loaded:

requires:

    Module              Need Have    
    ------------------- ---- --------
    Danga::Socket       1.56 1.61    
    DBI                 0    1.631   
    fields              0    2.17    
    Getopt::Long        0    2.42    
    IO::AIO             0    4.31    
    MogileFS::Client    0    1.17    
    Net::Netmask        0    1.9021  
    Perlbal             1.79 1.80    
    Symbol              0    1.07    
    Sys::Syscall        0.22 0.25    
    Sys::Syslog         0    0.33    
    Test::More          0.88 1.001003

build_requires:

    Module              Need Have    
    ------------------- ---- --------
    ExtUtils::MakeMaker 0    6.98    

configure_requires:

    Module              Need Have    
    ------------------- ---- --------
    ExtUtils::MakeMaker 0    6.98    


------------------------------
ENVIRONMENT AND OTHER CONTEXT
------------------------------

Environment variables:

    DBIC_NO_WARN_BAD_PERL = 1
    LANG = C
    LC_ALL = de_DE.UTF-8
    PATH = /usr/local/bin:/usr/bin:/bin:/usr/local/sbin:/usr/sbin:/sbin:/home/eserte/bin/linux-gnu:/home/eserte/bin/sh:/home/eserte/bin:/usr/games:/home/eserte/devel:/home/eserte/src/srezic-misc/scripts
    PERL5LIB = 
    PERL5OPT = 
    PERL5_CPANPLUS_IS_RUNNING = 26005
    PERL5_CPAN_IS_RUNNING = 26005
    PERL5_CPAN_IS_RUNNING_IN_RECURSION = 11131,26005
    PERLDOC = -MPod::Perldoc::ToTextOverstrike
    PERL_BATCH = yes
    PERL_CPAN_REPORTER_CONFIG = /var/tmp/cpansmoker-1001/gGAUMdRtgZ_config.ini
    PERL_EXTUTILS_AUTOINSTALL = --defaultdeps
    PERL_HTML_DISPLAY_CLASS = HTML::Display::Mozilla
    PERL_PARALLEL_SMOKER = yes
    SHELL = /bin/zsh
    TERM = screen
    TMPDIR = /var/tmp/cpansmoker-1001

Perl special variables (and OS-specific diagnostics, for MSWin32):

    $^X = /bbbike/perl-5.20.1-RC1/bin/perl
    $UID/$EUID = 1001 / 1001
    $GID = 1001 109 1001
    $EGID = 1001 109 1001

Perl module toolchain versions installed:

    Module              Have    
    ------------------- --------
    CPAN                2.05    
    CPAN::Meta          2.140640
    Cwd                 3.48    
    ExtUtils::CBuilder  0.280217
    ExtUtils::Command   1.18    
    ExtUtils::Install   1.67    
    ExtUtils::MakeMaker 6.98    
    ExtUtils::Manifest  1.65    
    ExtUtils::ParseXS   3.24    
    File::Spec          3.48    
    JSON                2.90    
    JSON::PP            2.27203 
    Module::Build       0.4208  
    Module::Signature   0.73    
    Parse::CPAN::Meta   1.4414  
    Test::Harness       3.33    
    Test::More          1.001003
    YAML                1.09    
    YAML::Syck          1.27    
    version             0.9909  


--

Summary of my perl5 (revision 5 version 20 subversion 1) configuration:
   
  Platform:
    osname=linux, osvers=3.2.0-4-amd64, archname=x86_64-linux
    uname='linux eserte 3.2.0-4-amd64 #1 smp debian 3.2.60-1+deb7u3 x86_64 gnulinux '
    config_args='-ds -e -Dprefix=/opt/perl-5.20.1-RC1'
    hint=recommended, useposix=true, d_sigaction=define
    useithreads=undef, usemultiplicity=undef
    use64bitint=define, use64bitall=define, uselongdouble=undef
    usemymalloc=n, bincompat5005=undef
  Compiler:
    cc='cc', ccflags ='-fwrapv -fno-strict-aliasing -pipe -fstack-protector -I/usr/local/include -D_LARGEFILE_SOURCE -D_FILE_OFFSET_BITS=64',
    optimize='-O2',
    cppflags='-fwrapv -fno-strict-aliasing -pipe -fstack-protector -I/usr/local/include'
    ccversion='', gccversion='4.7.2', gccosandvers=''
    intsize=4, longsize=8, ptrsize=8, doublesize=8, byteorder=12345678
    d_longlong=define, longlongsize=8, d_longdbl=define, longdblsize=16
    ivtype='long', ivsize=8, nvtype='double', nvsize=8, Off_t='off_t', lseeksize=8
    alignbytes=8, prototype=define
  Linker and Libraries:
    ld='cc', ldflags =' -fstack-protector -L/usr/local/lib'
    libpth=/usr/local/lib /usr/lib/gcc/x86_64-linux-gnu/4.7/include-fixed /usr/include/x86_64-linux-gnu /usr/lib /lib/x86_64-linux-gnu /lib/../lib /usr/lib/x86_64-linux-gnu /usr/lib/../lib /lib
    libs=-lnsl -ldb -ldl -lm -lcrypt -lutil -lc
    perllibs=-lnsl -ldl -lm -lcrypt -lutil -lc
    libc=libc-2.13.so, so=so, useshrplib=false, libperl=libperl.a
    gnulibc_version='2.13'
  Dynamic Linking:
    dlsrc=dl_dlopen.xs, dlext=so, d_dlsymun=undef, ccdlflags='-Wl,-E'
    cccdlflags='-fPIC', lddlflags='-shared -O2 -L/usr/local/lib -fstack-protector'


Characteristics of this binary (from libperl): 
  Compile-time options: HAS_TIMES PERLIO_LAYERS PERL_DONT_CREATE_GVSV
                        PERL_HASH_FUNC_ONE_AT_A_TIME_HARD PERL_MALLOC_WRAP
                        PERL_NEW_COPY_ON_WRITE PERL_PRESERVE_IVUV
                        USE_64_BIT_ALL USE_64_BIT_INT USE_LARGE_FILES
                        USE_LOCALE USE_LOCALE_COLLATE USE_LOCALE_CTYPE
                        USE_LOCALE_NUMERIC USE_PERLIO USE_PERL_ATOF
  Locally applied patches:
	RC1
  Built under linux
  Compiled at Aug 25 2014 19:48:42
  %ENV:
    PERL5LIB=""
    PERL5OPT=""
    PERL5_CPANPLUS_IS_RUNNING="26005"
    PERL5_CPAN_IS_RUNNING="26005"
    PERL5_CPAN_IS_RUNNING_IN_RECURSION="11131,26005"
    PERLDOC="-MPod::Perldoc::ToTextOverstrike"
    PERL_BATCH="yes"
    PERL_CPAN_REPORTER_CONFIG="/var/tmp/cpansmoker-1001/gGAUMdRtgZ_config.ini"
    PERL_EXTUTILS_AUTOINSTALL="--defaultdeps"
    PERL_HTML_DISPLAY_CLASS="HTML::Display::Mozilla"
    PERL_PARALLEL_SMOKER="yes"
  @INC:
    /opt/perl-5.20.1-RC1/lib/site_perl/5.20.1/x86_64-linux
    /opt/perl-5.20.1-RC1/lib/site_perl/5.20.1
    /opt/perl-5.20.1-RC1/lib/5.20.1/x86_64-linux
    /opt/perl-5.20.1-RC1/lib/5.20.1
    .