Back
From: metabase:user:322078bc-2aae-11df-837a-5e0a49663a4f
Subject: FAIL Sort-HashKeys-0.005 v5.12.0 NetBSD
Date: 2017-03-26T05:27:47Z
This distribution has been tested as part of the CPAN Testers
project, supporting the Perl programming language. See
http://wiki.cpantesters.org/ for more information or email
questions to cpan-testers-discuss@perl.org
--
Dear ATHREEF,
This is a computer-generated error report created automatically by
CPANPLUS, version 0.9162. Testers personal comments may appear
at the end of this report.
Thank you for uploading your work to CPAN. However, it appears that
there were some problems testing your distribution.
TEST RESULTS:
Below is the error stack from stage 'make test':
"/home/cpan/pit/thr/perl-5.12.0/bin/perl" -MExtUtils::Command::MM -e 'cp_nonempty' -- HashKeys.bs blib/arch/auto/Sort/HashKeys/HashKeys.bs 644
PERL_DL_NONLAZY=1 "/home/cpan/pit/thr/perl-5.12.0/bin/perl" "-MExtUtils::Command::MM" "-MTest::Harness" "-e" "undef *Test::Harness::Switches; test_harness(0, 'blib/lib', 'blib/arch')" t/*.t
#
# Versions for all modules listed in MYMETA.json (including optional ones):
#
# === Configure Requires ===
#
# Module Want Have
# ------------------- ---- ----
# ExtUtils::MakeMaker any 7.24
#
# === Build Requires ===
#
# Module Want Have
# ------------------- ---- ----
# ExtUtils::MakeMaker any 7.24
#
# === Test Requires ===
#
# Module Want Have
# ------------------- ---- --------
# ExtUtils::MakeMaker any 7.24
# File::Spec any 3.62
# Test::More any 1.302075
#
# === Test Recommends ===
#
# Module Want Have
# ---------- -------- --------
# CPAN::Meta 2.120900 2.150010
#
# === Runtime Requires ===
#
# Module Want Have
# -------- ---- ----
# XSLoader any 0.10
# strict any 1.04
# warnings any 1.09
#
t/00-report-prereqs.t .. ok
/home/cpan/pit/thr/conf/perl-5.12.0/.cpanplus/5.12.0/build/kZkmTbV3PB/Sort-HashKeys-0.005/blib/arch/auto/Sort/HashKeys/HashKeys.so: Undefined PLT symbol "qsort_r" (symnum = 25)
t/init.t ...............
Dubious, test returned 1 (wstat 256, 0x100)
All 1 subtests passed
/home/cpan/pit/thr/conf/perl-5.12.0/.cpanplus/5.12.0/build/kZkmTbV3PB/Sort-HashKeys-0.005/blib/arch/auto/Sort/HashKeys/HashKeys.so: Undefined PLT symbol "qsort_r" (symnum = 25)
t/reverse.t ............
Dubious, test returned 1 (wstat 256, 0x100)
All 1 subtests passed
/home/cpan/pit/thr/conf/perl-5.12.0/.cpanplus/5.12.0/build/kZkmTbV3PB/Sort-HashKeys-0.005/blib/arch/auto/Sort/HashKeys/HashKeys.so: Undefined PLT symbol "qsort_r" (symnum = 25)
t/undef-pad.t ..........
Dubious, test returned 1 (wstat 256, 0x100)
All 2 subtests passed
Test Summary Report
-------------------
t/init.t (Wstat: 256 Tests: 1 Failed: 0)
Non-zero exit status: 1
Parse errors: No plan found in TAP output
t/reverse.t (Wstat: 256 Tests: 1 Failed: 0)
Non-zero exit status: 1
Parse errors: No plan found in TAP output
t/undef-pad.t (Wstat: 256 Tests: 2 Failed: 0)
Non-zero exit status: 1
Parse errors: No plan found in TAP output
Files=4, Tests=5, 1 wallclock secs ( 0.01 usr 0.01 sys + 0.32 cusr 0.05 csys = 0.39 CPU)
Result: FAIL
*** Error code 1
Stop.
make: stopped in /home/cpan/pit/thr/conf/perl-5.12.0/.cpanplus/5.12.0/build/kZkmTbV3PB/Sort-HashKeys-0.005
Failed 3/4 test programs. 0/5 subtests failed.
PREREQUISITES:
Here is a list of prerequisites you specified and versions we
managed to load:
Module Name Have Want
ExtUtils::MakeMaker 7.24 0
File::Spec 3.62 0
Test::More 1.302075 0
XSLoader 0.10 0
strict 1.04 0
warnings 1.09 0
Perl module toolchain versions installed:
Module Name Have
CPANPLUS 0.9162
CPANPLUS::Dist::Build 0.80
Cwd 3.62
ExtUtils::CBuilder 0.280224
ExtUtils::Command 7.24
ExtUtils::Install 2.04
ExtUtils::MakeMaker 7.24
ExtUtils::Manifest 1.70
ExtUtils::ParseXS 3.30
File::Spec 3.62
Module::Build 0.4220
Pod::Parser 1.37
Pod::Simple 3.13
Test2 1.302075
Test::Harness 3.36
Test::More 1.302075
version 0.9917
******************************** NOTE ********************************
The comments above are created mechanically, possibly without manual
checking by the sender. As there are many people performing automatic
tests on each upload to CPAN, it is likely that you will receive
identical messages about the same problem.
If you believe that the message is mistaken, please reply to the first
one with correction and/or additional informations, and do not take
it personally. We appreciate your patience. :)
**********************************************************************
Additional comments:
This report was machine-generated by CPANPLUS::Dist::YACSmoke 0.98.
Powered by minismokebox version 0.58
------------------------------
ENVIRONMENT AND OTHER CONTEXT
------------------------------
Environment variables:
AUTOMATED_TESTING = 1
NONINTERACTIVE_TESTING = 1
PATH = /home/cpan/bin:/bin:/sbin:/usr/bin:/usr/sbin:/usr/X11R7/bin:/usr/X11R6/bin:/usr/pkg/bin:/usr/pkg/sbin:/usr/games:/usr/local/bin:/usr/local/sbin
PERL5LIB = :/home/cpan/pit/thr/conf/perl-5.12.0/.cpanplus/5.12.0/build/kZkmTbV3PB/Sort-HashKeys-0.005/blib/lib:/home/cpan/pit/thr/conf/perl-5.12.0/.cpanplus/5.12.0/build/kZkmTbV3PB/Sort-HashKeys-0.005/blib/arch
PERL5_CPANPLUS_IS_RUNNING = 4031
PERL5_CPANPLUS_IS_VERSION = 0.9162
PERL5_MINISMOKEBOX = 0.58
PERL5_YACSMOKE_BASE = /home/cpan/pit/thr/conf/perl-5.12.0
PERL_EXTUTILS_AUTOINSTALL = --defaultdeps
PERL_MM_USE_DEFAULT = 1
SHELL = /usr/pkg/bin/bash
TERM = screen
Perl special variables (and OS-specific diagnostics, for MSWin32):
Perl: $^X = /home/cpan/pit/thr/perl-5.12.0/bin/perl
UID: $< = 1002
EUID: $> = 1002
GID: $( = 100 100
EGID: $) = 100 100
-------------------------------
--
Summary of my perl5 (revision 5 version 12 subversion 0) configuration:
Platform:
osname=netbsd, osvers=7.0.1, archname=amd64-netbsd-thread-multi
uname='netbsd niwed.bingosnet.co.uk 7.0.1 netbsd 7.0.1 (generic.201605221355z) amd64 '
config_args='-des -Dprefix=/home/cpan/pit/thr/perl-5.12.0 -Dusethreads'
hint=recommended, useposix=true, d_sigaction=define
useithreads=define, usemultiplicity=define
useperlio=define, d_sfio=undef, uselargefiles=define, usesocks=undef
use64bitint=define, use64bitall=define, uselongdouble=undef
usemymalloc=n, bincompat5005=undef
Compiler:
cc='cc', ccflags ='-fno-strict-aliasing -pipe -fstack-protector -I/usr/pkg/include',
optimize='-O',
cppflags='-fno-strict-aliasing -pipe -fstack-protector -I/usr/pkg/include'
ccversion='', gccversion='4.8.4', gccosandvers=''
intsize=4, longsize=8, ptrsize=8, doublesize=8, byteorder=12345678
d_longlong=define, longlongsize=8, d_longdbl=define, longdblsize=16
ivtype='long', ivsize=8, nvtype='double', nvsize=8, Off_t='off_t', lseeksize=8
alignbytes=8, prototype=define
Linker and Libraries:
ld='cc', ldflags =' -Wl,-rpath,/usr/pkg/lib -Wl,-rpath,/usr/local/lib -fstack-protector -L/usr/pkg/lib'
libpth=/usr/pkg/lib /lib /usr/lib
libs=-lgdbm -lm -lcrypt -lutil -lc -lposix -lpthread
perllibs=-lm -lcrypt -lutil -lc -lposix -lpthread
libc=/lib/libc.so, so=so, useshrplib=false, libperl=libperl.a
gnulibc_version=''
Dynamic Linking:
dlsrc=dl_dlopen.xs, dlext=so, d_dlsymun=undef, ccdlflags='-Wl,-E '
cccdlflags='-DPIC -fPIC ', lddlflags='-shared -L/usr/pkg/lib -fstack-protector'
Characteristics of this binary (from libperl):
Compile-time options: MULTIPLICITY PERL_DONT_CREATE_GVSV
PERL_IMPLICIT_CONTEXT PERL_MALLOC_WRAP USE_64_BIT_ALL
USE_64_BIT_INT USE_ITHREADS USE_LARGE_FILES
USE_PERLIO USE_PERL_ATOF USE_REENTRANT_API
Locally applied patches:
Devel::PatchPerl 1.42
Built under netbsd
Compiled at Jun 2 2016 01:35:30
%ENV:
PERL5LIB=":/home/cpan/pit/thr/conf/perl-5.12.0/.cpanplus/5.12.0/build/kZkmTbV3PB/Sort-HashKeys-0.005/blib/lib:/home/cpan/pit/thr/conf/perl-5.12.0/.cpanplus/5.12.0/build/kZkmTbV3PB/Sort-HashKeys-0.005/blib/arch"
PERL5_CPANPLUS_IS_RUNNING="4031"
PERL5_CPANPLUS_IS_VERSION="0.9162"
PERL5_MINISMOKEBOX="0.58"
PERL5_YACSMOKE_BASE="/home/cpan/pit/thr/conf/perl-5.12.0"
PERL_EXTUTILS_AUTOINSTALL="--defaultdeps"
PERL_MM_USE_DEFAULT="1"
@INC:
/home/cpan/pit/thr/conf/perl-5.12.0/.cpanplus/5.12.0/build/kZkmTbV3PB/Sort-HashKeys-0.005/blib/lib
/home/cpan/pit/thr/conf/perl-5.12.0/.cpanplus/5.12.0/build/kZkmTbV3PB/Sort-HashKeys-0.005/blib/arch
/home/cpan/pit/thr/perl-5.12.0/lib/site_perl/5.12.0/amd64-netbsd-thread-multi
/home/cpan/pit/thr/perl-5.12.0/lib/site_perl/5.12.0
/home/cpan/pit/thr/perl-5.12.0/lib/5.12.0/amd64-netbsd-thread-multi
/home/cpan/pit/thr/perl-5.12.0/lib/5.12.0
.