Back
From: metabase:user:320bfe00-2aae-11df-837a-5e0a49663a4f
Subject: FAIL Template-Plugin-MultiMarkdown-0.03 v5.14.2 GNU/Linux
Date: 2012-02-09T22:11:00Z
This distribution has been tested as part of the CPAN Testers
project, supporting the Perl programming language. See
http://wiki.cpantesters.org/ for more information or email
questions to cpan-testers-discuss@perl.org
--
Dear Andrew Ford,
This is a computer-generated report for Template-Plugin-MultiMarkdown-0.03
on perl 5.14.2, created by CPAN-Reporter-1.1902.
Thank you for uploading your work to CPAN. However, there was a problem
testing your distribution.
If you think this report is invalid, please consult the CPAN Testers Wiki
for suggestions on how to avoid getting FAIL reports for missing library
or binary dependencies, unsupported operating systems, and so on:
http://wiki.cpantesters.org/wiki/CPANAuthorNotes
Sections of this report:
* Tester comments
* Program output
* Prerequisites
* Environment and other context
------------------------------
TESTER COMMENTS
------------------------------
Additional comments from tester:
this report is from an automated smoke testing program
and was not reviewed by a human for accuracy
------------------------------
PROGRAM OUTPUT
------------------------------
Output from '/usr/bin/make test':
PERL_DL_NONLAZY=1 /home/sand/src/perl/repoperls/installed-perls/perl/v5.14.2/2a56/bin/perl "-MExtUtils::Command::MM" "-e" "test_harness(0, 'blib/lib', 'blib/arch')" t/*.t
t/00-basic.t .......... ok
t/01-multimarkdown.t .. ok
t/90-pod.t ............ ok
t/91-pod-coverage.t ... ok
t/92-perlcritic.t ..... skipped: Author test. Set $ENV{TEST_AUTHOR} to a true value to run.
# Failed test 'has_test_pod'
# at /home/src/perl/repoperls/installed-perls/perl/v5.14.2/2a56/lib/site_perl/5.14.2/Test/Kwalitee.pm line 101.
# Add a test using Test::Pod to check for pod correctness.Doesn't include a test for pod correctness (Test::Pod)
# Looks like you failed 1 test of 13.
t/93-kwalitee.t .......
Dubious, test returned 1 (wstat 256, 0x100)
Failed 1/13 subtests
t/94-distribution.t ... ok
Test Summary Report
-------------------
t/93-kwalitee.t (Wstat: 256 Tests: 13 Failed: 1)
Failed test: 12
Non-zero exit status: 1
Files=7, Tests=31, 1 wallclock secs ( 0.05 usr 0.01 sys + 0.85 cusr 0.10 csys = 1.01 CPU)
Result: FAIL
Failed 1/7 test programs. 1/31 subtests failed.
make: *** [test_dynamic] Error 255
------------------------------
PREREQUISITES
------------------------------
Prerequisite modules loaded:
requires:
Module Need Have
------------------- ------ --------
Template 2.16 2.24
Text::Markdown 0 1.000031
Text::MultiMarkdown v1.0.1 1.000034
build_requires:
Module Need Have
------------------- ------ --------
ExtUtils::MakeMaker 0 6.63_02
configure_requires:
Module Need Have
------------------- ------ --------
ExtUtils::MakeMaker 0 6.63_02
------------------------------
ENVIRONMENT AND OTHER CONTEXT
------------------------------
Environment variables:
AUTOMATED_TESTING = 1
LANG = en_US.UTF-8
LANGUAGE = en_US:en
PATH = /home/sand/bin:/usr/local/bin:/usr/bin:/bin:/usr/bin/X11:/usr/games:/usr/local/perl/bin:/usr/X11/bin:/sbin:/usr/sbin
PERL5LIB =
PERL5OPT =
PERL5_CPANPLUS_IS_RUNNING = 22857
PERL5_CPAN_IS_RUNNING = 22857
PERL_MM_USE_DEFAULT = 1
SHELL = /usr/bin/zsh
TERM = screen
Perl special variables (and OS-specific diagnostics, for MSWin32):
$^X = /home/sand/src/perl/repoperls/installed-perls/perl/v5.14.2/2a56/bin/perl
$UID/$EUID = 1005 / 1005
$GID = 1005 1005
$EGID = 1005 1005
Perl module toolchain versions installed:
Module Have
------------------- --------
CPAN 1.9800
Cwd 3.39_01
ExtUtils::CBuilder 0.280202
ExtUtils::Command 1.17
ExtUtils::Install 1.56
ExtUtils::MakeMaker 6.63_02
ExtUtils::Manifest 1.60
ExtUtils::ParseXS 3.15
File::Spec 3.39_01
Module::Build 0.3800
Module::Signature 0.68
Test::Harness 3.23
Test::More 0.98
YAML 0.79
YAML::Syck 1.19
version 0.96
--
Summary of my perl5 (revision 5 version 14 subversion 2) configuration:
Commit id: dc281e6088d189558b79a5121119b7196c8b3db0
Platform:
osname=linux, osvers=2.6.32-5-amd64, archname=x86_64-linux-thread-multi-ld
uname='linux k83 2.6.32-5-amd64 #1 smp mon oct 3 03:59:20 utc 2011 x86_64 gnulinux '
config_args='-Dprefix=/home/src/perl/repoperls/installed-perls/perl/v5.14.2/2a56 -Dinstallusrbinperl=n -Uversiononly -Dusedevel -des -Ui_db -Duseithreads -Duselongdouble -DDEBUGGING=-g'
hint=recommended, useposix=true, d_sigaction=define
useithreads=define, usemultiplicity=define
useperlio=define, d_sfio=undef, uselargefiles=define, usesocks=undef
use64bitint=define, use64bitall=define, uselongdouble=define
usemymalloc=n, bincompat5005=undef
Compiler:
cc='cc', ccflags ='-D_REENTRANT -D_GNU_SOURCE -fno-strict-aliasing -pipe -fstack-protector -I/usr/local/include -D_LARGEFILE_SOURCE -D_FILE_OFFSET_BITS=64',
optimize='-O2 -g',
cppflags='-D_REENTRANT -D_GNU_SOURCE -fno-strict-aliasing -pipe -fstack-protector -I/usr/local/include'
ccversion='', gccversion='4.4.5', gccosandvers=''
intsize=4, longsize=8, ptrsize=8, doublesize=8, byteorder=12345678
d_longlong=define, longlongsize=8, d_longdbl=define, longdblsize=16
ivtype='long', ivsize=8, nvtype='long double', nvsize=16, Off_t='off_t', lseeksize=8
alignbytes=16, prototype=define
Linker and Libraries:
ld='cc', ldflags =' -fstack-protector -L/usr/local/lib'
libpth=/usr/local/lib /lib/../lib /usr/lib/../lib /lib /usr/lib /lib64 /usr/lib64
libs=-lnsl -ldb -ldl -lm -lcrypt -lutil -lpthread -lc
perllibs=-lnsl -ldl -lm -lcrypt -lutil -lpthread -lc
libc=/lib/libc-2.11.2.so, so=so, useshrplib=false, libperl=libperl.a
gnulibc_version='2.11.2'
Dynamic Linking:
dlsrc=dl_dlopen.xs, dlext=so, d_dlsymun=undef, ccdlflags='-Wl,-E'
cccdlflags='-fPIC', lddlflags='-shared -O2 -g -L/usr/local/lib -fstack-protector'
Characteristics of this binary (from libperl):
Compile-time options: MULTIPLICITY PERL_DONT_CREATE_GVSV
PERL_IMPLICIT_CONTEXT PERL_MALLOC_WRAP
PERL_PRESERVE_IVUV PERL_USE_DEVEL USE_64_BIT_ALL
USE_64_BIT_INT USE_ITHREADS USE_LARGE_FILES
USE_LONG_DOUBLE USE_PERLIO USE_PERL_ATOF
USE_REENTRANT_API
Built under linux
Compiled at Oct 16 2011 06:05:32
%ENV:
PERL5LIB=""
PERL5OPT=""
PERL5_CPANPLUS_IS_RUNNING="22857"
PERL5_CPAN_IS_RUNNING="22857"
PERL_MM_USE_DEFAULT="1"
@INC:
/home/src/perl/repoperls/installed-perls/perl/v5.14.2/2a56/lib/site_perl/5.14.2/x86_64-linux-thread-multi-ld
/home/src/perl/repoperls/installed-perls/perl/v5.14.2/2a56/lib/site_perl/5.14.2
/home/src/perl/repoperls/installed-perls/perl/v5.14.2/2a56/lib/5.14.2/x86_64-linux-thread-multi-ld
/home/src/perl/repoperls/installed-perls/perl/v5.14.2/2a56/lib/5.14.2
.