Back
From: metabase:user:a0e144f2-373b-11e6-8edd-c6848980b093
Subject: FAIL Class-DBI-FormBuilder-0.483 v5.25.6 GNU/Linux
Date: 2016-11-09T07:13:01Z
This distribution has been tested as part of the CPAN Testers
project, supporting the Perl programming language. See
http://wiki.cpantesters.org/ for more information or email
questions to cpan-testers-discuss@perl.org
--
Dear David R. Baird,
This is a computer-generated report for Class-DBI-FormBuilder-0.483
on perl 5.25.6, created by CPAN-Reporter-1.2018.
Thank you for uploading your work to CPAN. However, there was a problem
testing your distribution.
If you think this report is invalid, please consult the CPAN Testers Wiki
for suggestions on how to avoid getting FAIL reports for missing library
or binary dependencies, unsupported operating systems, and so on:
http://wiki.cpantesters.org/wiki/CPANAuthorNotes
Sections of this report:
* Tester comments
* Program output
* Prerequisites
* Environment and other context
------------------------------
TESTER COMMENTS
------------------------------
Additional comments from tester:
this report is from an automated smoke testing program
and was not reviewed by a human for accuracy
------------------------------
PROGRAM OUTPUT
------------------------------
Output from './Build test':
# Testing Class::DBI::FormBuilder 0.483, Perl 5.025006, /home/cpan2/install/bin/perl
t/00-load.t ................ ok
DBD::SQLite2::st execute failed: no such table: wackypk(1) at dbdimp.c line 414 [for Statement "SELECT * FROM wackypk WHERE 1=0"] at /home/cpan2/install/lib/perl5/site_perl/5.25.6/DBIx/ContextualFetch.pm line 52.
# Looks like your test exited with 255 before it could output anything.
t/0012.pk.t ................
Dubious, test returned 255 (wstat 65280, 0xff00)
Failed 11/11 subtests
t/001.setup.t .............. ok
# Failed test at t/011.create.t line 52.
# got: '1'
# expected: '22'
# Failed test at t/011.create.t line 60.
# Structures begin differing at:
# $got->{id} = '1'
# $expected->{id} = '22'
# Looks like you failed 2 tests of 8.
t/011.create.t .............
Dubious, test returned 2 (wstat 512, 0x200)
Failed 2/8 subtests
# Failed test at t/01.create.t line 50.
# got: '2'
# expected: '1'
# Failed test at t/01.create.t line 58.
# Structures begin differing at:
# $got->{id} = '2'
# $expected->{id} = '1'
# Looks like you failed 2 tests of 7.
t/01.create.t ..............
Dubious, test returned 2 (wstat 512, 0x200)
Failed 2/7 subtests
# Failed test 'object not updated yet'
# at t/02.update.t line 51.
# got: 'George'
# expected: 'Dave'
# Looks like you failed 1 test of 7.
t/02.update.t ..............
Dubious, test returned 1 (wstat 256, 0x100)
Failed 1/7 subtests
t/03.retrieve.t ............ ok
t/04.retrieve.t ............ ok
t/05.update_or_create.t .... ok
# Failed test at t/07.retrieve_or_create.t line 45.
# Structures begin differing at:
# $got->{town} = 'Trumpton'
# $expected->{town} = 'Uglyton'
# Looks like you failed 1 test of 4.
t/07.retrieve_or_create.t ..
Dubious, test returned 1 (wstat 256, 0x100)
Failed 1/4 subtests
t/06.update_or_create.t .... ok
t/09.retrieve_or_create.t .. ok
t/08.retrieve_or_create.t .. ok
t/10.find_or_create.t ...... ok
t/11.find_or_create.t ...... ok
t/12.search.t .............. ok
# Failed test at t/14.search_like.t line 50.
# got: '21'
# expected: '20'
# Failed test at t/14.search_like.t line 58.
# got: '21'
# expected: '20'
# Failed test at t/13.search.t line 46.
# got: '20'
# expected: '19'
# Failed test at t/13.search.t line 54.
# got: '20'
# expected: '19'
# Failed test at t/14.search_like.t line 77.
# Structures begin differing at:
# $got->{22} = HASH(0x19e1348)
# $expected->{22} = Does not exist
# Looks like you failed 3 tests of 9.
t/14.search_like.t .........
Dubious, test returned 3 (wstat 768, 0x300)
Failed 3/9 subtests
# Failed test at t/13.search.t line 72.
# Structures begin differing at:
# $got->{22} = HASH(0x33cb058)
# $expected->{22} = Does not exist
# Looks like you failed 3 tests of 9.
t/13.search.t ..............
Dubious, test returned 3 (wstat 768, 0x300)
Failed 3/9 subtests
# Failed test at t/15.search_where.t line 69.
# got: '21'
# expected: '20'
# Failed test at t/15.search_where.t line 77.
# got: '21'
# expected: '20'
# Failed test at t/15.search_where.t line 98.
# Structures begin differing at:
# $got->{22} = HASH(0x3368260)
# $expected->{22} = Does not exist
# Looks like you failed 3 tests of 9.
t/15.search_where.t ........
Dubious, test returned 3 (wstat 768, 0x300)
Failed 3/9 subtests
# Failed test at t/16.search_form.t line 68.
# got: '21'
# expected: '20'
# Failed test at t/16.search_form.t line 76.
# got: '21'
# expected: '20'
# Failed test at t/16.search_form.t line 97.
# Structures begin differing at:
# $got->{22} = HASH(0x3500700)
# $expected->{22} = Does not exist
# Looks like you failed 3 tests of 9.
t/16.search_form.t .........
Dubious, test returned 3 (wstat 768, 0x300)
Failed 3/9 subtests
t/31.has_many.t ............ ok
# SQLite is typeless, hence n/a options (all columns are nullable)
t/30.has_a.t ............... ok
t/32.has_many.t ............ ok
t/33.has_many.t ............ ok
t/34.might_have.t .......... ok
t/42.auto_untaint.t ........ ok
t/51.related.t ............. ok
t/40.auto_untaint.t ........ ok
t/41.auto_untaint.t ........ ok
t/61.alias.t ............... ok
t/99.cleanup.t ............. ok
t/60.alias.t ............... ok
t/pod-coverage.t ........... ok
t/pod.t .................... ok
Test Summary Report
-------------------
t/0012.pk.t (Wstat: 65280 Tests: 0 Failed: 0)
Non-zero exit status: 255
Parse errors: Bad plan. You planned 11 tests but ran 0.
t/011.create.t (Wstat: 512 Tests: 8 Failed: 2)
Failed tests: 7-8
Non-zero exit status: 2
t/01.create.t (Wstat: 512 Tests: 7 Failed: 2)
Failed tests: 6-7
Non-zero exit status: 2
t/02.update.t (Wstat: 256 Tests: 7 Failed: 1)
Failed test: 5
Non-zero exit status: 1
t/07.retrieve_or_create.t (Wstat: 256 Tests: 4 Failed: 1)
Failed test: 4
Non-zero exit status: 1
t/14.search_like.t (Wstat: 768 Tests: 9 Failed: 3)
Failed tests: 4, 8-9
Non-zero exit status: 3
t/13.search.t (Wstat: 768 Tests: 9 Failed: 3)
Failed tests: 4, 8-9
Non-zero exit status: 3
t/15.search_where.t (Wstat: 768 Tests: 9 Failed: 3)
Failed tests: 4, 8-9
Non-zero exit status: 3
t/16.search_form.t (Wstat: 768 Tests: 9 Failed: 3)
Failed tests: 4, 8-9
Non-zero exit status: 3
Files=34, Tests=214, 14 wallclock secs ( 0.16 usr 0.03 sys + 9.23 cusr 0.50 csys = 9.92 CPU)
Result: FAIL
Failed 9/34 test programs. 18/214 subtests failed.
------------------------------
PREREQUISITES
------------------------------
Prerequisite modules loaded:
requires:
Module Need Have
-------------------------- ---- --------
CGI::FormBuilder 3 3.10
Class::Data::Inheritable 0 0.08
Class::DBI 0 3.0.17
Class::DBI::AbstractSearch 0 0.07
List::Util 0 1.46
Test::Exception 0 0.43
Test::More 0 1.302059
UNIVERSAL::require 0 0.18
configure_requires:
Module Need Have
-------------------------- ---- --------
ExtUtils::MakeMaker 0 7.24
------------------------------
ENVIRONMENT AND OTHER CONTEXT
------------------------------
Environment variables:
AUTOMATED_TESTING = 1
HARNESS_OPTIONS = j3
LANG = en_US.UTF-8
PATH = /usr/local/bin:/usr/bin:/bin:/usr/local/games:/usr/games
PERL5LIB =
PERL5OPT =
PERL5_CPANPLUS_IS_RUNNING = 29361
PERL5_CPAN_IS_RUNNING = 29361
PERL5_CPAN_IS_RUNNING_IN_RECURSION = 20451,29361
PERLBREW_BASHRC_VERSION = 0.76
PERLBREW_HOME = /home/dcollins/.perlbrew
PERLBREW_ROOT = /home/dcollins/toolchain/perl5
PERL_CR_SMOKER_CURRENT = Class-DBI-FormBuilder-0.483
PERL_CR_SMOKER_RUNONCE = 1
PERL_EXTUTILS_AUTOINSTALL = --defaultdeps
PERL_MM_USE_DEFAULT = 1
SHELL = /bin/bash
TERM = putty
Perl special variables (and OS-specific diagnostics, for MSWin32):
$^X = /home/cpan2/install/bin/perl
$UID/$EUID = 1003 / 1003
$GID = 1003 1003
$EGID = 1003 1003
Perl module toolchain versions installed:
Module Have
------------------- --------
CPAN 2.14
CPAN::Meta 2.150010
Cwd 3.62
ExtUtils::CBuilder 0.280224
ExtUtils::Command 7.24
ExtUtils::Install 2.04
ExtUtils::MakeMaker 7.24
ExtUtils::Manifest 1.70
ExtUtils::ParseXS 3.30
File::Spec 3.62
JSON 2.90
JSON::PP 2.27400
Module::Build 0.4220
Module::Signature 0.81
Parse::CPAN::Meta 2.150010
Test::Harness 3.36
Test::More 1.302059
YAML 1.18
YAML::Syck 1.29
version 0.9917
--
Summary of my perl5 (revision 5 version 25 subversion 6) configuration:
Commit id: 4eadd82f8c152034818f42956737102f674f9118
Platform:
osname=linux
osvers=3.16.0-4-amd64
archname=x86_64-linux-thread-multi
uname='linux digitalis 3.16.0-4-amd64 #1 smp debian 3.16.36-1+deb8u1 (2016-09-03) x86_64 gnulinux '
config_args='-Dusedevel -DDEBUGGING -Dusethreads -Dprefix=/home/cpan2/install -Uversiononly -des'
hint=recommended
useposix=true
d_sigaction=define
useithreads=define
usemultiplicity=define
use64bitint=define
use64bitall=define
uselongdouble=undef
usemymalloc=n
bincompat5005=undef
Compiler:
cc='cc'
ccflags ='-D_REENTRANT -D_GNU_SOURCE -fwrapv -DDEBUGGING -fno-strict-aliasing -pipe -fstack-protector-strong -I/usr/local/include -D_LARGEFILE_SOURCE -D_FILE_OFFSET_BITS=64 -D_FORTIFY_SOURCE=2'
optimize='-O2 -g'
cppflags='-D_REENTRANT -D_GNU_SOURCE -fwrapv -DDEBUGGING -fno-strict-aliasing -pipe -fstack-protector-strong -I/usr/local/include'
ccversion=''
gccversion='4.9.2'
gccosandvers=''
intsize=4
longsize=8
ptrsize=8
doublesize=8
byteorder=12345678
doublekind=3
d_longlong=define
longlongsize=8
d_longdbl=define
longdblsize=16
longdblkind=3
ivtype='long'
ivsize=8
nvtype='double'
nvsize=8
Off_t='off_t'
lseeksize=8
alignbytes=8
prototype=define
Linker and Libraries:
ld='cc'
ldflags =' -fstack-protector-strong -L/usr/local/lib'
libpth=/usr/local/lib /usr/lib/gcc/x86_64-linux-gnu/4.9/include-fixed /usr/include/x86_64-linux-gnu /usr/lib /lib/x86_64-linux-gnu /lib/../lib /usr/lib/x86_64-linux-gnu /usr/lib/../lib /lib
libs=-lpthread -lnsl -ldl -lm -lcrypt -lutil -lc
perllibs=-lpthread -lnsl -ldl -lm -lcrypt -lutil -lc
libc=libc-2.19.so
so=so
useshrplib=false
libperl=libperl.a
gnulibc_version='2.19'
Dynamic Linking:
dlsrc=dl_dlopen.xs
dlext=so
d_dlsymun=undef
ccdlflags='-Wl,-E'
cccdlflags='-fPIC'
lddlflags='-shared -O2 -g -L/usr/local/lib -fstack-protector-strong'
Characteristics of this binary (from libperl):
Compile-time options:
DEBUGGING
HAS_TIMES
MULTIPLICITY
PERLIO_LAYERS
PERL_COPY_ON_WRITE
PERL_DONT_CREATE_GVSV
PERL_HASH_FUNC_ONE_AT_A_TIME_HARD
PERL_IMPLICIT_CONTEXT
PERL_MALLOC_WRAP
PERL_OP_PARENT
PERL_PRESERVE_IVUV
PERL_TRACK_MEMPOOL
PERL_USE_DEVEL
USE_64_BIT_ALL
USE_64_BIT_INT
USE_ITHREADS
USE_LARGE_FILES
USE_LOCALE
USE_LOCALE_COLLATE
USE_LOCALE_CTYPE
USE_LOCALE_NUMERIC
USE_LOCALE_TIME
USE_PERLIO
USE_PERL_ATOF
USE_REENTRANT_API
Built under linux
Compiled at Oct 17 2016 18:50:03
%ENV:
PERL5LIB=""
PERL5OPT=""
PERL5_CPANPLUS_IS_RUNNING="29361"
PERL5_CPAN_IS_RUNNING="29361"
PERL5_CPAN_IS_RUNNING_IN_RECURSION="20451,29361"
PERLBREW_BASHRC_VERSION="0.76"
PERLBREW_HOME="/home/dcollins/.perlbrew"
PERLBREW_ROOT="/home/dcollins/toolchain/perl5"
PERL_CR_SMOKER_CURRENT="Class-DBI-FormBuilder-0.483"
PERL_CR_SMOKER_RUNONCE="1"
PERL_EXTUTILS_AUTOINSTALL="--defaultdeps"
PERL_MM_USE_DEFAULT="1"
@INC:
/home/cpan2/install/lib/perl5/site_perl/5.25.6/x86_64-linux-thread-multi
/home/cpan2/install/lib/perl5/site_perl/5.25.6
/home/cpan2/install/lib/perl5/5.25.6/x86_64-linux-thread-multi
/home/cpan2/install/lib/perl5/5.25.6
.