Back
From: metabase:user:320bfe00-2aae-11df-837a-5e0a49663a4f
Subject: FAIL Test-Log-Log4perl-0.29 v5.13.7 GNU/Linux
Date: 2010-11-21T14:38:05Z
This distribution has been tested as part of the CPAN Testers
project, supporting the Perl programming language. See
http://wiki.cpantesters.org/ for more information or email
questions to cpan-testers-discuss@perl.org
--
Dear Chia-liang Kao,
This is a computer-generated report for Test-Log-Log4perl-0.29
on perl 5.13.7, created by CPAN-Reporter-1.1803.
Thank you for uploading your work to CPAN. However, there was a problem
testing your distribution.
If you think this report is invalid, please consult the CPAN Testers Wiki
for suggestions on how to avoid getting FAIL reports for missing library
or binary dependencies, unsupported operating systems, and so on:
http://wiki.cpantesters.org/wiki/CPANAuthorNotes
Sections of this report:
* Tester comments
* Program output
* Prerequisites
* Environment and other context
------------------------------
TESTER COMMENTS
------------------------------
Additional comments from tester:
none provided
------------------------------
PROGRAM OUTPUT
------------------------------
Output from '/usr/bin/make test':
make[1]: Entering directory `/home/sand/.cpan/build/Test-Log-Log4perl-0.29-r2Gk4h'
PERL_DL_NONLAZY=1 /home/src/perl/repoperls/installed-perls/perl/v5.13.7-22-g27a1175/bin/perl "-MExtUtils::Command::MM" "-e" "test_harness(0, 'inc', 'blib/lib', 'blib/arch')" t/*.t
t/01basic.t ... ok
t/02ignore.t .. ok
t/03match.t ... ok
# Failed test 'getting wrong message'
# at t/04re.t line 42.
# STDERR is:
# # Failed test 'Log4perl test'
# # at t/04re.t line 40.
# # 1st message logged wasn't what we expected:
# # message was 'my hair is on fire!'
# # not like '(?^:tree)'
# # (Offending log call from line 39 in t/04re.t)
#
# not:
# /#\s+Failed\ test.*?\n?.*?at\ t\/04re\.t line 40.*\n?/
#
# # 1st message logged wasn't what we expected:
#
# # message was 'my hair is on fire!'
#
# # not like '(?-xism:tree)'
#
# # (Offending log call from line 39 in t/04re.t)
#
# as expected
t/04re.t ......
Failed 1/2 subtests
Test Summary Report
-------------------
t/04re.t (Wstat: 0 Tests: 2 Failed: 1)
Failed test: 2
Files=4, Tests=21, 1 wallclock secs ( 0.03 usr 0.01 sys + 0.27 cusr 0.05 csys = 0.36 CPU)
Result: FAIL
Failed 1/4 test programs. 1/21 subtests failed.
make[1]: *** [test_dynamic] Error 255
make[1]: Leaving directory `/home/sand/.cpan/build/Test-Log-Log4perl-0.29-r2Gk4h'
------------------------------
PREREQUISITES
------------------------------
Prerequisite modules loaded:
requires:
Module Need Have
----------------------------- -------- --------
Class::Accessor::Chained 0 0.01
Lingua::EN::Numbers::Ordinate 0 1.02
Log::Log4perl 0 1.31
perl 5.008008 5.013007
Test::Builder::Tester 0 1.21_01
Test::Exception 0 0.31
build_requires:
Module Need Have
----------------------------- -------- --------
ExtUtils::MakeMaker 6.42 6.57_05
Test::More 0 0.97_01
configure_requires:
Module Need Have
----------------------------- -------- --------
ExtUtils::MakeMaker 6.42 6.57_05
------------------------------
ENVIRONMENT AND OTHER CONTEXT
------------------------------
Environment variables:
LANG = en_US.UTF-8
PATH = /home/sand/bin:/usr/local/bin:/usr/bin:/bin:/usr/bin/X11:/usr/games:/usr/local/perl/bin:/usr/X11/bin:/sbin:/usr/sbin
PERL5LIB =
PERL5OPT =
PERL5_CPANPLUS_IS_RUNNING = 22215
PERL5_CPAN_IS_RUNNING = 22215
SHELL = /usr/bin/zsh
TERM = screen
Perl special variables (and OS-specific diagnostics, for MSWin32):
$^X = /home/src/perl/repoperls/installed-perls/perl/v5.13.7-22-g27a1175/bin/perl
$UID/$EUID = 1001 / 1001
$GID = 1001 1001
$EGID = 1001 1001
Perl module toolchain versions installed:
Module Have
------------------- -------
CPAN 1.94_62
Cwd 3.34
ExtUtils::CBuilder 0.2703
ExtUtils::Command 1.16
ExtUtils::Install 1.55
ExtUtils::MakeMaker 6.57_05
ExtUtils::Manifest 1.58
ExtUtils::ParseXS 2.2207
File::Spec 3.33
Module::Build 0.3607
Module::Signature 0.66
Test::Harness 3.22
Test::More 0.97_01
YAML 0.72
YAML::Syck 1.15
version 0.82
--
Summary of my perl5 (revision 5 version 13 subversion 7) configuration:
Commit id: 27a1175bf36db67955ca3363f80694803bdcbfb2
Platform:
osname=linux, osvers=2.6.32-5-amd64, archname=x86_64-linux-ld
uname='linux k81 2.6.32-5-amd64 #1 smp sat oct 30 14:18:21 utc 2010 x86_64 gnulinux '
config_args='-Dprefix=/home/src/perl/repoperls/installed-perls/perl/v5.13.7-22-g27a1175 -Dinstallusrbinperl=n -Uversiononly -Dusedevel -des -Ui_db -Uuseithreads -Duselongdouble'
hint=recommended, useposix=true, d_sigaction=define
useithreads=undef, usemultiplicity=undef
useperlio=define, d_sfio=undef, uselargefiles=define, usesocks=undef
use64bitint=define, use64bitall=define, uselongdouble=define
usemymalloc=n, bincompat5005=undef
Compiler:
cc='cc', ccflags ='-fno-strict-aliasing -pipe -fstack-protector -I/usr/local/include -D_LARGEFILE_SOURCE -D_FILE_OFFSET_BITS=64',
optimize='-O2',
cppflags='-fno-strict-aliasing -pipe -fstack-protector -I/usr/local/include'
ccversion='', gccversion='4.4.5', gccosandvers=''
intsize=4, longsize=8, ptrsize=8, doublesize=8, byteorder=12345678
d_longlong=define, longlongsize=8, d_longdbl=define, longdblsize=16
ivtype='long', ivsize=8, nvtype='long double', nvsize=16, Off_t='off_t', lseeksize=8
alignbytes=16, prototype=define
Linker and Libraries:
ld='cc', ldflags =' -fstack-protector -L/usr/local/lib'
libpth=/usr/local/lib /lib /usr/lib /lib64 /usr/lib64
libs=-lnsl -lgdbm -ldb -ldl -lm -lcrypt -lutil -lc -lgdbm_compat
perllibs=-lnsl -ldl -lm -lcrypt -lutil -lc
libc=/lib/libc-2.11.2.so, so=so, useshrplib=false, libperl=libperl.a
gnulibc_version='2.11.2'
Dynamic Linking:
dlsrc=dl_dlopen.xs, dlext=so, d_dlsymun=undef, ccdlflags='-Wl,-E'
cccdlflags='-fPIC', lddlflags='-shared -O2 -L/usr/local/lib -fstack-protector'
Characteristics of this binary (from libperl):
Compile-time options: PERL_DONT_CREATE_GVSV PERL_MALLOC_WRAP PERL_USE_DEVEL
USE_64_BIT_ALL USE_64_BIT_INT USE_LARGE_FILES
USE_LONG_DOUBLE USE_PERLIO USE_PERL_ATOF
Built under linux
Compiled at Nov 21 2010 07:39:49
%ENV:
PERL5LIB=""
PERL5OPT=""
PERL5_CPANPLUS_IS_RUNNING="22215"
PERL5_CPAN_IS_RUNNING="22215"
@INC:
/home/src/perl/repoperls/installed-perls/perl/v5.13.7-22-g27a1175/lib/site_perl/5.13.7/x86_64-linux-ld
/home/src/perl/repoperls/installed-perls/perl/v5.13.7-22-g27a1175/lib/site_perl/5.13.7
/home/src/perl/repoperls/installed-perls/perl/v5.13.7-22-g27a1175/lib/5.13.7/x86_64-linux-ld
/home/src/perl/repoperls/installed-perls/perl/v5.13.7-22-g27a1175/lib/5.13.7
.