Unicode-UTF8 v0.62 Perl 5 v5.38.0 i386-freebsd

Status
Fail
From
Chris Williams (BINGOS)
Dist
Unicode-UTF8 v0.62
Platform
Perl 5 v5.38.0 i386-freebsd
Date
2023-07-11 20:53:12
ID
f3637be6-202c-11ee-98b0-b3c3213a625c
This distribution has been tested as part of the CPAN Testers
project, supporting the Perl programming language.  See
http://wiki.cpantesters.org/ for more information or email
questions to cpan-testers-discuss@perl.org


--

Dear Christian Hansen,

This is a computer-generated error report created automatically by
CPANPLUS, version 0.9914. Testers personal comments may appear
at the end of this report.


Thank you for uploading your work to CPAN.  However, it appears that
there were some problems testing your distribution.

TEST RESULTS:

Below is the error stack from stage 'make test':

"/usr/home/cpan/pit/bare/perl-5.38.0/bin/perl" "-Iinc" -MExtUtils::Command::MM -e 'cp_nonempty' -- UTF8.bs blib/arch/auto/Unicode/UTF8/UTF8.bs 644
PERL_DL_NONLAZY=1 "/usr/home/cpan/pit/bare/perl-5.38.0/bin/perl" "-MExtUtils::Command::MM" "-MTest::Harness" "-e" "undef *Test::Harness::Switches; test_harness(0, 'inc', 'blib/lib', 'blib/arch')" t/*.t t/*/*.t
# Unicode::UTF8 0.62, Perl 5.038000, /usr/home/cpan/pit/bare/perl-5.38.0/bin/perl
t/000_load.t ............... ok
t/010_basic.t .............. ok
t/030_native.t ............. ok
t/040_wide_characters.t .... ok
t/045_replacement.t ........ ok
t/050_noncharacters.t ...... ok
t/060_surrogates.t ......... ok
Use of code point 0x80000000 is not allowed; the permissible max is 0x7FFFFFFF at t/080_super.t line 28.
# Looks like your test exited with 255 just after 1025.
t/080_super.t .............. 
Dubious, test returned 255 (wstat 65280, 0xff00)
Failed 512/1537 subtests 
t/090_non_shortest_form.t .. ok
t/100_incomplete.t ......... ok
t/120_fallback.t ........... ok
t/150_subwarnings.t ........ ok
t/170_steal.t .............. ok
t/200_leaks.t .............. ok
t/210_tainted.t ............ skipped: Taint::Runtime 0.03 is required for this test
t/220_magic.t .............. skipped: Variable::Magic is required for this test
t/999_pod.t ................ skipped: Test::Pod 1.00 required for this test

Test Summary Report
-------------------
t/080_super.t            (Wstat: 65280 (exited 255) Tests: 1025 Failed: 0)
  Non-zero exit status: 255
  Parse errors: Bad plan.  You planned 1537 tests but ran 1025.
Files=17, Tests=11509, 17 wallclock secs ( 3.99 usr  0.60 sys + 10.30 cusr  2.10 csys = 16.99 CPU)
Result: FAIL
Failed 1/17 test programs. 0/11509 subtests failed.
*** Error code 255

Stop.
make: stopped in /usr/home/cpan/pit/bare/conf/perl-5.38.0/.cpanplus/5.38.0/build/aTN_NmJW0W/Unicode-UTF8-0.62


PREREQUISITES:

Here is a list of prerequisites you specified and versions we
managed to load:

	  Module Name                        Have     Want
	  Carp                               1.54        0
	  Encode                             3.19   1.9801
	  Exporter                           5.77        0
	  ExtUtils::MakeMaker                7.70     6.59
	  Test::Fatal                       0.017    0.006
	  Test::More                     1.302195     0.47
	  XSLoader                           0.32        0

Perl module toolchain versions installed:
	Module Name                        Have
	CPANPLUS                         0.9914
	CPANPLUS::Dist::Build              0.90
	Cwd                                3.89
	ExtUtils::CBuilder             0.280238
	ExtUtils::Command                  7.70
	ExtUtils::Install                  2.22
	ExtUtils::MakeMaker                7.70
	ExtUtils::Manifest                 1.75
	ExtUtils::ParseXS                  3.51
	File::Spec                         3.88
	Module::Build                    0.4234
	Pod::Parser                           0
	Pod::Simple                        3.43
	Test2                          1.302195
	Test::Harness                      3.44
	Test::More                     1.302195
	version                          0.9929

******************************** NOTE ********************************
The comments above are created mechanically, possibly without manual
checking by the sender.  As there are many people performing automatic
tests on each upload to CPAN, it is likely that you will receive
identical messages about the same problem.

If you believe that the message is mistaken, please reply to the first
one with correction and/or additional informations, and do not take
it personally.  We appreciate your patience. :)
**********************************************************************

Additional comments:


This report was machine-generated by CPANPLUS::Dist::YACSmoke 1.08.
Powered by minismokebox version 0.68

CPANPLUS is prefering Build.PL

------------------------------
ENVIRONMENT AND OTHER CONTEXT
------------------------------

Environment variables:

    AUTOMATED_TESTING = 1
    LANG = C.UTF-8
    NONINTERACTIVE_TESTING = 1
    PATH = /sbin:/bin:/usr/sbin:/usr/bin:/usr/local/sbin:/usr/local/bin:/home/cpan/bin
    PERL5LIB = /usr/home/cpan/pit/jail/4VBaJBXMSQ/lib/perl5:/usr/home/cpan/pit/bare/conf/perl-5.38.0/.cpanplus/5.38.0/build/aTN_NmJW0W/Unicode-UTF8-0.62/blib/lib:/usr/home/cpan/pit/bare/conf/perl-5.38.0/.cpanplus/5.38.0/build/aTN_NmJW0W/Unicode-UTF8-0.62/blib/arch
    PERL5_CPANPLUS_IS_RUNNING = 30408
    PERL5_CPANPLUS_IS_VERSION = 0.9914
    PERL5_MINISMOKEBOX = 0.68
    PERL5_YACSMOKE_BASE = /usr/home/cpan/pit/bare/conf/perl-5.38.0
    PERL_EXTUTILS_AUTOINSTALL = --defaultdeps
    PERL_LOCAL_LIB_ROOT = /usr/home/cpan/pit/jail/4VBaJBXMSQ
    PERL_MB_OPT = --install_base "/usr/home/cpan/pit/jail/4VBaJBXMSQ"
    PERL_MM_OPT = INSTALL_BASE=/usr/home/cpan/pit/jail/4VBaJBXMSQ
    PERL_MM_USE_DEFAULT = 1
    PERL_USE_UNSAFE_INC = 1
    SHELL = /usr/local/bin/bash
    TERM = screen

Perl special variables (and OS-specific diagnostics, for MSWin32):

    Perl: $^X = /usr/home/cpan/pit/bare/perl-5.38.0/bin/perl
    UID:  $<  = 1002
    EUID: $>  = 1002
    GID:  $(  = 1002 1002
    EGID: $)  = 1002 1002


-------------------------------


--

Summary of my perl5 (revision 5 version 38 subversion 0) configuration:
   
  Platform:
    osname=freebsd
    osvers=13.2-release-p1
    archname=i386-freebsd
    uname='freebsd fiat 13.2-release-p1 freebsd 13.2-release-p1 generic i386 '
    config_args='-des -Dprefix=/usr/home/cpan/pit/bare/perl-5.38.0'
    hint=recommended
    useposix=true
    d_sigaction=define
    useithreads=undef
    usemultiplicity=undef
    use64bitint=undef
    use64bitall=undef
    uselongdouble=undef
    usemymalloc=n
    default_inc_excludes_dot=define
  Compiler:
    cc='cc'
    ccflags ='-DHAS_FPSETMASK -DHAS_FLOATINGPOINT_H -fno-strict-aliasing -pipe -fstack-protector-strong -I/usr/local/include'
    optimize='-O2'
    cppflags='-DHAS_FPSETMASK -DHAS_FLOATINGPOINT_H -fno-strict-aliasing -pipe -fstack-protector-strong -I/usr/local/include'
    ccversion=''
    gccversion='FreeBSD Clang 14.0.5 (https://github.com/llvm/llvm-project.git llvmorg-14.0.5-0-gc12386ae247c)'
    gccosandvers=''
    intsize=4
    longsize=4
    ptrsize=4
    doublesize=8
    byteorder=1234
    doublekind=3
    d_longlong=define
    longlongsize=8
    d_longdbl=define
    longdblsize=12
    longdblkind=3
    ivtype='long'
    ivsize=4
    nvtype='double'
    nvsize=8
    Off_t='off_t'
    lseeksize=8
    alignbytes=4
    prototype=define
  Linker and Libraries:
    ld='cc'
    ldflags ='-Wl,-E  -fstack-protector-strong -L/usr/local/lib'
    libpth=/usr/lib /usr/local/lib /usr/lib/clang/14.0.5/lib
    libs=-lpthread -lgdbm -ldl -lm -lcrypt -lutil -lc
    perllibs=-lpthread -ldl -lm -lcrypt -lutil -lc
    libc=
    so=so
    useshrplib=false
    libperl=libperl.a
    gnulibc_version=''
  Dynamic Linking:
    dlsrc=dl_dlopen.xs
    dlext=so
    d_dlsymun=undef
    ccdlflags=' '
    cccdlflags='-DPIC -fPIC'
    lddlflags='-shared  -L/usr/local/lib -fstack-protector-strong'


Characteristics of this binary (from libperl): 
  Compile-time options:
    HAS_LONG_DOUBLE
    HAS_STRTOLD
    HAS_TIMES
    PERLIO_LAYERS
    PERL_COPY_ON_WRITE
    PERL_DONT_CREATE_GVSV
    PERL_HASH_FUNC_ZAPHOD32
    PERL_HASH_USE_SBOX32
    PERL_MALLOC_WRAP
    PERL_OP_PARENT
    PERL_PRESERVE_IVUV
    PERL_USE_SAFE_PUTENV
    USE_LARGE_FILES
    USE_LOCALE
    USE_LOCALE_COLLATE
    USE_LOCALE_CTYPE
    USE_LOCALE_NUMERIC
    USE_LOCALE_TIME
    USE_PERLIO
    USE_PERL_ATOF
  Built under freebsd
  Compiled at Jul 11 2023 02:26:13
  %ENV:
    PERL5LIB="/usr/home/cpan/pit/jail/4VBaJBXMSQ/lib/perl5:/usr/home/cpan/pit/bare/conf/perl-5.38.0/.cpanplus/5.38.0/build/aTN_NmJW0W/Unicode-UTF8-0.62/blib/lib:/usr/home/cpan/pit/bare/conf/perl-5.38.0/.cpanplus/5.38.0/build/aTN_NmJW0W/Unicode-UTF8-0.62/blib/arch"
    PERL5_CPANPLUS_IS_RUNNING="30408"
    PERL5_CPANPLUS_IS_VERSION="0.9914"
    PERL5_MINISMOKEBOX="0.68"
    PERL5_YACSMOKE_BASE="/usr/home/cpan/pit/bare/conf/perl-5.38.0"
    PERL_EXTUTILS_AUTOINSTALL="--defaultdeps"
    PERL_LOCAL_LIB_ROOT="/usr/home/cpan/pit/jail/4VBaJBXMSQ"
    PERL_MB_OPT="--install_base "/usr/home/cpan/pit/jail/4VBaJBXMSQ""
    PERL_MM_OPT="INSTALL_BASE=/usr/home/cpan/pit/jail/4VBaJBXMSQ"
    PERL_MM_USE_DEFAULT="1"
    PERL_USE_UNSAFE_INC="1"
  @INC:
    /usr/home/cpan/pit/jail/4VBaJBXMSQ/lib/perl5/5.38.0/i386-freebsd
    /usr/home/cpan/pit/jail/4VBaJBXMSQ/lib/perl5/5.38.0
    /usr/home/cpan/pit/jail/4VBaJBXMSQ/lib/perl5/i386-freebsd
    /usr/home/cpan/pit/jail/4VBaJBXMSQ/lib/perl5
    /usr/home/cpan/pit/bare/conf/perl-5.38.0/.cpanplus/5.38.0/build/aTN_NmJW0W/Unicode-UTF8-0.62/blib/lib
    /usr/home/cpan/pit/bare/conf/perl-5.38.0/.cpanplus/5.38.0/build/aTN_NmJW0W/Unicode-UTF8-0.62/blib/arch
    /usr/home/cpan/pit/bare/perl-5.38.0/lib/site_perl/5.38.0/i386-freebsd
    /usr/home/cpan/pit/bare/perl-5.38.0/lib/site_perl/5.38.0
    /usr/home/cpan/pit/bare/perl-5.38.0/lib/5.38.0/i386-freebsd
    /usr/home/cpan/pit/bare/perl-5.38.0/lib/5.38.0
    .