Report for Color-Scheme-1.02

Back
From: metabase:user:3215efbe-2aae-11df-837a-5e0a49663a4f
Subject: FAIL Color-Scheme-1.02 v5.16.1 GNU/Linux
Date: 2012-12-17T17:48:23Z

This distribution has been tested as part of the CPAN Testers
project, supporting the Perl programming language.  See
http://wiki.cpantesters.org/ for more information or email
questions to cpan-testers-discuss@perl.org


--
Dear Ian Langworth,

This is a computer-generated report for Color-Scheme-1.02
on perl 5.16.1, created by CPAN-Reporter-1.2008.

Thank you for uploading your work to CPAN.  However, there was a problem
testing your distribution.

If you think this report is invalid, please consult the CPAN Testers Wiki
for suggestions on how to avoid getting FAIL reports for missing library
or binary dependencies, unsupported operating systems, and so on:

http://wiki.cpantesters.org/wiki/CPANAuthorNotes

Sections of this report:

    * Tester comments
    * Program output
    * Prerequisites
    * Environment and other context

------------------------------
TESTER COMMENTS
------------------------------

Additional comments from tester:

this report is from an automated smoke testing program
and was not reviewed by a human for accuracy

------------------------------
PROGRAM OUTPUT
------------------------------

Output from '/usr/bin/make test':

PERL_DL_NONLAZY=1 /opt/perl/nothreads/5.16.1/bin/perl "-MExtUtils::Command::MM" "-e" "test_harness(0, 'blib/lib', 'blib/arch')" t/*.t
WARNING: This key is not certified with a trusted signature!
Primary key fingerprint: 0205 9844 0471 D12C 43B2  387A 2F77 BFF0 E680 7C7E
t/0-signature.t ... ok
# Testing Color::Scheme 1.02, Perl 5.016001, /opt/perl/nothreads/5.16.1/bin/perl
t/00-load.t ....... ok
t/colors.t ........ ok
t/colors2.t ....... ok
t/pod-coverage.t .. ok

#   Failed test 'POD test for blib/lib/Color/Scheme.pm'
#   at /opt/perl/nothreads/5.16.1/lib/site_perl/5.16.1/Test/Pod.pm line 182.
# blib/lib/Color/Scheme.pm (571): Non-ASCII character seen before =encoding in '60°,'. Assuming ISO8859-1
# Looks like you failed 1 test of 1.
t/pod.t ........... 
Dubious, test returned 1 (wstat 256, 0x100)
Failed 1/1 subtests 
t/synopsis.t ...... ok
t/three-sixty.t ... ok

Test Summary Report
-------------------
t/pod.t         (Wstat: 256 Tests: 1 Failed: 1)
  Failed test:  1
  Non-zero exit status: 1
Files=8, Tests=35,  1 wallclock secs ( 0.04 usr  0.02 sys +  0.46 cusr  0.06 csys =  0.58 CPU)
Result: FAIL
Failed 1/8 test programs. 1/35 subtests failed.
make: *** [test_dynamic] Error 255

------------------------------
PREREQUISITES
------------------------------

Prerequisite modules loaded:

requires:

    Module              Need Have
    ------------------- ---- ----
    List::Util          1.14 1.26
    POSIX               1.08 1.30
    Test::Differences   0.47 0.61
    Test::More          0.54 0.98

build_requires:

    Module              Need Have
    ------------------- ---- ----
    ExtUtils::MakeMaker 0    6.64


------------------------------
ENVIRONMENT AND OTHER CONTEXT
------------------------------

Environment variables:

    AUTOMATED_TESTING = 1
    LANG = C
    PATH = /opt/perl/nothreads/5.16.1/bin:/usr/local/sbin:/usr/local/bin:/usr/sbin:/usr/bin:/sbin:/bin:/usr/games
    PERL5LIB = 
    PERL5OPT = 
    PERL5_CPANPLUS_IS_RUNNING = 5832
    PERL5_CPAN_IS_RUNNING = 5832
    PERL5_CPAN_IS_RUNNING_IN_RECURSION = 2016,5832
    PERL_CR_SMOKER_CURRENT = Color-Scheme-1.02
    PERL_EXTUTILS_AUTOINSTALL = --defaultdeps
    PERL_MM_USE_DEFAULT = 1
    SHELL = /bin/bash
    TERM = screen

Perl special variables (and OS-specific diagnostics, for MSWin32):

    $^X = /opt/perl/nothreads/5.16.1/bin/perl
    $UID/$EUID = 1000 / 1000
    $GID = 1000 4 24 27 30 46 112 113 1000
    $EGID = 1000 4 24 27 30 46 112 113 1000

Perl module toolchain versions installed:

    Module              Have    
    ------------------- --------
    CPAN                1.9800  
    CPAN::Meta          2.120921
    Cwd                 3.39_01 
    ExtUtils::CBuilder  0.280205
    ExtUtils::Command   1.17    
    ExtUtils::Install   1.54    
    ExtUtils::MakeMaker 6.64    
    ExtUtils::Manifest  1.61    
    ExtUtils::ParseXS   3.18    
    File::Spec          3.39_01 
    JSON                2.53    
    JSON::PP            2.27200 
    Module::Build       0.4003  
    Module::Signature   0.70    
    Parse::CPAN::Meta   1.4404  
    Test::Harness       3.25    
    Test::More          0.98    
    YAML                0.84    
    YAML::Syck          1.22    
    version             0.9901  


--

Summary of my perl5 (revision 5 version 16 subversion 1) configuration:
   
  Platform:
    osname=linux, osvers=3.2.0-31-virtual, archname=x86_64-linux
    uname='linux cpansmoker 3.2.0-31-virtual #50-ubuntu smp fri sep 7 16:36:36 utc 2012 x86_64 x86_64 x86_64 gnulinux '
    config_args='-des -Dprefix=/opt/perl/nothreads/5.16.1'
    hint=recommended, useposix=true, d_sigaction=define
    useithreads=undef, usemultiplicity=undef
    useperlio=define, d_sfio=undef, uselargefiles=define, usesocks=undef
    use64bitint=define, use64bitall=define, uselongdouble=undef
    usemymalloc=n, bincompat5005=undef
  Compiler:
    cc='cc', ccflags ='-fno-strict-aliasing -pipe -fstack-protector -I/usr/local/include -D_LARGEFILE_SOURCE -D_FILE_OFFSET_BITS=64',
    optimize='-O2',
    cppflags='-fno-strict-aliasing -pipe -fstack-protector -I/usr/local/include'
    ccversion='', gccversion='4.6.3', gccosandvers=''
    intsize=4, longsize=8, ptrsize=8, doublesize=8, byteorder=12345678
    d_longlong=define, longlongsize=8, d_longdbl=define, longdblsize=16
    ivtype='long', ivsize=8, nvtype='double', nvsize=8, Off_t='off_t', lseeksize=8
    alignbytes=8, prototype=define
  Linker and Libraries:
    ld='cc', ldflags =' -fstack-protector -L/usr/local/lib'
    libpth=/usr/local/lib /lib/x86_64-linux-gnu /lib/../lib /usr/lib/x86_64-linux-gnu /usr/lib/../lib /lib /usr/lib
    libs=-lnsl -lgdbm -ldb -ldl -lm -lcrypt -lutil -lc -lgdbm_compat
    perllibs=-lnsl -ldl -lm -lcrypt -lutil -lc
    libc=, so=so, useshrplib=false, libperl=libperl.a
    gnulibc_version='2.15'
  Dynamic Linking:
    dlsrc=dl_dlopen.xs, dlext=so, d_dlsymun=undef, ccdlflags='-Wl,-E'
    cccdlflags='-fPIC', lddlflags='-shared -O2 -L/usr/local/lib -fstack-protector'


Characteristics of this binary (from libperl): 
  Compile-time options: HAS_TIMES PERLIO_LAYERS PERL_DONT_CREATE_GVSV
                        PERL_MALLOC_WRAP PERL_PRESERVE_IVUV USE_64_BIT_ALL
                        USE_64_BIT_INT USE_LARGE_FILES USE_LOCALE
                        USE_LOCALE_COLLATE USE_LOCALE_CTYPE
                        USE_LOCALE_NUMERIC USE_PERLIO USE_PERL_ATOF
  Built under linux
  Compiled at Oct  7 2012 11:40:56
  %ENV:
    PERL5LIB=""
    PERL5OPT=""
    PERL5_CPANPLUS_IS_RUNNING="5832"
    PERL5_CPAN_IS_RUNNING="5832"
    PERL5_CPAN_IS_RUNNING_IN_RECURSION="2016,5832"
    PERL_CR_SMOKER_CURRENT="Color-Scheme-1.02"
    PERL_EXTUTILS_AUTOINSTALL="--defaultdeps"
    PERL_MM_USE_DEFAULT="1"
  @INC:
    /opt/perl/nothreads/5.16.1/lib/site_perl/5.16.1/x86_64-linux
    /opt/perl/nothreads/5.16.1/lib/site_perl/5.16.1
    /opt/perl/nothreads/5.16.1/lib/5.16.1/x86_64-linux
    /opt/perl/nothreads/5.16.1/lib/5.16.1
    .