Report for XML-Filter-Dispatcher-0.52

Back
From: metabase:user:315f03b2-2aae-11df-837a-5e0a49663a4f
Subject: FAIL XML-Filter-Dispatcher-0.52 v5.14.2 NetBSD
Date: 2013-07-10T10:53:27Z

This distribution has been tested as part of the CPAN Testers
project, supporting the Perl programming language.  See
http://wiki.cpantesters.org/ for more information or email
questions to cpan-testers-discuss@perl.org


--
Dear Barrie Slaymaker,

This is a computer-generated report for XML-Filter-Dispatcher-0.52
on perl 5.14.2, created by CPAN-Reporter-1.2010.

Thank you for uploading your work to CPAN.  However, there was a problem
testing your distribution.

If you think this report is invalid, please consult the CPAN Testers Wiki
for suggestions on how to avoid getting FAIL reports for missing library
or binary dependencies, unsupported operating systems, and so on:

http://wiki.cpantesters.org/wiki/CPANAuthorNotes

Sections of this report:

    * Tester comments
    * Program output
    * Prerequisites
    * Environment and other context

------------------------------
TESTER COMMENTS
------------------------------

Additional comments from tester:

this report is from an automated smoke testing program
and was not reviewed by a human for accuracy

------------------------------
PROGRAM OUTPUT
------------------------------

Output from '/usr/bin/make test':

PERL_DL_NONLAZY=1 /home/smoke/perl5/perlbrew/perls/perl-5.14.2/bin/perl "-MExtUtils::Command::MM" "-e" "test_harness(0, 'blib/lib', 'blib/arch')" t/*.t
Runaway prototype at /home/smoke/.cpan/build/XML-Filter-Dispatcher-0.52-IAzliZ/blib/lib/XML/Filter/Dispatcher/Runtime.pm line 33.
Prototype mismatch:: none vs () at /home/smoke/.cpan/build/XML-Filter-Dispatcher-0.52-IAzliZ/blib/lib/XML/Filter/Dispatcher/Runtime.pm line 33.
Undefined subroutine &XFD::is_tracing called at (eval 39) line 17.
t/builder.t ........ 
Dubious, test returned 255 (wstat 65280, 0xff00)
Failed 25/25 subtests 
Runaway prototype at /home/smoke/.cpan/build/XML-Filter-Dispatcher-0.52-IAzliZ/blib/lib/XML/Filter/Dispatcher/Runtime.pm line 33.
Prototype mismatch:: none vs () at /home/smoke/.cpan/build/XML-Filter-Dispatcher-0.52-IAzliZ/blib/lib/XML/Filter/Dispatcher/Runtime.pm line 33.
t/compiler.t ....... ok
Runaway prototype at /home/smoke/.cpan/build/XML-Filter-Dispatcher-0.52-IAzliZ/blib/lib/XML/Filter/Dispatcher/Runtime.pm line 33.
Prototype mismatch:: none vs () at /home/smoke/.cpan/build/XML-Filter-Dispatcher-0.52-IAzliZ/blib/lib/XML/Filter/Dispatcher/Runtime.pm line 33.
Undefined subroutine &XFD::is_tracing called at (eval 42) line 91.
t/filter.t ......... 
Dubious, test returned 255 (wstat 65280, 0xff00)
Failed 21/21 subtests 
Runaway prototype at /home/smoke/.cpan/build/XML-Filter-Dispatcher-0.52-IAzliZ/blib/lib/XML/Filter/Dispatcher/Runtime.pm line 33.
Prototype mismatch:: none vs () at /home/smoke/.cpan/build/XML-Filter-Dispatcher-0.52-IAzliZ/blib/lib/XML/Filter/Dispatcher/Runtime.pm line 33.
Undefined subroutine &XFD::is_tracing called at (eval 39) line 12.
t/hash.t ........... 
Dubious, test returned 255 (wstat 65280, 0xff00)
Failed 21/27 subtests 
t/helpfulerrors.t .. ok
Runaway prototype at /home/smoke/.cpan/build/XML-Filter-Dispatcher-0.52-IAzliZ/blib/lib/XML/Filter/Dispatcher/Runtime.pm line 33.
Prototype mismatch:: none vs () at /home/smoke/.cpan/build/XML-Filter-Dispatcher-0.52-IAzliZ/blib/lib/XML/Filter/Dispatcher/Runtime.pm line 33.
Undefined subroutine &XFD::is_tracing called at (eval 41) line 41.
t/namespaces.t ..... 
Dubious, test returned 255 (wstat 65280, 0xff00)
Failed 16/16 subtests 
t/nothing.t ........ ok
Runaway prototype at /home/smoke/.cpan/build/XML-Filter-Dispatcher-0.52-IAzliZ/blib/lib/XML/Filter/Dispatcher/Runtime.pm line 33.
Prototype mismatch:: none vs () at /home/smoke/.cpan/build/XML-Filter-Dispatcher-0.52-IAzliZ/blib/lib/XML/Filter/Dispatcher/Runtime.pm line 33.
Undefined subroutine &XFD::is_tracing called at (eval 39) line 14.
t/order.t .......... 
Dubious, test returned 255 (wstat 65280, 0xff00)
Failed 4/4 subtests 
Runaway prototype at /home/smoke/.cpan/build/XML-Filter-Dispatcher-0.52-IAzliZ/blib/lib/XML/Filter/Dispatcher/Runtime.pm line 33.
Prototype mismatch:: none vs () at /home/smoke/.cpan/build/XML-Filter-Dispatcher-0.52-IAzliZ/blib/lib/XML/Filter/Dispatcher/Runtime.pm line 33.
Undefined subroutine &XFD::is_tracing called at (eval 40) line 14.
t/postponements.t .. 
Dubious, test returned 255 (wstat 65280, 0xff00)
Failed 9/9 subtests 
Runaway prototype at /home/smoke/.cpan/build/XML-Filter-Dispatcher-0.52-IAzliZ/blib/lib/XML/Filter/Dispatcher/Runtime.pm line 33.
Prototype mismatch:: none vs () at /home/smoke/.cpan/build/XML-Filter-Dispatcher-0.52-IAzliZ/blib/lib/XML/Filter/Dispatcher/Runtime.pm line 33.
Undefined subroutine &XFD::is_tracing called at (eval 39) line 14.
t/stooges.t ........ 
Dubious, test returned 255 (wstat 65280, 0xff00)
Failed 9/9 subtests 
Runaway prototype at /home/smoke/.cpan/build/XML-Filter-Dispatcher-0.52-IAzliZ/blib/lib/XML/Filter/Dispatcher/Runtime.pm line 33.
Prototype mismatch:: none vs () at /home/smoke/.cpan/build/XML-Filter-Dispatcher-0.52-IAzliZ/blib/lib/XML/Filter/Dispatcher/Runtime.pm line 33.
Undefined subroutine &XFD::is_tracing called at (eval 39) line 12.
t/struct.t ......... 
Dubious, test returned 255 (wstat 65280, 0xff00)
Failed 22/29 subtests 
Runaway prototype at /home/smoke/.cpan/build/XML-Filter-Dispatcher-0.52-IAzliZ/blib/lib/XML/Filter/Dispatcher/Runtime.pm line 33.
Prototype mismatch:: none vs () at /home/smoke/.cpan/build/XML-Filter-Dispatcher-0.52-IAzliZ/blib/lib/XML/Filter/Dispatcher/Runtime.pm line 33.
Undefined subroutine &XFD::is_tracing called at (eval 41) line 83.
t/synopsis.t ....... 
Dubious, test returned 255 (wstat 65280, 0xff00)
Failed 8/8 subtests 
t/useless.t ........ ok
Runaway prototype at /home/smoke/.cpan/build/XML-Filter-Dispatcher-0.52-IAzliZ/blib/lib/XML/Filter/Dispatcher/Runtime.pm line 33.
Prototype mismatch:: none vs () at /home/smoke/.cpan/build/XML-Filter-Dispatcher-0.52-IAzliZ/blib/lib/XML/Filter/Dispatcher/Runtime.pm line 33.
Undefined subroutine &XFD::is_tracing called at (eval 38) line 12.
t/vars.t ........... 
Dubious, test returned 255 (wstat 65280, 0xff00)
Failed 11/13 subtests 
Runaway prototype at /home/smoke/.cpan/build/XML-Filter-Dispatcher-0.52-IAzliZ/blib/lib/XML/Filter/Dispatcher/Runtime.pm line 33.
Prototype mismatch:: none vs () at /home/smoke/.cpan/build/XML-Filter-Dispatcher-0.52-IAzliZ/blib/lib/XML/Filter/Dispatcher/Runtime.pm line 33.
Undefined subroutine &XFD::is_tracing called at (eval 41) line 13.
t/xpath.t .......... 
Dubious, test returned 255 (wstat 65280, 0xff00)
Failed 542/542 subtests 
Runaway prototype at /home/smoke/.cpan/build/XML-Filter-Dispatcher-0.52-IAzliZ/blib/lib/XML/Filter/Dispatcher/Runtime.pm line 33.
Prototype mismatch:: none vs () at /home/smoke/.cpan/build/XML-Filter-Dispatcher-0.52-IAzliZ/blib/lib/XML/Filter/Dispatcher/Runtime.pm line 33.
Undefined subroutine &XFD::is_tracing called at (eval 47) line 13.
t/xstack.t ......... 
Dubious, test returned 25 (wstat 6400, 0x1900)
Failed 20/20 subtests 

Test Summary Report
-------------------
t/builder.t      (Wstat: 65280 Tests: 0 Failed: 0)
  Non-zero exit status: 255
  Parse errors: Bad plan.  You planned 25 tests but ran 0.
t/filter.t       (Wstat: 65280 Tests: 0 Failed: 0)
  Non-zero exit status: 255
  Parse errors: Bad plan.  You planned 21 tests but ran 0.
t/hash.t         (Wstat: 65280 Tests: 6 Failed: 0)
  Non-zero exit status: 255
  Parse errors: Bad plan.  You planned 27 tests but ran 6.
t/namespaces.t   (Wstat: 65280 Tests: 0 Failed: 0)
  Non-zero exit status: 255
  Parse errors: Bad plan.  You planned 16 tests but ran 0.
t/order.t        (Wstat: 65280 Tests: 0 Failed: 0)
  Non-zero exit status: 255
  Parse errors: Bad plan.  You planned 4 tests but ran 0.
t/postponements.t (Wstat: 65280 Tests: 0 Failed: 0)
  Non-zero exit status: 255
  Parse errors: Bad plan.  You planned 9 tests but ran 0.
t/stooges.t      (Wstat: 65280 Tests: 0 Failed: 0)
  Non-zero exit status: 255
  Parse errors: Bad plan.  You planned 9 tests but ran 0.
t/struct.t       (Wstat: 65280 Tests: 7 Failed: 0)
  Non-zero exit status: 255
  Parse errors: Bad plan.  You planned 29 tests but ran 7.
t/synopsis.t     (Wstat: 65280 Tests: 0 Failed: 0)
  Non-zero exit status: 255
  Parse errors: Bad plan.  You planned 8 tests but ran 0.
t/vars.t         (Wstat: 65280 Tests: 2 Failed: 0)
  Non-zero exit status: 255
  Parse errors: Bad plan.  You planned 13 tests but ran 2.
t/xpath.t        (Wstat: 65280 Tests: 0 Failed: 0)
  Non-zero exit status: 255
  Parse errors: Bad plan.  You planned 542 tests but ran 0.
t/xstack.t       (Wstat: 6400 Tests: 0 Failed: 0)
  Non-zero exit status: 25
  Parse errors: Bad plan.  You planned 20 tests but ran 0.
Files=16, Tests=37,  5 wallclock secs ( 0.15 usr  0.02 sys +  4.33 cusr  0.35 csys =  4.85 CPU)
Result: FAIL
Failed 12/16 test programs. 0/37 subtests failed.
*** Error code 25

Stop.
make: stopped in /home/smoke/.cpan/build/XML-Filter-Dispatcher-0.52-IAzliZ

------------------------------
PREREQUISITES
------------------------------

Prerequisite modules loaded:

requires:

    Module                     Need Have
    -------------------------- ---- ----
    XML::NamespaceSupport      0    1.11
    XML::SAX::Base             0    1.08
    XML::SAX::EventMethodMaker 0    0.1 
    XML::SAX::ParserFactory    0    1.01

build_requires:

    Module                     Need Have
    -------------------------- ---- ----
    ExtUtils::MakeMaker        0    6.64


------------------------------
ENVIRONMENT AND OTHER CONTEXT
------------------------------

Environment variables:

    AUTOMATED_TESTING = 1
    MANPATH_WITHOUT_PERLBREW = 
    PATH = /home/smoke/perl5/perlbrew/bin:/home/smoke/perl5/perlbrew/perls/perl-5.14.2/bin:/home/smoke/bin:/usr/pkg/sbin:/usr/pkg/bin:/bin:/sbin:/usr/bin:/usr/sbin:/usr/local/bin:/usr/local/sbin:/usr/X11R7/bin:/usr/X11R6/bin:/usr/games
    PATH_WITHOUT_PERLBREW = /home/smoke/bin:/usr/pkg/sbin:/usr/pkg/bin:/bin:/sbin:/usr/bin:/usr/sbin:/usr/local/bin:/usr/local/sbin:/usr/X11R7/bin:/usr/X11R6/bin:/usr/games
    PERL5LIB = 
    PERL5OPT = 
    PERL5_CPANPLUS_IS_RUNNING = 16982
    PERL5_CPAN_IS_RUNNING = 16982
    PERL5_CPAN_IS_RUNNING_IN_RECURSION = 2690,16982
    PERLBREW_BASHRC_VERSION = 0.41
    PERLBREW_HOME = /home/smoke/.perlbrew
    PERLBREW_MANPATH = /home/smoke/perl5/perlbrew/perls/perl-5.14.2/man
    PERLBREW_PATH = /home/smoke/perl5/perlbrew/bin:/home/smoke/perl5/perlbrew/perls/perl-5.14.2/bin
    PERLBREW_PERL = perl-5.14.2
    PERLBREW_ROOT = /home/smoke/perl5/perlbrew
    PERLBREW_VERSION = 0.41
    PERL_CR_SMOKER_CURRENT = XML-Handler-Machine2GraphViz-0.2
    PERL_EXTUTILS_AUTOINSTALL = --defaultdeps
    PERL_MM_USE_DEFAULT = 1
    SHELL = /usr/pkg/bin/bash
    TERM = xterm-color

Perl special variables (and OS-specific diagnostics, for MSWin32):

    $^X = /home/smoke/perl5/perlbrew/perls/perl-5.14.2/bin/perl
    $UID/$EUID = 1002 / 1002
    $GID = 100 100
    $EGID = 100 100

Perl module toolchain versions installed:

    Module              Have    
    ------------------- --------
    CPAN                1.9402  
    CPAN::Meta          2.130880
    Cwd                 3.40    
    ExtUtils::CBuilder  0.280205
    ExtUtils::Command   1.17    
    ExtUtils::Install   1.54    
    ExtUtils::MakeMaker 6.64    
    ExtUtils::Manifest  1.61    
    ExtUtils::ParseXS   3.18    
    File::Spec          3.40    
    JSON                2.27    
    JSON::PP            2.27008 
    Module::Build       0.4004  
    Module::Signature   n/a     
    Parse::CPAN::Meta   1.4404  
    Test::Harness       3.26    
    Test::More          0.98    
    YAML                0.73    
    YAML::Syck          1.25    
    version             0.9902  


--

Summary of my perl5 (revision 5 version 14 subversion 2) configuration:
   
  Platform:
    osname=netbsd, osvers=6.0.1_patch, archname=i386-netbsd
    uname='netbsd prickle.zeroclue.com 6.0.1_patch netbsd 6.0.1_patch (generic) i386 '
    config_args='-de -Dprefix=/home/smoke/perl5/perlbrew/perls/perl-5.14.2'
    hint=recommended, useposix=true, d_sigaction=define
    useithreads=undef, usemultiplicity=undef
    useperlio=define, d_sfio=undef, uselargefiles=define, usesocks=undef
    use64bitint=undef, use64bitall=undef, uselongdouble=undef
    usemymalloc=n, bincompat5005=undef
  Compiler:
    cc='cc', ccflags ='-fno-strict-aliasing -pipe -fstack-protector -I/usr/pkg/include',
    optimize='-O',
    cppflags='-fno-strict-aliasing -pipe -fstack-protector -I/usr/pkg/include'
    ccversion='', gccversion='4.5.3', gccosandvers=''
    intsize=4, longsize=4, ptrsize=4, doublesize=8, byteorder=1234
    d_longlong=define, longlongsize=8, d_longdbl=define, longdblsize=12
    ivtype='long', ivsize=4, nvtype='double', nvsize=8, Off_t='off_t', lseeksize=8
    alignbytes=4, prototype=define
  Linker and Libraries:
    ld='cc', ldflags =' -Wl,-rpath,/usr/pkg/lib -Wl,-rpath,/usr/local/lib -fstack-protector -L/usr/pkg/lib'
    libpth=/usr/pkg/lib /lib /usr/lib
    libs=-lm -lcrypt -lutil -lc -lposix
    perllibs=-lm -lcrypt -lutil -lc -lposix
    libc=/lib/libc.so, so=so, useshrplib=false, libperl=libperl.a
    gnulibc_version=''
  Dynamic Linking:
    dlsrc=dl_dlopen.xs, dlext=so, d_dlsymun=undef, ccdlflags='-Wl,-E '
    cccdlflags='-DPIC -fPIC ', lddlflags='--whole-archive -shared  -L/usr/pkg/lib -fstack-protector'


Characteristics of this binary (from libperl): 
  Compile-time options: PERL_DONT_CREATE_GVSV PERL_MALLOC_WRAP
                        PERL_PRESERVE_IVUV USE_LARGE_FILES USE_PERLIO
                        USE_PERL_ATOF
  Built under netbsd
  Compiled at Apr 12 2013 16:41:18
  %ENV:
    PERL5LIB=""
    PERL5OPT=""
    PERL5_CPANPLUS_IS_RUNNING="16982"
    PERL5_CPAN_IS_RUNNING="16982"
    PERL5_CPAN_IS_RUNNING_IN_RECURSION="2690,16982"
    PERLBREW_BASHRC_VERSION="0.41"
    PERLBREW_HOME="/home/smoke/.perlbrew"
    PERLBREW_MANPATH="/home/smoke/perl5/perlbrew/perls/perl-5.14.2/man"
    PERLBREW_PATH="/home/smoke/perl5/perlbrew/bin:/home/smoke/perl5/perlbrew/perls/perl-5.14.2/bin"
    PERLBREW_PERL="perl-5.14.2"
    PERLBREW_ROOT="/home/smoke/perl5/perlbrew"
    PERLBREW_VERSION="0.41"
    PERL_CR_SMOKER_CURRENT="XML-Handler-Machine2GraphViz-0.2"
    PERL_EXTUTILS_AUTOINSTALL="--defaultdeps"
    PERL_MM_USE_DEFAULT="1"
  @INC:
    /home/smoke/perl5/perlbrew/perls/perl-5.14.2/lib/site_perl/5.14.2/i386-netbsd
    /home/smoke/perl5/perlbrew/perls/perl-5.14.2/lib/site_perl/5.14.2
    /home/smoke/perl5/perlbrew/perls/perl-5.14.2/lib/5.14.2/i386-netbsd
    /home/smoke/perl5/perlbrew/perls/perl-5.14.2/lib/5.14.2
    .