App-yajg v0.20 Perl 5 v5.27.8 x86_64-linux-ld
- Status
- Fail
- From
- Andreas J. König (ANDK)
- Dist
-
App-yajg v0.20
- Platform
- Perl 5 v5.27.8 x86_64-linux-ld
- Date
- 2017-12-25 18:10:56
- ID
- f3dcc728-e99e-11e7-844b-eb2df1b04344
This distribution has been tested as part of the CPAN Testers
project, supporting the Perl programming language. See
http://wiki.cpantesters.org/ for more information or email
questions to cpan-testers-discuss@perl.org
--
Dear Grigoriy Koudrenko,
This is a computer-generated report for App-yajg-0.20
on perl 5.27.8, created by CPAN-Reporter-1.2018.
Thank you for uploading your work to CPAN. However, there was a problem
testing your distribution.
If you think this report is invalid, please consult the CPAN Testers Wiki
for suggestions on how to avoid getting FAIL reports for missing library
or binary dependencies, unsupported operating systems, and so on:
http://wiki.cpantesters.org/wiki/CPANAuthorNotes
Sections of this report:
* Tester comments
* Program output
* Prerequisites
* Environment and other context
------------------------------
TESTER COMMENTS
------------------------------
Additional comments from tester:
this report is from an automated smoke testing program
and was not reviewed by a human for accuracy
------------------------------
PROGRAM OUTPUT
------------------------------
Output from '/usr/bin/make test':
PERL_DL_NONLAZY=1 "/tmp/basesmoker-reloperl-roz8/bin/perl" "-MExtUtils::Command::MM" "-MTest::Harness" "-e" "undef *Test::Harness::Switches; test_harness(0, 'blib/lib', 'blib/arch')" t/*.t
"my" variable @slice masks earlier declaration in same statement at /tmp/loop_over_bdir-11238-z95J69/App-yajg-0.20-0/blib/lib/App/yajg.pm line 159.
# Failed test 'use App::yajg;'
# at t/00-simple-use.t line 9.
# Tried to use 'App::yajg'.
# Error: syntax error at /tmp/loop_over_bdir-11238-z95J69/App-yajg-0.20-0/blib/lib/App/yajg.pm line 128, near ") {"
# syntax error at /tmp/loop_over_bdir-11238-z95J69/App-yajg-0.20-0/blib/lib/App/yajg.pm line 134, near ") {"
# Can't redeclare "my" in "my" at /tmp/loop_over_bdir-11238-z95J69/App-yajg-0.20-0/blib/lib/App/yajg.pm line 137, near "my"
# Global symbol "%selected" requires explicit package name (did you forget to declare "my %selected"?) at /tmp/loop_over_bdir-11238-z95J69/App-yajg-0.20-0/blib/lib/App/yajg.pm line 139.
# syntax error at /tmp/loop_over_bdir-11238-z95J69/App-yajg-0.20-0/blib/lib/App/yajg.pm line 143, near ") {"
# Can't redeclare "my" in "my" at /tmp/loop_over_bdir-11238-z95J69/App-yajg-0.20-0/blib/lib/App/yajg.pm line 146, near "my"
# Global symbol "%selected" requires explicit package name (did you forget to declare "my %selected"?) at /tmp/loop_over_bdir-11238-z95J69/App-yajg-0.20-0/blib/lib/App/yajg.pm line 148.
# syntax error at /tmp/loop_over_bdir-11238-z95J69/App-yajg-0.20-0/blib/lib/App/yajg.pm line 151, near "}"
# Global symbol "$data" requires explicit package name (did you forget to declare "my $data"?) at /tmp/loop_over_bdir-11238-z95J69/App-yajg-0.20-0/blib/lib/App/yajg.pm line 155.
# Global symbol "$type" requires explicit package name (did you forget to declare "my $type"?) at /tmp/loop_over_bdir-11238-z95J69/App-yajg-0.20-0/blib/lib/App/yajg.pm line 156.
# Can't redeclare "my" in "my" at /tmp/loop_over_bdir-11238-z95J69/App-yajg-0.20-0/blib/lib/App/yajg.pm line 160, near "my"
# /tmp/loop_over_bdir-11238-z95J69/App-yajg-0.20-0/blib/lib/App/yajg.pm has too many errors.
# Compilation failed in require at t/00-simple-use.t line 9.
# BEGIN failed--compilation aborted at t/00-simple-use.t line 9.
# Looks like you failed 1 test of 1.
t/00-simple-use.t ......
Dubious, test returned 1 (wstat 256, 0x100)
Failed 1/1 subtests
"my" variable @slice masks earlier declaration in same statement at /tmp/loop_over_bdir-11238-z95J69/App-yajg-0.20-0/blib/lib/App/yajg.pm line 159.
# Failed test 'use App::yajg;'
# at t/01-size.t line 9.
# Tried to use 'App::yajg'.
# Error: syntax error at /tmp/loop_over_bdir-11238-z95J69/App-yajg-0.20-0/blib/lib/App/yajg.pm line 128, near ") {"
# syntax error at /tmp/loop_over_bdir-11238-z95J69/App-yajg-0.20-0/blib/lib/App/yajg.pm line 134, near ") {"
# Can't redeclare "my" in "my" at /tmp/loop_over_bdir-11238-z95J69/App-yajg-0.20-0/blib/lib/App/yajg.pm line 137, near "my"
# Global symbol "%selected" requires explicit package name (did you forget to declare "my %selected"?) at /tmp/loop_over_bdir-11238-z95J69/App-yajg-0.20-0/blib/lib/App/yajg.pm line 139.
# syntax error at /tmp/loop_over_bdir-11238-z95J69/App-yajg-0.20-0/blib/lib/App/yajg.pm line 143, near ") {"
# Can't redeclare "my" in "my" at /tmp/loop_over_bdir-11238-z95J69/App-yajg-0.20-0/blib/lib/App/yajg.pm line 146, near "my"
# Global symbol "%selected" requires explicit package name (did you forget to declare "my %selected"?) at /tmp/loop_over_bdir-11238-z95J69/App-yajg-0.20-0/blib/lib/App/yajg.pm line 148.
# syntax error at /tmp/loop_over_bdir-11238-z95J69/App-yajg-0.20-0/blib/lib/App/yajg.pm line 151, near "}"
# Global symbol "$data" requires explicit package name (did you forget to declare "my $data"?) at /tmp/loop_over_bdir-11238-z95J69/App-yajg-0.20-0/blib/lib/App/yajg.pm line 155.
# Global symbol "$type" requires explicit package name (did you forget to declare "my $type"?) at /tmp/loop_over_bdir-11238-z95J69/App-yajg-0.20-0/blib/lib/App/yajg.pm line 156.
# Can't redeclare "my" in "my" at /tmp/loop_over_bdir-11238-z95J69/App-yajg-0.20-0/blib/lib/App/yajg.pm line 160, near "my"
# /tmp/loop_over_bdir-11238-z95J69/App-yajg-0.20-0/blib/lib/App/yajg.pm has too many errors.
# Compilation failed in require at t/01-size.t line 9.
# BEGIN failed--compilation aborted at t/01-size.t line 9.
# Looks like you failed 1 test of 37.
t/01-size.t ............
Dubious, test returned 1 (wstat 256, 0x100)
Failed 1/37 subtests
"my" variable @slice masks earlier declaration in same statement at /tmp/loop_over_bdir-11238-z95J69/App-yajg-0.20-0/blib/lib/App/yajg.pm line 159.
# Failed test 'use App::yajg;'
# at t/02-parse_select.t line 9.
# Tried to use 'App::yajg'.
# Error: syntax error at /tmp/loop_over_bdir-11238-z95J69/App-yajg-0.20-0/blib/lib/App/yajg.pm line 128, near ") {"
# syntax error at /tmp/loop_over_bdir-11238-z95J69/App-yajg-0.20-0/blib/lib/App/yajg.pm line 134, near ") {"
# Can't redeclare "my" in "my" at /tmp/loop_over_bdir-11238-z95J69/App-yajg-0.20-0/blib/lib/App/yajg.pm line 137, near "my"
# Global symbol "%selected" requires explicit package name (did you forget to declare "my %selected"?) at /tmp/loop_over_bdir-11238-z95J69/App-yajg-0.20-0/blib/lib/App/yajg.pm line 139.
# syntax error at /tmp/loop_over_bdir-11238-z95J69/App-yajg-0.20-0/blib/lib/App/yajg.pm line 143, near ") {"
# Can't redeclare "my" in "my" at /tmp/loop_over_bdir-11238-z95J69/App-yajg-0.20-0/blib/lib/App/yajg.pm line 146, near "my"
# Global symbol "%selected" requires explicit package name (did you forget to declare "my %selected"?) at /tmp/loop_over_bdir-11238-z95J69/App-yajg-0.20-0/blib/lib/App/yajg.pm line 148.
# syntax error at /tmp/loop_over_bdir-11238-z95J69/App-yajg-0.20-0/blib/lib/App/yajg.pm line 151, near "}"
# Global symbol "$data" requires explicit package name (did you forget to declare "my $data"?) at /tmp/loop_over_bdir-11238-z95J69/App-yajg-0.20-0/blib/lib/App/yajg.pm line 155.
# Global symbol "$type" requires explicit package name (did you forget to declare "my $type"?) at /tmp/loop_over_bdir-11238-z95J69/App-yajg-0.20-0/blib/lib/App/yajg.pm line 156.
# Can't redeclare "my" in "my" at /tmp/loop_over_bdir-11238-z95J69/App-yajg-0.20-0/blib/lib/App/yajg.pm line 160, near "my"
# /tmp/loop_over_bdir-11238-z95J69/App-yajg-0.20-0/blib/lib/App/yajg.pm has too many errors.
# Compilation failed in require at t/02-parse_select.t line 9.
# BEGIN failed--compilation aborted at t/02-parse_select.t line 9.
# Looks like you failed 1 test of 6.
t/02-parse_select.t ....
Dubious, test returned 1 (wstat 256, 0x100)
Failed 1/6 subtests
"my" variable @slice masks earlier declaration in same statement at /tmp/loop_over_bdir-11238-z95J69/App-yajg-0.20-0/blib/lib/App/yajg.pm line 159.
# Failed test 'use App::yajg;'
# at t/03-select_by_path.t line 9.
# Tried to use 'App::yajg'.
# Error: syntax error at /tmp/loop_over_bdir-11238-z95J69/App-yajg-0.20-0/blib/lib/App/yajg.pm line 128, near ") {"
# syntax error at /tmp/loop_over_bdir-11238-z95J69/App-yajg-0.20-0/blib/lib/App/yajg.pm line 134, near ") {"
# Can't redeclare "my" in "my" at /tmp/loop_over_bdir-11238-z95J69/App-yajg-0.20-0/blib/lib/App/yajg.pm line 137, near "my"
# Global symbol "%selected" requires explicit package name (did you forget to declare "my %selected"?) at /tmp/loop_over_bdir-11238-z95J69/App-yajg-0.20-0/blib/lib/App/yajg.pm line 139.
# syntax error at /tmp/loop_over_bdir-11238-z95J69/App-yajg-0.20-0/blib/lib/App/yajg.pm line 143, near ") {"
# Can't redeclare "my" in "my" at /tmp/loop_over_bdir-11238-z95J69/App-yajg-0.20-0/blib/lib/App/yajg.pm line 146, near "my"
# Global symbol "%selected" requires explicit package name (did you forget to declare "my %selected"?) at /tmp/loop_over_bdir-11238-z95J69/App-yajg-0.20-0/blib/lib/App/yajg.pm line 148.
# syntax error at /tmp/loop_over_bdir-11238-z95J69/App-yajg-0.20-0/blib/lib/App/yajg.pm line 151, near "}"
# Global symbol "$data" requires explicit package name (did you forget to declare "my $data"?) at /tmp/loop_over_bdir-11238-z95J69/App-yajg-0.20-0/blib/lib/App/yajg.pm line 155.
# Global symbol "$type" requires explicit package name (did you forget to declare "my $type"?) at /tmp/loop_over_bdir-11238-z95J69/App-yajg-0.20-0/blib/lib/App/yajg.pm line 156.
# Can't redeclare "my" in "my" at /tmp/loop_over_bdir-11238-z95J69/App-yajg-0.20-0/blib/lib/App/yajg.pm line 160, near "my"
# /tmp/loop_over_bdir-11238-z95J69/App-yajg-0.20-0/blib/lib/App/yajg.pm has too many errors.
# Compilation failed in require at t/03-select_by_path.t line 9.
# BEGIN failed--compilation aborted at t/03-select_by_path.t line 9.
# No tests run!
# Failed test 'No tests run for subtest "no path"'
# at t/03-select_by_path.t line 25.
Undefined subroutine &App::yajg::select_by_path called at t/03-select_by_path.t line 23.
# Tests were run but no plan was declared and done_testing() was not seen.
# Looks like your test exited with 255 just after 2.
t/03-select_by_path.t ..
Dubious, test returned 255 (wstat 65280, 0xff00)
Failed 2/2 subtests
"my" variable @slice masks earlier declaration in same statement at /tmp/loop_over_bdir-11238-z95J69/App-yajg-0.20-0/blib/lib/App/yajg.pm line 159.
# Failed test 'use App::yajg;'
# at t/04-filter.t line 9.
# Tried to use 'App::yajg'.
# Error: syntax error at /tmp/loop_over_bdir-11238-z95J69/App-yajg-0.20-0/blib/lib/App/yajg.pm line 128, near ") {"
# syntax error at /tmp/loop_over_bdir-11238-z95J69/App-yajg-0.20-0/blib/lib/App/yajg.pm line 134, near ") {"
# Can't redeclare "my" in "my" at /tmp/loop_over_bdir-11238-z95J69/App-yajg-0.20-0/blib/lib/App/yajg.pm line 137, near "my"
# Global symbol "%selected" requires explicit package name (did you forget to declare "my %selected"?) at /tmp/loop_over_bdir-11238-z95J69/App-yajg-0.20-0/blib/lib/App/yajg.pm line 139.
# syntax error at /tmp/loop_over_bdir-11238-z95J69/App-yajg-0.20-0/blib/lib/App/yajg.pm line 143, near ") {"
# Can't redeclare "my" in "my" at /tmp/loop_over_bdir-11238-z95J69/App-yajg-0.20-0/blib/lib/App/yajg.pm line 146, near "my"
# Global symbol "%selected" requires explicit package name (did you forget to declare "my %selected"?) at /tmp/loop_over_bdir-11238-z95J69/App-yajg-0.20-0/blib/lib/App/yajg.pm line 148.
# syntax error at /tmp/loop_over_bdir-11238-z95J69/App-yajg-0.20-0/blib/lib/App/yajg.pm line 151, near "}"
# Global symbol "$data" requires explicit package name (did you forget to declare "my $data"?) at /tmp/loop_over_bdir-11238-z95J69/App-yajg-0.20-0/blib/lib/App/yajg.pm line 155.
# Global symbol "$type" requires explicit package name (did you forget to declare "my $type"?) at /tmp/loop_over_bdir-11238-z95J69/App-yajg-0.20-0/blib/lib/App/yajg.pm line 156.
# Can't redeclare "my" in "my" at /tmp/loop_over_bdir-11238-z95J69/App-yajg-0.20-0/blib/lib/App/yajg.pm line 160, near "my"
# /tmp/loop_over_bdir-11238-z95J69/App-yajg-0.20-0/blib/lib/App/yajg.pm has too many errors.
# Compilation failed in require at t/04-filter.t line 9.
# BEGIN failed--compilation aborted at t/04-filter.t line 9.
# No tests run!
# Failed test 'No tests run for subtest "no patterns at all"'
# at t/04-filter.t line 25.
Undefined subroutine &App::yajg::filter called at t/04-filter.t line 23.
# Tests were run but no plan was declared and done_testing() was not seen.
# Looks like your test exited with 255 just after 2.
t/04-filter.t ..........
Dubious, test returned 255 (wstat 65280, 0xff00)
Failed 2/2 subtests
"my" variable @slice masks earlier declaration in same statement at /tmp/loop_over_bdir-11238-z95J69/App-yajg-0.20-0/blib/lib/App/yajg.pm line 159.
# Failed test 'use App::yajg;'
# at t/05-modify_data.t line 9.
# Tried to use 'App::yajg'.
# Error: syntax error at /tmp/loop_over_bdir-11238-z95J69/App-yajg-0.20-0/blib/lib/App/yajg.pm line 128, near ") {"
# syntax error at /tmp/loop_over_bdir-11238-z95J69/App-yajg-0.20-0/blib/lib/App/yajg.pm line 134, near ") {"
# Can't redeclare "my" in "my" at /tmp/loop_over_bdir-11238-z95J69/App-yajg-0.20-0/blib/lib/App/yajg.pm line 137, near "my"
# Global symbol "%selected" requires explicit package name (did you forget to declare "my %selected"?) at /tmp/loop_over_bdir-11238-z95J69/App-yajg-0.20-0/blib/lib/App/yajg.pm line 139.
# syntax error at /tmp/loop_over_bdir-11238-z95J69/App-yajg-0.20-0/blib/lib/App/yajg.pm line 143, near ") {"
# Can't redeclare "my" in "my" at /tmp/loop_over_bdir-11238-z95J69/App-yajg-0.20-0/blib/lib/App/yajg.pm line 146, near "my"
# Global symbol "%selected" requires explicit package name (did you forget to declare "my %selected"?) at /tmp/loop_over_bdir-11238-z95J69/App-yajg-0.20-0/blib/lib/App/yajg.pm line 148.
# syntax error at /tmp/loop_over_bdir-11238-z95J69/App-yajg-0.20-0/blib/lib/App/yajg.pm line 151, near "}"
# Global symbol "$data" requires explicit package name (did you forget to declare "my $data"?) at /tmp/loop_over_bdir-11238-z95J69/App-yajg-0.20-0/blib/lib/App/yajg.pm line 155.
# Global symbol "$type" requires explicit package name (did you forget to declare "my $type"?) at /tmp/loop_over_bdir-11238-z95J69/App-yajg-0.20-0/blib/lib/App/yajg.pm line 156.
# Can't redeclare "my" in "my" at /tmp/loop_over_bdir-11238-z95J69/App-yajg-0.20-0/blib/lib/App/yajg.pm line 160, near "my"
# /tmp/loop_over_bdir-11238-z95J69/App-yajg-0.20-0/blib/lib/App/yajg.pm has too many errors.
# Compilation failed in require at t/05-modify_data.t line 9.
# BEGIN failed--compilation aborted at t/05-modify_data.t line 9.
Undefined subroutine &App::yajg::modify_data called at t/05-modify_data.t line 33.
# Tests were run but no plan was declared and done_testing() was not seen.
# Looks like your test exited with 255 just after 1.
t/05-modify_data.t .....
Dubious, test returned 255 (wstat 65280, 0xff00)
Failed 1/1 subtests
t/06-hooks.t ........... ok
"my" variable @slice masks earlier declaration in same statement at /tmp/loop_over_bdir-11238-z95J69/App-yajg-0.20-0/blib/lib/App/yajg.pm line 159.
# Failed test 'use App::yajg;'
# at t/07-values_ref.t line 9.
# Tried to use 'App::yajg'.
# Error: syntax error at /tmp/loop_over_bdir-11238-z95J69/App-yajg-0.20-0/blib/lib/App/yajg.pm line 128, near ") {"
# syntax error at /tmp/loop_over_bdir-11238-z95J69/App-yajg-0.20-0/blib/lib/App/yajg.pm line 134, near ") {"
# Can't redeclare "my" in "my" at /tmp/loop_over_bdir-11238-z95J69/App-yajg-0.20-0/blib/lib/App/yajg.pm line 137, near "my"
# Global symbol "%selected" requires explicit package name (did you forget to declare "my %selected"?) at /tmp/loop_over_bdir-11238-z95J69/App-yajg-0.20-0/blib/lib/App/yajg.pm line 139.
# syntax error at /tmp/loop_over_bdir-11238-z95J69/App-yajg-0.20-0/blib/lib/App/yajg.pm line 143, near ") {"
# Can't redeclare "my" in "my" at /tmp/loop_over_bdir-11238-z95J69/App-yajg-0.20-0/blib/lib/App/yajg.pm line 146, near "my"
# Global symbol "%selected" requires explicit package name (did you forget to declare "my %selected"?) at /tmp/loop_over_bdir-11238-z95J69/App-yajg-0.20-0/blib/lib/App/yajg.pm line 148.
# syntax error at /tmp/loop_over_bdir-11238-z95J69/App-yajg-0.20-0/blib/lib/App/yajg.pm line 151, near "}"
# Global symbol "$data" requires explicit package name (did you forget to declare "my $data"?) at /tmp/loop_over_bdir-11238-z95J69/App-yajg-0.20-0/blib/lib/App/yajg.pm line 155.
# Global symbol "$type" requires explicit package name (did you forget to declare "my $type"?) at /tmp/loop_over_bdir-11238-z95J69/App-yajg-0.20-0/blib/lib/App/yajg.pm line 156.
# Can't redeclare "my" in "my" at /tmp/loop_over_bdir-11238-z95J69/App-yajg-0.20-0/blib/lib/App/yajg.pm line 160, near "my"
# /tmp/loop_over_bdir-11238-z95J69/App-yajg-0.20-0/blib/lib/App/yajg.pm has too many errors.
# Compilation failed in require at t/07-values_ref.t line 9.
# BEGIN failed--compilation aborted at t/07-values_ref.t line 9.
# Looks like you failed 1 test of 15.
t/07-values_ref.t ......
Dubious, test returned 1 (wstat 256, 0x100)
Failed 1/15 subtests
"my" variable @slice masks earlier declaration in same statement at /tmp/loop_over_bdir-11238-z95J69/App-yajg-0.20-0/blib/lib/App/yajg.pm line 159.
# Failed test 'use App::yajg::Output::Json;'
# at t/08-output.t line 19.
# Tried to use 'App::yajg::Output::Json'.
# Error: syntax error at /tmp/loop_over_bdir-11238-z95J69/App-yajg-0.20-0/blib/lib/App/yajg.pm line 128, near ") {"
# syntax error at /tmp/loop_over_bdir-11238-z95J69/App-yajg-0.20-0/blib/lib/App/yajg.pm line 134, near ") {"
# Can't redeclare "my" in "my" at /tmp/loop_over_bdir-11238-z95J69/App-yajg-0.20-0/blib/lib/App/yajg.pm line 137, near "my"
# Global symbol "%selected" requires explicit package name (did you forget to declare "my %selected"?) at /tmp/loop_over_bdir-11238-z95J69/App-yajg-0.20-0/blib/lib/App/yajg.pm line 139.
# syntax error at /tmp/loop_over_bdir-11238-z95J69/App-yajg-0.20-0/blib/lib/App/yajg.pm line 143, near ") {"
# Can't redeclare "my" in "my" at /tmp/loop_over_bdir-11238-z95J69/App-yajg-0.20-0/blib/lib/App/yajg.pm line 146, near "my"
# Global symbol "%selected" requires explicit package name (did you forget to declare "my %selected"?) at /tmp/loop_over_bdir-11238-z95J69/App-yajg-0.20-0/blib/lib/App/yajg.pm line 148.
# syntax error at /tmp/loop_over_bdir-11238-z95J69/App-yajg-0.20-0/blib/lib/App/yajg.pm line 151, near "}"
# Global symbol "$data" requires explicit package name (did you forget to declare "my $data"?) at /tmp/loop_over_bdir-11238-z95J69/App-yajg-0.20-0/blib/lib/App/yajg.pm line 155.
# Global symbol "$type" requires explicit package name (did you forget to declare "my $type"?) at /tmp/loop_over_bdir-11238-z95J69/App-yajg-0.20-0/blib/lib/App/yajg.pm line 156.
# Can't redeclare "my" in "my" at /tmp/loop_over_bdir-11238-z95J69/App-yajg-0.20-0/blib/lib/App/yajg.pm line 160, near "my"
# /tmp/loop_over_bdir-11238-z95J69/App-yajg-0.20-0/blib/lib/App/yajg.pm has too many errors.
# Compilation failed in require at /tmp/loop_over_bdir-11238-z95J69/App-yajg-0.20-0/blib/lib/App/yajg/Output.pm line 8.
# BEGIN failed--compilation aborted at /tmp/loop_over_bdir-11238-z95J69/App-yajg-0.20-0/blib/lib/App/yajg/Output.pm line 8.
# Compilation failed in require at /home/sand/src/perl/repoperls/installed-perls/host/k93msid/v5.27.7-32-ge7e8ce8540/ea6b/lib/5.27.8/parent.pm line 16.
# BEGIN failed--compilation aborted at /tmp/loop_over_bdir-11238-z95J69/App-yajg-0.20-0/blib/lib/App/yajg/Output/Json.pm line 8.
# Compilation failed in require at t/08-output.t line 19.
# BEGIN failed--compilation aborted at t/08-output.t line 19.
# Looks like you failed 1 test of 1.
# Failed test 'json'
# at t/08-output.t line 44.
Can't locate object method "new" via package "App::yajg::Output::Json" at t/08-output.t line 20.
# Tests were run but no plan was declared and done_testing() was not seen.
# Looks like your test exited with 255 just after 1.
t/08-output.t ..........
Dubious, test returned 255 (wstat 65280, 0xff00)
Failed 1/1 subtests
Test Summary Report
-------------------
t/00-simple-use.t (Wstat: 256 Tests: 1 Failed: 1)
Failed test: 1
Non-zero exit status: 1
t/01-size.t (Wstat: 256 Tests: 37 Failed: 1)
Failed test: 1
Non-zero exit status: 1
t/02-parse_select.t (Wstat: 256 Tests: 6 Failed: 1)
Failed test: 1
Non-zero exit status: 1
t/03-select_by_path.t (Wstat: 65280 Tests: 2 Failed: 2)
Failed tests: 1-2
Non-zero exit status: 255
Parse errors: No plan found in TAP output
t/04-filter.t (Wstat: 65280 Tests: 2 Failed: 2)
Failed tests: 1-2
Non-zero exit status: 255
Parse errors: No plan found in TAP output
t/05-modify_data.t (Wstat: 65280 Tests: 1 Failed: 1)
Failed test: 1
Non-zero exit status: 255
Parse errors: No plan found in TAP output
t/07-values_ref.t (Wstat: 256 Tests: 15 Failed: 1)
Failed test: 1
Non-zero exit status: 1
t/08-output.t (Wstat: 65280 Tests: 1 Failed: 1)
Failed test: 1
Non-zero exit status: 255
Parse errors: No plan found in TAP output
Files=9, Tests=71, 1 wallclock secs ( 0.04 usr 0.04 sys + 0.49 cusr 0.11 csys = 0.68 CPU)
Result: FAIL
Failed 8/9 test programs. 10/71 subtests failed.
Makefile:891: recipe for target 'test_dynamic' failed
make: *** [test_dynamic] Error 255
------------------------------
PREREQUISITES
------------------------------
Prerequisite modules loaded:
requires:
Module Need Have
------------------- ---- --------
Data::Dumper 0 2.169
Getopt::Long 0 2.5
JSON 0 2.97001
Pod::Find 0 1.63
Pod::Usage 0 1.69
Test::More 0 1.302120
build_requires:
Module Need Have
------------------- ---- --------
ExtUtils::MakeMaker 0 7.30
configure_requires:
Module Need Have
------------------- ---- --------
ExtUtils::MakeMaker 0 7.30
------------------------------
ENVIRONMENT AND OTHER CONTEXT
------------------------------
Environment variables:
AUTOMATED_TESTING = 1
LANG = en_US.UTF-8
PATH = /home/sand/bin:/usr/local/bin:/usr/bin:/bin:/usr/games:/usr/local/perl/bin:/usr/X11/bin:/sbin:/usr/sbin
PERL5LIB = /tmp/loop_over_bdir-11238-z95J69/Net-DNS-1.14-0/blib/arch:/tmp/loop_over_bdir-11238-z95J69/Net-DNS-1.14-0/blib/lib
PERL5OPT =
PERL5_CPANPLUS_IS_RUNNING = 10942
PERL5_CPAN_IS_RUNNING = 10942
PERL_CANARY_STABILITY_NOPROMPT = 1
PERL_MM_USE_DEFAULT = 1
PERL_USE_UNSAFE_INC = 1
SHELL = /usr/bin/zsh
TERM = screen
Perl special variables (and OS-specific diagnostics, for MSWin32):
$^X = /tmp/basesmoker-reloperl-roz8/bin/perl
$UID/$EUID = 1005 / 1005
$GID = 1005 1005
$EGID = 1005 1005
Perl module toolchain versions installed:
Module Have
------------------- --------
CPAN 2.20
CPAN::Meta 2.150010
Cwd 3.71
ExtUtils::CBuilder 0.280230
ExtUtils::Command 7.30
ExtUtils::Install 2.14
ExtUtils::MakeMaker 7.30
ExtUtils::Manifest 1.70
ExtUtils::ParseXS 3.36
File::Spec 3.71
JSON 2.97001
JSON::PP 2.97001
Module::Build 0.4224
Module::Signature 0.81
Parse::CPAN::Meta 2.150010
Test::Harness 3.39
Test::More 1.302120
YAML 1.24
YAML::Syck 1.30
version 0.9918
--
Summary of my perl5 (revision 5 version 27 subversion 8) configuration:
Commit id: e7e8ce8540f1612023d46e27e60ff002d8ab5dd7
Platform:
osname=linux
osvers=4.12.0-2-amd64
archname=x86_64-linux-ld
uname='linux k93msid 4.12.0-2-amd64 #1 smp debian 4.12.13-1 (2017-09-19) x86_64 gnulinux '
config_args='-Dprefix=/home/sand/src/perl/repoperls/installed-perls/host/k93msid/v5.27.7-32-ge7e8ce8540/ea6b -Dmyhostname=k93msid -Dinstallusrbinperl=n -Uversiononly -Dusedevel -des -Ui_db -Dlibswanted=cl pthread socket inet nsl gdbm dbm malloc dl ld sun m crypt sec util c cposix posix ucb BSD gdbm_compat -Uuseithreads -Duselongdouble -DEBUGGING=none'
hint=recommended
useposix=true
d_sigaction=define
useithreads=undef
usemultiplicity=undef
use64bitint=define
use64bitall=define
uselongdouble=define
usemymalloc=n
default_inc_excludes_dot=define
bincompat5005=undef
Compiler:
cc='cc'
ccflags ='-fwrapv -fno-strict-aliasing -pipe -fstack-protector-strong -I/usr/local/include -D_LARGEFILE_SOURCE -D_FILE_OFFSET_BITS=64 -D_FORTIFY_SOURCE=2'
optimize='-O2'
cppflags='-fwrapv -fno-strict-aliasing -pipe -fstack-protector-strong -I/usr/local/include'
ccversion=''
gccversion='7.2.0'
gccosandvers=''
intsize=4
longsize=8
ptrsize=8
doublesize=8
byteorder=12345678
doublekind=3
d_longlong=define
longlongsize=8
d_longdbl=define
longdblsize=16
longdblkind=3
ivtype='long'
ivsize=8
nvtype='long double'
nvsize=16
Off_t='off_t'
lseeksize=8
alignbytes=16
prototype=define
Linker and Libraries:
ld='cc'
ldflags =' -fstack-protector-strong -L/usr/local/lib'
libpth=/usr/local/lib /usr/lib/gcc/x86_64-linux-gnu/7/include-fixed /usr/include/x86_64-linux-gnu /usr/lib /lib/x86_64-linux-gnu /lib/../lib /usr/lib/x86_64-linux-gnu /usr/lib/../lib /lib
libs=-lpthread -lnsl -ldl -lm -lcrypt -lutil -lc
perllibs=-lpthread -lnsl -ldl -lm -lcrypt -lutil -lc
libc=libc-2.24.so
so=so
useshrplib=false
libperl=libperl.a
gnulibc_version='2.24'
Dynamic Linking:
dlsrc=dl_dlopen.xs
dlext=so
d_dlsymun=undef
ccdlflags='-Wl,-E'
cccdlflags='-fPIC'
lddlflags='-shared -O2 -L/usr/local/lib -fstack-protector-strong'
Characteristics of this binary (from libperl):
Compile-time options:
HAS_TIMES
PERLIO_LAYERS
PERL_COPY_ON_WRITE
PERL_DONT_CREATE_GVSV
PERL_MALLOC_WRAP
PERL_OP_PARENT
PERL_PRESERVE_IVUV
PERL_USE_DEVEL
USE_64_BIT_ALL
USE_64_BIT_INT
USE_LARGE_FILES
USE_LOCALE
USE_LOCALE_COLLATE
USE_LOCALE_CTYPE
USE_LOCALE_NUMERIC
USE_LOCALE_TIME
USE_LONG_DOUBLE
USE_PERLIO
USE_PERL_ATOF
Built under linux
Compiled at Dec 23 2017 16:30:39
%ENV:
PERL5LIB="/tmp/loop_over_bdir-11238-z95J69/Net-DNS-1.14-0/blib/arch:/tmp/loop_over_bdir-11238-z95J69/Net-DNS-1.14-0/blib/lib"
PERL5OPT=""
PERL5_CPANPLUS_IS_RUNNING="10942"
PERL5_CPAN_IS_RUNNING="10942"
PERL_CANARY_STABILITY_NOPROMPT="1"
PERL_MM_USE_DEFAULT="1"
PERL_USE_UNSAFE_INC="1"
@INC:
/tmp/loop_over_bdir-11238-z95J69/Net-DNS-1.14-0/blib/arch
/tmp/loop_over_bdir-11238-z95J69/Net-DNS-1.14-0/blib/lib
/home/sand/src/perl/repoperls/installed-perls/host/k93msid/v5.27.7-32-ge7e8ce8540/ea6b/lib/site_perl/5.27.8/x86_64-linux-ld
/home/sand/src/perl/repoperls/installed-perls/host/k93msid/v5.27.7-32-ge7e8ce8540/ea6b/lib/site_perl/5.27.8
/home/sand/src/perl/repoperls/installed-perls/host/k93msid/v5.27.7-32-ge7e8ce8540/ea6b/lib/5.27.8/x86_64-linux-ld
/home/sand/src/perl/repoperls/installed-perls/host/k93msid/v5.27.7-32-ge7e8ce8540/ea6b/lib/5.27.8
.