Report for MooseX-Method-0.44

Back
From: metabase:user:d1ac2ff8-7f34-11e0-ad7d-d635d302c8a1
Subject: FAIL MooseX-Method-0.44 v5.14.0 GNU/Linux
Date: 2011-06-02T04:01:12Z

This distribution has been tested as part of the CPAN Testers
project, supporting the Perl programming language.  See
http://wiki.cpantesters.org/ for more information or email
questions to cpan-testers-discuss@perl.org


--
Dear Cory G Watson,

This is a computer-generated report for MooseX-Method-0.44
on perl 5.14.0, created by CPAN-Reporter-1.1902.

Thank you for uploading your work to CPAN.  However, there was a problem
testing your distribution.

If you think this report is invalid, please consult the CPAN Testers Wiki
for suggestions on how to avoid getting FAIL reports for missing library
or binary dependencies, unsupported operating systems, and so on:

http://wiki.cpantesters.org/wiki/CPANAuthorNotes

Sections of this report:

    * Tester comments
    * Program output
    * Prerequisites
    * Environment and other context

------------------------------
TESTER COMMENTS
------------------------------

Additional comments from tester:

this report is from an automated smoke testing program
and was not reviewed by a human for accuracy

------------------------------
PROGRAM OUTPUT
------------------------------

Output from '/usr/bin/make test':

PERL_DL_NONLAZY=1 /home/lonesome/perl-5.14.0/bin/perl "-MExtUtils::Command::MM" "-e" "test_harness(0, 'inc', 'blib/lib', 'blib/arch')" t/000_basic.t t/004_constant.t t/100_parameter_moose.t t/150_parameter_moose_compiled.t t/200_signature_positional.t t/201_signature_named.t t/202_signature_combined.t t/250_signature_positional_compiled.t t/251_signature_named_compiled.t t/252_signature_combined_compiled.t t/300_method_signature.t t/301_method_signature_compiled.t t/400_method.t t/401_method_compiled.t t/402_method_role.t t/pod.t t/pod_coverage.t

#   Failed test 'use MooseX::Meta::Parameter::Moose;'
#   at t/000_basic.t line 8.
#     Tried to use 'MooseX::Meta::Parameter::Moose'.
#     Error:  Undefined subroutine &Moose::Exporter::_flag_as_reexport called at /home/lonesome/perl-5.14.0/lib/site_perl/5.14.0/i686-linux/Moose/Exporter.pm line 120.
# BEGIN failed--compilation aborted at /home/lonesome/.cpan/build/MooseX-Method-0.44-XJJ5Dg/blib/lib/MooseX/Meta/Parameter/Moose.pm line 3.
# Compilation failed in require at (eval 4) line 2.
# BEGIN failed--compilation aborted at (eval 4) line 2.

#   Failed test 'use MooseX::Meta::Parameter::Moose;'
#   at t/000_basic.t line 10.
#     Tried to use 'MooseX::Meta::Parameter::Moose'.
#     Error:  Attempt to reload MooseX/Meta/Parameter/Moose.pm aborted.
# Compilation failed in require at (eval 172) line 2.
# BEGIN failed--compilation aborted at (eval 172) line 2.

#   Failed test 'use MooseX::Meta::Signature::Named;'
#   at t/000_basic.t line 12.
#     Tried to use 'MooseX::Meta::Signature::Named'.
#     Error:  Undefined subroutine &Moose::Exporter::_flag_as_reexport called at /home/lonesome/perl-5.14.0/lib/site_perl/5.14.0/i686-linux/Moose/Exporter.pm line 120.
# BEGIN failed--compilation aborted at /home/lonesome/.cpan/build/MooseX-Method-0.44-XJJ5Dg/blib/lib/MooseX/Meta/Signature/Named.pm line 3.
# Compilation failed in require at (eval 173) line 2.
# BEGIN failed--compilation aborted at (eval 173) line 2.

#   Failed test 'use MooseX::Meta::Signature::Named::Compiled;'
#   at t/000_basic.t line 14.
#     Tried to use 'MooseX::Meta::Signature::Named::Compiled'.
#     Error:  Undefined subroutine &Moose::Exporter::_flag_as_reexport called at /home/lonesome/perl-5.14.0/lib/site_perl/5.14.0/i686-linux/Moose/Exporter.pm line 120.
# BEGIN failed--compilation aborted at /home/lonesome/.cpan/build/MooseX-Method-0.44-XJJ5Dg/blib/lib/MooseX/Meta/Signature/Named/Compiled.pm line 3.
# Compilation failed in require at (eval 174) line 2.
# BEGIN failed--compilation aborted at (eval 174) line 2.

#   Failed test 'use MooseX::Meta::Signature::Positional;'
#   at t/000_basic.t line 16.
#     Tried to use 'MooseX::Meta::Signature::Positional'.
#     Error:  Undefined subroutine &Moose::Exporter::_flag_as_reexport called at /home/lonesome/perl-5.14.0/lib/site_perl/5.14.0/i686-linux/Moose/Exporter.pm line 120.
# BEGIN failed--compilation aborted at /home/lonesome/.cpan/build/MooseX-Method-0.44-XJJ5Dg/blib/lib/MooseX/Meta/Signature/Positional.pm line 3.
# Compilation failed in require at (eval 175) line 2.
# BEGIN failed--compilation aborted at (eval 175) line 2.

#   Failed test 'use MooseX::Meta::Signature::Positional::Compiled;'
#   at t/000_basic.t line 18.
#     Tried to use 'MooseX::Meta::Signature::Positional::Compiled'.
#     Error:  Undefined subroutine &Moose::Exporter::_flag_as_reexport called at /home/lonesome/perl-5.14.0/lib/site_perl/5.14.0/i686-linux/Moose/Exporter.pm line 120.
# BEGIN failed--compilation aborted at /home/lonesome/.cpan/build/MooseX-Method-0.44-XJJ5Dg/blib/lib/MooseX/Meta/Signature/Positional/Compiled.pm line 3.
# Compilation failed in require at (eval 176) line 2.
# BEGIN failed--compilation aborted at (eval 176) line 2.

#   Failed test 'use MooseX::Meta::Signature::Combined;'
#   at t/000_basic.t line 20.
#     Tried to use 'MooseX::Meta::Signature::Combined'.
#     Error:  Undefined subroutine &Moose::Exporter::_flag_as_reexport called at /home/lonesome/perl-5.14.0/lib/site_perl/5.14.0/i686-linux/Moose/Exporter.pm line 120.
# BEGIN failed--compilation aborted at /home/lonesome/.cpan/build/MooseX-Method-0.44-XJJ5Dg/blib/lib/MooseX/Meta/Signature/Combined.pm line 3.
# Compilation failed in require at (eval 177) line 2.
# BEGIN failed--compilation aborted at (eval 177) line 2.

#   Failed test 'use MooseX::Meta::Signature::Combined::Compiled;'
#   at t/000_basic.t line 22.
#     Tried to use 'MooseX::Meta::Signature::Combined::Compiled'.
#     Error:  Undefined subroutine &Moose::Exporter::_flag_as_reexport called at /home/lonesome/perl-5.14.0/lib/site_perl/5.14.0/i686-linux/Moose/Exporter.pm line 120.
# BEGIN failed--compilation aborted at /home/lonesome/.cpan/build/MooseX-Method-0.44-XJJ5Dg/blib/lib/MooseX/Meta/Signature/Combined/Compiled.pm line 3.
# Compilation failed in require at (eval 178) line 2.
# BEGIN failed--compilation aborted at (eval 178) line 2.

#   Failed test 'use MooseX::Method;'
#   at t/000_basic.t line 24.
#     Tried to use 'MooseX::Method'.
#     Error:  Undefined subroutine &Moose::Exporter::_flag_as_reexport called at /home/lonesome/perl-5.14.0/lib/site_perl/5.14.0/i686-linux/Moose/Exporter.pm line 120.
# BEGIN failed--compilation aborted at /home/lonesome/.cpan/build/MooseX-Method-0.44-XJJ5Dg/blib/lib/MooseX/Method.pm line 3.
# Compilation failed in require at (eval 179) line 2.
# BEGIN failed--compilation aborted at (eval 179) line 2.
# Looks like you failed 9 tests of 9.
t/000_basic.t .......................... 
Dubious, test returned 9 (wstat 2304, 0x900)
Failed 9/9 subtests 
Undefined subroutine &Moose::Exporter::_flag_as_reexport called at /home/lonesome/perl-5.14.0/lib/site_perl/5.14.0/i686-linux/Moose/Exporter.pm line 120.
BEGIN failed--compilation aborted at /home/lonesome/.cpan/build/MooseX-Method-0.44-XJJ5Dg/blib/lib/MooseX/Method/Constant.pm line 3.
Compilation failed in require at t/004_constant.t line 1.
BEGIN failed--compilation aborted at t/004_constant.t line 1.
t/004_constant.t ....................... 
Dubious, test returned 255 (wstat 65280, 0xff00)
No subtests run 
Undefined subroutine &Moose::Exporter::_flag_as_reexport called at /home/lonesome/perl-5.14.0/lib/site_perl/5.14.0/i686-linux/Moose/Exporter.pm line 120.
BEGIN failed--compilation aborted at /home/lonesome/.cpan/build/MooseX-Method-0.44-XJJ5Dg/blib/lib/MooseX/Meta/Parameter/Moose.pm line 3.
Compilation failed in require at t/100_parameter_moose.t line 1.
BEGIN failed--compilation aborted at t/100_parameter_moose.t line 1.
t/100_parameter_moose.t ................ 
Dubious, test returned 255 (wstat 65280, 0xff00)
No subtests run 
Undefined subroutine &Moose::Exporter::_flag_as_reexport called at /home/lonesome/perl-5.14.0/lib/site_perl/5.14.0/i686-linux/Moose/Exporter.pm line 120.
BEGIN failed--compilation aborted at /home/lonesome/.cpan/build/MooseX-Method-0.44-XJJ5Dg/blib/lib/MooseX/Meta/Parameter/Moose/Compiled.pm line 3.
Compilation failed in require at t/150_parameter_moose_compiled.t line 1.
BEGIN failed--compilation aborted at t/150_parameter_moose_compiled.t line 1.
t/150_parameter_moose_compiled.t ....... 
Dubious, test returned 255 (wstat 65280, 0xff00)
No subtests run 
Undefined subroutine &Moose::Exporter::_flag_as_reexport called at /home/lonesome/perl-5.14.0/lib/site_perl/5.14.0/i686-linux/Moose/Exporter.pm line 120.
BEGIN failed--compilation aborted at /home/lonesome/.cpan/build/MooseX-Method-0.44-XJJ5Dg/blib/lib/MooseX/Meta/Signature/Positional.pm line 3.
Compilation failed in require at t/200_signature_positional.t line 1.
BEGIN failed--compilation aborted at t/200_signature_positional.t line 1.
t/200_signature_positional.t ........... 
Dubious, test returned 255 (wstat 65280, 0xff00)
No subtests run 
Undefined subroutine &Moose::Exporter::_flag_as_reexport called at /home/lonesome/perl-5.14.0/lib/site_perl/5.14.0/i686-linux/Moose/Exporter.pm line 120.
BEGIN failed--compilation aborted at /home/lonesome/.cpan/build/MooseX-Method-0.44-XJJ5Dg/blib/lib/MooseX/Meta/Signature/Named.pm line 3.
Compilation failed in require at t/201_signature_named.t line 1.
BEGIN failed--compilation aborted at t/201_signature_named.t line 1.
t/201_signature_named.t ................ 
Dubious, test returned 255 (wstat 65280, 0xff00)
No subtests run 
Undefined subroutine &Moose::Exporter::_flag_as_reexport called at /home/lonesome/perl-5.14.0/lib/site_perl/5.14.0/i686-linux/Moose/Exporter.pm line 120.
BEGIN failed--compilation aborted at /home/lonesome/.cpan/build/MooseX-Method-0.44-XJJ5Dg/blib/lib/MooseX/Meta/Signature/Combined.pm line 3.
Compilation failed in require at t/202_signature_combined.t line 1.
BEGIN failed--compilation aborted at t/202_signature_combined.t line 1.
t/202_signature_combined.t ............. 
Dubious, test returned 255 (wstat 65280, 0xff00)
No subtests run 
Undefined subroutine &Moose::Exporter::_flag_as_reexport called at /home/lonesome/perl-5.14.0/lib/site_perl/5.14.0/i686-linux/Moose/Exporter.pm line 120.
BEGIN failed--compilation aborted at /home/lonesome/.cpan/build/MooseX-Method-0.44-XJJ5Dg/blib/lib/MooseX/Meta/Signature/Positional/Compiled.pm line 3.
Compilation failed in require at t/250_signature_positional_compiled.t line 1.
BEGIN failed--compilation aborted at t/250_signature_positional_compiled.t line 1.
t/250_signature_positional_compiled.t .. 
Dubious, test returned 255 (wstat 65280, 0xff00)
No subtests run 
Undefined subroutine &Moose::Exporter::_flag_as_reexport called at /home/lonesome/perl-5.14.0/lib/site_perl/5.14.0/i686-linux/Moose/Exporter.pm line 120.
BEGIN failed--compilation aborted at /home/lonesome/.cpan/build/MooseX-Method-0.44-XJJ5Dg/blib/lib/MooseX/Meta/Signature/Named/Compiled.pm line 3.
Compilation failed in require at t/251_signature_named_compiled.t line 1.
BEGIN failed--compilation aborted at t/251_signature_named_compiled.t line 1.
t/251_signature_named_compiled.t ....... 
Dubious, test returned 255 (wstat 65280, 0xff00)
No subtests run 
Undefined subroutine &Moose::Exporter::_flag_as_reexport called at /home/lonesome/perl-5.14.0/lib/site_perl/5.14.0/i686-linux/Moose/Exporter.pm line 120.
BEGIN failed--compilation aborted at /home/lonesome/.cpan/build/MooseX-Method-0.44-XJJ5Dg/blib/lib/MooseX/Meta/Signature/Combined/Compiled.pm line 3.
Compilation failed in require at t/252_signature_combined_compiled.t line 1.
BEGIN failed--compilation aborted at t/252_signature_combined_compiled.t line 1.
t/252_signature_combined_compiled.t .... 
Dubious, test returned 255 (wstat 65280, 0xff00)
No subtests run 
Undefined subroutine &Moose::Exporter::_flag_as_reexport called at /home/lonesome/perl-5.14.0/lib/site_perl/5.14.0/i686-linux/Moose/Exporter.pm line 120.
BEGIN failed--compilation aborted at /home/lonesome/.cpan/build/MooseX-Method-0.44-XJJ5Dg/blib/lib/MooseX/Meta/Method/Signature.pm line 3.
Compilation failed in require at t/300_method_signature.t line 1.
BEGIN failed--compilation aborted at t/300_method_signature.t line 1.
t/300_method_signature.t ............... 
Dubious, test returned 255 (wstat 65280, 0xff00)
No subtests run 
Undefined subroutine &Moose::Exporter::_flag_as_reexport called at /home/lonesome/perl-5.14.0/lib/site_perl/5.14.0/i686-linux/Moose/Exporter.pm line 120.
BEGIN failed--compilation aborted at /home/lonesome/.cpan/build/MooseX-Method-0.44-XJJ5Dg/blib/lib/MooseX/Meta/Method/Signature/Compiled.pm line 3.
Compilation failed in require at t/301_method_signature_compiled.t line 1.
BEGIN failed--compilation aborted at t/301_method_signature_compiled.t line 1.
t/301_method_signature_compiled.t ...... 
Dubious, test returned 255 (wstat 65280, 0xff00)
No subtests run 
Undefined subroutine &Moose::Exporter::_flag_as_reexport called at /home/lonesome/perl-5.14.0/lib/site_perl/5.14.0/i686-linux/Moose/Exporter.pm line 120.
BEGIN failed--compilation aborted at /home/lonesome/.cpan/build/MooseX-Method-0.44-XJJ5Dg/blib/lib/MooseX/Method.pm line 3.
Compilation failed in require at t/400_method.t line 12.
BEGIN failed--compilation aborted at t/400_method.t line 12.
t/400_method.t ......................... 
Dubious, test returned 255 (wstat 65280, 0xff00)
No subtests run 
Undefined subroutine &Moose::Exporter::_flag_as_reexport called at /home/lonesome/perl-5.14.0/lib/site_perl/5.14.0/i686-linux/Moose/Exporter.pm line 120.
BEGIN failed--compilation aborted at /home/lonesome/.cpan/build/MooseX-Method-0.44-XJJ5Dg/blib/lib/MooseX/Method.pm line 3.
Compilation failed in require at t/401_method_compiled.t line 12.
BEGIN failed--compilation aborted at t/401_method_compiled.t line 12.
t/401_method_compiled.t ................ 
Dubious, test returned 255 (wstat 65280, 0xff00)
No subtests run 
Undefined subroutine &Moose::Exporter::_flag_as_reexport called at /home/lonesome/perl-5.14.0/lib/site_perl/5.14.0/i686-linux/Moose/Exporter.pm line 120.
BEGIN failed--compilation aborted at t/402_method_role.t line 11.
t/402_method_role.t .................... 
Dubious, test returned 255 (wstat 65280, 0xff00)
No subtests run 
t/pod.t ................................ ok
t/pod_coverage.t ....................... ok

Test Summary Report
-------------------
t/000_basic.t                        (Wstat: 2304 Tests: 9 Failed: 9)
  Failed tests:  1-9
  Non-zero exit status: 9
t/004_constant.t                     (Wstat: 65280 Tests: 0 Failed: 0)
  Non-zero exit status: 255
  Parse errors: No plan found in TAP output
t/100_parameter_moose.t              (Wstat: 65280 Tests: 0 Failed: 0)
  Non-zero exit status: 255
  Parse errors: No plan found in TAP output
t/150_parameter_moose_compiled.t     (Wstat: 65280 Tests: 0 Failed: 0)
  Non-zero exit status: 255
  Parse errors: No plan found in TAP output
t/200_signature_positional.t         (Wstat: 65280 Tests: 0 Failed: 0)
  Non-zero exit status: 255
  Parse errors: No plan found in TAP output
t/201_signature_named.t              (Wstat: 65280 Tests: 0 Failed: 0)
  Non-zero exit status: 255
  Parse errors: No plan found in TAP output
t/202_signature_combined.t           (Wstat: 65280 Tests: 0 Failed: 0)
  Non-zero exit status: 255
  Parse errors: No plan found in TAP output
t/250_signature_positional_compiled.t (Wstat: 65280 Tests: 0 Failed: 0)
  Non-zero exit status: 255
  Parse errors: No plan found in TAP output
t/251_signature_named_compiled.t     (Wstat: 65280 Tests: 0 Failed: 0)
  Non-zero exit status: 255
  Parse errors: No plan found in TAP output
t/252_signature_combined_compiled.t  (Wstat: 65280 Tests: 0 Failed: 0)
  Non-zero exit status: 255
  Parse errors: No plan found in TAP output
t/300_method_signature.t             (Wstat: 65280 Tests: 0 Failed: 0)
  Non-zero exit status: 255
  Parse errors: No plan found in TAP output
t/301_method_signature_compiled.t    (Wstat: 65280 Tests: 0 Failed: 0)
  Non-zero exit status: 255
  Parse errors: No plan found in TAP output
t/400_method.t                       (Wstat: 65280 Tests: 0 Failed: 0)
  Non-zero exit status: 255
  Parse errors: No plan found in TAP output
t/401_method_compiled.t              (Wstat: 65280 Tests: 0 Failed: 0)
  Non-zero exit status: 255
  Parse errors: No plan found in TAP output
t/402_method_role.t                  (Wstat: 65280 Tests: 0 Failed: 0)
  Non-zero exit status: 255
  Parse errors: No plan found in TAP output
Files=17, Tests=51,  3 wallclock secs ( 0.07 usr  0.03 sys +  2.44 cusr  0.24 csys =  2.78 CPU)
Result: FAIL
Failed 15/17 test programs. 9/51 subtests failed.
make: *** [test_dynamic] Error 255

------------------------------
PREREQUISITES
------------------------------

Prerequisite modules loaded:

requires:

    Module              Need Have   
    ------------------- ---- -------
    Carp                0    1.20   
    Class::MOP          0.37 1.12   
    ExtUtils::MakeMaker 6.42 6.57_11
    HTML::Template::Pro 0.65 0.9504 
    Moose               0.22 2.0002 
    Scalar::Util        1.14 1.23   
    Sub::Name           0.02 0.05   
    Test::Exception     0.21 0.31   
    Test::More          0.47 0.98   
    Test::Pod           1.26 1.45   

build_requires:

    Module              Need Have   
    ------------------- ---- -------
    ExtUtils::MakeMaker 0    6.57_11

configure_requires:

    Module              Need Have   
    ------------------- ---- -------
    ExtUtils::MakeMaker 6.42 6.57_11


------------------------------
ENVIRONMENT AND OTHER CONTEXT
------------------------------

Environment variables:

    AUTOMATED_TESTING = 1
    LANG = en_GB.UTF-8
    PATH = /usr/lib/ccache:/usr/local/bin:/bin:/usr/bin:/usr/local/sbin:/usr/sbin:/sbin:/home/lonesome/bin
    PERL5LIB = 
    PERL5OPT = 
    PERL5_CPANPLUS_IS_RUNNING = 21655
    PERL5_CPAN_IS_RUNNING = 21655
    PERL5_CPAN_IS_RUNNING_IN_RECURSION = 9665,21655
    PERL_CR_SMOKER_CURRENT = VCI-0.7.1
    PERL_EXTUTILS_AUTOINSTALL = --defaultdeps
    PERL_MM_USE_DEFAULT = 1
    SHELL = /bin/bash
    TERM = screen

Perl special variables (and OS-specific diagnostics, for MSWin32):

    $^X = /home/lonesome/perl-5.14.0/bin/perl
    $UID/$EUID = 500 / 500
    $GID = 500 10 500
    $EGID = 500 10 500

Perl module toolchain versions installed:

    Module              Have    
    ------------------- --------
    CPAN                1.9600  
    Cwd                 3.36    
    ExtUtils::CBuilder  0.280202
    ExtUtils::Command   1.17    
    ExtUtils::Install   1.56    
    ExtUtils::MakeMaker 6.57_11 
    ExtUtils::Manifest  1.58    
    ExtUtils::ParseXS   2.2210  
    File::Spec          3.33    
    Module::Build       0.3800  
    Module::Signature   0.68    
    Test::Harness       3.23    
    Test::More          0.98    
    YAML                0.73    
    YAML::Syck          1.17    
    version             0.89    


--

Summary of my perl5 (revision 5 version 14 subversion 0) configuration:
   
  Platform:
    osname=linux, osvers=2.6.38.6-27.fc15.i686, archname=i686-linux
    uname='linux fedora15 2.6.38.6-27.fc15.i686 #1 smp sun may 15 17:57:13 utc 2011 i686 i686 i386 gnulinux '
    config_args='-des -Dcc=ccache gcc -Dld=gcc -Dprefix=/home/lonesome/perl-5.14.0'
    hint=recommended, useposix=true, d_sigaction=define
    useithreads=undef, usemultiplicity=undef
    useperlio=define, d_sfio=undef, uselargefiles=define, usesocks=undef
    use64bitint=undef, use64bitall=undef, uselongdouble=undef
    usemymalloc=n, bincompat5005=undef
  Compiler:
    cc='ccache gcc', ccflags ='-fno-strict-aliasing -pipe -fstack-protector -I/usr/local/include -D_LARGEFILE_SOURCE -D_FILE_OFFSET_BITS=64',
    optimize='-O2',
    cppflags='-fno-strict-aliasing -pipe -fstack-protector -I/usr/local/include'
    ccversion='', gccversion='4.6.0 20110509 (Red Hat 4.6.0-7)', gccosandvers=''
    intsize=4, longsize=4, ptrsize=4, doublesize=8, byteorder=1234
    d_longlong=define, longlongsize=8, d_longdbl=define, longdblsize=12
    ivtype='long', ivsize=4, nvtype='double', nvsize=8, Off_t='off_t', lseeksize=8
    alignbytes=4, prototype=define
  Linker and Libraries:
    ld='gcc', ldflags =' -fstack-protector -L/usr/local/lib'
    libpth=/usr/local/lib /lib /usr/lib
    libs=-lnsl -ldl -lm -lcrypt -lutil -lc
    perllibs=-lnsl -ldl -lm -lcrypt -lutil -lc
    libc=/lib/libc-2.13.90.so, so=so, useshrplib=false, libperl=libperl.a
    gnulibc_version='2.13.90'
  Dynamic Linking:
    dlsrc=dl_dlopen.xs, dlext=so, d_dlsymun=undef, ccdlflags='-Wl,-E'
    cccdlflags='-fPIC', lddlflags='-shared -O2 -L/usr/local/lib -fstack-protector'


Characteristics of this binary (from libperl): 
  Compile-time options: PERL_DONT_CREATE_GVSV PERL_MALLOC_WRAP
                        PERL_PRESERVE_IVUV USE_LARGE_FILES USE_PERLIO
                        USE_PERL_ATOF
  Built under linux
  Compiled at Jun  1 2011 10:32:53
  %ENV:
    PERL5LIB=""
    PERL5OPT=""
    PERL5_CPANPLUS_IS_RUNNING="21655"
    PERL5_CPAN_IS_RUNNING="21655"
    PERL5_CPAN_IS_RUNNING_IN_RECURSION="9665,21655"
    PERL_CR_SMOKER_CURRENT="VCI-0.7.1"
    PERL_EXTUTILS_AUTOINSTALL="--defaultdeps"
    PERL_MM_USE_DEFAULT="1"
  @INC:
    /home/lonesome/perl-5.14.0/lib/site_perl/5.14.0/i686-linux
    /home/lonesome/perl-5.14.0/lib/site_perl/5.14.0
    /home/lonesome/perl-5.14.0/lib/5.14.0/i686-linux
    /home/lonesome/perl-5.14.0/lib/5.14.0
    .