Report for Dancer2-Plugin-Queue-MongoDB-0.003

Back
From: metabase:user:314402c4-2aae-11df-837a-5e0a49663a4f
Subject: FAIL Dancer2-Plugin-Queue-MongoDB-0.003 v5.22.1 RC3 GNU/Linux
Date: 2015-12-03T05:51:54Z

This distribution has been tested as part of the CPAN Testers
project, supporting the Perl programming language.  See
http://wiki.cpantesters.org/ for more information or email
questions to cpan-testers-discuss@perl.org


--
Dear David Golden,

This is a computer-generated report for Dancer2-Plugin-Queue-MongoDB-0.003
on perl 5.22.1, created by CPAN-Reporter-1.2015.

Thank you for uploading your work to CPAN.  However, there was a problem
testing your distribution.

If you think this report is invalid, please consult the CPAN Testers Wiki
for suggestions on how to avoid getting FAIL reports for missing library
or binary dependencies, unsupported operating systems, and so on:

http://wiki.cpantesters.org/wiki/CPANAuthorNotes

Sections of this report:

    * Tester comments
    * Program output
    * Prerequisites
    * Environment and other context

------------------------------
TESTER COMMENTS
------------------------------

Additional comments from tester:

none provided

------------------------------
PROGRAM OUTPUT
------------------------------

Output from '/usr/bin/make test':

PERL_DL_NONLAZY=1 "/bbbike/perl-5.22.1-RC3/bin/perl" "-MExtUtils::Command::MM" "-MTest::Harness" "-e" "undef *Test::Harness::Switches; test_harness(0, 'blib/lib', 'blib/arch')" t/*.t
t/00-compile.t ......... ok
# Prerequisite Report:
#    Version Module                             
#   -------- -----------------------------------
#      0.005 Dancer2::Plugin::Queue             
#      0.005 Dancer2::Plugin::Queue::Role::Queue
#      0.005 Dancer2::Plugin::Queue::Role::Test 
#    7.04_01 ExtUtils::MakeMaker                
#       1.29 File::Find                         
#       3.56 File::Spec::Functions              
#     0.2304 File::Temp                         
#      0.054 HTTP::Tiny                         
#       1.41 List::Util                         
#     v1.0.4 MongoDB                            
#     v1.0.4 MongoDB::MongoClient               
#      1.002 MongoDBx::Queue                    
#       0.29 MooX::Types::MooseLike::Base       
#     2.1604 Moose                              
#   1.001014 Test::More                         
#      1.004 Test::Roo                          
#       2.14 Test::TCP                          
#       1.09 strict                             
#       1.34 warnings                           
t/00-report-prereqs.t .. ok
MongoDB::SelectionError: No readable server available for matching read preference primary. MongoDB server status:
Topology type: Single; Member status:
  localhost:27017 (type: Unknown, error: MongoDB::NetworkError: Could not connect to 'localhost:27017': Connection refused )
    # Child (testing with main) exited without calling finalize()

#   Failed test 'testing with main'
#   at /opt/perl-5.22.1-RC3/lib/5.22.1/Test/Builder.pm line 279.
# Tests were run but no plan was declared and done_testing() was not seen.
# Looks like your test exited with 111 just after 1.
t/mongodb.t ............ 
Dubious, test returned 111 (wstat 28416, 0x6f00)
Failed 1/1 subtests 

Test Summary Report
-------------------
t/mongodb.t          (Wstat: 28416 Tests: 1 Failed: 1)
  Failed test:  1
  Non-zero exit status: 111
  Parse errors: No plan found in TAP output
Files=3, Tests=3,  2 wallclock secs ( 0.02 usr  0.03 sys +  1.64 cusr  0.21 csys =  1.90 CPU)
Result: FAIL
Failed 1/3 test programs. 1/3 subtests failed.
make: *** [test_dynamic] Fehler 111

------------------------------
PREREQUISITES
------------------------------

Prerequisite modules loaded:

requires:

    Module                              Need  Have    
    ----------------------------------- ----- --------
    Dancer2::Plugin::Queue              0.003 0.005   
    Dancer2::Plugin::Queue::Role::Queue 0     0.005   
    MongoDB                             0     v1.0.4  
    MongoDB::MongoClient                0     v1.0.4  
    MongoDBx::Queue                     0     1.002   
    Moose                               0     2.1604  
    strict                              0     1.09    
    warnings                            0     1.34    

build_requires:

    Module                              Need  Have    
    ----------------------------------- ----- --------
    Dancer2::Plugin::Queue::Role::Test  0     0.005   
    ExtUtils::MakeMaker                 0     7.04_01 
    File::Find                          0     1.29    
    File::Spec::Functions               0     3.56    
    File::Temp                          0     0.2304  
    HTTP::Tiny                          0     0.054   
    List::Util                          0     1.41    
    MongoDB                             0.45  v1.0.4  
    MooX::Types::MooseLike::Base        0     0.29    
    Test::More                          0     1.001014
    Test::Roo                           0     1.004   
    Test::TCP                           0     2.14    

configure_requires:

    Module                              Need  Have    
    ----------------------------------- ----- --------
    ExtUtils::MakeMaker                 6.30  7.04_01 


------------------------------
ENVIRONMENT AND OTHER CONTEXT
------------------------------

Environment variables:

    LANG = C
    LC_ALL = de_DE.UTF-8
    PATH = /usr/local/bin:/usr/bin:/bin:/usr/local/sbin:/usr/sbin:/sbin:/home/eserte/bin/linux-gnu:/home/eserte/bin/sh:/home/eserte/bin:/usr/games:/home/eserte/devel:/home/eserte/src/srezic-misc/scripts
    PERL5LIB = 
    PERL5OPT = 
    PERL5_CPANPLUS_IS_RUNNING = 7181
    PERL5_CPAN_IS_RUNNING = 7181
    PERL5_CPAN_IS_RUNNING_IN_RECURSION = 17202,7181
    PERLDOC = -MPod::Perldoc::ToTextOverstrike
    PERL_BATCH = yes
    PERL_CANARY_STABILITY_NOPROMPT = 1
    PERL_CPAN_REPORTER_CONFIG = /var/tmp/cpansmoker-1001/2015120221/cpanreporter_004_config.ini
    PERL_EXTUTILS_AUTOINSTALL = --defaultdeps
    PERL_PARALLEL_SMOKER = yes
    SHELL = /bin/zsh
    TERM = screen
    TMPDIR = /var/tmp/cpansmoker-1001/2015120221

Perl special variables (and OS-specific diagnostics, for MSWin32):

    $^X = /bbbike/perl-5.22.1-RC3/bin/perl
    $UID/$EUID = 1001 / 1001
    $GID = 1001 109 1001
    $EGID = 1001 109 1001

Perl module toolchain versions installed:

    Module              Have    
    ------------------- --------
    CPAN                2.11    
    CPAN::Meta          2.150001
    Cwd                 3.56    
    ExtUtils::CBuilder  0.280221
    ExtUtils::Command   1.20    
    ExtUtils::Install   2.04    
    ExtUtils::MakeMaker 7.04_01 
    ExtUtils::Manifest  1.70    
    ExtUtils::ParseXS   3.28    
    File::Spec          3.56    
    JSON                2.90    
    JSON::PP            2.27300 
    Module::Build       0.4214  
    Module::Signature   n/a     
    Parse::CPAN::Meta   1.4414  
    Test::Harness       3.35    
    Test::More          1.001014
    YAML                1.15    
    YAML::Syck          1.29    
    version             0.9909  


--

Summary of my perl5 (revision 5 version 22 subversion 1) configuration:
   
  Platform:
    osname=linux, osvers=3.2.0-4-amd64, archname=x86_64-linux
    uname='linux eserte 3.2.0-4-amd64 #1 smp debian 3.2.68-1+deb7u6 x86_64 gnulinux '
    config_args='-ds -e -Dprefix=/opt/perl-5.22.1-RC3 -Dcf_email=srezic@cpan.org'
    hint=recommended, useposix=true, d_sigaction=define
    useithreads=undef, usemultiplicity=undef
    use64bitint=define, use64bitall=define, uselongdouble=undef
    usemymalloc=n, bincompat5005=undef
  Compiler:
    cc='cc', ccflags ='-fwrapv -fno-strict-aliasing -pipe -fstack-protector -I/usr/local/include -D_LARGEFILE_SOURCE -D_FILE_OFFSET_BITS=64 -D_FORTIFY_SOURCE=2',
    optimize='-O2',
    cppflags='-fwrapv -fno-strict-aliasing -pipe -fstack-protector -I/usr/local/include'
    ccversion='', gccversion='4.7.2', gccosandvers=''
    intsize=4, longsize=8, ptrsize=8, doublesize=8, byteorder=12345678, doublekind=3
    d_longlong=define, longlongsize=8, d_longdbl=define, longdblsize=16, longdblkind=3
    ivtype='long', ivsize=8, nvtype='double', nvsize=8, Off_t='off_t', lseeksize=8
    alignbytes=8, prototype=define
  Linker and Libraries:
    ld='cc', ldflags =' -fstack-protector -L/usr/local/lib'
    libpth=/usr/local/lib /usr/lib/gcc/x86_64-linux-gnu/4.7/include-fixed /usr/include/x86_64-linux-gnu /usr/lib /lib/x86_64-linux-gnu /lib/../lib /usr/lib/x86_64-linux-gnu /usr/lib/../lib /lib
    libs=-lpthread -lnsl -ldb -ldl -lm -lcrypt -lutil -lc
    perllibs=-lpthread -lnsl -ldl -lm -lcrypt -lutil -lc
    libc=libc-2.13.so, so=so, useshrplib=false, libperl=libperl.a
    gnulibc_version='2.13'
  Dynamic Linking:
    dlsrc=dl_dlopen.xs, dlext=so, d_dlsymun=undef, ccdlflags='-Wl,-E'
    cccdlflags='-fPIC', lddlflags='-shared -O2 -L/usr/local/lib -fstack-protector'


Characteristics of this binary (from libperl): 
  Compile-time options: HAS_TIMES PERLIO_LAYERS PERL_DONT_CREATE_GVSV
                        PERL_HASH_FUNC_ONE_AT_A_TIME_HARD PERL_MALLOC_WRAP
                        PERL_NEW_COPY_ON_WRITE PERL_PRESERVE_IVUV
                        USE_64_BIT_ALL USE_64_BIT_INT USE_LARGE_FILES
                        USE_LOCALE USE_LOCALE_COLLATE USE_LOCALE_CTYPE
                        USE_LOCALE_NUMERIC USE_LOCALE_TIME USE_PERLIO
                        USE_PERL_ATOF
  Locally applied patches:
	RC3
  Built under linux
  Compiled at Dec  2 2015 22:29:52
  %ENV:
    PERL5LIB=""
    PERL5OPT=""
    PERL5_CPANPLUS_IS_RUNNING="7181"
    PERL5_CPAN_IS_RUNNING="7181"
    PERL5_CPAN_IS_RUNNING_IN_RECURSION="17202,7181"
    PERLDOC="-MPod::Perldoc::ToTextOverstrike"
    PERL_BATCH="yes"
    PERL_CANARY_STABILITY_NOPROMPT="1"
    PERL_CPAN_REPORTER_CONFIG="/var/tmp/cpansmoker-1001/2015120221/cpanreporter_004_config.ini"
    PERL_EXTUTILS_AUTOINSTALL="--defaultdeps"
    PERL_PARALLEL_SMOKER="yes"
  @INC:
    /opt/perl-5.22.1-RC3/lib/site_perl/5.22.1/x86_64-linux
    /opt/perl-5.22.1-RC3/lib/site_perl/5.22.1
    /opt/perl-5.22.1-RC3/lib/5.22.1/x86_64-linux
    /opt/perl-5.22.1-RC3/lib/5.22.1
    .