Crypt-OpenSSL-PKCS10 v0.34 Perl 5 v5.41.9 amd64-netbsd

Status
Fail
From
Carlos Guevara
Dist
Crypt-OpenSSL-PKCS10 v0.34
Platform
Perl 5 v5.41.9 amd64-netbsd
Date
2025-01-31 22:08:53
ID
f521dab8-e01f-11ef-a7af-f18274f16b2f
This distribution has been tested as part of the CPAN Testers
project, supporting the Perl programming language.  See
http://wiki.cpantesters.org/ for more information or email
questions to cpan-testers-discuss@perl.org


--
Dear Timothy Legge,

This is a computer-generated report for Crypt-OpenSSL-PKCS10-0.34
on perl 5.41.9, created by CPAN-Reporter-1.2020.

Thank you for uploading your work to CPAN.  However, there was a problem
testing your distribution.

If you think this report is invalid, please consult the CPAN Testers Wiki
for suggestions on how to avoid getting FAIL reports for missing library
or binary dependencies, unsupported operating systems, and so on:

http://wiki.cpantesters.org/wiki/CPANAuthorNotes

Sections of this report:

    * Tester comments
    * Program output
    * Prerequisites
    * Environment and other context

------------------------------
TESTER COMMENTS
------------------------------

Additional comments from tester:

this report is from an automated smoke testing program
and was not reviewed by a human for accuracy

------------------------------
PROGRAM OUTPUT
------------------------------

Output from '/usr/bin/make test':

"/home/cpan/bin/perl/bin/perl5.41.9" -MExtUtils::Command::MM -e 'cp_nonempty' -- PKCS10.bs blib/arch/auto/Crypt/OpenSSL/PKCS10/PKCS10.bs 644
PERL_DL_NONLAZY=1 "/home/cpan/bin/perl/bin/perl5.41.9" "-MExtUtils::Command::MM" "-MTest::Harness" "-e" "undef *Test::Harness::Switches; test_harness(0, 'blib/lib', 'blib/arch')" t/*.t
# OpenSSL 3.0.12 24 Oct 2023 (Library: OpenSSL 3.0.12 24 Oct 2023)
t/00-openssl-version.t .. ok
Can't open "topenssl.cnf" for reading, No such file or directory
FFFFFFFFFFFFFFFF:error:80000002:system library:BIO_new_file:No such file or directory:/usr/src/crypto/external/bsd/openssl/dist/crypto/bio/bss_file.c:67:calling fopen(topenssl.cnf, r)
FFFFFFFFFFFFFFFF:error:10000080:BIO routines:BIO_new_file:no such file:/usr/src/crypto/external/bsd/openssl/dist/crypto/bio/bss_file.c:75:

#   Failed test 'Digest SHA256 matches'
#   at t/10-rsa-keys.t line 19.
#                   ''
#     doesn't match '(?^:sha256WithRSAEncryption)'

#   Failed test 'Public Keysize 1024 bit matches'
#   at t/10-rsa-keys.t line 21.
#                   ''
#     doesn't match '(?^m:1024 bit)'
Can't open "topenssl.cnf" for reading, No such file or directory
FFFFFFFFFFFFFFFF:error:80000002:system library:BIO_new_file:No such file or directory:/usr/src/crypto/external/bsd/openssl/dist/crypto/bio/bss_file.c:67:calling fopen(topenssl.cnf, r)
FFFFFFFFFFFFFFFF:error:10000080:BIO routines:BIO_new_file:no such file:/usr/src/crypto/external/bsd/openssl/dist/crypto/bio/bss_file.c:75:

#   Failed test 'Digest SHA256 matches'
#   at t/10-rsa-keys.t line 30.
#                   ''
#     doesn't match '(?^:sha256WithRSAEncryption)'

#   Failed test 'Public Keysize 512 bit matches'
#   at t/10-rsa-keys.t line 32.
#                   ''
#     doesn't match '(?^m:512 bit)'
Can't open "topenssl.cnf" for reading, No such file or directory
FFFFFFFFFFFFFFFF:error:80000002:system library:BIO_new_file:No such file or directory:/usr/src/crypto/external/bsd/openssl/dist/crypto/bio/bss_file.c:67:calling fopen(topenssl.cnf, r)
FFFFFFFFFFFFFFFF:error:10000080:BIO routines:BIO_new_file:no such file:/usr/src/crypto/external/bsd/openssl/dist/crypto/bio/bss_file.c:75:

#   Failed test 'Digest SHA256 matches'
#   at t/10-rsa-keys.t line 30.
#                   ''
#     doesn't match '(?^:sha256WithRSAEncryption)'

#   Failed test 'Public Keysize 1024 bit matches'
#   at t/10-rsa-keys.t line 32.
#                   ''
#     doesn't match '(?^m:1024 bit)'
Can't open "topenssl.cnf" for reading, No such file or directory
FFFFFFFFFFFFFFFF:error:80000002:system library:BIO_new_file:No such file or directory:/usr/src/crypto/external/bsd/openssl/dist/crypto/bio/bss_file.c:67:calling fopen(topenssl.cnf, r)
FFFFFFFFFFFFFFFF:error:10000080:BIO routines:BIO_new_file:no such file:/usr/src/crypto/external/bsd/openssl/dist/crypto/bio/bss_file.c:75:

#   Failed test 'Digest SHA256 matches'
#   at t/10-rsa-keys.t line 30.
#                   ''
#     doesn't match '(?^:sha256WithRSAEncryption)'

#   Failed test 'Public Keysize 2048 bit matches'
#   at t/10-rsa-keys.t line 32.
#                   ''
#     doesn't match '(?^m:2048 bit)'
Can't open "topenssl.cnf" for reading, No such file or directory
FFFFFFFFFFFFFFFF:error:80000002:system library:BIO_new_file:No such file or directory:/usr/src/crypto/external/bsd/openssl/dist/crypto/bio/bss_file.c:67:calling fopen(topenssl.cnf, r)
FFFFFFFFFFFFFFFF:error:10000080:BIO routines:BIO_new_file:no such file:/usr/src/crypto/external/bsd/openssl/dist/crypto/bio/bss_file.c:75:

#   Failed test 'Digest SHA256 matches'
#   at t/10-rsa-keys.t line 30.
#                   ''
#     doesn't match '(?^:sha256WithRSAEncryption)'

#   Failed test 'Public Keysize 3172 bit matches'
#   at t/10-rsa-keys.t line 32.
#                   ''
#     doesn't match '(?^m:3172 bit)'
Can't open "topenssl.cnf" for reading, No such file or directory
FFFFFFFFFFFFFFFF:error:80000002:system library:BIO_new_file:No such file or directory:/usr/src/crypto/external/bsd/openssl/dist/crypto/bio/bss_file.c:67:calling fopen(topenssl.cnf, r)
FFFFFFFFFFFFFFFF:error:10000080:BIO routines:BIO_new_file:no such file:/usr/src/crypto/external/bsd/openssl/dist/crypto/bio/bss_file.c:75:

#   Failed test 'Digest SHA256 matches'
#   at t/10-rsa-keys.t line 30.
#                   ''
#     doesn't match '(?^:sha256WithRSAEncryption)'

#   Failed test 'Public Keysize 4096 bit matches'
#   at t/10-rsa-keys.t line 32.
#                   ''
#     doesn't match '(?^m:4096 bit)'
Can't open "topenssl.cnf" for reading, No such file or directory
FFFFFFFFFFFFFFFF:error:80000002:system library:BIO_new_file:No such file or directory:/usr/src/crypto/external/bsd/openssl/dist/crypto/bio/bss_file.c:67:calling fopen(topenssl.cnf, r)
FFFFFFFFFFFFFFFF:error:10000080:BIO routines:BIO_new_file:no such file:/usr/src/crypto/external/bsd/openssl/dist/crypto/bio/bss_file.c:75:

#   Failed test 'Digest SHA256 matches'
#   at t/10-rsa-keys.t line 42.
#                   ''
#     doesn't match '(?^:sha256WithRSAEncryption)'

#   Failed test 'Public Keysize 512 bit matches'
#   at t/10-rsa-keys.t line 44.
#                   ''
#     doesn't match '(?^m:512 bit)'
Can't open "topenssl.cnf" for reading, No such file or directory
FFFFFFFFFFFFFFFF:error:80000002:system library:BIO_new_file:No such file or directory:/usr/src/crypto/external/bsd/openssl/dist/crypto/bio/bss_file.c:67:calling fopen(topenssl.cnf, r)
FFFFFFFFFFFFFFFF:error:10000080:BIO routines:BIO_new_file:no such file:/usr/src/crypto/external/bsd/openssl/dist/crypto/bio/bss_file.c:75:

#   Failed test 'Digest SHA256 matches'
#   at t/10-rsa-keys.t line 42.
#                   ''
#     doesn't match '(?^:sha256WithRSAEncryption)'

#   Failed test 'Public Keysize 1024 bit matches'
#   at t/10-rsa-keys.t line 44.
#                   ''
#     doesn't match '(?^m:1024 bit)'
Can't open "topenssl.cnf" for reading, No such file or directory
FFFFFFFFFFFFFFFF:error:80000002:system library:BIO_new_file:No such file or directory:/usr/src/crypto/external/bsd/openssl/dist/crypto/bio/bss_file.c:67:calling fopen(topenssl.cnf, r)
FFFFFFFFFFFFFFFF:error:10000080:BIO routines:BIO_new_file:no such file:/usr/src/crypto/external/bsd/openssl/dist/crypto/bio/bss_file.c:75:

#   Failed test 'Digest SHA256 matches'
#   at t/10-rsa-keys.t line 42.
#                   ''
#     doesn't match '(?^:sha256WithRSAEncryption)'

#   Failed test 'Public Keysize 2048 bit matches'
#   at t/10-rsa-keys.t line 44.
#                   ''
#     doesn't match '(?^m:2048 bit)'
Can't open "topenssl.cnf" for reading, No such file or directory
FFFFFFFFFFFFFFFF:error:80000002:system library:BIO_new_file:No such file or directory:/usr/src/crypto/external/bsd/openssl/dist/crypto/bio/bss_file.c:67:calling fopen(topenssl.cnf, r)
FFFFFFFFFFFFFFFF:error:10000080:BIO routines:BIO_new_file:no such file:/usr/src/crypto/external/bsd/openssl/dist/crypto/bio/bss_file.c:75:

#   Failed test 'Digest SHA256 matches'
#   at t/10-rsa-keys.t line 42.
#                   ''
#     doesn't match '(?^:sha256WithRSAEncryption)'

#   Failed test 'Public Keysize 3172 bit matches'
#   at t/10-rsa-keys.t line 44.
#                   ''
#     doesn't match '(?^m:3172 bit)'
Can't open "topenssl.cnf" for reading, No such file or directory
FFFFFFFFFFFFFFFF:error:80000002:system library:BIO_new_file:No such file or directory:/usr/src/crypto/external/bsd/openssl/dist/crypto/bio/bss_file.c:67:calling fopen(topenssl.cnf, r)
FFFFFFFFFFFFFFFF:error:10000080:BIO routines:BIO_new_file:no such file:/usr/src/crypto/external/bsd/openssl/dist/crypto/bio/bss_file.c:75:

#   Failed test 'Digest SHA256 matches'
#   at t/10-rsa-keys.t line 42.
#                   ''
#     doesn't match '(?^:sha256WithRSAEncryption)'

#   Failed test 'Public Keysize 4096 bit matches'
#   at t/10-rsa-keys.t line 44.
#                   ''
#     doesn't match '(?^m:4096 bit)'
Can't open "topenssl.cnf" for reading, No such file or directory
FFFFFFFFFFFFFFFF:error:80000002:system library:BIO_new_file:No such file or directory:/usr/src/crypto/external/bsd/openssl/dist/crypto/bio/bss_file.c:67:calling fopen(topenssl.cnf, r)
FFFFFFFFFFFFFFFF:error:10000080:BIO routines:BIO_new_file:no such file:/usr/src/crypto/external/bsd/openssl/dist/crypto/bio/bss_file.c:75:

#   Failed test 'Digest SHA256 matches'
#   at t/10-rsa-keys.t line 54.
#                   ''
#     doesn't match '(?^:sha256WithRSAEncryption)'

#   Failed test 'Public Keysize 1024 bit matches'
#   at t/10-rsa-keys.t line 56.
#                   ''
#     doesn't match '(?^m:1024 bit)'
# Looks like you failed 24 tests of 27.
t/10-rsa-keys.t ......... 
Dubious, test returned 24 (wstat 6144, 0x1800)
Failed 24/27 subtests 
Can't open "topenssl.cnf" for reading, No such file or directory
FFFFFFFFFFFFFFFF:error:80000002:system library:BIO_new_file:No such file or directory:/usr/src/crypto/external/bsd/openssl/dist/crypto/bio/bss_file.c:67:calling fopen(topenssl.cnf, r)
FFFFFFFFFFFFFFFF:error:10000080:BIO routines:BIO_new_file:no such file:/usr/src/crypto/external/bsd/openssl/dist/crypto/bio/bss_file.c:75:

#   Failed test 'ASN1 OID: ssecp384r1'
#   at t/20-ec.t line 34.
#                   ''
#     doesn't match '(?^:ASN1 OID: secp384r1)'

#   Failed test 'X509v3 Key Usage: critical'
#   at t/20-ec.t line 35.
#                   ''
#     doesn't match '(?^:X509v3 Key Usage: critical)'

#   Failed test 'Digital Signature, Key Encipherment'
#   at t/20-ec.t line 36.
#                   ''
#     doesn't match '(?^:Digital Signature, Key Encipherment)'

#   Failed test 'Subject matched'
#   at t/20-ec.t line 37.
#                   ''
#     doesn't match '(?^:Subject.*Crypt::OpenSSL::PKCS10.*Perl module)'

#   Failed test 'NID_key_usage'
#   at t/20-ec.t line 38.
#                   ''
#     doesn't match '(?^:TLS Web Server Authentication, Netscape Server Gated Crypto, Microsoft Server Gated Crypto, 1.3.4)'

#   Failed test 'email matched'
#   at t/20-ec.t line 39.
#                   ''
#     doesn't match '(?^:email:timlegge\@gmail.com)'
Can't open "topenssl.cnf" for reading, No such file or directory
FFFFFFFFFFFFFFFF:error:80000002:system library:BIO_new_file:No such file or directory:/usr/src/crypto/external/bsd/openssl/dist/crypto/bio/bss_file.c:67:calling fopen(topenssl.cnf, r)
FFFFFFFFFFFFFFFF:error:10000080:BIO routines:BIO_new_file:no such file:/usr/src/crypto/external/bsd/openssl/dist/crypto/bio/bss_file.c:75:

#   Failed test 'ASN1 OID: secp384r1'
#   at t/20-ec.t line 56.
#                   ''
#     doesn't match '(?^:ASN1 OID: secp384r1)'

#   Failed test 'X509v3 Key Usage: critical'
#   at t/20-ec.t line 57.
#                   ''
#     doesn't match '(?^:X509v3 Key Usage: critical)'

#   Failed test 'Digital Signature, Key Encipherment'
#   at t/20-ec.t line 58.
#                   ''
#     doesn't match '(?^:Digital Signature, Key Encipherment)'

#   Failed test 'Subject matched'
#   at t/20-ec.t line 59.
#                   ''
#     doesn't match '(?^:Subject.*Crypt::OpenSSL::PKCS10.*Perl module)'

#   Failed test 'NID_key_usage'
#   at t/20-ec.t line 60.
#                   ''
#     doesn't match '(?^:TLS Web Server Authentication, Netscape Server Gated Crypto, Microsoft Server Gated Crypto, 1.3.4)'

#   Failed test 'email matched'
#   at t/20-ec.t line 61.
#                   ''
#     doesn't match '(?^:email:timlegge\@gmail.com)'
# Looks like you failed 12 tests of 19.
t/20-ec.t ............... 
Dubious, test returned 12 (wstat 3072, 0xc00)
Failed 12/19 subtests 
Can't open "topenssl.cnf" for reading, No such file or directory
FFFFFFFFFFFFFFFF:error:80000002:system library:BIO_new_file:No such file or directory:/usr/src/crypto/external/bsd/openssl/dist/crypto/bio/bss_file.c:67:calling fopen(topenssl.cnf, r)
FFFFFFFFFFFFFFFF:error:10000080:BIO routines:BIO_new_file:no such file:/usr/src/crypto/external/bsd/openssl/dist/crypto/bio/bss_file.c:75:

#   Failed test 'Digest SHA384 matches'
#   at t/30-ec-keys.t line 24.
#                   ''
#     doesn't match '(?^:ecdsa-with-SHA384)'

#   Failed test 'Digest secp224r1 matches'
#   at t/30-ec-keys.t line 26.
#                   ''
#     doesn't match '(?^:ASN1 OID: secp224r1)'
Can't open "topenssl.cnf" for reading, No such file or directory
FFFFFFFFFFFFFFFF:error:80000002:system library:BIO_new_file:No such file or directory:/usr/src/crypto/external/bsd/openssl/dist/crypto/bio/bss_file.c:67:calling fopen(topenssl.cnf, r)
FFFFFFFFFFFFFFFF:error:10000080:BIO routines:BIO_new_file:no such file:/usr/src/crypto/external/bsd/openssl/dist/crypto/bio/bss_file.c:75:

#   Failed test 'Digest SHA384 matches'
#   at t/30-ec-keys.t line 24.
#                   ''
#     doesn't match '(?^:ecdsa-with-SHA384)'

#   Failed test 'Digest secp256k1 matches'
#   at t/30-ec-keys.t line 26.
#                   ''
#     doesn't match '(?^:ASN1 OID: secp256k1)'
Can't open "topenssl.cnf" for reading, No such file or directory
FFFFFFFFFFFFFFFF:error:80000002:system library:BIO_new_file:No such file or directory:/usr/src/crypto/external/bsd/openssl/dist/crypto/bio/bss_file.c:67:calling fopen(topenssl.cnf, r)
FFFFFFFFFFFFFFFF:error:10000080:BIO routines:BIO_new_file:no such file:/usr/src/crypto/external/bsd/openssl/dist/crypto/bio/bss_file.c:75:

#   Failed test 'Digest SHA384 matches'
#   at t/30-ec-keys.t line 24.
#                   ''
#     doesn't match '(?^:ecdsa-with-SHA384)'

#   Failed test 'Digest secp384r1 matches'
#   at t/30-ec-keys.t line 26.
#                   ''
#     doesn't match '(?^:ASN1 OID: secp384r1)'
Can't open "topenssl.cnf" for reading, No such file or directory
FFFFFFFFFFFFFFFF:error:80000002:system library:BIO_new_file:No such file or directory:/usr/src/crypto/external/bsd/openssl/dist/crypto/bio/bss_file.c:67:calling fopen(topenssl.cnf, r)
FFFFFFFFFFFFFFFF:error:10000080:BIO routines:BIO_new_file:no such file:/usr/src/crypto/external/bsd/openssl/dist/crypto/bio/bss_file.c:75:

#   Failed test 'Digest SHA384 matches'
#   at t/30-ec-keys.t line 24.
#                   ''
#     doesn't match '(?^:ecdsa-with-SHA384)'

#   Failed test 'Digest secp521r1 matches'
#   at t/30-ec-keys.t line 26.
#                   ''
#     doesn't match '(?^:ASN1 OID: secp521r1)'
Can't open "topenssl.cnf" for reading, No such file or directory
FFFFFFFFFFFFFFFF:error:80000002:system library:BIO_new_file:No such file or directory:/usr/src/crypto/external/bsd/openssl/dist/crypto/bio/bss_file.c:67:calling fopen(topenssl.cnf, r)
FFFFFFFFFFFFFFFF:error:10000080:BIO routines:BIO_new_file:no such file:/usr/src/crypto/external/bsd/openssl/dist/crypto/bio/bss_file.c:75:

#   Failed test 'Digest SHA384 matches'
#   at t/30-ec-keys.t line 24.
#                   ''
#     doesn't match '(?^:ecdsa-with-SHA384)'

#   Failed test 'Digest prime256v1 matches'
#   at t/30-ec-keys.t line 26.
#                   ''
#     doesn't match '(?^:ASN1 OID: prime256v1)'
Can't open "topenssl.cnf" for reading, No such file or directory
FFFFFFFFFFFFFFFF:error:80000002:system library:BIO_new_file:No such file or directory:/usr/src/crypto/external/bsd/openssl/dist/crypto/bio/bss_file.c:67:calling fopen(topenssl.cnf, r)
FFFFFFFFFFFFFFFF:error:10000080:BIO routines:BIO_new_file:no such file:/usr/src/crypto/external/bsd/openssl/dist/crypto/bio/bss_file.c:75:

#   Failed test 'Digest SHA256 matches'
#   at t/30-ec-keys.t line 24.
#                   ''
#     doesn't match '(?^:ecdsa-with-SHA256)'

#   Failed test 'Digest secp224r1 matches'
#   at t/30-ec-keys.t line 26.
#                   ''
#     doesn't match '(?^:ASN1 OID: secp224r1)'
Can't open "topenssl.cnf" for reading, No such file or directory
FFFFFFFFFFFFFFFF:error:80000002:system library:BIO_new_file:No such file or directory:/usr/src/crypto/external/bsd/openssl/dist/crypto/bio/bss_file.c:67:calling fopen(topenssl.cnf, r)
FFFFFFFFFFFFFFFF:error:10000080:BIO routines:BIO_new_file:no such file:/usr/src/crypto/external/bsd/openssl/dist/crypto/bio/bss_file.c:75:

#   Failed test 'Digest SHA256 matches'
#   at t/30-ec-keys.t line 24.
#                   ''
#     doesn't match '(?^:ecdsa-with-SHA256)'

#   Failed test 'Digest secp256k1 matches'
#   at t/30-ec-keys.t line 26.
#                   ''
#     doesn't match '(?^:ASN1 OID: secp256k1)'
Can't open "topenssl.cnf" for reading, No such file or directory
FFFFFFFFFFFFFFFF:error:80000002:system library:BIO_new_file:No such file or directory:/usr/src/crypto/external/bsd/openssl/dist/crypto/bio/bss_file.c:67:calling fopen(topenssl.cnf, r)
FFFFFFFFFFFFFFFF:error:10000080:BIO routines:BIO_new_file:no such file:/usr/src/crypto/external/bsd/openssl/dist/crypto/bio/bss_file.c:75:

#   Failed test 'Digest SHA256 matches'
#   at t/30-ec-keys.t line 24.
#                   ''
#     doesn't match '(?^:ecdsa-with-SHA256)'

#   Failed test 'Digest secp384r1 matches'
#   at t/30-ec-keys.t line 26.
#                   ''
#     doesn't match '(?^:ASN1 OID: secp384r1)'
Can't open "topenssl.cnf" for reading, No such file or directory
FFFFFFFFFFFFFFFF:error:80000002:system library:BIO_new_file:No such file or directory:/usr/src/crypto/external/bsd/openssl/dist/crypto/bio/bss_file.c:67:calling fopen(topenssl.cnf, r)
FFFFFFFFFFFFFFFF:error:10000080:BIO routines:BIO_new_file:no such file:/usr/src/crypto/external/bsd/openssl/dist/crypto/bio/bss_file.c:75:

#   Failed test 'Digest SHA256 matches'
#   at t/30-ec-keys.t line 24.
#                   ''
#     doesn't match '(?^:ecdsa-with-SHA256)'

#   Failed test 'Digest secp521r1 matches'
#   at t/30-ec-keys.t line 26.
#                   ''
#     doesn't match '(?^:ASN1 OID: secp521r1)'
Can't open "topenssl.cnf" for reading, No such file or directory
FFFFFFFFFFFFFFFF:error:80000002:system library:BIO_new_file:No such file or directory:/usr/src/crypto/external/bsd/openssl/dist/crypto/bio/bss_file.c:67:calling fopen(topenssl.cnf, r)
FFFFFFFFFFFFFFFF:error:10000080:BIO routines:BIO_new_file:no such file:/usr/src/crypto/external/bsd/openssl/dist/crypto/bio/bss_file.c:75:

#   Failed test 'Digest SHA256 matches'
#   at t/30-ec-keys.t line 24.
#                   ''
#     doesn't match '(?^:ecdsa-with-SHA256)'

#   Failed test 'Digest prime256v1 matches'
#   at t/30-ec-keys.t line 26.
#                   ''
#     doesn't match '(?^:ASN1 OID: prime256v1)'
Can't open "topenssl.cnf" for reading, No such file or directory
FFFFFFFFFFFFFFFF:error:80000002:system library:BIO_new_file:No such file or directory:/usr/src/crypto/external/bsd/openssl/dist/crypto/bio/bss_file.c:67:calling fopen(topenssl.cnf, r)
FFFFFFFFFFFFFFFF:error:10000080:BIO routines:BIO_new_file:no such file:/usr/src/crypto/external/bsd/openssl/dist/crypto/bio/bss_file.c:75:

#   Failed test 'Digest SHA512 matches'
#   at t/30-ec-keys.t line 24.
#                   ''
#     doesn't match '(?^:ecdsa-with-SHA512)'

#   Failed test 'Digest secp224r1 matches'
#   at t/30-ec-keys.t line 26.
#                   ''
#     doesn't match '(?^:ASN1 OID: secp224r1)'
Can't open "topenssl.cnf" for reading, No such file or directory
FFFFFFFFFFFFFFFF:error:80000002:system library:BIO_new_file:No such file or directory:/usr/src/crypto/external/bsd/openssl/dist/crypto/bio/bss_file.c:67:calling fopen(topenssl.cnf, r)
FFFFFFFFFFFFFFFF:error:10000080:BIO routines:BIO_new_file:no such file:/usr/src/crypto/external/bsd/openssl/dist/crypto/bio/bss_file.c:75:

#   Failed test 'Digest SHA512 matches'
#   at t/30-ec-keys.t line 24.
#                   ''
#     doesn't match '(?^:ecdsa-with-SHA512)'

#   Failed test 'Digest secp256k1 matches'
#   at t/30-ec-keys.t line 26.
#                   ''
#     doesn't match '(?^:ASN1 OID: secp256k1)'
Can't open "topenssl.cnf" for reading, No such file or directory
FFFFFFFFFFFFFFFF:error:80000002:system library:BIO_new_file:No such file or directory:/usr/src/crypto/external/bsd/openssl/dist/crypto/bio/bss_file.c:67:calling fopen(topenssl.cnf, r)
FFFFFFFFFFFFFFFF:error:10000080:BIO routines:BIO_new_file:no such file:/usr/src/crypto/external/bsd/openssl/dist/crypto/bio/bss_file.c:75:

#   Failed test 'Digest SHA512 matches'
#   at t/30-ec-keys.t line 24.
#                   ''
#     doesn't match '(?^:ecdsa-with-SHA512)'

#   Failed test 'Digest secp384r1 matches'
#   at t/30-ec-keys.t line 26.
#                   ''
#     doesn't match '(?^:ASN1 OID: secp384r1)'
Can't open "topenssl.cnf" for reading, No such file or directory
FFFFFFFFFFFFFFFF:error:80000002:system library:BIO_new_file:No such file or directory:/usr/src/crypto/external/bsd/openssl/dist/crypto/bio/bss_file.c:67:calling fopen(topenssl.cnf, r)
FFFFFFFFFFFFFFFF:error:10000080:BIO routines:BIO_new_file:no such file:/usr/src/crypto/external/bsd/openssl/dist/crypto/bio/bss_file.c:75:

#   Failed test 'Digest SHA512 matches'
#   at t/30-ec-keys.t line 24.
#                   ''
#     doesn't match '(?^:ecdsa-with-SHA512)'

#   Failed test 'Digest secp521r1 matches'
#   at t/30-ec-keys.t line 26.
#                   ''
#     doesn't match '(?^:ASN1 OID: secp521r1)'
Can't open "topenssl.cnf" for reading, No such file or directory
FFFFFFFFFFFFFFFF:error:80000002:system library:BIO_new_file:No such file or directory:/usr/src/crypto/external/bsd/openssl/dist/crypto/bio/bss_file.c:67:calling fopen(topenssl.cnf, r)
FFFFFFFFFFFFFFFF:error:10000080:BIO routines:BIO_new_file:no such file:/usr/src/crypto/external/bsd/openssl/dist/crypto/bio/bss_file.c:75:

#   Failed test 'Digest SHA512 matches'
#   at t/30-ec-keys.t line 24.
#                   ''
#     doesn't match '(?^:ecdsa-with-SHA512)'

#   Failed test 'Digest prime256v1 matches'
#   at t/30-ec-keys.t line 26.
#                   ''
#     doesn't match '(?^:ASN1 OID: prime256v1)'
# Looks like you failed 30 tests of 34.
t/30-ec-keys.t .......... 
Dubious, test returned 30 (wstat 7680, 0x1e00)
Failed 30/34 subtests 
t/author-pod-spell.t .... skipped: these tests are for testing by the author
t/author-pod-syntax.t ... skipped: these tests are for testing by the author
-----BEGIN CERTIFICATE REQUEST-----
MIIBPzCBqQIBADAAMIGfMA0GCSqGSIb3DQEBAQUAA4GNADCBiQKBgQCzxrLyi98j
WQBUEpH4gUkdWplRzR0X6f5XgTDjpLgolaT1riAdvCQQgTzX67956k53RNsmlRFo
lX6pIxWuGLOSYxRL7VoEBbkC5utLmfzMjqdYDAD1EnpFk6zkxUXXFk6gYu24frLh
KtotJROc8BDNoUNfiRMZsiKSJP+HOeM2PwIDAQABoAAwDQYJKoZIhvcNAQELBQAD
gYEAlpGNsUHBqONwCROI8AAjTWndpMoZ0UnFnN9D5gy3j7g83h4Q7FaKFsBSi5VF
3/kQwzhbalZiP/ggz+nIajQNtZaT5rAd830STtvTQ+Wnn80djNWtR3L4LE9fkyqt
t5fIDAK3f2LOKulq9+1H0CnuJyQST2dW3lGjEG+2N96vZms=
-----END CERTIFICATE REQUEST-----
-----BEGIN PRIVATE KEY-----
MIICdgIBADANBgkqhkiG9w0BAQEFAASCAmAwggJcAgEAAoGBALPGsvKL3yNZAFQS
kfiBSR1amVHNHRfp/leBMOOkuCiVpPWuIB28JBCBPNfrv3nqTndE2yaVEWiVfqkj
Fa4Ys5JjFEvtWgQFuQLm60uZ/MyOp1gMAPUSekWTrOTFRdcWTqBi7bh+suEq2i0l
E5zwEM2hQ1+JExmyIpIk/4c54zY/AgMBAAECgYArG7NfS8D29emJP2a3QzEoE8h+
AARA7sApdXYmsCHkwXVr4BQdbTbsqkDPud0RO+kS2nT+fHJPNMHJhvs04wFz6sUg
tT+NtU/PggfuFDom/3tXseNIL/abgcYi7Hz+Gh0JUYDHRNRn8dtGWb5Zxw70kKS7
tmxQcHpcAXrN9+830QJBAODFF3JWcrkvexlUYazTQ3Yc65q/smoTSJgkBrYJDosK
uboFfpW2Z4Q48hoNBqd5q/lIS35hwgnXiRWONVe0JikCQQDMwTZMhH0Z8qM41jtb
wJ+Ii97cXPf++LqLh3zYjX3V54+xr5r0/1RkGODoxbo2h2a7p4lYP/Ljyb+s/OtX
VvYnAkA5B0ivpedtvPJKtvIhW2jeavAMT18BMutUTq+1OA8MkCgXXpWDfsg88AXd
PjjV/TT5BrLA2iTVQm5xnadDHV4hAkEArhpEP4AQl/W3UGbphjUd8g9s6teqkAWT
KX2FbOWy8CW8C4yUKGrLqWl2JLeshR1Q/5OPt5h4wbQU5dURj+yD1QJANKmAzVo8
guf1BdAFFQz89b3ecf5CVddlAQ1Fq1a+LcZaciQBq6PyNH97MqMYpQo+4ZXSyRDq
ujPrXzRxkoVHCQ==
-----END PRIVATE KEY-----


Public-Key: (1024 bit)
Modulus:
    00:b3:c6:b2:f2:8b:df:23:59:00:54:12:91:f8:81:
    49:1d:5a:99:51:cd:1d:17:e9:fe:57:81:30:e3:a4:
    b8:28:95:a4:f5:ae:20:1d:bc:24:10:81:3c:d7:eb:
    bf:79:ea:4e:77:44:db:26:95:11:68:95:7e:a9:23:
    15:ae:18:b3:92:63:14:4b:ed:5a:04:05:b9:02:e6:
    eb:4b:99:fc:cc:8e:a7:58:0c:00:f5:12:7a:45:93:
    ac:e4:c5:45:d7:16:4e:a0:62:ed:b8:7e:b2:e1:2a:
    da:2d:25:13:9c:f0:10:cd:a1:43:5f:89:13:19:b2:
    22:92:24:ff:87:39:e3:36:3f
Exponent: 65537 (0x10001)

-----BEGIN CERTIFICATE REQUEST-----
MIIBPzCBqQIBADAAMIGfMA0GCSqGSIb3DQEBAQUAA4GNADCBiQKBgQC0PW2c15++
gtOAEc+CdSY3lo2FDxAAqtSXOrbtlvVxwgOWXSPb/wiuJ1ZP0L8v1xVkqIzSAn5O
9tlj98XUsGTjY3nOtTZBQkZaNpDlOQccC4xnx0OIZszBwTH2RriRZ69ly2+UxwDp
sOoftkG70DMB9X3DGw1EwG85XEz5SKkOaQIDAQABoAAwDQYJKoZIhvcNAQELBQAD
gYEAMvWAwZFyiDnzi5ie17+OP4ymIZh6d/g5W9aYCESy1vXlKEDb9rtY+//qf5/V
AZKBcv0o2ABrXAl7FCpREoxEOLo+rUn6YRT1Wmm9+UbcsaBp8MMmBeG0aX39I1ar
i+ih/h41c6XhBCToVOG245cEZca7UZYML6JEux9g/xKyNZc=
-----END CERTIFICATE REQUEST-----

Public-Key: (1024 bit)
Modulus:
    00:b4:3d:6d:9c:d7:9f:be:82:d3:80:11:cf:82:75:
    26:37:96:8d:85:0f:10:00:aa:d4:97:3a:b6:ed:96:
    f5:71:c2:03:96:5d:23:db:ff:08:ae:27:56:4f:d0:
    bf:2f:d7:15:64:a8:8c:d2:02:7e:4e:f6:d9:63:f7:
    c5:d4:b0:64:e3:63:79:ce:b5:36:41:42:46:5a:36:
    90:e5:39:07:1c:0b:8c:67:c7:43:88:66:cc:c1:c1:
    31:f6:46:b8:91:67:af:65:cb:6f:94:c7:00:e9:b0:
    ea:1f:b6:41:bb:d0:33:01:f5:7d:c3:1b:0d:44:c0:
    6f:39:5c:4c:f9:48:a9:0e:69
Exponent: 65537 (0x10001)

rsa
-----BEGIN PUBLIC KEY-----
MIGfMA0GCSqGSIb3DQEBAQUAA4GNADCBiQKBgQC0PW2c15++gtOAEc+CdSY3lo2F
DxAAqtSXOrbtlvVxwgOWXSPb/wiuJ1ZP0L8v1xVkqIzSAn5O9tlj98XUsGTjY3nO
tTZBQkZaNpDlOQccC4xnx0OIZszBwTH2RriRZ69ly2+UxwDpsOoftkG70DMB9X3D
Gw1EwG85XEz5SKkOaQIDAQAB
-----END PUBLIC KEY-----

-----BEGIN CERTIFICATE REQUEST-----
MIIBPzCBqQIBADAAMIGfMA0GCSqGSIb3DQEBAQUAA4GNADCBiQKBgQDKdyk8MtP9
e7dU4phXvwPxGV53nRKz8YKuV2RhDj6H29wGrJ5mR8U9O5lsL+fEx7ptFgy516LF
7QHw2Rn79zct0+x99xc+uPD8POZlqhEPSKdantC0S/LOsIlttvsrnvD4O8kJ0qzs
tR1SIotiNmHr8LewIV8PkS6iTPG4QhVClwIDAQABoAAwDQYJKoZIhvcNAQEMBQAD
gYEAUohPRlfaGISAsCSu0bCKoWQejpUaGnQb/C+OCabvVNytK80+RTXx/wCB1Dx7
H6Kk1Aeiao+nG2sCNEUyN29c1/lNI+pQkMa9T0FRicy3tWde5Odg1pwmgbFLNw6d
sV3nJL5ln8WRCFreNoMFbF/qvPV3pcrVKQu5uCQbPi3ACGw=
-----END CERTIFICATE REQUEST-----

Public-Key: (1024 bit)
Modulus:
    00:ca:77:29:3c:32:d3:fd:7b:b7:54:e2:98:57:bf:
    03:f1:19:5e:77:9d:12:b3:f1:82:ae:57:64:61:0e:
    3e:87:db:dc:06:ac:9e:66:47:c5:3d:3b:99:6c:2f:
    e7:c4:c7:ba:6d:16:0c:b9:d7:a2:c5:ed:01:f0:d9:
    19:fb:f7:37:2d:d3:ec:7d:f7:17:3e:b8:f0:fc:3c:
    e6:65:aa:11:0f:48:a7:5a:9e:d0:b4:4b:f2:ce:b0:
    89:6d:b6:fb:2b:9e:f0:f8:3b:c9:09:d2:ac:ec:b5:
    1d:52:22:8b:62:36:61:eb:f0:b7:b0:21:5f:0f:91:
    2e:a2:4c:f1:b8:42:15:42:97
Exponent: 65537 (0x10001)

rsa
-----BEGIN PUBLIC KEY-----
MIGfMA0GCSqGSIb3DQEBAQUAA4GNADCBiQKBgQDKdyk8MtP9e7dU4phXvwPxGV53
nRKz8YKuV2RhDj6H29wGrJ5mR8U9O5lsL+fEx7ptFgy516LF7QHw2Rn79zct0+x9
9xc+uPD8POZlqhEPSKdantC0S/LOsIlttvsrnvD4O8kJ0qzstR1SIotiNmHr8Lew
IV8PkS6iTPG4QhVClwIDAQAB
-----END PUBLIC KEY-----

-----BEGIN CERTIFICATE REQUEST-----
MIICJzCCAZACAQAwKTELMAkGA1UEBhMCUk8xDDAKBgNVBAoMA1VUSTEMMAoGA1UE
CwwDc3NpMIGfMA0GCSqGSIb3DQEBAQUAA4GNADCBiQKBgQDUKbw3i3ZsY5msHN13
BaE3tHTtxWsv35gzhzprnLyLQJvkpD67cnndxxRdoSdddHt6aWDsJMjl9X1VqUWr
vjUqOR/g6fFENVadBttkSX0DInMVw+dZMaf3vUfyIkpduz8igsMV7g3Co6xf4ej0
sMI7EblUwfMxr/iETA1RXKlN+wIDAQABoIG9MIG6BgkqhkiG9w0BCQ4xgawwgakw
DgYDVR0PAQH/BAQDAgWgMC4GA1UdJQQnMCUGCCsGAQUFBwMBBglghkgBhvhCBAEG
CisGAQQBgjcKAwMGAisEMBwGA1UdEQQVMBOBEXN0ZXZlQG9wZW5zc2wub3JnMB0G
A1UdDgQWBBRa10MkPrJLEkx7Y/K5y9394Vs5MTAZBgMqAwMEEhYQTXkgbmV3IGV4
dGVuc2lvbjAPBgMqAwQECB4GAGEAYgBjMA0GCSqGSIb3DQEBCwUAA4GBAKxVaP9T
LeGhjqoLOoYpdjzNHAK6Esb5PUZTvyL5rjFjcL4+8dKwtaCBDhYYrcD0Arjoul6L
+fsqx65jCntJpc+uaShIowPdoHfWnNCmvDvJFZrsFcgnI79e0VwN7Bx5ycqKHThb
fJDXFgvK2F2W20EYsg3KQ12fQz+uVNk16Nze
-----END CERTIFICATE REQUEST-----
Public-Key: (1024 bit)
Modulus:
    00:d4:29:bc:37:8b:76:6c:63:99:ac:1c:dd:77:05:
    a1:37:b4:74:ed:c5:6b:2f:df:98:33:87:3a:6b:9c:
    bc:8b:40:9b:e4:a4:3e:bb:72:79:dd:c7:14:5d:a1:
    27:5d:74:7b:7a:69:60:ec:24:c8:e5:f5:7d:55:a9:
    45:ab:be:35:2a:39:1f:e0:e9:f1:44:35:56:9d:06:
    db:64:49:7d:03:22:73:15:c3:e7:59:31:a7:f7:bd:
    47:f2:22:4a:5d:bb:3f:22:82:c3:15:ee:0d:c2:a3:
    ac:5f:e1:e8:f4:b0:c2:3b:11:b9:54:c1:f3:31:af:
    f8:84:4c:0d:51:5c:a9:4d:fb
Exponent: 65537 (0x10001)

-----BEGIN PUBLIC KEY-----
MIGfMA0GCSqGSIb3DQEBAQUAA4GNADCBiQKBgQDUKbw3i3ZsY5msHN13BaE3tHTt
xWsv35gzhzprnLyLQJvkpD67cnndxxRdoSdddHt6aWDsJMjl9X1VqUWrvjUqOR/g
6fFENVadBttkSX0DInMVw+dZMaf3vUfyIkpduz8igsMV7g3Co6xf4ej0sMI7EblU
wfMxr/iETA1RXKlN+wIDAQAB
-----END PUBLIC KEY-----

t/Mytest.t .............. ok
t/release-kwalitee.t .... skipped: these tests are for release candidate testing
t/release-meta-json.t ... skipped: these tests are for release candidate testing

Test Summary Report
-------------------
t/10-rsa-keys.t       (Wstat: 6144 (exited 24) Tests: 27 Failed: 24)
  Failed tests:  2-25
  Non-zero exit status: 24
t/20-ec.t             (Wstat: 3072 (exited 12) Tests: 19 Failed: 12)
  Failed tests:  7-12, 14-19
  Non-zero exit status: 12
t/30-ec-keys.t        (Wstat: 7680 (exited 30) Tests: 34 Failed: 30)
  Failed tests:  2-31
  Non-zero exit status: 30
Files=9, Tests=102,  6 wallclock secs ( 0.03 usr  0.03 sys +  5.14 cusr  0.40 csys =  5.60 CPU)
Result: FAIL
Failed 3/9 test programs. 66/102 subtests failed.
*** Error code 255

Stop.
make: stopped in /home/cpan/.cpan/build/Crypt-OpenSSL-PKCS10-0.34-0

------------------------------
PREREQUISITES
------------------------------

Prerequisite modules loaded:

requires:

    Module                Need  Have    
    --------------------- ----- --------
    Crypt::OpenSSL::RSA   0     0.33    
    Exporter              0     5.78    
    perl                  5.008 5.041009
    XSLoader              0     0.32    

build_requires:

    Module                Need  Have    
    --------------------- ----- --------
    Crypt::OpenSSL::Guess 0.11  0.15    
    Crypt::OpenSSL::RSA   0     0.33    
    File::Slurper         0     0.014   
    File::Spec::Functions 0     3.93    
    File::Temp            0     0.2311  
    Import::Into          0     1.002005
    Test::Lib             0     0.003   
    Test::More            0     1.302209

configure_requires:

    Module                Need  Have    
    --------------------- ----- --------
    Crypt::OpenSSL::Guess 0.11  0.15    
    ExtUtils::MakeMaker   0     7.70    


------------------------------
ENVIRONMENT AND OTHER CONTEXT
------------------------------

Environment variables:

    AUTOMATED_TESTING = 1
    DATE_MANIP_TEST_DM5 = 1
    LC_ALL = C
    NONINTERACTIVE_TESTING = 1
    NO_NETWORK_TESTING = 1
    PATH = /home/cpan/bin/perl/bin:/home/cpan/bin:/home/cpan/bin:/bin:/sbin:/usr/bin:/usr/sbin:/usr/X11R7/bin:/usr/pkg/bin:/usr/pkg/sbin:/usr/games:/usr/local/bin:/usr/local/sbin
    PERL5LIB = 
    PERL5OPT = 
    PERL5_CPANPLUS_IS_RUNNING = 26721
    PERL5_CPAN_IS_RUNNING = 26721
    PERL_MM_USE_DEFAULT = 1
    PERL_USE_UNSAFE_INC = 1
    SHELL = /usr/pkg/bin/bash
    TERM = screen
    TMPDIR = /home/cpan/tmp

Perl special variables (and OS-specific diagnostics, for MSWin32):

    $^X = /home/cpan/bin/perl/bin/perl5.41.9
    $UID/$EUID = 1001 / 1001
    $GID = 100 100
    $EGID = 100 100

Perl module toolchain versions installed:

    Module              Have    
    ------------------- --------
    CPAN                2.38    
    CPAN::Meta          2.150010
    Cwd                 3.92    
    ExtUtils::CBuilder  0.280240
    ExtUtils::Command   7.70    
    ExtUtils::Install   2.22    
    ExtUtils::MakeMaker 7.70    
    ExtUtils::Manifest  1.75    
    ExtUtils::ParseXS   3.57    
    File::Spec          3.93    
    JSON                4.10    
    JSON::PP            4.16    
    Module::Build       0.4234  
    Module::Signature   0.89    
    Parse::CPAN::Meta   2.150010
    Test2               1.302209
    Test::Harness       3.50    
    Test::More          1.302209
    YAML                1.31    
    YAML::Syck          1.34    
    version             0.9933  


--

Summary of my perl5 (revision 5 version 41 subversion 9) configuration:
  Commit id: 87191dc9f4327e8a76c2f941c544725bbe87a373
  Platform:
    osname=netbsd
    osvers=10.0
    archname=amd64-netbsd
    uname='netbsd cjg-netbsd10 10.0 netbsd 10.0 (generic) #0: thu mar 28 08:33:33 utc 2024 mkrepro@mkrepro.netbsd.org:usrsrcsysarchamd64compilegeneric amd64 '
    config_args='-des -Dprefix=/home/cpan/bin/perl -Dscriptdir=/home/cpan/bin/perl/bin -Dusedevel -Duse64bitall'
    hint=recommended
    useposix=true
    d_sigaction=define
    useithreads=undef
    usemultiplicity=undef
    use64bitint=define
    use64bitall=define
    uselongdouble=undef
    usemymalloc=n
    default_inc_excludes_dot=define
  Compiler:
    cc='cc'
    ccflags ='-fwrapv -fno-strict-aliasing -pipe -fstack-protector-strong -I/usr/pkg/include -D_FORTIFY_SOURCE=2'
    optimize='-O'
    cppflags='-fwrapv -fno-strict-aliasing -pipe -fstack-protector-strong -I/usr/pkg/include'
    ccversion=''
    gccversion='10.5.0'
    gccosandvers=''
    intsize=4
    longsize=8
    ptrsize=8
    doublesize=8
    byteorder=12345678
    doublekind=3
    d_longlong=define
    longlongsize=8
    d_longdbl=define
    longdblsize=16
    longdblkind=3
    ivtype='long'
    ivsize=8
    nvtype='double'
    nvsize=8
    Off_t='off_t'
    lseeksize=8
    alignbytes=8
    prototype=define
  Linker and Libraries:
    ld='cc'
    ldflags =' -Wl,-rpath,/usr/pkg/lib -Wl,-rpath,/usr/local/lib -fstack-protector-strong -L/usr/pkg/lib'
    libpth=/usr/lib /usr/pkg/lib /lib
    libs=-lpthread -lm -lcrypt -lutil -lc -lposix
    perllibs=-lpthread -lm -lcrypt -lutil -lc -lposix
    libc=/lib/libc.so
    so=so
    useshrplib=false
    libperl=libperl.a
    gnulibc_version=''
  Dynamic Linking:
    dlsrc=dl_dlopen.xs
    dlext=so
    d_dlsymun=undef
    ccdlflags='-Wl,-E '
    cccdlflags='-DPIC -fPIC '
    lddlflags='-shared  -L/usr/pkg/lib -fstack-protector-strong'


Characteristics of this binary (from libperl): 
  Compile-time options:
    HAS_LONG_DOUBLE
    HAS_STRTOLD
    HAS_TIMES
    PERLIO_LAYERS
    PERL_COPY_ON_WRITE
    PERL_DONT_CREATE_GVSV
    PERL_HASH_FUNC_SIPHASH13
    PERL_HASH_USE_SBOX32
    PERL_MALLOC_WRAP
    PERL_OP_PARENT
    PERL_PRESERVE_IVUV
    PERL_USE_DEVEL
    PERL_USE_SAFE_PUTENV
    USE_64_BIT_ALL
    USE_64_BIT_INT
    USE_LARGE_FILES
    USE_LOCALE
    USE_LOCALE_COLLATE
    USE_LOCALE_CTYPE
    USE_LOCALE_NUMERIC
    USE_LOCALE_TIME
    USE_PERLIO
    USE_PERL_ATOF
  Built under netbsd
  Compiled at Jan 30 2025 22:12:45
  %ENV:
    PERL5LIB=""
    PERL5OPT=""
    PERL5_CPANPLUS_IS_RUNNING="26721"
    PERL5_CPAN_IS_RUNNING="26721"
    PERL_MM_USE_DEFAULT="1"
    PERL_USE_UNSAFE_INC="1"
  @INC:
    /home/cpan/bin/perl/lib/site_perl/5.41.9/amd64-netbsd
    /home/cpan/bin/perl/lib/site_perl/5.41.9
    /home/cpan/bin/perl/lib/5.41.9/amd64-netbsd
    /home/cpan/bin/perl/lib/5.41.9
    .