Net-SAML2 v0.72-TRIAL Perl 5 v5.38.0 RC2 MSWin32-x64-multi-thread

Status
Fail
From
twata
Dist
Net-SAML2 v0.72-TRIAL
Platform
Perl 5 v5.38.0 RC2 MSWin32-x64-multi-thread
Date
2023-07-08 08:09:56
ID
f59e4501-6fe6-1014-88b9-09dfefaa1848
This distribution has been tested as part of the CPAN Testers
project, supporting the Perl programming language.  See
http://wiki.cpantesters.org/ for more information or email
questions to cpan-testers-discuss@perl.org


--
Dear Timothy Legge,

This is a computer-generated report for Net-SAML2-0.72-TRIAL
on perl 5.38.0, created by CPAN-Reporter-1.2019.

Thank you for uploading your work to CPAN.  However, there was a problem
testing your distribution.

If you think this report is invalid, please consult the CPAN Testers Wiki
for suggestions on how to avoid getting FAIL reports for missing library
or binary dependencies, unsupported operating systems, and so on:

http://wiki.cpantesters.org/wiki/CPANAuthorNotes

Sections of this report:

    * Tester comments
    * Program output
    * Prerequisites
    * Environment and other context

------------------------------
TESTER COMMENTS
------------------------------

Additional comments from tester:

none provided

------------------------------
PROGRAM OUTPUT
------------------------------

Output from 'C:\strawberry-perl-5.38.0.1-RC2-64bit-portable\c\bin\gmake.exe test':

"C:\strawberry-perl-5.38.0.1-RC2-64bit-portable\perl\bin\perl.exe" "-MExtUtils::Command::MM" "-MTest::Harness" "-e" "undef *Test::Harness::Switches; test_harness(0, 'blib\lib', 'blib\arch')" t/*.t t/author/*.t
t/00-basic.t ...................................... ok
t/01-create-idp.t ................................. ok
t/02-create-sp.t .................................. ok

#   Failed test 'ct.local is valid now - InResponseTo not Checked'
#   at t/03-assertions.t line 109.
#          got: '0'
#     expected: '1'

#   Failed test 'ct.local is valid now - InResponseTo Checked'
#   at t/03-assertions.t line 110.
#          got: '0'
#     expected: '1'
# Looks like you failed 2 tests of 52.
t/03-assertions.t ................................. 
Dubious, test returned 2 (wstat 512, 0x200)
Failed 2/52 subtests 
t/04-response.t ................................... ok
not verified by x509
t/05-soap-binding.t ............................... ok
t/06-redirect-binding.t ........................... ok
t/07-logout-request.t ............................. ok
t/08-logout-response.t ............................ ok
t/09-authn-request.t .............................. ok
t/10-artifact-resolve.t ........................... ok
t/11-more-metadata.t .............................. ok
t/12-full-client.t ................................ ok
t/13-verify-issues.t .............................. ok
t/15-evil-nameid-and-email-assertion.t ............ ok
t/16-encrypted-assertion.t ........................ ok
t/17-lowercase-url-escaping.t ..................... ok
t/18-metadata-multiple-signing.t .................. ok
t/19-metadata-multiple-signing.t .................. ok
t/20-path-only-redirect.t ......................... ok
t/21-artifact-response.t .......................... ok
t/22-types.t ...................................... ok
t/23-post-binding.t ............................... ok
t/24-assertion-with-encrypted-attribute-values.t .. ok
t/25-verify-authn-post-sign_xml.t ................. ok
t/author-critic.t ................................. skipped: these tests are for testing by the author
t/author-eof.t .................................... skipped: these tests are for testing by the author
t/author-eol.t .................................... skipped: these tests are for testing by the author
t/author-no-tabs.t ................................ skipped: these tests are for testing by the author
t/author-pod-coverage.t ........................... skipped: these tests are for testing by the author
t/author-pod-syntax.t ............................. skipped: these tests are for testing by the author
t/author/01-confirm-schema.t ...................... skipped: Author test skipped
t/author/notabs.t ................................. ok
t/author/pod.t .................................... ok
t/author/podcoverage.t ............................ skipped: these tests are for testing by the author

Test Summary Report
-------------------
t/03-assertions.t                               (Wstat: 512 (exited 2) Tests: 52 Failed: 2)
  Failed tests:  16-17
  Non-zero exit status: 2
Files=35, Tests=473, 55 wallclock secs ( 0.19 usr +  0.09 sys =  0.28 CPU)
Result: FAIL
Failed 1/35 test programs. 2/473 subtests failed.
gmake: *** [makefile:983: test_dynamic] Error 255

------------------------------
PREREQUISITES
------------------------------

Prerequisite modules loaded:

requires:

    Module                        Need  Have    
    ----------------------------- ----- --------
    base                          0     2.27    
    Carp                          0     1.54    
    Crypt::OpenSSL::Bignum        0     0.09    
    Crypt::OpenSSL::Random        0     0.15    
    Crypt::OpenSSL::RSA           0     0.33    
    Crypt::OpenSSL::Verify        0     0.36    
    Crypt::OpenSSL::X509          0     1.915   
    DateTime                      0     1.59    
    DateTime::Format::XSD         0     0.4     
    DateTime::HiRes               0     0.04    
    Digest::MD5                   0     2.58_01 
    Exporter                      0     5.77    
    File::Slurper                 0     0.014   
    HTTP::Request::Common         0     6.44    
    IO::Compress::RawDeflate      0     2.204   
    IO::Uncompress::RawInflate    0     2.204   
    List::Util                    0     1.63    
    LWP::Protocol::https          0     6.10    
    LWP::UserAgent                0     6.71    
    MIME::Base64                  0     3.16_01 
    Moose                         0     2.2203  
    Moose::Role                   0     2.2203  
    MooseX::Types                 0     0.50    
    MooseX::Types::Common::String 0     0.001014
    MooseX::Types::DateTime       0     0.13    
    MooseX::Types::Moose          0     0.50    
    MooseX::Types::URI            0     0.09    
    namespace::autoclean          0     0.29    
    perl                          5.012 5.038000
    strict                        0     1.12    
    Try::Tiny                     0     0.31    
    Types::Serialiser             0     1.01    
    URI                           0     5.19    
    URI::Encode                   0     1.1.1   
    URI::Escape                   0     5.19    
    URI::QueryParam               0     5.19    
    URN::OASIS::SAML2             0.003 0.003   
    vars                          0     1.05    
    warnings                      0     1.65    
    XML::Enc                      0.13  0.13    
    XML::Generator                1.13  1.13    
    XML::LibXML                   0     2.0208  
    XML::LibXML::XPathContext     0     2.0208  
    XML::Sig                      0.64  0.64    

build_requires:

    Module                        Need  Have    
    ----------------------------- ----- --------
    ExtUtils::MakeMaker           0     7.70    
    Import::Into                  0     1.002005
    Path::Tiny                    0     0.144   
    Sub::Override                 0     0.09    
    Test::Deep                    0     1.204   
    Test::Exception               0     0.43    
    Test::Fatal                   0     0.017   
    Test::Lib                     0     0.003   
    Test::Mock::One               0     0.011   
    Test::More                    0     1.302195
    Test::NoTabs                  0     2.02    
    Test::Pod                     1.14  1.52    
    Test::Pod::Coverage           1.04  1.10    
    URI::URL                      0     5.19    
    XML::LibXML::XPathContext     0     2.0208  

configure_requires:

    Module                        Need  Have    
    ----------------------------- ----- --------
    ExtUtils::MakeMaker           0     7.70    


------------------------------
ENVIRONMENT AND OTHER CONTEXT
------------------------------

Environment variables:

    COMSPEC = C:\WINDOWS\system32\cmd.exe
    LC_ALL = C
    NONINTERACTIVE_TESTING = 1
    NUMBER_OF_PROCESSORS = 4
    PATH = C:\strawberry-perl-5.38.0.1-RC2-64bit-portable\perl\site\bin;C:\strawberry-perl-5.38.0.1-RC2-64bit-portable\perl\bin;C:\strawberry-perl-5.38.0.1-RC2-64bit-portable\c\bin;C:\WINDOWS\system32;C:\WINDOWS;C:\WINDOWS\System32\Wbem;C:\WINDOWS\System32\WindowsPowerShell\v1.0
    PERL5LIB = 
    PERL5OPT = 
    PERL5_CPANPLUS_IS_RUNNING = 8728
    PERL5_CPAN_IS_RUNNING = 8728
    PERL_MM_USE_DEFAULT = 1
    PERL_USE_UNSAFE_INC = 1
    PROCESSOR_IDENTIFIER = Intel64 Family 6 Model 58 Stepping 9, GenuineIntel
    TEMP = C:\Users\USER\AppData\Local\Temp
    TERM = dumb

Perl special variables (and OS-specific diagnostics, for MSWin32):

    $^X = C:\strawberry-perl-5.38.0.1-RC2-64bit-portable\perl\bin\perl.exe
    $UID/$EUID = 0 / 0
    $GID = 0
    $EGID = 0
    Win32::GetOSName = Win8.1
    Win32::GetOSVersion = , 6, 3, 9600, 2, 0, 0, 256, 1
    Win32::FsType = NTFS
    Win32::IsAdminUser = 0

Perl module toolchain versions installed:

    Module              Have    
    ------------------- --------
    CPAN                2.36    
    CPAN::Meta          2.150010
    Cwd                 3.89    
    ExtUtils::CBuilder  0.280238
    ExtUtils::Command   7.70    
    ExtUtils::Install   2.22    
    ExtUtils::MakeMaker 7.70    
    ExtUtils::Manifest  1.75    
    ExtUtils::ParseXS   3.51    
    File::Spec          3.88    
    JSON                4.10    
    JSON::PP            4.16    
    Module::Build       0.4234  
    Module::Signature   n/a     
    Parse::CPAN::Meta   2.150010
    Test2               1.302195
    Test::Harness       3.44    
    Test::More          1.302195
    YAML                1.30    
    YAML::Syck          n/a     
    version             0.9929  


--

Summary of my perl5 (revision 5 version 38 subversion 0) configuration:
   
  Platform:
    osname=MSWin32
    osvers=10.0.17763.4499
    archname=MSWin32-x64-multi-thread
    uname='Win32 strawberry-perl 5.38.0.1 # 01:07:30 Mon June 26 2023 x64'
    config_args='undef'
    hint=recommended
    useposix=true
    d_sigaction=undef
    useithreads=define
    usemultiplicity=define
    use64bitint=define
    use64bitall=undef
    uselongdouble=undef
    usemymalloc=n
    default_inc_excludes_dot=define
  Compiler:
    cc='gcc'
    ccflags =' -DWIN32 -DWIN64 -D__USE_MINGW_ANSI_STDIO -DPERL_TEXTMODE_SCRIPTS -DMULTIPLICITY -DPERL_IMPLICIT_SYS -DUSE_PERLIO -D__USE_MINGW_ANSI_STDIO -fwrapv -fno-strict-aliasing -mms-bitfields'
    optimize='-Os'
    cppflags='-DWIN32'
    ccversion=''
    gccversion='13.1.0'
    gccosandvers=''
    intsize=4
    longsize=4
    ptrsize=8
    doublesize=8
    byteorder=12345678
    doublekind=3
    d_longlong=define
    longlongsize=8
    d_longdbl=define
    longdblsize=16
    longdblkind=3
    ivtype='long long'
    ivsize=8
    nvtype='double'
    nvsize=8
    Off_t='long long'
    lseeksize=8
    alignbytes=8
    prototype=define
  Linker and Libraries:
    ld='g++.exe'
    ldflags ='-s -L"C:\strawberry-perl-5.38.0.1-RC2-64bit-portable\perl\lib\CORE" -L"C:\strawberry-perl-5.38.0.1-RC2-64bit-portable\c\lib"'
    libpth=C:\strawberry-perl-5.38.0.1-RC2-64bit-portable\c\lib C:\strawberry-perl-5.38.0.1-RC2-64bit-portable\c\x86_64-w64-mingw32\lib C:\strawberry-perl-5.38.0.1-RC2-64bit-portable\c\lib\gcc\x86_64-w64-mingw32\13.1.0
    libs= -lmoldname -lkernel32 -luser32 -lgdi32 -lwinspool -lcomdlg32 -ladvapi32 -lshell32 -lole32 -loleaut32 -lnetapi32 -luuid -lws2_32 -lmpr -lwinmm -lversion -lodbc32 -lodbccp32 -lcomctl32
    perllibs= -lmoldname -lkernel32 -luser32 -lgdi32 -lwinspool -lcomdlg32 -ladvapi32 -lshell32 -lole32 -loleaut32 -lnetapi32 -luuid -lws2_32 -lmpr -lwinmm -lversion -lodbc32 -lodbccp32 -lcomctl32
    libc=
    so=dll
    useshrplib=true
    libperl=libperl538.a
    gnulibc_version=''
  Dynamic Linking:
    dlsrc=dl_win32.xs
    dlext=xs.dll
    d_dlsymun=undef
    ccdlflags=' '
    cccdlflags=' '
    lddlflags='-mdll -s -L"C:\strawberry-perl-5.38.0.1-RC2-64bit-portable\perl\lib\CORE" -L"C:\strawberry-perl-5.38.0.1-RC2-64bit-portable\c\lib"'


Characteristics of this binary (from libperl): 
  Compile-time options:
    HAS_LONG_DOUBLE
    HAS_TIMES
    HAVE_INTERP_INTERN
    MULTIPLICITY
    PERLIO_LAYERS
    PERL_COPY_ON_WRITE
    PERL_DONT_CREATE_GVSV
    PERL_HASH_FUNC_SIPHASH13
    PERL_HASH_USE_SBOX32
    PERL_IMPLICIT_SYS
    PERL_MALLOC_WRAP
    PERL_OP_PARENT
    PERL_PRESERVE_IVUV
    PERL_USE_SAFE_PUTENV
    USE_64_BIT_INT
    USE_ITHREADS
    USE_LARGE_FILES
    USE_LOCALE
    USE_LOCALE_COLLATE
    USE_LOCALE_CTYPE
    USE_LOCALE_NUMERIC
    USE_LOCALE_TIME
    USE_PERLIO
    USE_PERL_ATOF
  Locally applied patches:
    RC2
  Built under MSWin32
  Compiled at Jun 26 2023 11:08:45
  %ENV:
    PERL5_CPANPLUS_IS_RUNNING="8728"
    PERL5_CPAN_IS_RUNNING="8728"
    PERL_MM_USE_DEFAULT="1"
    PERL_USE_UNSAFE_INC="1"
  @INC:
    C:/strawberry-perl-5.38.0.1-RC2-64bit-portable/perl/site/lib/MSWin32-x64-multi-thread
    C:/strawberry-perl-5.38.0.1-RC2-64bit-portable/perl/site/lib
    C:/strawberry-perl-5.38.0.1-RC2-64bit-portable/perl/vendor/lib
    C:/strawberry-perl-5.38.0.1-RC2-64bit-portable/perl/lib
    .