Syntax-Keyword-Try v0.25 Perl 5 v5.28.0 MSWin32-x86-multi-thread-64int
- Status
- Fail
- From
- Dist
-
Syntax-Keyword-Try v0.25
- Platform
- Perl 5 v5.28.0 MSWin32-x86-multi-thread-64int
- Date
- 2021-07-16 06:52:09
- ID
- f5c852d2-6c0c-1014-af3b-a58cc14c3d8c
This distribution has been tested as part of the CPAN Testers
project, supporting the Perl programming language. See
http://wiki.cpantesters.org/ for more information or email
questions to cpan-testers-discuss@perl.org
--
Dear Paul Evans,
This is a computer-generated report for Syntax-Keyword-Try-0.25
on perl 5.28.0, created by CPAN-Reporter-1.2018.
Thank you for uploading your work to CPAN. However, there was a problem
testing your distribution.
If you think this report is invalid, please consult the CPAN Testers Wiki
for suggestions on how to avoid getting FAIL reports for missing library
or binary dependencies, unsupported operating systems, and so on:
http://wiki.cpantesters.org/wiki/CPANAuthorNotes
Sections of this report:
* Tester comments
* Program output
* Prerequisites
* Environment and other context
------------------------------
TESTER COMMENTS
------------------------------
Additional comments from tester:
none provided
------------------------------
PROGRAM OUTPUT
------------------------------
Output from 'C:\Strawberry\perl\bin\perl.exe ./Build test':
t\00use.t .............. ok
t\01trycatch.t ......... ok
t\02tryfinally.t ....... ok
t\03trycatchfinally.t .. ok
t\04catch-types.t ...... ok
t\10snail.t ............ ok
t\11loop.t ............. ok
t\12return.t ........... ok
t\13die-in-finally.t ... ok
t\14try-localises.t .... ok
t\15context.t .......... ok
t\16final-expr.t ....... ok
t\30compat.t ........... ok
t\70deparse.t .......... ok
# Future::AsyncAwait 0.52, Syntax::Keyword::Try 0.25
t\80await+SKT.t ........ ok
t\80defer+SKT.t ........ skipped: Syntax::Keyword::Defer >= 0.02 is not available
t\90rt123547.t .........
Dubious, test returned 5 (wstat 1280, 0x500)
All 1 subtests passed
t\90rt125971.t ......... ok
t\99pod.t .............. ok
Test Summary Report
-------------------
t\90rt123547.t (Wstat: 1280 Tests: 1 Failed: 0)
Non-zero exit status: 5
Parse errors: No plan found in TAP output
Files=19, Tests=76, 15 wallclock secs ( 0.12 usr + 0.23 sys = 0.36 CPU)
Result: FAIL
Failed 1/19 test programs. 0/76 subtests failed.
------------------------------
PREREQUISITES
------------------------------
Prerequisite modules loaded:
requires:
Module Need Have
--------------------------- ------ --------
perl 5.014 5.028000
XS::Parse::Keyword 0.06 0.10
build_requires:
Module Need Have
--------------------------- ------ --------
ExtUtils::CBuilder 0 0.280231
Test::More 0.88 1.302164
configure_requires:
Module Need Have
--------------------------- ------ --------
Module::Build 0.4004 0.4224
XS::Parse::Keyword::Builder 0.06 0.10
------------------------------
ENVIRONMENT AND OTHER CONTEXT
------------------------------
Environment variables:
COMSPEC = C:\WINDOWS\system32\cmd.exe
NONINTERACTIVE_TESTING = 1
NUMBER_OF_PROCESSORS = 4
PATH = C:\home\garden\perl5\bin;C:\windows\system32;C:\windows;C:\windows\System32\Wbem;C:\windows\System32\WindowsPowerShell\v1.0\;C:\Strawberry\c\bin;C:\Strawberry\perl\site\bin;C:\Strawberry\perl\bin
PERL5LIB = C:\home\garden\perl5\lib\perl5
PERL5OPT =
PERL5_CPANPLUS_IS_RUNNING = 1776
PERL5_CPAN_IS_RUNNING = 1776
PERL_LOCAL_LIB_ROOT = C:\home\garden\perl5
PERL_MB_OPT = --install_base "C:\\home\\garden\\perl5"
PERL_MM_OPT = INSTALL_BASE=C:\\home\\garden\\perl5
PERL_MM_USE_DEFAULT = 1
PERL_USE_UNSAFE_INC = 1
PROCESSOR_IDENTIFIER = x86 Family 6 Model 37 Stepping 5, GenuineIntel
TEMP = C:\Users\user\AppData\Local\Temp
TERM = dumb
Perl special variables (and OS-specific diagnostics, for MSWin32):
$^X = C:\Strawberry\perl\bin\perl.exe
$UID/$EUID = 0 / 0
$GID = 0
$EGID = 0
Win32::GetOSName = Win10
Win32::GetOSVersion = , 10, 0, 19042, 2, 0, 0, 256, 1
Win32::FsType = NTFS
Win32::IsAdminUser = 0
Perl module toolchain versions installed:
Module Have
------------------- --------
CPAN 2.26
CPAN::Meta 2.150010
Cwd 3.75
ExtUtils::CBuilder 0.280231
ExtUtils::Command 7.35_10
ExtUtils::Install 2.14
ExtUtils::MakeMaker 7.35_10
ExtUtils::Manifest 1.72
ExtUtils::ParseXS 3.39
File::Spec 3.75
JSON 4.02
JSON::PP 4.02
Module::Build 0.4224
Module::Signature n/a
Parse::CPAN::Meta 2.150010
Test::Harness 3.42
Test::More 1.302164
YAML 1.27
YAML::Syck 1.31
version 0.9924
--
Summary of my perl5 (revision 5 version 28 subversion 0) configuration:
Platform:
osname=MSWin32
osvers=10.0.17134.112
archname=MSWin32-x86-multi-thread-64int
uname='Win32 strawberry-perl 5.28.0.1 #1 Sat Jun 23 11:54:23 2018 i386'
config_args='undef'
hint=recommended
useposix=true
d_sigaction=undef
useithreads=define
usemultiplicity=define
use64bitint=define
use64bitall=undef
uselongdouble=undef
usemymalloc=n
default_inc_excludes_dot=define
bincompat5005=undef
Compiler:
cc='gcc'
ccflags =' -s -O2 -DWIN32 -D__USE_MINGW_ANSI_STDIO -DPERL_TEXTMODE_SCRIPTS -DPERL_IMPLICIT_CONTEXT -DPERL_IMPLICIT_SYS -DUSE_PERLIO -fwrapv -fno-strict-aliasing -mms-bitfields'
optimize='-s -O2'
cppflags='-DWIN32'
ccversion=''
gccversion='7.1.0'
gccosandvers=''
intsize=4
longsize=4
ptrsize=4
doublesize=8
byteorder=12345678
doublekind=3
d_longlong=define
longlongsize=8
d_longdbl=define
longdblsize=12
longdblkind=3
ivtype='long long'
ivsize=8
nvtype='double'
nvsize=8
Off_t='long long'
lseeksize=8
alignbytes=8
prototype=define
Linker and Libraries:
ld='g++'
ldflags ='-s -L"C:\Strawberry\perl\lib\CORE" -L"C:\Strawberry\c\lib"'
libpth=C:\Strawberry\c\lib C:\Strawberry\c\i686-w64-mingw32\lib C:\Strawberry\c\lib\gcc\i686-w64-mingw32\7.1.0
libs= -lmoldname -lkernel32 -luser32 -lgdi32 -lwinspool -lcomdlg32 -ladvapi32 -lshell32 -lole32 -loleaut32 -lnetapi32 -luuid -lws2_32 -lmpr -lwinmm -lversion -lodbc32 -lodbccp32 -lcomctl32
perllibs= -lmoldname -lkernel32 -luser32 -lgdi32 -lwinspool -lcomdlg32 -ladvapi32 -lshell32 -lole32 -loleaut32 -lnetapi32 -luuid -lws2_32 -lmpr -lwinmm -lversion -lodbc32 -lodbccp32 -lcomctl32
libc=
so=dll
useshrplib=true
libperl=libperl528.a
gnulibc_version=''
Dynamic Linking:
dlsrc=dl_win32.xs
dlext=xs.dll
d_dlsymun=undef
ccdlflags=' '
cccdlflags=' '
lddlflags='-mdll -s -L"C:\Strawberry\perl\lib\CORE" -L"C:\Strawberry\c\lib"'
Characteristics of this binary (from libperl):
Compile-time options:
HAS_TIMES
HAVE_INTERP_INTERN
MULTIPLICITY
PERLIO_LAYERS
PERL_COPY_ON_WRITE
PERL_DONT_CREATE_GVSV
PERL_IMPLICIT_CONTEXT
PERL_IMPLICIT_SYS
PERL_MALLOC_WRAP
PERL_OP_PARENT
PERL_PRESERVE_IVUV
USE_64_BIT_INT
USE_ITHREADS
USE_LARGE_FILES
USE_LOCALE
USE_LOCALE_COLLATE
USE_LOCALE_CTYPE
USE_LOCALE_NUMERIC
USE_LOCALE_TIME
USE_PERLIO
USE_PERL_ATOF
Built under MSWin32
Compiled at Jun 23 2018 11:58:24
%ENV:
PERL5LIB="C:\home\garden\perl5\lib\perl5"
PERL5_CPANPLUS_IS_RUNNING="1776"
PERL5_CPAN_IS_RUNNING="1776"
PERL_LOCAL_LIB_ROOT="C:\home\garden\perl5"
PERL_MB_OPT="--install_base "C:\\home\\garden\\perl5""
PERL_MM_OPT="INSTALL_BASE=C:\\home\\garden\\perl5"
PERL_MM_USE_DEFAULT="1"
PERL_USE_UNSAFE_INC="1"
@INC:
C:\home\garden\perl5\lib\perl5/5.28.0/MSWin32-x86-multi-thread-64int
C:\home\garden\perl5\lib\perl5/5.28.0
C:\home\garden\perl5\lib\perl5/MSWin32-x86-multi-thread-64int
C:\home\garden\perl5\lib\perl5
C:/Strawberry/perl/site/lib
C:/Strawberry/perl/vendor/lib
C:/Strawberry/perl/lib
.