ack vv3.7.0 Perl 5 v5.24.1 i686-linux-thread-multi

Status
Fail
From
Chris Williams (BINGOS)
Dist
ack vv3.7.0
Platform
Perl 5 v5.24.1 i686-linux-thread-multi
Date
2024-09-08 14:23:47
ID
f5f63780-6ded-11ef-98b0-b3c3213a625c
This distribution has been tested as part of the CPAN Testers
project, supporting the Perl programming language.  See
http://wiki.cpantesters.org/ for more information or email
questions to cpan-testers-discuss@perl.org


--

Dear Andy Lester,

This is a computer-generated error report created automatically by
CPANPLUS, version 0.9914. Testers personal comments may appear
at the end of this report.


Thank you for uploading your work to CPAN.  However, it appears that
there were some problems testing your distribution.

TEST RESULTS:

Below is the error stack from stage 'make test':

Manifying 1 pod document
"/home/cpan/pit/thr/perl-5.24.1/bin/perl" t/runtests.pl 0 0 "blib/lib" "blib/arch" t/*.t
Running tests on blib/script/ack, ACK_TEST_STANDALONE=0
# Testing ack v3.7.0 under Perl v5.24.1, /home/cpan/pit/thr/perl-5.24.1/bin/perl
# Using File::Next 1.18
# Using File::Spec 3.75
# Using Getopt::Long 2.48
# Using Pod::Perldoc 3.2503
# Using Pod::Text 4.07
# Using Pod::Usage 1.68
# Using Term::ANSIColor 4.04
# Using Test::Harness 3.48
# Using Test::More 1.302199
# PATH=/home/cpan/pit/thr/conf/perl-5.24.1/.cpanplus/5.24.1/build/wDHcPUhJFp/ack-v3.7.0/blib/script:/usr/local/bin:/usr/bin:/bin:/usr/local/games:/usr/games
t/00-load.t .................. ok
t/ack-1.t .................... ok
t/ack-c.t .................... ok
t/ack-color.t ................ ok
t/ack-column.t ............... ok
t/ack-create-ackrc.t ......... ok
t/ack-dump.t ................. ok
t/ack-f.t .................... ok
t/ack-files-from.t ........... ok
t/ack-g.t .................... ok
t/ack-group.t ................ skipped: You need to install IO::Pty to run this test
t/ack-h.t .................... ok
t/ack-help-types.t ........... ok
t/ack-help.t ................. ok
t/ack-i.t .................... ok
t/ack-ignore-dir.t ........... ok
t/ack-ignore-file.t .......... ok
t/ack-k.t .................... ok
t/ack-l.t .................... ok
t/ack-m.t .................... ok
# 794

#   Failed test 'Manual should be between 900-2000 lines long but is actually 794 long'
#   at t/ack-man.t line 23.
# --man start=[
#   'NAME',
#   '    ack - grep-like text finder',
#   '',
#   'SYNOPSIS',
#   '        ack [options] PATTERN [FILE...]',
#   '        ack -f [options] [DIRECTORY...]',
#   '',
#   'DESCRIPTION',
#   '    ack is designed as an alternative to grep for programmers.',
#   '',
#   '    ack searches the named input FILEs or DIRECTORYs for lines containing a match to the given PATTERN. By default, ack prints the matching lines. If no FILE or DIRECTORY is given, the current directory will be searched.',
#   '',
#   '    PATTERN is a Perl regular expression. Perl regular expressions are commonly found in other programming languages, but for the particulars of their behavior, please consult perlreref <https://perldoc.perl.org/perlreref.html>. If you don\'t know how to use regular',
#   '    expression but are interested in learning, you may consult perlretut <https://perldoc.perl.org/perlretut.html>. If you do not need or want ack to use regular expressions, please see the "-Q"/"--literal" option.',
#   '',
#   '    Ack can also list files that would be searched, without actually searching them, to let you take advantage of ack\'s file-type filtering capabilities.',
#   '',
#   'FILE SELECTION',
#   '    If files are not specified for searching, either on the command line or piped in with the "-x" option, ack delves into subdirectories selecting files for searching.',
#   ''
# ]
# --man end=[
#   '',
#   '    Thanks to everyone who has contributed to ack in any way, including Thomas Gossler, Kieran Mace, Volker Glave, Axel Beckert, Eric Pement, Gabor Szabo, Frieder Bluemle, Grzegorz Kaczmarczyk, Dan Book, Tomasz Konojacki, Salomon Smeke, M. Scott Ford, Anders Eriksson,',
#   '    H.Merijn Brand, Duke Leto, Gerhard Poul, Ethan Mallove, Marek Kubica, Ray Donnelly, Nikolaj Schumacher, Ed Avis, Nick Morrott, Austin Chamberlin, Varadinsky, Sébastien Feugère, Jakub Wilk, Pete Houston, Stephen Thirlwall, Jonah Bishop, Chris Rebert, Denis Howe, Raúl',
#   '    Gundín, James McCoy, Daniel Perrett, Steven Lee, Jonathan Perret, Fraser Tweedale, Raál Gundán, Steffen Jaeckel, Stephan Hohe, Michael Beijen, Alexandr Ciornii, Christian Walde, Charles Lee, Joe McMahon, John Warwick, David Steinbrunner, Kara Martens, Volodymyr',
#   '    Medvid, Ron Savage, Konrad Borowski, Dale Sedivic, Michael McClimon, Andrew Black, Ralph Bodenner, Shaun Patterson, Ryan Olson, Shlomi Fish, Karen Etheridge, Olivier Mengue, Matthew Wild, Scott Kyle, Nick Hooey, Bo Borgerson, Mark Szymanski, Marq Schneider, Packy',
#   '    Anderson, JR Boyens, Dan Sully, Ryan Niebur, Kent Fredric, Mike Morearty, Ingmar Vanhassel, Eric Van Dewoestine, Sitaram Chamarty, Adam James, Richard Carlsson, Pedro Melo, AJ Schuster, Phil Jackson, Michael Schwern, Jan Dubois, Christopher J. Madsen, Matthew',
#   '    Wickline, David Dyck, Jason Porritt, Jjgod Jiang, Thomas Klausner, Uri Guttman, Peter Lewis, Kevin Riggle, Ori Avtalion, Torsten Blix, Nigel Metheringham, Gábor Szabó, Tod Hagan, Michael Hendricks, Ævar Arnfjörð Bjarmason, Piers Cawley, Stephen Steneker, Elias',
#   '    Lutfallah, Mark Leighton Fisher, Matt Diephouse, Christian Jaeger, Bill Sully, Bill Ricker, David Golden, Nilson Santos F. Jr, Elliot Shank, Merijn Broeren, Uwe Voelker, Rick Scott, Ask Bjørn Hansen, Jerry Gay, Will Coleda, Mike O\'Regan, Slaven Rezić, Mark Stosberg,',
#   '    David Alan Pisoni, Adriano Ferreira, James Keenan, Leland Johnson, Ricardo Signes, Pete Krawczyk and Rob Hoelz.',
#   '',
#   'AUTHOR',
#   '    Andy Lester, "<andy at petdance.com>"',
#   '',
#   'COPYRIGHT & LICENSE',
#   '    Copyright 2005-2023 Andy Lester.',
#   '',
#   '    This program is free software; you can redistribute it and/or modify it under the terms of the Artistic License v2.0.',
#   '',
#   '    See https://www.perlfoundation.org/artistic-license-20.html or the LICENSE.md file that comes with the ack distribution.',
#   ''
# ]
# Looks like you failed 1 test of 2.
t/ack-man.t .................. 
Dubious, test returned 1 (wstat 256, 0x100)
Failed 1/2 subtests 
t/ack-match.t ................ ok
t/ack-n.t .................... ok
t/ack-o.t .................... ok
t/ack-output.t ............... ok
t/ack-pager.t ................ skipped: You need to install IO::Pty to run this test
t/ack-passthru.t ............. ok
t/ack-print0.t ............... ok
t/ack-proximate.t ............ ok
t/ack-Q.t .................... ok
t/ack-s.t .................... ok
cannot chdir to child for /tmp/n8lk6_Zuf_/foo: Permission denied at /home/cpan/pit/thr/perl-5.24.1/lib/site_perl/5.24.1/File/Temp.pm line 2643.
cannot remove directory for /tmp/n8lk6_Zuf_: Directory not empty at /home/cpan/pit/thr/perl-5.24.1/lib/site_perl/5.24.1/File/Temp.pm line 2643.
t/ack-show-types.t ........... ok
t/ack-type-del.t ............. ok
t/ack-type.t ................. ok
t/ack-underline.t ............ ok
t/ack-v.t .................... ok
t/ack-version.t .............. ok
t/ack-w.t .................... ok
t/ack-x.t .................... ok
t/anchored.t ................. ok
t/bad-ackrc-opt.t ............ ok
t/basic.t .................... ok
t/command-line-files.t ....... ok
t/config-backwards-compat.t .. ok
t/config-finder.t ............ ok
t/config-loader.t ............ ok
t/context-with-newlines.t .... ok
t/context.t .................. ok
t/default-filter.t ........... ok
t/double-hyphen.t ............ ok
t/empty-lines.t .............. ok
t/exit-code.t ................ ok
t/ext-filter.t ............... ok
t/file-iterator.t ............ ok
t/file-permission.t .......... ok
t/filetype-detection.t ....... ok
t/filetypes.t ................ ok
t/filter.t ................... ok
t/firstlinematch-filter.t .... ok
t/forbidden-options.t ........ ok
t/from-stdin.t ............... ok
t/highlighting.t ............. ok
t/illegal-regex.t ............ ok
t/incomplete-last-line.t ..... ok
t/interactive.t .............. skipped: You need to install IO::Pty to run this test
t/invalid-ackrc.t ............ ok
t/invalid-options.t .......... ok
t/inverted-file-filter.t ..... ok
t/is-filter.t ................ ok
t/line-endings.t ............. ok
t/longopts.t ................. ok
t/lowercase.t ................ ok
t/match-filter.t ............. ok
t/multiple-captures.t ........ ok
t/mutex-options.t ............ ok
t/named-pipes.t .............. ok
t/needs-line-scan.t .......... ok
t/noackrc.t .................. ok
t/noenv.t .................... ok
t/prescan-line-boundaries.t .. ok
t/process-substitution.t ..... ok
t/trailing-whitespace.t ...... ok
t/zero.t ..................... ok

Test Summary Report
-------------------
t/ack-man.t                (Wstat: 256 (exited 1) Tests: 2 Failed: 1)
  Failed test:  1
  Non-zero exit status: 1
Files=83, Tests=921, 54 wallclock secs ( 0.44 usr  0.04 sys + 48.96 cusr  4.83 csys = 54.27 CPU)
Result: FAIL
Failed 1/83 test programs. 1/921 subtests failed.
make: *** [Makefile:1059: test_classic] Error 255


PREREQUISITES:

Here is a list of prerequisites you specified and versions we
managed to load:

	  Module Name                        Have     Want
	  Cwd                                3.75     3.00
	  ExtUtils::MakeMaker                7.70        0
	  File::Basename                     2.85  1.00015
	  File::Next                         1.18     1.18
	  File::Spec                         3.75     3.00
	  File::Temp                       0.2311     0.19
	  Getopt::Long                       2.48     2.38
	  List::Util                      1.42_02        0
	  Pod::Perldoc                    3.25_03     3.20
	  Pod::Text                          4.07        0
	  Pod::Usage                         1.68     1.26
	  Scalar::Util                    1.42_02        0
	  Term::ANSIColor                    4.04     1.10
	  Test::Harness                      3.48     2.50
	  Test::More                     1.302199     0.98
	  Text::ParseWords                   3.30      3.1
	  filetest                           1.03        0
	  if                               0.0606        0
	  parent                            0.234        0
	  version                          0.9932        0

Perl module toolchain versions installed:
	Module Name                        Have
	CPANPLUS                         0.9914
	CPANPLUS::Dist::Build              0.90
	Cwd                                3.75
	ExtUtils::CBuilder             0.280236
	ExtUtils::Command                  7.70
	ExtUtils::Install                  2.22
	ExtUtils::MakeMaker                7.70
	ExtUtils::Manifest                 1.75
	ExtUtils::ParseXS                  3.51
	File::Spec                         3.75
	Module::Build                    0.4234
	Pod::Parser                        1.63
	Pod::Simple                        3.32
	Test2                          1.302199
	Test::Harness                      3.48
	Test::More                     1.302199
	version                          0.9932

******************************** NOTE ********************************
The comments above are created mechanically, possibly without manual
checking by the sender.  As there are many people performing automatic
tests on each upload to CPAN, it is likely that you will receive
identical messages about the same problem.

If you believe that the message is mistaken, please reply to the first
one with correction and/or additional informations, and do not take
it personally.  We appreciate your patience. :)
**********************************************************************

Additional comments:


This report was machine-generated by CPANPLUS::Dist::YACSmoke 1.08.
Powered by minismokebox version 0.68

CPANPLUS is prefering Build.PL

------------------------------
ENVIRONMENT AND OTHER CONTEXT
------------------------------

Environment variables:

    AUTOMATED_TESTING = 1
    LANG = en_GB.UTF-8
    LANGUAGE = en_GB:en
    NONINTERACTIVE_TESTING = 1
    PATH = /home/cpan/pit/thr/conf/perl-5.24.1/.cpanplus/5.24.1/build/wDHcPUhJFp/ack-v3.7.0/blib/script:/usr/local/bin:/usr/bin:/bin:/usr/local/games:/usr/games
    PERL5LIB = /home/cpan/pit/jail/UlrzPQze6T/lib/perl5:/home/cpan/pit/thr/conf/perl-5.24.1/.cpanplus/5.24.1/build/wDHcPUhJFp/ack-v3.7.0/blib/lib:/home/cpan/pit/thr/conf/perl-5.24.1/.cpanplus/5.24.1/build/wDHcPUhJFp/ack-v3.7.0/blib/arch
    PERL5_CPANPLUS_IS_RUNNING = 5948
    PERL5_CPANPLUS_IS_VERSION = 0.9914
    PERL5_MINISMOKEBOX = 0.68
    PERL5_YACSMOKE_BASE = /home/cpan/pit/thr/conf/perl-5.24.1
    PERL_EXTUTILS_AUTOINSTALL = --defaultdeps
    PERL_LOCAL_LIB_ROOT = /home/cpan/pit/jail/UlrzPQze6T
    PERL_MB_OPT = --install_base "/home/cpan/pit/jail/UlrzPQze6T"
    PERL_MM_OPT = INSTALL_BASE=/home/cpan/pit/jail/UlrzPQze6T
    PERL_MM_USE_DEFAULT = 1
    PERL_USE_UNSAFE_INC = 1
    SHELL = /bin/bash
    TERM = screen.xterm-256color

Perl special variables (and OS-specific diagnostics, for MSWin32):

    Perl: $^X = /home/cpan/pit/thr/perl-5.24.1/bin/perl
    UID:  $<  = 1001
    EUID: $>  = 1001
    GID:  $(  = 1001 1001
    EGID: $)  = 1001 1001


-------------------------------


--

Summary of my perl5 (revision 5 version 24 subversion 1) configuration:
   
  Platform:
    osname=linux, osvers=5.10.0-12-686, archname=i686-linux-thread-multi
    uname='linux dagobah 5.10.0-12-686 #1 smp debian 5.10.103-1 (2022-03-07) i686 gnulinux '
    config_args='-des -Dprefix=/home/cpan/pit/thr/perl-5.24.1 -Dusethreads'
    hint=recommended, useposix=true, d_sigaction=define
    useithreads=define, usemultiplicity=define
    use64bitint=undef, use64bitall=undef, uselongdouble=undef
    usemymalloc=n, bincompat5005=undef
  Compiler:
    cc='cc', ccflags ='-D_REENTRANT -D_GNU_SOURCE -fwrapv -fno-strict-aliasing -pipe -fstack-protector-strong -I/usr/local/include -D_LARGEFILE_SOURCE -D_FILE_OFFSET_BITS=64 -D_FORTIFY_SOURCE=2',
    optimize='-O2',
    cppflags='-D_REENTRANT -D_GNU_SOURCE -fwrapv -fno-strict-aliasing -pipe -fstack-protector-strong -I/usr/local/include'
    ccversion='', gccversion='10.2.1 20210110', gccosandvers=''
    intsize=4, longsize=4, ptrsize=4, doublesize=8, byteorder=1234, doublekind=3
    d_longlong=define, longlongsize=8, d_longdbl=define, longdblsize=12, longdblkind=3
    ivtype='long', ivsize=4, nvtype='double', nvsize=8, Off_t='off_t', lseeksize=8
    alignbytes=4, prototype=define
  Linker and Libraries:
    ld='cc', ldflags =' -fstack-protector-strong -L/usr/local/lib'
    libpth=/usr/local/lib /usr/include/i386-linux-gnu /usr/lib /lib/i386-linux-gnu /lib/../lib /usr/lib/i386-linux-gnu /usr/lib/../lib /lib /lib64 /usr/lib64
    libs=-lpthread -lnsl -lgdbm -ldl -lm -lcrypt -lutil -lc
    perllibs=-lpthread -lnsl -ldl -lm -lcrypt -lutil -lc
    libc=libc-2.31.so, so=so, useshrplib=false, libperl=libperl.a
    gnulibc_version='2.31'
  Dynamic Linking:
    dlsrc=dl_dlopen.xs, dlext=so, d_dlsymun=undef, ccdlflags='-Wl,-E'
    cccdlflags='-fPIC', lddlflags='-shared -O2 -L/usr/local/lib -fstack-protector-strong'


Characteristics of this binary (from libperl): 
  Compile-time options: HAS_TIMES MULTIPLICITY PERLIO_LAYERS
                        PERL_COPY_ON_WRITE PERL_DONT_CREATE_GVSV
                        PERL_HASH_FUNC_ONE_AT_A_TIME_HARD
                        PERL_IMPLICIT_CONTEXT PERL_MALLOC_WRAP
                        PERL_PRESERVE_IVUV USE_ITHREADS USE_LARGE_FILES
                        USE_LOCALE USE_LOCALE_COLLATE USE_LOCALE_CTYPE
                        USE_LOCALE_NUMERIC USE_LOCALE_TIME USE_PERLIO
                        USE_PERL_ATOF USE_REENTRANT_API
  Locally applied patches:
	Devel::PatchPerl 2.08
  Built under linux
  Compiled at Mar 18 2022 05:06:08
  %ENV:
    PERL5LIB="/home/cpan/pit/jail/UlrzPQze6T/lib/perl5:/home/cpan/pit/thr/conf/perl-5.24.1/.cpanplus/5.24.1/build/wDHcPUhJFp/ack-v3.7.0/blib/lib:/home/cpan/pit/thr/conf/perl-5.24.1/.cpanplus/5.24.1/build/wDHcPUhJFp/ack-v3.7.0/blib/arch"
    PERL5_CPANPLUS_IS_RUNNING="5948"
    PERL5_CPANPLUS_IS_VERSION="0.9914"
    PERL5_MINISMOKEBOX="0.68"
    PERL5_YACSMOKE_BASE="/home/cpan/pit/thr/conf/perl-5.24.1"
    PERL_EXTUTILS_AUTOINSTALL="--defaultdeps"
    PERL_LOCAL_LIB_ROOT="/home/cpan/pit/jail/UlrzPQze6T"
    PERL_MB_OPT="--install_base "/home/cpan/pit/jail/UlrzPQze6T""
    PERL_MM_OPT="INSTALL_BASE=/home/cpan/pit/jail/UlrzPQze6T"
    PERL_MM_USE_DEFAULT="1"
    PERL_USE_UNSAFE_INC="1"
  @INC:
    /home/cpan/pit/jail/UlrzPQze6T/lib/perl5/5.24.1/i686-linux-thread-multi
    /home/cpan/pit/jail/UlrzPQze6T/lib/perl5/5.24.1
    /home/cpan/pit/jail/UlrzPQze6T/lib/perl5/i686-linux-thread-multi
    /home/cpan/pit/jail/UlrzPQze6T/lib/perl5
    /home/cpan/pit/thr/conf/perl-5.24.1/.cpanplus/5.24.1/build/wDHcPUhJFp/ack-v3.7.0/blib/lib
    /home/cpan/pit/thr/conf/perl-5.24.1/.cpanplus/5.24.1/build/wDHcPUhJFp/ack-v3.7.0/blib/arch
    /home/cpan/pit/thr/perl-5.24.1/lib/site_perl/5.24.1/i686-linux-thread-multi
    /home/cpan/pit/thr/perl-5.24.1/lib/site_perl/5.24.1
    /home/cpan/pit/thr/perl-5.24.1/lib/5.24.1/i686-linux-thread-multi
    /home/cpan/pit/thr/perl-5.24.1/lib/5.24.1
    .