SPVM-Digest-MD5 v0.12 Perl 5 v5.18.0 amd64-freebsd-thread-multi

Status
Fail
From
Chris Williams (BINGOS)
Dist
SPVM-Digest-MD5 v0.12
Platform
Perl 5 v5.18.0 amd64-freebsd-thread-multi
Date
2023-03-21 17:08:12
ID
f661ece4-c80a-11ed-aba6-9a79f339625c
This distribution has been tested as part of the CPAN Testers
project, supporting the Perl programming language.  See
http://wiki.cpantesters.org/ for more information or email
questions to cpan-testers-discuss@perl.org


--

Dear KIMOTO,

This is a computer-generated error report created automatically by
CPANPLUS, version 0.9914. Testers personal comments may appear
at the end of this report.


Thank you for uploading your work to CPAN.  However, it appears that
there were some problems testing your distribution.

TEST RESULTS:

Below is the error stack from stage 'make test':

perl -e "use Config;chdir qq(perl_impl) or die; system(qq(perl Makefile.PL)) == 0 or die;system(qq(make)) == 0 or die;";
Generating a Unix-style Makefile
Writing Makefile for Digest::MD5
Writing MYMETA.yml and MYMETA.json
Skip blib/lib/Digest/MD5.pm (unchanged)
Running Mkbootstrap for MD5 ()
chmod 644 "MD5.bs"
"/usr/local/bin/perl" -MExtUtils::Command::MM -e 'cp_nonempty' -- MD5.bs blib/arch/auto/Digest/MD5/MD5.bs 644
cc -c    -DHAS_FPSETMASK -DHAS_FLOATINGPOINT_H -DUSE_THREAD_SAFE_LOCALE -fno-strict-aliasing -pipe -fstack-protector-strong -I/usr/local/include -O2 -pipe -fstack-protector-strong -fno-strict-aliasing    -DVERSION=\"2.58\"  -DXS_VERSION=\"2.58\" -DPIC -fPIC "-I/usr/local/lib/perl5/5.32/mach/CORE"   MD5.c
In file included from MD5.xs:40:
In file included from /usr/local/lib/perl5/5.32/mach/CORE/perl.h:3921:
In file included from /usr/local/lib/perl5/5.32/mach/CORE/hv.h:663:
In file included from /usr/local/lib/perl5/5.32/mach/CORE/hv_func.h:35:
In file included from /usr/local/lib/perl5/5.32/mach/CORE/sbox32_hash.h:4:
/usr/local/lib/perl5/5.32/mach/CORE/zaphod32_hash.h:150:5: warning: '(' and '{' tokens introducing statement expression appear in different macro expansion contexts [-Wcompound-token-split-by-macro]
    ZAPHOD32_SCRAMBLE32(state[0],0x9fade23b);
    ^~~~~~~~~~~~~~~~~~~~~~~~~~~~~~~~~~~~~~~~
/usr/local/lib/perl5/5.32/mach/CORE/zaphod32_hash.h:80:38: note: expanded from macro 'ZAPHOD32_SCRAMBLE32'
#define ZAPHOD32_SCRAMBLE32(v,prime) STMT_START {  \
                                     ^~~~~~~~~~
/usr/local/lib/perl5/5.32/mach/CORE/perl.h:666:29: note: expanded from macro 'STMT_START'
#   define STMT_START   (void)( /* gcc supports "({ STATEMENTS; })" */
                              ^
/usr/local/lib/perl5/5.32/mach/CORE/zaphod32_hash.h:150:5: note: '{' token is here
    ZAPHOD32_SCRAMBLE32(state[0],0x9fade23b);
    ^~~~~~~~~~~~~~~~~~~~~~~~~~~~~~~~~~~~~~~~
/usr/local/lib/perl5/5.32/mach/CORE/zaphod32_hash.h:80:49: note: expanded from macro 'ZAPHOD32_SCRAMBLE32'
#define ZAPHOD32_SCRAMBLE32(v,prime) STMT_START {  \
                                                ^
/usr/local/lib/perl5/5.32/mach/CORE/zaphod32_hash.h:150:5: warning: '}' and ')' tokens terminating statement expression appear in different macro expansion contexts [-Wcompound-token-split-by-macro]
    ZAPHOD32_SCRAMBLE32(state[0],0x9fade23b);
    ^~~~~~~~~~~~~~~~~~~~~~~~~~~~~~~~~~~~~~~~
/usr/local/lib/perl5/5.32/mach/CORE/zaphod32_hash.h:87:41: note: expanded from macro 'ZAPHOD32_SCRAMBLE32'
    v ^= (v>>23);                       \
                                        ^
/usr/local/lib/perl5/5.32/mach/CORE/zaphod32_hash.h:150:5: note: ')' token is here
    ZAPHOD32_SCRAMBLE32(state[0],0x9fade23b);
    ^~~~~~~~~~~~~~~~~~~~~~~~~~~~~~~~~~~~~~~~
/usr/local/lib/perl5/5.32/mach/CORE/zaphod32_hash.h:88:3: note: expanded from macro 'ZAPHOD32_SCRAMBLE32'
} STMT_END
  ^~~~~~~~
/usr/local/lib/perl5/5.32/mach/CORE/perl.h:667:21: note: expanded from macro 'STMT_END'
#   define STMT_END     )
                        ^
In file included from MD5.xs:40:
In file included from /usr/local/lib/perl5/5.32/mach/CORE/perl.h:3921:
In file included from /usr/local/lib/perl5/5.32/mach/CORE/hv.h:663:
In file included from /usr/local/lib/perl5/5.32/mach/CORE/hv_func.h:35:
In file included from /usr/local/lib/perl5/5.32/mach/CORE/sbox32_hash.h:4:
/usr/local/lib/perl5/5.32/mach/CORE/zaphod32_hash.h:151:5: warning: '(' and '{' tokens introducing statement expression appear in different macro expansion contexts [-Wcompound-token-split-by-macro]
    ZAPHOD32_SCRAMBLE32(state[1],0xaa6f908d);
    ^~~~~~~~~~~~~~~~~~~~~~~~~~~~~~~~~~~~~~~~
/usr/local/lib/perl5/5.32/mach/CORE/zaphod32_hash.h:80:38: note: expanded from macro 'ZAPHOD32_SCRAMBLE32'
#define ZAPHOD32_SCRAMBLE32(v,prime) STMT_START {  \
                                     ^~~~~~~~~~
/usr/local/lib/perl5/5.32/mach/CORE/perl.h:666:29: note: expanded from macro 'STMT_START'
#   define STMT_START   (void)( /* gcc supports "({ STATEMENTS; })" */
                              ^
/usr/local/lib/perl5/5.32/mach/CORE/zaphod32_hash.h:151:5: note: '{' token is here
    ZAPHOD32_SCRAMBLE32(state[1],0xaa6f908d);
    ^~~~~~~~~~~~~~~~~~~~~~~~~~~~~~~~~~~~~~~~
/usr/local/lib/perl5/5.32/mach/CORE/zaphod32_hash.h:80:49: note: expanded from macro 'ZAPHOD32_SCRAMBLE32'
#define ZAPHOD32_SCRAMBLE32(v,prime) STMT_START {  \
                                                ^
/usr/local/lib/perl5/5.32/mach/CORE/zaphod32_hash.h:151:5: warning: '}' and ')' tokens terminating statement expression appear in different macro expansion contexts [-Wcompound-token-split-by-macro]
    ZAPHOD32_SCRAMBLE32(state[1],0xaa6f908d);
    ^~~~~~~~~~~~~~~~~~~~~~~~~~~~~~~~~~~~~~~~
/usr/local/lib/perl5/5.32/mach/CORE/zaphod32_hash.h:87:41: note: expanded from macro 'ZAPHOD32_SCRAMBLE32'
    v ^= (v>>23);                       \
                                        ^
/usr/local/lib/perl5/5.32/mach/CORE/zaphod32_hash.h:151:5: note: ')' token is here
    ZAPHOD32_SCRAMBLE32(state[1],0xaa6f908d);
    ^~~~~~~~~~~~~~~~~~~~~~~~~~~~~~~~~~~~~~~~
/usr/local/lib/perl5/5.32/mach/CORE/zaphod32_hash.h:88:3: note: expanded from macro 'ZAPHOD32_SCRAMBLE32'
} STMT_END
  ^~~~~~~~
/usr/local/lib/perl5/5.32/mach/CORE/perl.h:667:21: note: expanded from macro 'STMT_END'
#   define STMT_END     )
                        ^
In file included from MD5.xs:40:
In file included from /usr/local/lib/perl5/5.32/mach/CORE/perl.h:3921:
In file included from /usr/local/lib/perl5/5.32/mach/CORE/hv.h:663:
In file included from /usr/local/lib/perl5/5.32/mach/CORE/hv_func.h:35:
In file included from /usr/local/lib/perl5/5.32/mach/CORE/sbox32_hash.h:4:
/usr/local/lib/perl5/5.32/mach/CORE/zaphod32_hash.h:152:5: warning: '(' and '{' tokens introducing statement expression appear in different macro expansion contexts [-Wcompound-token-split-by-macro]
    ZAPHOD32_SCRAMBLE32(state[2],0xcdf6b72d);
    ^~~~~~~~~~~~~~~~~~~~~~~~~~~~~~~~~~~~~~~~
/usr/local/lib/perl5/5.32/mach/CORE/zaphod32_hash.h:80:38: note: expanded from macro 'ZAPHOD32_SCRAMBLE32'
#define ZAPHOD32_SCRAMBLE32(v,prime) STMT_START {  \
                                     ^~~~~~~~~~
/usr/local/lib/perl5/5.32/mach/CORE/perl.h:666:29: note: expanded from macro 'STMT_START'
#   define STMT_START   (void)( /* gcc supports "({ STATEMENTS; })" */
                              ^
/usr/local/lib/perl5/5.32/mach/CORE/zaphod32_hash.h:152:5: note: '{' token is here
    ZAPHOD32_SCRAMBLE32(state[2],0xcdf6b72d);
    ^~~~~~~~~~~~~~~~~~~~~~~~~~~~~~~~~~~~~~~~
/usr/local/lib/perl5/5.32/mach/CORE/zaphod32_hash.h:80:49: note: expanded from macro 'ZAPHOD32_SCRAMBLE32'
#define ZAPHOD32_SCRAMBLE32(v,prime) STMT_START {  \
                                                ^
/usr/local/lib/perl5/5.32/mach/CORE/zaphod32_hash.h:152:5: warning: '}' and ')' tokens terminating statement expression appear in different macro expansion contexts [-Wcompound-token-split-by-macro]
    ZAPHOD32_SCRAMBLE32(state[2],0xcdf6b72d);
    ^~~~~~~~~~~~~~~~~~~~~~~~~~~~~~~~~~~~~~~~
/usr/local/lib/perl5/5.32/mach/CORE/zaphod32_hash.h:87:41: note: expanded from macro 'ZAPHOD32_SCRAMBLE32'
    v ^= (v>>23);                       \
                                        ^
/usr/local/lib/perl5/5.32/mach/CORE/zaphod32_hash.h:152:5: note: ')' token is here
    ZAPHOD32_SCRAMBLE32(state[2],0xcdf6b72d);
    ^~~~~~~~~~~~~~~~~~~~~~~~~~~~~~~~~~~~~~~~
/usr/local/lib/perl5/5.32/mach/CORE/zaphod32_hash.h:88:3: note: expanded from macro 'ZAPHOD32_SCRAMBLE32'
} STMT_END
  ^~~~~~~~
/usr/local/lib/perl5/5.32/mach/CORE/perl.h:667:21: note: expanded from macro 'STMT_END'
#   define STMT_END     )
                        ^
In file included from MD5.xs:40:
In file included from /usr/local/lib/perl5/5.32/mach/CORE/perl.h:3921:
In file included from /usr/local/lib/perl5/5.32/mach/CORE/hv.h:663:
In file included from /usr/local/lib/perl5/5.32/mach/CORE/hv_func.h:35:
In file included from /usr/local/lib/perl5/5.32/mach/CORE/sbox32_hash.h:4:
/usr/local/lib/perl5/5.32/mach/CORE/zaphod32_hash.h:156:5: warning: '(' and '{' tokens introducing statement expression appear in different macro expansion contexts [-Wcompound-token-split-by-macro]
    ZAPHOD32_MIX(state[0],state[1],state[2],"ZAPHOD32 SEED-STATE A 1/4");
    ^~~~~~~~~~~~~~~~~~~~~~~~~~~~~~~~~~~~~~~~~~~~~~~~~~~~~~~~~~~~~~~~~~~~
/usr/local/lib/perl5/5.32/mach/CORE/zaphod32_hash.h:116:37: note: expanded from macro 'ZAPHOD32_MIX'
#define ZAPHOD32_MIX(v0,v1,v2,text) STMT_START {                              \
                                    ^~~~~~~~~~
/usr/local/lib/perl5/5.32/mach/CORE/perl.h:666:29: note: expanded from macro 'STMT_START'
#   define STMT_START   (void)( /* gcc supports "({ STATEMENTS; })" */
                              ^
/usr/local/lib/perl5/5.32/mach/CORE/zaphod32_hash.h:156:5: note: '{' token is here
    ZAPHOD32_MIX(state[0],state[1],state[2],"ZAPHOD32 SEED-STATE A 1/4");
    ^~~~~~~~~~~~~~~~~~~~~~~~~~~~~~~~~~~~~~~~~~~~~~~~~~~~~~~~~~~~~~~~~~~~
/usr/local/lib/perl5/5.32/mach/CORE/zaphod32_hash.h:116:48: note: expanded from macro 'ZAPHOD32_MIX'
#define ZAPHOD32_MIX(v0,v1,v2,text) STMT_START {                              \
                                               ^
/usr/local/lib/perl5/5.32/mach/CORE/zaphod32_hash.h:156:5: warning: '}' and ')' tokens terminating statement expression appear in different macro expansion contexts [-Wcompound-token-split-by-macro]
    ZAPHOD32_MIX(state[0],state[1],state[2],"ZAPHOD32 SEED-STATE A 1/4");
    ^~~~~~~~~~~~~~~~~~~~~~~~~~~~~~~~~~~~~~~~~~~~~~~~~~~~~~~~~~~~~~~~~~~~
/usr/local/lib/perl5/5.32/mach/CORE/zaphod32_hash.h:124:32: note: expanded from macro 'ZAPHOD32_MIX'
    v2 = ROTR32(v2, 7) ^ v0;   \
                               ^
/usr/local/lib/perl5/5.32/mach/CORE/zaphod32_hash.h:156:5: note: ')' token is here
    ZAPHOD32_MIX(state[0],state[1],state[2],"ZAPHOD32 SEED-STATE A 1/4");
    ^~~~~~~~~~~~~~~~~~~~~~~~~~~~~~~~~~~~~~~~~~~~~~~~~~~~~~~~~~~~~~~~~~~~
/usr/local/lib/perl5/5.32/mach/CORE/zaphod32_hash.h:125:3: note: expanded from macro 'ZAPHOD32_MIX'
} STMT_END
  ^~~~~~~~
/usr/local/lib/perl5/5.32/mach/CORE/perl.h:667:21: note: expanded from macro 'STMT_END'
#   define STMT_END     )
                        ^
In file included from MD5.xs:40:
In file included from /usr/local/lib/perl5/5.32/mach/CORE/perl.h:3921:
In file included from /usr/local/lib/perl5/5.32/mach/CORE/hv.h:663:
In file included from /usr/local/lib/perl5/5.32/mach/CORE/hv_func.h:35:
In file included from /usr/local/lib/perl5/5.32/mach/CORE/sbox32_hash.h:4:
/usr/local/lib/perl5/5.32/mach/CORE/zaphod32_hash.h:157:5: warning: '(' and '{' tokens introducing statement expression appear in different macro expansion contexts [-Wcompound-token-split-by-macro]
    ZAPHOD32_MIX(state[0],state[1],state[2],"ZAPHOD32 SEED-STATE A 2/4");
    ^~~~~~~~~~~~~~~~~~~~~~~~~~~~~~~~~~~~~~~~~~~~~~~~~~~~~~~~~~~~~~~~~~~~
/usr/local/lib/perl5/5.32/mach/CORE/zaphod32_hash.h:116:37: note: expanded from macro 'ZAPHOD32_MIX'
#define ZAPHOD32_MIX(v0,v1,v2,text) STMT_START {                              \
                                    ^~~~~~~~~~
/usr/local/lib/perl5/5.32/mach/CORE/perl.h:666:29: note: expanded from macro 'STMT_START'
#   define STMT_START   (void)( /* gcc supports "({ STATEMENTS; })" */
                              ^
/usr/local/lib/perl5/5.32/mach/CORE/zaphod32_hash.h:157:5: note: '{' token is here
    ZAPHOD32_MIX(state[0],state[1],state[2],"ZAPHOD32 SEED-STATE A 2/4");
    ^~~~~~~~~~~~~~~~~~~~~~~~~~~~~~~~~~~~~~~~~~~~~~~~~~~~~~~~~~~~~~~~~~~~
/usr/local/lib/perl5/5.32/mach/CORE/zaphod32_hash.h:116:48: note: expanded from macro 'ZAPHOD32_MIX'
#define ZAPHOD32_MIX(v0,v1,v2,text) STMT_START {                              \
                                               ^
/usr/local/lib/perl5/5.32/mach/CORE/zaphod32_hash.h:157:5: warning: '}' and ')' tokens terminating statement expression appear in different macro expansion contexts [-Wcompound-token-split-by-macro]
    ZAPHOD32_MIX(state[0],state[1],state[2],"ZAPHOD32 SEED-STATE A 2/4");
    ^~~~~~~~~~~~~~~~~~~~~~~~~~~~~~~~~~~~~~~~~~~~~~~~~~~~~~~~~~~~~~~~~~~~
/usr/local/lib/perl5/5.32/mach/CORE/zaphod32_hash.h:124:32: note: expanded from macro 'ZAPHOD32_MIX'
    v2 = ROTR32(v2, 7) ^ v0;   \
                               ^
/usr/local/lib/perl5/5.32/mach/CORE/zaphod32_hash.h:157:5: note: ')' token is here
    ZAPHOD32_MIX(state[0],state[1],state[2],"ZAPHOD32 SEED-STATE A 2/4");
    ^~~~~~~~~~~~~~~~~~~~~~~~~~~~~~~~~~~~~~~~~~~~~~~~~~~~~~~~~~~~~~~~~~~~
/usr/local/lib/perl5/5.32/mach/CORE/zaphod32_hash.h:125:3: note: expanded from macro 'ZAPHOD32_MIX'
} STMT_END
  ^~~~~~~~
/usr/local/lib/perl5/5.32/mach/CORE/perl.h:667:21: note: expanded from macro 'STMT_END'
#   define STMT_END     )
                        ^
In file included from MD5.xs:40:
In file included from /usr/local/lib/perl5/5.32/mach/CORE/perl.h:3921:
In file included from /usr/local/lib/perl5/5.32/mach/CORE/hv.h:663:
In file included from /usr/local/lib/perl5/5.32/mach/CORE/hv_func.h:35:
In file included from /usr/local/lib/perl5/5.32/mach/CORE/sbox32_hash.h:4:
/usr/local/lib/perl5/5.32/mach/CORE/zaphod32_hash.h:158:5: warning: '(' and '{' tokens introducing statement expression appear in different macro expansion contexts [-Wcompound-token-split-by-macro]
    ZAPHOD32_MIX(state[0],state[1],state[2],"ZAPHOD32 SEED-STATE A 3/4");
    ^~~~~~~~~~~~~~~~~~~~~~~~~~~~~~~~~~~~~~~~~~~~~~~~~~~~~~~~~~~~~~~~~~~~
/usr/local/lib/perl5/5.32/mach/CORE/zaphod32_hash.h:116:37: note: expanded from macro 'ZAPHOD32_MIX'
#define ZAPHOD32_MIX(v0,v1,v2,text) STMT_START {                              \
                                    ^~~~~~~~~~
/usr/local/lib/perl5/5.32/mach/CORE/perl.h:666:29: note: expanded from macro 'STMT_START'
#   define STMT_START   (void)( /* gcc supports "({ STATEMENTS; })" */
                              ^
/usr/local/lib/perl5/5.32/mach/CORE/zaphod32_hash.h:158:5: note: '{' token is here
    ZAPHOD32_MIX(state[0],state[1],state[2],"ZAPHOD32 SEED-STATE A 3/4");
    ^~~~~~~~~~~~~~~~~~~~~~~~~~~~~~~~~~~~~~~~~~~~~~~~~~~~~~~~~~~~~~~~~~~~
/usr/local/lib/perl5/5.32/mach/CORE/zaphod32_hash.h:116:48: note: expanded from macro 'ZAPHOD32_MIX'
#define ZAPHOD32_MIX(v0,v1,v2,text) STMT_START {                              \
                                               ^
/usr/local/lib/perl5/5.32/mach/CORE/zaphod32_hash.h:158:5: warning: '}' and ')' tokens terminating statement expression appear in different macro expansion contexts [-Wcompound-token-split-by-macro]
    ZAPHOD32_MIX(state[0],state[1],state[2],"ZAPHOD32 SEED-STATE A 3/4");
    ^~~~~~~~~~~~~~~~~~~~~~~~~~~~~~~~~~~~~~~~~~~~~~~~~~~~~~~~~~~~~~~~~~~~
/usr/local/lib/perl5/5.32/mach/CORE/zaphod32_hash.h:124:32: note: expanded from macro 'ZAPHOD32_MIX'
    v2 = ROTR32(v2, 7) ^ v0;   \
                               ^
/usr/local/lib/perl5/5.32/mach/CORE/zaphod32_hash.h:158:5: note: ')' token is here
    ZAPHOD32_MIX(state[0],state[1],state[2],"ZAPHOD32 SEED-STATE A 3/4");
    ^~~~~~~~~~~~~~~~~~~~~~~~~~~~~~~~~~~~~~~~~~~~~~~~~~~~~~~~~~~~~~~~~~~~
/usr/local/lib/perl5/5.32/mach/CORE/zaphod32_hash.h:125:3: note: expanded from macro 'ZAPHOD32_MIX'
} STMT_END
  ^~~~~~~~
/usr/local/lib/perl5/5.32/mach/CORE/perl.h:667:21: note: expanded from macro 'STMT_END'
#   define STMT_END     )
                        ^
In file included from MD5.xs:40:
In file included from /usr/local/lib/perl5/5.32/mach/CORE/perl.h:3921:
In file included from /usr/local/lib/perl5/5.32/mach/CORE/hv.h:663:
In file included from /usr/local/lib/perl5/5.32/mach/CORE/hv_func.h:35:
In file included from /usr/local/lib/perl5/5.32/mach/CORE/sbox32_hash.h:4:
/usr/local/lib/perl5/5.32/mach/CORE/zaphod32_hash.h:159:5: warning: '(' and '{' tokens introducing statement expression appear in different macro expansion contexts [-Wcompound-token-split-by-macro]
    ZAPHOD32_MIX(state[0],state[1],state[2],"ZAPHOD32 SEED-STATE A 4/4");
    ^~~~~~~~~~~~~~~~~~~~~~~~~~~~~~~~~~~~~~~~~~~~~~~~~~~~~~~~~~~~~~~~~~~~
/usr/local/lib/perl5/5.32/mach/CORE/zaphod32_hash.h:116:37: note: expanded from macro 'ZAPHOD32_MIX'
#define ZAPHOD32_MIX(v0,v1,v2,text) STMT_START {                              \
                                    ^~~~~~~~~~
/usr/local/lib/perl5/5.32/mach/CORE/perl.h:666:29: note: expanded from macro 'STMT_START'
#   define STMT_START   (void)( /* gcc supports "({ STATEMENTS; })" */
                              ^
/usr/local/lib/perl5/5.32/mach/CORE/zaphod32_hash.h:159:5: note: '{' token is here
    ZAPHOD32_MIX(state[0],state[1],state[2],"ZAPHOD32 SEED-STATE A 4/4");
    ^~~~~~~~~~~~~~~~~~~~~~~~~~~~~~~~~~~~~~~~~~~~~~~~~~~~~~~~~~~~~~~~~~~~
/usr/local/lib/perl5/5.32/mach/CORE/zaphod32_hash.h:116:48: note: expanded from macro 'ZAPHOD32_MIX'
#define ZAPHOD32_MIX(v0,v1,v2,text) STMT_START {                              \
                                               ^
/usr/local/lib/perl5/5.32/mach/CORE/zaphod32_hash.h:159:5: warning: '}' and ')' tokens terminating statement expression appear in different macro expansion contexts [-Wcompound-token-split-by-macro]
    ZAPHOD32_MIX(state[0],state[1],state[2],"ZAPHOD32 SEED-STATE A 4/4");
    ^~~~~~~~~~~~~~~~~~~~~~~~~~~~~~~~~~~~~~~~~~~~~~~~~~~~~~~~~~~~~~~~~~~~
/usr/local/lib/perl5/5.32/mach/CORE/zaphod32_hash.h:124:32: note: expanded from macro 'ZAPHOD32_MIX'
    v2 = ROTR32(v2, 7) ^ v0;   \
                               ^
/usr/local/lib/perl5/5.32/mach/CORE/zaphod32_hash.h:159:5: note: ')' token is here
    ZAPHOD32_MIX(state[0],state[1],state[2],"ZAPHOD32 SEED-STATE A 4/4");
    ^~~~~~~~~~~~~~~~~~~~~~~~~~~~~~~~~~~~~~~~~~~~~~~~~~~~~~~~~~~~~~~~~~~~
/usr/local/lib/perl5/5.32/mach/CORE/zaphod32_hash.h:125:3: note: expanded from macro 'ZAPHOD32_MIX'
} STMT_END
  ^~~~~~~~
/usr/local/lib/perl5/5.32/mach/CORE/perl.h:667:21: note: expanded from macro 'STMT_END'
#   define STMT_END     )
                        ^
In file included from MD5.xs:40:
In file included from /usr/local/lib/perl5/5.32/mach/CORE/perl.h:3921:
In file included from /usr/local/lib/perl5/5.32/mach/CORE/hv.h:663:
In file included from /usr/local/lib/perl5/5.32/mach/CORE/hv_func.h:35:
In file included from /usr/local/lib/perl5/5.32/mach/CORE/sbox32_hash.h:4:
/usr/local/lib/perl5/5.32/mach/CORE/zaphod32_hash.h:162:5: warning: '(' and '{' tokens introducing statement expression appear in different macro expansion contexts [-Wcompound-token-split-by-macro]
    ZAPHOD32_SCRAMBLE32(state[0],0xc95d22a9);
    ^~~~~~~~~~~~~~~~~~~~~~~~~~~~~~~~~~~~~~~~
/usr/local/lib/perl5/5.32/mach/CORE/zaphod32_hash.h:80:38: note: expanded from macro 'ZAPHOD32_SCRAMBLE32'
#define ZAPHOD32_SCRAMBLE32(v,prime) STMT_START {  \
                                     ^~~~~~~~~~
/usr/local/lib/perl5/5.32/mach/CORE/perl.h:666:29: note: expanded from macro 'STMT_START'
#   define STMT_START   (void)( /* gcc supports "({ STATEMENTS; })" */
                              ^
/usr/local/lib/perl5/5.32/mach/CORE/zaphod32_hash.h:162:5: note: '{' token is here
    ZAPHOD32_SCRAMBLE32(state[0],0xc95d22a9);
    ^~~~~~~~~~~~~~~~~~~~~~~~~~~~~~~~~~~~~~~~
/usr/local/lib/perl5/5.32/mach/CORE/zaphod32_hash.h:80:49: note: expanded from macro 'ZAPHOD32_SCRAMBLE32'
#define ZAPHOD32_SCRAMBLE32(v,prime) STMT_START {  \
                                                ^
/usr/local/lib/perl5/5.32/mach/CORE/zaphod32_hash.h:162:5: warning: '}' and ')' tokens terminating statement expression appear in different macro expansion contexts [-Wcompound-token-split-by-macro]
    ZAPHOD32_SCRAMBLE32(state[0],0xc95d22a9);
    ^~~~~~~~~~~~~~~~~~~~~~~~~~~~~~~~~~~~~~~~
/usr/local/lib/perl5/5.32/mach/CORE/zaphod32_hash.h:87:41: note: expanded from macro 'ZAPHOD32_SCRAMBLE32'
    v ^= (v>>23);                       \
                                        ^
/usr/local/lib/perl5/5.32/mach/CORE/zaphod32_hash.h:162:5: note: ')' token is here
    ZAPHOD32_SCRAMBLE32(state[0],0xc95d22a9);
    ^~~~~~~~~~~~~~~~~~~~~~~~~~~~~~~~~~~~~~~~
/usr/local/lib/perl5/5.32/mach/CORE/zaphod32_hash.h:88:3: note: expanded from macro 'ZAPHOD32_SCRAMBLE32'
} STMT_END
  ^~~~~~~~
/usr/local/lib/perl5/5.32/mach/CORE/perl.h:667:21: note: expanded from macro 'STMT_END'
#   define STMT_END     )
                        ^
In file included from MD5.xs:40:
In file included from /usr/local/lib/perl5/5.32/mach/CORE/perl.h:3921:
In file included from /usr/local/lib/perl5/5.32/mach/CORE/hv.h:663:
In file included from /usr/local/lib/perl5/5.32/mach/CORE/hv_func.h:35:
In file included from /usr/local/lib/perl5/5.32/mach/CORE/sbox32_hash.h:4:
/usr/local/lib/perl5/5.32/mach/CORE/zaphod32_hash.h:163:5: warning: '(' and '{' tokens introducing statement expression appear in different macro expansion contexts [-Wcompound-token-split-by-macro]
    ZAPHOD32_SCRAMBLE32(state[1],0x8497242b);
    ^~~~~~~~~~~~~~~~~~~~~~~~~~~~~~~~~~~~~~~~
/usr/local/lib/perl5/5.32/mach/CORE/zaphod32_hash.h:80:38: note: expanded from macro 'ZAPHOD32_SCRAMBLE32'
#define ZAPHOD32_SCRAMBLE32(v,prime) STMT_START {  \
                                     ^~~~~~~~~~
/usr/local/lib/perl5/5.32/mach/CORE/perl.h:666:29: note: expanded from macro 'STMT_START'
#   define STMT_START   (void)( /* gcc supports "({ STATEMENTS; })" */
                              ^
/usr/local/lib/perl5/5.32/mach/CORE/zaphod32_hash.h:163:5: note: '{' token is here
    ZAPHOD32_SCRAMBLE32(state[1],0x8497242b);
    ^~~~~~~~~~~~~~~~~~~~~~~~~~~~~~~~~~~~~~~~
/usr/local/lib/perl5/5.32/mach/CORE/zaphod32_hash.h:80:49: note: expanded from macro 'ZAPHOD32_SCRAMBLE32'
#define ZAPHOD32_SCRAMBLE32(v,prime) STMT_START {  \
                                                ^
/usr/local/lib/perl5/5.32/mach/CORE/zaphod32_hash.h:163:5: warning: '}' and ')' tokens terminating statement expression appear in different macro expansion contexts [-Wcompound-token-split-by-macro]
    ZAPHOD32_SCRAMBLE32(state[1],0x8497242b);
    ^~~~~~~~~~~~~~~~~~~~~~~~~~~~~~~~~~~~~~~~
/usr/local/lib/perl5/5.32/mach/CORE/zaphod32_hash.h:87:41: note: expanded from macro 'ZAPHOD32_SCRAMBLE32'
    v ^= (v>>23);                       \
                                        ^
/usr/local/lib/perl5/5.32/mach/CORE/zaphod32_hash.h:163:5: note: ')' token is here
    ZAPHOD32_SCRAMBLE32(state[1],0x8497242b);
    ^~~~~~~~~~~~~~~~~~~~~~~~~~~~~~~~~~~~~~~~
/usr/local/lib/perl5/5.32/mach/CORE/zaphod32_hash.h:88:3: note: expanded from macro 'ZAPHOD32_SCRAMBLE32'
} STMT_END
  ^~~~~~~~
/usr/local/lib/perl5/5.32/mach/CORE/perl.h:667:21: note: expanded from macro 'STMT_END'
#   define STMT_END     )
                        ^
In file included from MD5.xs:40:
In file included from /usr/local/lib/perl5/5.32/mach/CORE/perl.h:3921:
In file included from /usr/local/lib/perl5/5.32/mach/CORE/hv.h:663:
In file included from /usr/local/lib/perl5/5.32/mach/CORE/hv_func.h:35:
In file included from /usr/local/lib/perl5/5.32/mach/CORE/sbox32_hash.h:4:
/usr/local/lib/perl5/5.32/mach/CORE/zaphod32_hash.h:164:5: warning: '(' and '{' tokens introducing statement expression appear in different macro expansion contexts [-Wcompound-token-split-by-macro]
    ZAPHOD32_SCRAMBLE32(state[2],0x9c5cc4e9);
    ^~~~~~~~~~~~~~~~~~~~~~~~~~~~~~~~~~~~~~~~
/usr/local/lib/perl5/5.32/mach/CORE/zaphod32_hash.h:80:38: note: expanded from macro 'ZAPHOD32_SCRAMBLE32'
#define ZAPHOD32_SCRAMBLE32(v,prime) STMT_START {  \
                                     ^~~~~~~~~~
/usr/local/lib/perl5/5.32/mach/CORE/perl.h:666:29: note: expanded from macro 'STMT_START'
#   define STMT_START   (void)( /* gcc supports "({ STATEMENTS; })" */
                              ^
/usr/local/lib/perl5/5.32/mach/CORE/zaphod32_hash.h:164:5: note: '{' token is here
    ZAPHOD32_SCRAMBLE32(state[2],0x9c5cc4e9);
    ^~~~~~~~~~~~~~~~~~~~~~~~~~~~~~~~~~~~~~~~
/usr/local/lib/perl5/5.32/mach/CORE/zaphod32_hash.h:80:49: note: expanded from macro 'ZAPHOD32_SCRAMBLE32'
#define ZAPHOD32_SCRAMBLE32(v,prime) STMT_START {  \
                                                ^
/usr/local/lib/perl5/5.32/mach/CORE/zaphod32_hash.h:164:5: warning: '}' and ')' tokens terminating statement expression appear in different macro expansion contexts [-Wcompound-token-split-by-macro]
    ZAPHOD32_SCRAMBLE32(state[2],0x9c5cc4e9);
    ^~~~~~~~~~~~~~~~~~~~~~~~~~~~~~~~~~~~~~~~
/usr/local/lib/perl5/5.32/mach/CORE/zaphod32_hash.h:87:41: note: expanded from macro 'ZAPHOD32_SCRAMBLE32'
    v ^= (v>>23);                       \
                                        ^
/usr/local/lib/perl5/5.32/mach/CORE/zaphod32_hash.h:164:5: note: ')' token is here
    ZAPHOD32_SCRAMBLE32(state[2],0x9c5cc4e9);
    ^~~~~~~~~~~~~~~~~~~~~~~~~~~~~~~~~~~~~~~~
/usr/local/lib/perl5/5.32/mach/CORE/zaphod32_hash.h:88:3: note: expanded from macro 'ZAPHOD32_SCRAMBLE32'
} STMT_END
  ^~~~~~~~
/usr/local/lib/perl5/5.32/mach/CORE/perl.h:667:21: note: expanded from macro 'STMT_END'
#   define STMT_END     )
                        ^
In file included from MD5.xs:40:
In file included from /usr/local/lib/perl5/5.32/mach/CORE/perl.h:3921:
In file included from /usr/local/lib/perl5/5.32/mach/CORE/hv.h:663:
In file included from /usr/local/lib/perl5/5.32/mach/CORE/hv_func.h:35:
In file included from /usr/local/lib/perl5/5.32/mach/CORE/sbox32_hash.h:4:
/usr/local/lib/perl5/5.32/mach/CORE/zaphod32_hash.h:167:5: warning: '(' and '{' tokens introducing statement expression appear in different macro expansion contexts [-Wcompound-token-split-by-macro]
    ZAPHOD32_MIX(state[0],state[1],state[2],"ZAPHOD32 SEED-STATE B 1/5");
    ^~~~~~~~~~~~~~~~~~~~~~~~~~~~~~~~~~~~~~~~~~~~~~~~~~~~~~~~~~~~~~~~~~~~
/usr/local/lib/perl5/5.32/mach/CORE/zaphod32_hash.h:116:37: note: expanded from macro 'ZAPHOD32_MIX'
#define ZAPHOD32_MIX(v0,v1,v2,text) STMT_START {                              \
                                    ^~~~~~~~~~
/usr/local/lib/perl5/5.32/mach/CORE/perl.h:666:29: note: expanded from macro 'STMT_START'
#   define STMT_START   (void)( /* gcc supports "({ STATEMENTS; })" */
                              ^
/usr/local/lib/perl5/5.32/mach/CORE/zaphod32_hash.h:167:5: note: '{' token is here
    ZAPHOD32_MIX(state[0],state[1],state[2],"ZAPHOD32 SEED-STATE B 1/5");
    ^~~~~~~~~~~~~~~~~~~~~~~~~~~~~~~~~~~~~~~~~~~~~~~~~~~~~~~~~~~~~~~~~~~~
/usr/local/lib/perl5/5.32/mach/CORE/zaphod32_hash.h:116:48: note: expanded from macro 'ZAPHOD32_MIX'
#define ZAPHOD32_MIX(v0,v1,v2,text) STMT_START {                              \
                                               ^
/usr/local/lib/perl5/5.32/mach/CORE/zaphod32_hash.h:167:5: warning: '}' and ')' tokens terminating statement expression appear in different macro expansion contexts [-Wcompound-token-split-by-macro]
    ZAPHOD32_MIX(state[0],state[1],state[2],"ZAPHOD32 SEED-STATE B 1/5");
    ^~~~~~~~~~~~~~~~~~~~~~~~~~~~~~~~~~~~~~~~~~~~~~~~~~~~~~~~~~~~~~~~~~~~
/usr/local/lib/perl5/5.32/mach/CORE/zaphod32_hash.h:124:32: note: expanded from macro 'ZAPHOD32_MIX'
    v2 = ROTR32(v2, 7) ^ v0;   \
                               ^
/usr/local/lib/perl5/5.32/mach/CORE/zaphod32_hash.h:167:5: note: ')' token is here
    ZAPHOD32_MIX(state[0],state[1],state[2],"ZAPHOD32 SEED-STATE B 1/5");
    ^~~~~~~~~~~~~~~~~~~~~~~~~~~~~~~~~~~~~~~~~~~~~~~~~~~~~~~~~~~~~~~~~~~~
/usr/local/lib/perl5/5.32/mach/CORE/zaphod32_hash.h:125:3: note: expanded from macro 'ZAPHOD32_MIX'
} STMT_END
  ^~~~~~~~
/usr/local/lib/perl5/5.32/mach/CORE/perl.h:667:21: note: expanded from macro 'STMT_END'
#   define STMT_END     )
                        ^
In file included from MD5.xs:40:
In file included from /usr/local/lib/perl5/5.32/mach/CORE/perl.h:3921:
In file included from /usr/local/lib/perl5/5.32/mach/CORE/hv.h:663:
In file included from /usr/local/lib/perl5/5.32/mach/CORE/hv_func.h:35:
In file included from /usr/local/lib/perl5/5.32/mach/CORE/sbox32_hash.h:4:
/usr/local/lib/perl5/5.32/mach/CORE/zaphod32_hash.h:168:5: warning: '(' and '{' tokens introducing statement expression appear in different macro expansion contexts [-Wcompound-token-split-by-macro]
    ZAPHOD32_MIX(state[0],state[1],state[2],"ZAPHOD32 SEED-STATE B 2/5");
    ^~~~~~~~~~~~~~~~~~~~~~~~~~~~~~~~~~~~~~~~~~~~~~~~~~~~~~~~~~~~~~~~~~~~
/usr/local/lib/perl5/5.32/mach/CORE/zaphod32_hash.h:116:37: note: expanded from macro 'ZAPHOD32_MIX'
#define ZAPHOD32_MIX(v0,v1,v2,text) STMT_START {                              \
                                    ^~~~~~~~~~
/usr/local/lib/perl5/5.32/mach/CORE/perl.h:666:29: note: expanded from macro 'STMT_START'
#   define STMT_START   (void)( /* gcc supports "({ STATEMENTS; })" */
                              ^
/usr/local/lib/perl5/5.32/mach/CORE/zaphod32_hash.h:168:5: note: '{' token is here
    ZAPHOD32_MIX(state[0],state[1],state[2],"ZAPHOD32 SEED-STATE B 2/5");
    ^~~~~~~~~~~~~~~~~~~~~~~~~~~~~~~~~~~~~~~~~~~~~~~~~~~~~~~~~~~~~~~~~~~~
/usr/local/lib/perl5/5.32/mach/CORE/zaphod32_hash.h:116:48: note: expanded from macro 'ZAPHOD32_MIX'
#define ZAPHOD32_MIX(v0,v1,v2,text) STMT_START {                              \
                                               ^
/usr/local/lib/perl5/5.32/mach/CORE/zaphod32_hash.h:168:5: warning: '}' and ')' tokens terminating statement expression appear in different macro expansion contexts [-Wcompound-token-split-by-macro]
    ZAPHOD32_MIX(state[0],state[1],state[2],"ZAPHOD32 SEED-STATE B 2/5");
    ^~~~~~~~~~~~~~~~~~~~~~~~~~~~~~~~~~~~~~~~~~~~~~~~~~~~~~~~~~~~~~~~~~~~
/usr/local/lib/perl5/5.32/mach/CORE/zaphod32_hash.h:124:32: note: expanded from macro 'ZAPHOD32_MIX'
    v2 = ROTR32(v2, 7) ^ v0;   \
                               ^
/usr/local/lib/perl5/5.32/mach/CORE/zaphod32_hash.h:168:5: note: ')' token is here
    ZAPHOD32_MIX(state[0],state[1],state[2],"ZAPHOD32 SEED-STATE B 2/5");
    ^~~~~~~~~~~~~~~~~~~~~~~~~~~~~~~~~~~~~~~~~~~~~~~~~~~~~~~~~~~~~~~~~~~~
/usr/local/lib/perl5/5.32/mach/CORE/zaphod32_hash.h:125:3: note: expanded from macro 'ZAPHOD32_MIX'
} STMT_END
  ^~~~~~~~
/usr/local/lib/perl5/5.32/mach/CORE/perl.h:667:21: note: expanded from macro 'STMT_END'
#   define STMT_END     )
                        ^
In file included from MD5.xs:40:
In file included from /usr/local/lib/perl5/5.32/mach/CORE/perl.h:3921:
In file included from /usr/local/lib/perl5/5.32/mach/CORE/hv.h:663:
In file included from /usr/local/lib/perl5/5.32/mach/CORE/hv_func.h:35:
In file included from /usr/local/lib/perl5/5.32/mach/CORE/sbox32_hash.h:4:
/usr/local/lib/perl5/5.32/mach/CORE/zaphod32_hash.h:169:5: warning: '(' and '{' tokens introducing statement expression appear in different macro expansion contexts [-Wcompound-token-split-by-macro]
    ZAPHOD32_MIX(state[0],state[1],state[2],"ZAPHOD32 SEED-STATE B 3/5");
    ^~~~~~~~~~~~~~~~~~~~~~~~~~~~~~~~~~~~~~~~~~~~~~~~~~~~~~~~~~~~~~~~~~~~
/usr/local/lib/perl5/5.32/mach/CORE/zaphod32_hash.h:116:37: note: expanded from macro 'ZAPHOD32_MIX'
#define ZAPHOD32_MIX(v0,v1,v2,text) STMT_START {                              \
                                    ^~~~~~~~~~
/usr/local/lib/perl5/5.32/mach/CORE/perl.h:666:29: note: expanded from macro 'STMT_START'
#   define STMT_START   (void)( /* gcc supports "({ STATEMENTS; })" */
                              ^
/usr/local/lib/perl5/5.32/mach/CORE/zaphod32_hash.h:169:5: note: '{' token is here
    ZAPHOD32_MIX(state[0],state[1],state[2],"ZAPHOD32 SEED-STATE B 3/5");
    ^~~~~~~~~~~~~~~~~~~~~~~~~~~~~~~~~~~~~~~~~~~~~~~~~~~~~~~~~~~~~~~~~~~~
/usr/local/lib/perl5/5.32/mach/CORE/zaphod32_hash.h:116:48: note: expanded from macro 'ZAPHOD32_MIX'
#define ZAPHOD32_MIX(v0,v1,v2,text) STMT_START {                              \
                                               ^
/usr/local/lib/perl5/5.32/mach/CORE/zaphod32_hash.h:169:5: warning: '}' and ')' tokens terminating statement expression appear in different macro expansion contexts [-Wcompound-token-split-by-macro]
    ZAPHOD32_MIX(state[0],state[1],state[2],"ZAPHOD32 SEED-STATE B 3/5");
    ^~~~~~~~~~~~~~~~~~~~~~~~~~~~~~~~~~~~~~~~~~~~~~~~~~~~~~~~~~~~~~~~~~~~
/usr/local/lib/perl5/5.32/mach/CORE/zaphod32_hash.h:124:32: note: expanded from macro 'ZAPHOD32_MIX'
    v2 = ROTR32(v2, 7) ^ v0;   \
                               ^
/usr/local/lib/perl5/5.32/mach/CORE/zaphod32_hash.h:169:5: note: ')' token is here
    ZAPHOD32_MIX(state[0],state[1],state[2],"ZAPHOD32 SEED-STATE B 3/5");
    ^~~~~~~~~~~~~~~~~~~~~~~~~~~~~~~~~~~~~~~~~~~~~~~~~~~~~~~~~~~~~~~~~~~~
/usr/local/lib/perl5/5.32/mach/CORE/zaphod32_hash.h:125:3: note: expanded from macro 'ZAPHOD32_MIX'
} STMT_END
  ^~~~~~~~
/usr/local/lib/perl5/5.32/mach/CORE/perl.h:667:21: note: expanded from macro 'STMT_END'
#   define STMT_END     )
                        ^
In file included from MD5.xs:40:
In file included from /usr/local/lib/perl5/5.32/mach/CORE/perl.h:3921:
In file included from /usr/local/lib/perl5/5.32/mach/CORE/hv.h:663:
In file included from /usr/local/lib/perl5/5.32/mach/CORE/hv_func.h:35:
In file included from /usr/local/lib/perl5/5.32/mach/CORE/sbox32_hash.h:4:
/usr/local/lib/perl5/5.32/mach/CORE/zaphod32_hash.h:170:5: warning: '(' and '{' tokens introducing statement expression appear in different macro expansion contexts [-Wcompound-token-split-by-macro]
    ZAPHOD32_MIX(state[0],state[1],state[2],"ZAPHOD32 SEED-STATE B 4/5");
    ^~~~~~~~~~~~~~~~~~~~~~~~~~~~~~~~~~~~~~~~~~~~~~~~~~~~~~~~~~~~~~~~~~~~
/usr/local/lib/perl5/5.32/mach/CORE/zaphod32_hash.h:116:37: note: expanded from macro 'ZAPHOD32_MIX'
#define ZAPHOD32_MIX(v0,v1,v2,text) STMT_START {                              \
                                    ^~~~~~~~~~
/usr/local/lib/perl5/5.32/mach/CORE/perl.h:666:29: note: expanded from macro 'STMT_START'
#   define STMT_START   (void)( /* gcc supports "({ STATEMENTS; })" */
                              ^
/usr/local/lib/perl5/5.32/mach/CORE/zaphod32_hash.h:170:5: note: '{' token is here
    ZAPHOD32_MIX(state[0],state[1],state[2],"ZAPHOD32 SEED-STATE B 4/5");
    ^~~~~~~~~~~~~~~~~~~~~~~~~~~~~~~~~~~~~~~~~~~~~~~~~~~~~~~~~~~~~~~~~~~~
/usr/local/lib/perl5/5.32/mach/CORE/zaphod32_hash.h:116:48: note: expanded from macro 'ZAPHOD32_MIX'
#define ZAPHOD32_MIX(v0,v1,v2,text) STMT_START {                              \
                                               ^
/usr/local/lib/perl5/5.32/mach/CORE/zaphod32_hash.h:170:5: warning: '}' and ')' tokens terminating statement expression appear in different macro expansion contexts [-Wcompound-token-split-by-macro]
    ZAPHOD32_MIX(state[0],state[1],state[2],"ZAPHOD32 SEED-STATE B 4/5");
    ^~~~~~~~~~~~~~~~~~~~~~~~~~~~~~~~~~~~~~~~~~~~~~~~~~~~~~~~~~~~~~~~~~~~
/usr/local/lib/perl5/5.32/mach/CORE/zaphod32_hash.h:124:32: note: expanded from macro 'ZAPHOD32_MIX'
    v2 = ROTR32(v2, 7) ^ v0;   \
                               ^
/usr/local/lib/perl5/5.32/mach/CORE/zaphod32_hash.h:170:5: note: ')' token is here
    ZAPHOD32_MIX(state[0],state[1],state[2],"ZAPHOD32 SEED-STATE B 4/5");
    ^~~~~~~~~~~~~~~~~~~~~~~~~~~~~~~~~~~~~~~~~~~~~~~~~~~~~~~~~~~~~~~~~~~~
/usr/local/lib/perl5/5.32/mach/CORE/zaphod32_hash.h:125:3: note: expanded from macro 'ZAPHOD32_MIX'
} STMT_END
  ^~~~~~~~
/usr/local/lib/perl5/5.32/mach/CORE/perl.h:667:21: note: expanded from macro 'STMT_END'
#   define STMT_END     )
                        ^
In file included from MD5.xs:40:
In file included from /usr/local/lib/perl5/5.32/mach/CORE/perl.h:3921:
In file included from /usr/local/lib/perl5/5.32/mach/CORE/hv.h:663:
In file included from /usr/local/lib/perl5/5.32/mach/CORE/hv_func.h:35:
In file included from /usr/local/lib/perl5/5.32/mach/CORE/sbox32_hash.h:4:
/usr/local/lib/perl5/5.32/mach/CORE/zaphod32_hash.h:171:5: warning: '(' and '{' tokens introducing statement expression appear in different macro expansion contexts [-Wcompound-token-split-by-macro]
    ZAPHOD32_MIX(state[0],state[1],state[2],"ZAPHOD32 SEED-STATE B 5/5");
    ^~~~~~~~~~~~~~~~~~~~~~~~~~~~~~~~~~~~~~~~~~~~~~~~~~~~~~~~~~~~~~~~~~~~
/usr/local/lib/perl5/5.32/mach/CORE/zaphod32_hash.h:116:37: note: expanded from macro 'ZAPHOD32_MIX'
#define ZAPHOD32_MIX(v0,v1,v2,text) STMT_START {                              \
                                    ^~~~~~~~~~
/usr/local/lib/perl5/5.32/mach/CORE/perl.h:666:29: note: expanded from macro 'STMT_START'
#   define STMT_START   (void)( /* gcc supports "({ STATEMENTS; })" */
                              ^
/usr/local/lib/perl5/5.32/mach/CORE/zaphod32_hash.h:171:5: note: '{' token is here
    ZAPHOD32_MIX(state[0],state[1],state[2],"ZAPHOD32 SEED-STATE B 5/5");
    ^~~~~~~~~~~~~~~~~~~~~~~~~~~~~~~~~~~~~~~~~~~~~~~~~~~~~~~~~~~~~~~~~~~~
/usr/local/lib/perl5/5.32/mach/CORE/zaphod32_hash.h:116:48: note: expanded from macro 'ZAPHOD32_MIX'
#define ZAPHOD32_MIX(v0,v1,v2,text) STMT_START {                              \
                                               ^
/usr/local/lib/perl5/5.32/mach/CORE/zaphod32_hash.h:171:5: warning: '}' and ')' tokens terminating statement expression appear in different macro expansion contexts [-Wcompound-token-split-by-macro]
    ZAPHOD32_MIX(state[0],state[1],state[2],"ZAPHOD32 SEED-STATE B 5/5");
    ^~~~~~~~~~~~~~~~~~~~~~~~~~~~~~~~~~~~~~~~~~~~~~~~~~~~~~~~~~~~~~~~~~~~
/usr/local/lib/perl5/5.32/mach/CORE/zaphod32_hash.h:124:32: note: expanded from macro 'ZAPHOD32_MIX'
    v2 = ROTR32(v2, 7) ^ v0;   \
                               ^
/usr/local/lib/perl5/5.32/mach/CORE/zaphod32_hash.h:171:5: note: ')' token is here
    ZAPHOD32_MIX(state[0],state[1],state[2],"ZAPHOD32 SEED-STATE B 5/5");
    ^~~~~~~~~~~~~~~~~~~~~~~~~~~~~~~~~~~~~~~~~~~~~~~~~~~~~~~~~~~~~~~~~~~~
/usr/local/lib/perl5/5.32/mach/CORE/zaphod32_hash.h:125:3: note: expanded from macro 'ZAPHOD32_MIX'
} STMT_END
  ^~~~~~~~
/usr/local/lib/perl5/5.32/mach/CORE/perl.h:667:21: note: expanded from macro 'STMT_END'
#   define STMT_END     )
                        ^
In file included from MD5.xs:40:
In file included from /usr/local/lib/perl5/5.32/mach/CORE/perl.h:3921:
In file included from /usr/local/lib/perl5/5.32/mach/CORE/hv.h:663:
In file included from /usr/local/lib/perl5/5.32/mach/CORE/hv_func.h:35:
In file included from /usr/local/lib/perl5/5.32/mach/CORE/sbox32_hash.h:4:
/usr/local/lib/perl5/5.32/mach/CORE/zaphod32_hash.h:247:13: warning: '(' and '{' tokens introducing statement expression appear in different macro expansion contexts [-Wcompound-token-split-by-macro]
            ZAPHOD32_MIX(v0,v1,v2,"MIX 2-WORDS A");
            ^~~~~~~~~~~~~~~~~~~~~~~~~~~~~~~~~~~~~~
/usr/local/lib/perl5/5.32/mach/CORE/zaphod32_hash.h:116:37: note: expanded from macro 'ZAPHOD32_MIX'
#define ZAPHOD32_MIX(v0,v1,v2,text) STMT_START {                              \
                                    ^~~~~~~~~~
/usr/local/lib/perl5/5.32/mach/CORE/perl.h:666:29: note: expanded from macro 'STMT_START'
#   define STMT_START   (void)( /* gcc supports "({ STATEMENTS; })" */
                              ^
/usr/local/lib/perl5/5.32/mach/CORE/zaphod32_hash.h:247:13: note: '{' token is here
            ZAPHOD32_MIX(v0,v1,v2,"MIX 2-WORDS A");
            ^~~~~~~~~~~~~~~~~~~~~~~~~~~~~~~~~~~~~~
/usr/local/lib/perl5/5.32/mach/CORE/zaphod32_hash.h:116:48: note: expanded from macro 'ZAPHOD32_MIX'
#define ZAPHOD32_MIX(v0,v1,v2,text) STMT_START {                              \
                                               ^
/usr/local/lib/perl5/5.32/mach/CORE/zaphod32_hash.h:247:13: warning: '}' and ')' tokens terminating statement expression appear in different macro expansion contexts [-Wcompound-token-split-by-macro]
            ZAPHOD32_MIX(v0,v1,v2,"MIX 2-WORDS A");
            ^~~~~~~~~~~~~~~~~~~~~~~~~~~~~~~~~~~~~~
/usr/local/lib/perl5/5.32/mach/CORE/zaphod32_hash.h:124:32: note: expanded from macro 'ZAPHOD32_MIX'
    v2 = ROTR32(v2, 7) ^ v0;   \
                               ^
/usr/local/lib/perl5/5.32/mach/CORE/zaphod32_hash.h:247:13: note: ')' token is here
            ZAPHOD32_MIX(v0,v1,v2,"MIX 2-WORDS A");
            ^~~~~~~~~~~~~~~~~~~~~~~~~~~~~~~~~~~~~~
/usr/local/lib/perl5/5.32/mach/CORE/zaphod32_hash.h:125:3: note: expanded from macro 'ZAPHOD32_MIX'
} STMT_END
  ^~~~~~~~
/usr/local/lib/perl5/5.32/mach/CORE/perl.h:667:21: note: expanded from macro 'STMT_END'
#   define STMT_END     )
                        ^
In file included from MD5.xs:40:
In file included from /usr/local/lib/perl5/5.32/mach/CORE/perl.h:3921:
In file included from /usr/local/lib/perl5/5.32/mach/CORE/hv.h:663:
In file included from /usr/local/lib/perl5/5.32/mach/CORE/hv_func.h:35:
In file included from /usr/local/lib/perl5/5.32/mach/CORE/sbox32_hash.h:4:
/usr/local/lib/perl5/5.32/mach/CORE/zaphod32_hash.h:268:5: warning: '(' and '{' tokens introducing statement expression appear in different macro expansion contexts [-Wcompound-token-split-by-macro]
    ZAPHOD32_FINALIZE(v0,v1,v2);
    ^~~~~~~~~~~~~~~~~~~~~~~~~~~
/usr/local/lib/perl5/5.32/mach/CORE/zaphod32_hash.h:90:37: note: expanded from macro 'ZAPHOD32_FINALIZE'
#define ZAPHOD32_FINALIZE(v0,v1,v2) STMT_START {          \
                                    ^~~~~~~~~~
/usr/local/lib/perl5/5.32/mach/CORE/perl.h:666:29: note: expanded from macro 'STMT_START'
#   define STMT_START   (void)( /* gcc supports "({ STATEMENTS; })" */
                              ^
/usr/local/lib/perl5/5.32/mach/CORE/zaphod32_hash.h:268:5: note: '{' token is here
    ZAPHOD32_FINALIZE(v0,v1,v2);
    ^~~~~~~~~~~~~~~~~~~~~~~~~~~
/usr/local/lib/perl5/5.32/mach/CORE/zaphod32_hash.h:90:48: note: expanded from macro 'ZAPHOD32_FINALIZE'
#define ZAPHOD32_FINALIZE(v0,v1,v2) STMT_START {          \
                                               ^
/usr/local/lib/perl5/5.32/mach/CORE/zaphod32_hash.h:268:5: warning: '}' and ')' tokens terminating statement expression appear in different macro expansion contexts [-Wcompound-token-split-by-macro]
    ZAPHOD32_FINALIZE(v0,v1,v2);
    ^~~~~~~~~~~~~~~~~~~~~~~~~~~
/usr/local/lib/perl5/5.32/mach/CORE/zaphod32_hash.h:113:36: note: expanded from macro 'ZAPHOD32_FINALIZE'
    v1 = ROTL32(v1, 17);           \
                                   ^
/usr/local/lib/perl5/5.32/mach/CORE/zaphod32_hash.h:268:5: note: ')' token is here
    ZAPHOD32_FINALIZE(v0,v1,v2);
    ^~~~~~~~~~~~~~~~~~~~~~~~~~~
/usr/local/lib/perl5/5.32/mach/CORE/zaphod32_hash.h:114:3: note: expanded from macro 'ZAPHOD32_FINALIZE'
} STMT_END
  ^~~~~~~~
/usr/local/lib/perl5/5.32/mach/CORE/perl.h:667:21: note: expanded from macro 'STMT_END'
#   define STMT_END     )
                        ^
In file included from MD5.xs:40:
In file included from /usr/local/lib/perl5/5.32/mach/CORE/perl.h:3921:
In file included from /usr/local/lib/perl5/5.32/mach/CORE/hv.h:663:
In file included from /usr/local/lib/perl5/5.32/mach/CORE/hv_func.h:35:
/usr/local/lib/perl5/5.32/mach/CORE/sbox32_hash.h:1448:9: warning: '(' and '{' tokens introducing statement expression appear in different macro expansion contexts [-Wcompound-token-split-by-macro]
        SBOX32_MIX3(s0,s1,s2,"SEED STATE");
        ^~~~~~~~~~~~~~~~~~~~~~~~~~~~~~~~~~
/usr/local/lib/perl5/5.32/mach/CORE/sbox32_hash.h:99:36: note: expanded from macro 'SBOX32_MIX3'
#define SBOX32_MIX3(v0,v1,v2,text) STMT_START {                               \
                                   ^~~~~~~~~~
/usr/local/lib/perl5/5.32/mach/CORE/perl.h:666:29: note: expanded from macro 'STMT_START'
#   define STMT_START   (void)( /* gcc supports "({ STATEMENTS; })" */
                              ^
/usr/local/lib/perl5/5.32/mach/CORE/sbox32_hash.h:1448:9: note: '{' token is here
        SBOX32_MIX3(s0,s1,s2,"SEED STATE");
        ^~~~~~~~~~~~~~~~~~~~~~~~~~~~~~~~~~
/usr/local/lib/perl5/5.32/mach/CORE/sbox32_hash.h:99:47: note: expanded from macro 'SBOX32_MIX3'
#define SBOX32_MIX3(v0,v1,v2,text) STMT_START {                               \
                                              ^
/usr/local/lib/perl5/5.32/mach/CORE/sbox32_hash.h:1448:9: warning: '}' and ')' tokens terminating statement expression appear in different macro expansion contexts [-Wcompound-token-split-by-macro]
        SBOX32_MIX3(s0,s1,s2,"SEED STATE");
        ^~~~~~~~~~~~~~~~~~~~~~~~~~~~~~~~~~
/usr/local/lib/perl5/5.32/mach/CORE/sbox32_hash.h:107:32: note: expanded from macro 'SBOX32_MIX3'
    v2 = ROTR32(v2, 7) ^ v0;   \
                               ^
/usr/local/lib/perl5/5.32/mach/CORE/sbox32_hash.h:1448:9: note: ')' token is here
        SBOX32_MIX3(s0,s1,s2,"SEED STATE");
        ^~~~~~~~~~~~~~~~~~~~~~~~~~~~~~~~~~
/usr/local/lib/perl5/5.32/mach/CORE/sbox32_hash.h:108:3: note: expanded from macro 'SBOX32_MIX3'
} STMT_END
  ^~~~~~~~
/usr/local/lib/perl5/5.32/mach/CORE/perl.h:667:21: note: expanded from macro 'STMT_END'
#   define STMT_END     )
                        ^
In file included from MD5.xs:40:
In file included from /usr/local/lib/perl5/5.32/mach/CORE/perl.h:3921:
In file included from /usr/local/lib/perl5/5.32/mach/CORE/hv.h:663:
In file included from /usr/local/lib/perl5/5.32/mach/CORE/hv_func.h:35:
/usr/local/lib/perl5/5.32/mach/CORE/sbox32_hash.h:1453:13: warning: '(' and '{' tokens introducing statement expression appear in different macro expansion contexts [-Wcompound-token-split-by-macro]
            XORSHIFT96_set(*state_cursor,s0,s1,s2,t1);
            ^~~~~~~~~~~~~~~~~~~~~~~~~~~~~~~~~~~~~~~~~
/usr/local/lib/perl5/5.32/mach/CORE/sbox32_hash.h:1393:35: note: expanded from macro 'XORSHIFT96_set'
#define XORSHIFT96_set(r,x,y,z,t) STMT_START {          \
                                  ^~~~~~~~~~
/usr/local/lib/perl5/5.32/mach/CORE/perl.h:666:29: note: expanded from macro 'STMT_START'
#   define STMT_START   (void)( /* gcc supports "({ STATEMENTS; })" */
                              ^
/usr/local/lib/perl5/5.32/mach/CORE/sbox32_hash.h:1453:13: note: '{' token is here
            XORSHIFT96_set(*state_cursor,s0,s1,s2,t1);
            ^~~~~~~~~~~~~~~~~~~~~~~~~~~~~~~~~~~~~~~~~
/usr/local/lib/perl5/5.32/mach/CORE/sbox32_hash.h:1393:46: note: expanded from macro 'XORSHIFT96_set'
#define XORSHIFT96_set(r,x,y,z,t) STMT_START {          \
                                             ^
/usr/local/lib/perl5/5.32/mach/CORE/sbox32_hash.h:1453:13: warning: '}' and ')' tokens terminating statement expression appear in different macro expansion contexts [-Wcompound-token-split-by-macro]
            XORSHIFT96_set(*state_cursor,s0,s1,s2,t1);
            ^~~~~~~~~~~~~~~~~~~~~~~~~~~~~~~~~~~~~~~~~
/usr/local/lib/perl5/5.32/mach/CORE/sbox32_hash.h:1396:57: note: expanded from macro 'XORSHIFT96_set'
    r = z = (z ^ ( z >> 26 ) ) ^ ( t ^ ( t >> 5 ) );    \
                                                        ^
/usr/local/lib/perl5/5.32/mach/CORE/sbox32_hash.h:1453:13: note: ')' token is here
            XORSHIFT96_set(*state_cursor,s0,s1,s2,t1);
            ^~~~~~~~~~~~~~~~~~~~~~~~~~~~~~~~~~~~~~~~~
/usr/local/lib/perl5/5.32/mach/CORE/sbox32_hash.h:1397:3: note: expanded from macro 'XORSHIFT96_set'
} STMT_END
  ^~~~~~~~
/usr/local/lib/perl5/5.32/mach/CORE/perl.h:667:21: note: expanded from macro 'STMT_END'
#   define STMT_END     )
                        ^
In file included from MD5.xs:40:
In file included from /usr/local/lib/perl5/5.32/mach/CORE/perl.h:3921:
In file included from /usr/local/lib/perl5/5.32/mach/CORE/hv.h:663:
In file included from /usr/local/lib/perl5/5.32/mach/CORE/hv_func.h:35:
/usr/local/lib/perl5/5.32/mach/CORE/sbox32_hash.h:1456:5: warning: '(' and '{' tokens introducing statement expression appear in different macro expansion contexts [-Wcompound-token-split-by-macro]
    XORSHIFT96_set(*state,s0,s1,s2,t2);
    ^~~~~~~~~~~~~~~~~~~~~~~~~~~~~~~~~~
/usr/local/lib/perl5/5.32/mach/CORE/sbox32_hash.h:1393:35: note: expanded from macro 'XORSHIFT96_set'
#define XORSHIFT96_set(r,x,y,z,t) STMT_START {          \
                                  ^~~~~~~~~~
/usr/local/lib/perl5/5.32/mach/CORE/perl.h:666:29: note: expanded from macro 'STMT_START'
#   define STMT_START   (void)( /* gcc supports "({ STATEMENTS; })" */
                              ^
/usr/local/lib/perl5/5.32/mach/CORE/sbox32_hash.h:1456:5: note: '{' token is here
    XORSHIFT96_set(*state,s0,s1,s2,t2);
    ^~~~~~~~~~~~~~~~~~~~~~~~~~~~~~~~~~
/usr/local/lib/perl5/5.32/mach/CORE/sbox32_hash.h:1393:46: note: expanded from macro 'XORSHIFT96_set'
#define XORSHIFT96_set(r,x,y,z,t) STMT_START {          \
                                             ^
/usr/local/lib/perl5/5.32/mach/CORE/sbox32_hash.h:1456:5: warning: '}' and ')' tokens terminating statement expression appear in different macro expansion contexts [-Wcompound-token-split-by-macro]
    XORSHIFT96_set(*state,s0,s1,s2,t2);
    ^~~~~~~~~~~~~~~~~~~~~~~~~~~~~~~~~~
/usr/local/lib/perl5/5.32/mach/CORE/sbox32_hash.h:1396:57: note: expanded from macro 'XORSHIFT96_set'
    r = z = (z ^ ( z >> 26 ) ) ^ ( t ^ ( t >> 5 ) );    \
                                                        ^
/usr/local/lib/perl5/5.32/mach/CORE/sbox32_hash.h:1456:5: note: ')' token is here
    XORSHIFT96_set(*state,s0,s1,s2,t2);
    ^~~~~~~~~~~~~~~~~~~~~~~~~~~~~~~~~~
/usr/local/lib/perl5/5.32/mach/CORE/sbox32_hash.h:1397:3: note: expanded from macro 'XORSHIFT96_set'
} STMT_END
  ^~~~~~~~
/usr/local/lib/perl5/5.32/mach/CORE/perl.h:667:21: note: expanded from macro 'STMT_END'
#   define STMT_END     )
                        ^
In file included from MD5.xs:40:
In file included from /usr/local/lib/perl5/5.32/mach/CORE/perl.h:3921:
In file included from /usr/local/lib/perl5/5.32/mach/CORE/hv.h:663:
In file included from /usr/local/lib/perl5/5.32/mach/CORE/hv_func.h:35:
/usr/local/lib/perl5/5.32/mach/CORE/sbox32_hash.h:1482:9: warning: '(' and '{' tokens introducing statement expression appear in different macro expansion contexts [-Wcompound-token-split-by-macro]
        SBOX32_MIX4(s0,s1,s2,s3,"SEED STATE");
        ^~~~~~~~~~~~~~~~~~~~~~~~~~~~~~~~~~~~~
/usr/local/lib/perl5/5.32/mach/CORE/sbox32_hash.h:85:39: note: expanded from macro 'SBOX32_MIX4'
#define SBOX32_MIX4(v0,v1,v2,v3,text) STMT_START { \
                                      ^~~~~~~~~~
/usr/local/lib/perl5/5.32/mach/CORE/perl.h:666:29: note: expanded from macro 'STMT_START'
#   define STMT_START   (void)( /* gcc supports "({ STATEMENTS; })" */
                              ^
/usr/local/lib/perl5/5.32/mach/CORE/sbox32_hash.h:1482:9: note: '{' token is here
        SBOX32_MIX4(s0,s1,s2,s3,"SEED STATE");
        ^~~~~~~~~~~~~~~~~~~~~~~~~~~~~~~~~~~~~
/usr/local/lib/perl5/5.32/mach/CORE/sbox32_hash.h:85:50: note: expanded from macro 'SBOX32_MIX4'
#define SBOX32_MIX4(v0,v1,v2,v3,text) STMT_START { \
                                                 ^
/usr/local/lib/perl5/5.32/mach/CORE/sbox32_hash.h:1482:9: warning: '}' and ')' tokens terminating statement expression appear in different macro expansion contexts [-Wcompound-token-split-by-macro]
        SBOX32_MIX4(s0,s1,s2,s3,"SEED STATE");
        ^~~~~~~~~~~~~~~~~~~~~~~~~~~~~~~~~~~~~
/usr/local/lib/perl5/5.32/mach/CORE/sbox32_hash.h:96:37: note: expanded from macro 'SBOX32_MIX4'
        v2 = ROTL32(v2, 4) - v0;    \
                                    ^
/usr/local/lib/perl5/5.32/mach/CORE/sbox32_hash.h:1482:9: note: ')' token is here
        SBOX32_MIX4(s0,s1,s2,s3,"SEED STATE");
        ^~~~~~~~~~~~~~~~~~~~~~~~~~~~~~~~~~~~~
/usr/local/lib/perl5/5.32/mach/CORE/sbox32_hash.h:97:3: note: expanded from macro 'SBOX32_MIX4'
} STMT_END
  ^~~~~~~~
/usr/local/lib/perl5/5.32/mach/CORE/perl.h:667:21: note: expanded from macro 'STMT_END'
#   define STMT_END     )
                        ^
In file included from MD5.xs:40:
In file included from /usr/local/lib/perl5/5.32/mach/CORE/perl.h:3921:
In file included from /usr/local/lib/perl5/5.32/mach/CORE/hv.h:663:
In file included from /usr/local/lib/perl5/5.32/mach/CORE/hv_func.h:35:
/usr/local/lib/perl5/5.32/mach/CORE/sbox32_hash.h:1487:13: warning: '(' and '{' tokens introducing statement expression appear in different macro expansion contexts [-Wcompound-token-split-by-macro]
            XORSHIFT128_set(*state_cursor,s0,s1,s2,s3,t1);
            ^~~~~~~~~~~~~~~~~~~~~~~~~~~~~~~~~~~~~~~~~~~~~
/usr/local/lib/perl5/5.32/mach/CORE/sbox32_hash.h:1399:38: note: expanded from macro 'XORSHIFT128_set'
#define XORSHIFT128_set(r,x,y,z,w,t) STMT_START {       \
                                     ^~~~~~~~~~
/usr/local/lib/perl5/5.32/mach/CORE/perl.h:666:29: note: expanded from macro 'STMT_START'
#   define STMT_START   (void)( /* gcc supports "({ STATEMENTS; })" */
                              ^
/usr/local/lib/perl5/5.32/mach/CORE/sbox32_hash.h:1487:13: note: '{' token is here
            XORSHIFT128_set(*state_cursor,s0,s1,s2,s3,t1);
            ^~~~~~~~~~~~~~~~~~~~~~~~~~~~~~~~~~~~~~~~~~~~~
/usr/local/lib/perl5/5.32/mach/CORE/sbox32_hash.h:1399:49: note: expanded from macro 'XORSHIFT128_set'
#define XORSHIFT128_set(r,x,y,z,w,t) STMT_START {       \
                                                ^
/usr/local/lib/perl5/5.32/mach/CORE/sbox32_hash.h:1487:13: warning: '}' and ')' tokens terminating statement expression appear in different macro expansion contexts [-Wcompound-token-split-by-macro]
            XORSHIFT128_set(*state_cursor,s0,s1,s2,s3,t1);
            ^~~~~~~~~~~~~~~~~~~~~~~~~~~~~~~~~~~~~~~~~~~~~
/usr/local/lib/perl5/5.32/mach/CORE/sbox32_hash.h:1402:57: note: expanded from macro 'XORSHIFT128_set'
    r = w = ( w ^ ( w >> 29 ) ) ^ ( t ^ ( t >> 12 ) );  \
                                                        ^
/usr/local/lib/perl5/5.32/mach/CORE/sbox32_hash.h:1487:13: note: ')' token is here
            XORSHIFT128_set(*state_cursor,s0,s1,s2,s3,t1);
            ^~~~~~~~~~~~~~~~~~~~~~~~~~~~~~~~~~~~~~~~~~~~~
/usr/local/lib/perl5/5.32/mach/CORE/sbox32_hash.h:1403:3: note: expanded from macro 'XORSHIFT128_set'
} STMT_END
  ^~~~~~~~
/usr/local/lib/perl5/5.32/mach/CORE/perl.h:667:21: note: expanded from macro 'STMT_END'
#   define STMT_END     )
                        ^
In file included from MD5.xs:40:
In file included from /usr/local/lib/perl5/5.32/mach/CORE/perl.h:3921:
In file included from /usr/local/lib/perl5/5.32/mach/CORE/hv.h:663:
In file included from /usr/local/lib/perl5/5.32/mach/CORE/hv_func.h:35:
/usr/local/lib/perl5/5.32/mach/CORE/sbox32_hash.h:1490:5: warning: '(' and '{' tokens introducing statement expression appear in different macro expansion contexts [-Wcompound-token-split-by-macro]
    XORSHIFT128_set(*state,s0,s1,s2,s3,t2);
    ^~~~~~~~~~~~~~~~~~~~~~~~~~~~~~~~~~~~~~
/usr/local/lib/perl5/5.32/mach/CORE/sbox32_hash.h:1399:38: note: expanded from macro 'XORSHIFT128_set'
#define XORSHIFT128_set(r,x,y,z,w,t) STMT_START {       \
                                     ^~~~~~~~~~
/usr/local/lib/perl5/5.32/mach/CORE/perl.h:666:29: note: expanded from macro 'STMT_START'
#   define STMT_START   (void)( /* gcc supports "({ STATEMENTS; })" */
                              ^
/usr/local/lib/perl5/5.32/mach/CORE/sbox32_hash.h:1490:5: note: '{' token is here
    XORSHIFT128_set(*state,s0,s1,s2,s3,t2);
    ^~~~~~~~~~~~~~~~~~~~~~~~~~~~~~~~~~~~~~
/usr/local/lib/perl5/5.32/mach/CORE/sbox32_hash.h:1399:49: note: expanded from macro 'XORSHIFT128_set'
#define XORSHIFT128_set(r,x,y,z,w,t) STMT_START {       \
                                                ^
/usr/local/lib/perl5/5.32/mach/CORE/sbox32_hash.h:1490:5: warning: '}' and ')' tokens terminating statement expression appear in different macro expansion contexts [-Wcompound-token-split-by-macro]
    XORSHIFT128_set(*state,s0,s1,s2,s3,t2);
    ^~~~~~~~~~~~~~~~~~~~~~~~~~~~~~~~~~~~~~
/usr/local/lib/perl5/5.32/mach/CORE/sbox32_hash.h:1402:57: note: expanded from macro 'XORSHIFT128_set'
    r = w = ( w ^ ( w >> 29 ) ) ^ ( t ^ ( t >> 12 ) );  \
                                                        ^
/usr/local/lib/perl5/5.32/mach/CORE/sbox32_hash.h:1490:5: note: ')' token is here
    XORSHIFT128_set(*state,s0,s1,s2,s3,t2);
    ^~~~~~~~~~~~~~~~~~~~~~~~~~~~~~~~~~~~~~
/usr/local/lib/perl5/5.32/mach/CORE/sbox32_hash.h:1403:3: note: expanded from macro 'XORSHIFT128_set'
} STMT_END
  ^~~~~~~~
/usr/local/lib/perl5/5.32/mach/CORE/perl.h:667:21: note: expanded from macro 'STMT_END'
#   define STMT_END     )
                        ^
In file included from MD5.xs:40:
In file included from /usr/local/lib/perl5/5.32/mach/CORE/perl.h:3921:
In file included from /usr/local/lib/perl5/5.32/mach/CORE/hv.h:663:
In file included from /usr/local/lib/perl5/5.32/mach/CORE/hv_func.h:55:
/usr/local/lib/perl5/5.32/mach/CORE/stadtx_hash.h:113:5: warning: '(' and '{' tokens introducing statement expression appear in different macro expansion contexts [-Wcompound-token-split-by-macro]
    STADTX_SCRAMBLE64(state[0],UINT64_C(0x801178846e899d17));
    ^~~~~~~~~~~~~~~~~~~~~~~~~~~~~~~~~~~~~~~~~~~~~~~~~~~~~~~~
/usr/local/lib/perl5/5.32/mach/CORE/stadtx_hash.h:72:36: note: expanded from macro 'STADTX_SCRAMBLE64'
#define STADTX_SCRAMBLE64(v,prime) STMT_START {    \
                                   ^~~~~~~~~~
/usr/local/lib/perl5/5.32/mach/CORE/perl.h:666:29: note: expanded from macro 'STMT_START'
#   define STMT_START   (void)( /* gcc supports "({ STATEMENTS; })" */
                              ^
/usr/local/lib/perl5/5.32/mach/CORE/stadtx_hash.h:113:5: note: '{' token is here
    STADTX_SCRAMBLE64(state[0],UINT64_C(0x801178846e899d17));
    ^~~~~~~~~~~~~~~~~~~~~~~~~~~~~~~~~~~~~~~~~~~~~~~~~~~~~~~~
/usr/local/lib/perl5/5.32/mach/CORE/stadtx_hash.h:72:47: note: expanded from macro 'STADTX_SCRAMBLE64'
#define STADTX_SCRAMBLE64(v,prime) STMT_START {    \
                                              ^
/usr/local/lib/perl5/5.32/mach/CORE/stadtx_hash.h:113:5: warning: '}' and ')' tokens terminating statement expression appear in different macro expansion contexts [-Wcompound-token-split-by-macro]
    STADTX_SCRAMBLE64(state[0],UINT64_C(0x801178846e899d17));
    ^~~~~~~~~~~~~~~~~~~~~~~~~~~~~~~~~~~~~~~~~~~~~~~~~~~~~~~~
/usr/local/lib/perl5/5.32/mach/CORE/stadtx_hash.h:79:45: note: expanded from macro 'STADTX_SCRAMBLE64'
    v ^= (v >> 46);                         \
                                            ^
/usr/local/lib/perl5/5.32/mach/CORE/stadtx_hash.h:113:5: note: ')' token is here
    STADTX_SCRAMBLE64(state[0],UINT64_C(0x801178846e899d17));
    ^~~~~~~~~~~~~~~~~~~~~~~~~~~~~~~~~~~~~~~~~~~~~~~~~~~~~~~~
/usr/local/lib/perl5/5.32/mach/CORE/stadtx_hash.h:80:3: note: expanded from macro 'STADTX_SCRAMBLE64'
} STMT_END
  ^~~~~~~~
/usr/local/lib/perl5/5.32/mach/CORE/perl.h:667:21: note: expanded from macro 'STMT_END'
#   define STMT_END     )
                        ^
In file included from MD5.xs:40:
In file included from /usr/local/lib/perl5/5.32/mach/CORE/perl.h:3921:
In file included from /usr/local/lib/perl5/5.32/mach/CORE/hv.h:663:
In file included from /usr/local/lib/perl5/5.32/mach/CORE/hv_func.h:55:
/usr/local/lib/perl5/5.32/mach/CORE/stadtx_hash.h:114:5: warning: '(' and '{' tokens introducing statement expression appear in different macro expansion contexts [-Wcompound-token-split-by-macro]
    STADTX_SCRAMBLE64(state[0],UINT64_C(0xdd51e5d1c9a5a151));
    ^~~~~~~~~~~~~~~~~~~~~~~~~~~~~~~~~~~~~~~~~~~~~~~~~~~~~~~~
/usr/local/lib/perl5/5.32/mach/CORE/stadtx_hash.h:72:36: note: expanded from macro 'STADTX_SCRAMBLE64'
#define STADTX_SCRAMBLE64(v,prime) STMT_START {    \
                                   ^~~~~~~~~~
/usr/local/lib/perl5/5.32/mach/CORE/perl.h:666:29: note: expanded from macro 'STMT_START'
#   define STMT_START   (void)( /* gcc supports "({ STATEMENTS; })" */
                              ^
/usr/local/lib/perl5/5.32/mach/CORE/stadtx_hash.h:114:5: note: '{' token is here
    STADTX_SCRAMBLE64(state[0],UINT64_C(0xdd51e5d1c9a5a151));
    ^~~~~~~~~~~~~~~~~~~~~~~~~~~~~~~~~~~~~~~~~~~~~~~~~~~~~~~~
/usr/local/lib/perl5/5.32/mach/CORE/stadtx_hash.h:72:47: note: expanded from macro 'STADTX_SCRAMBLE64'
#define STADTX_SCRAMBLE64(v,prime) STMT_START {    \
                                              ^
/usr/local/lib/perl5/5.32/mach/CORE/stadtx_hash.h:114:5: warning: '}' and ')' tokens terminating statement expression appear in different macro expansion contexts [-Wcompound-token-split-by-macro]
    STADTX_SCRAMBLE64(state[0],UINT64_C(0xdd51e5d1c9a5a151));
    ^~~~~~~~~~~~~~~~~~~~~~~~~~~~~~~~~~~~~~~~~~~~~~~~~~~~~~~~
/usr/local/lib/perl5/5.32/mach/CORE/stadtx_hash.h:79:45: note: expanded from macro 'STADTX_SCRAMBLE64'
    v ^= (v >> 46);                         \
                                            ^
/usr/local/lib/perl5/5.32/mach/CORE/stadtx_hash.h:114:5: note: ')' token is here
    STADTX_SCRAMBLE64(state[0],UINT64_C(0xdd51e5d1c9a5a151));
    ^~~~~~~~~~~~~~~~~~~~~~~~~~~~~~~~~~~~~~~~~~~~~~~~~~~~~~~~
/usr/local/lib/perl5/5.32/mach/CORE/stadtx_hash.h:80:3: note: expanded from macro 'STADTX_SCRAMBLE64'
} STMT_END
  ^~~~~~~~
/usr/local/lib/perl5/5.32/mach/CORE/perl.h:667:21: note: expanded from macro 'STMT_END'
#   define STMT_END     )
                        ^
In file included from MD5.xs:40:
In file included from /usr/local/lib/perl5/5.32/mach/CORE/perl.h:3921:
In file included from /usr/local/lib/perl5/5.32/mach/CORE/hv.h:663:
In file included from /usr/local/lib/perl5/5.32/mach/CORE/hv_func.h:55:
/usr/local/lib/perl5/5.32/mach/CORE/stadtx_hash.h:115:5: warning: '(' and '{' tokens introducing statement expression appear in different macro expansion contexts [-Wcompound-token-split-by-macro]
    STADTX_SCRAMBLE64(state[1],UINT64_C(0x93a7d6c8c62e4835));
    ^~~~~~~~~~~~~~~~~~~~~~~~~~~~~~~~~~~~~~~~~~~~~~~~~~~~~~~~
/usr/local/lib/perl5/5.32/mach/CORE/stadtx_hash.h:72:36: note: expanded from macro 'STADTX_SCRAMBLE64'
#define STADTX_SCRAMBLE64(v,prime) STMT_START {    \
                                   ^~~~~~~~~~
/usr/local/lib/perl5/5.32/mach/CORE/perl.h:666:29: note: expanded from macro 'STMT_START'
#   define STMT_START   (void)( /* gcc supports "({ STATEMENTS; })" */
                              ^
/usr/local/lib/perl5/5.32/mach/CORE/stadtx_hash.h:115:5: note: '{' token is here
    STADTX_SCRAMBLE64(state[1],UINT64_C(0x93a7d6c8c62e4835));
    ^~~~~~~~~~~~~~~~~~~~~~~~~~~~~~~~~~~~~~~~~~~~~~~~~~~~~~~~
/usr/local/lib/perl5/5.32/mach/CORE/stadtx_hash.h:72:47: note: expanded from macro 'STADTX_SCRAMBLE64'
#define STADTX_SCRAMBLE64(v,prime) STMT_START {    \
                                              ^
/usr/local/lib/perl5/5.32/mach/CORE/stadtx_hash.h:115:5: warning: '}' and ')' tokens terminating statement expression appear in different macro expansion contexts [-Wcompound-token-split-by-macro]
    STADTX_SCRAMBLE64(state[1],UINT64_C(0x93a7d6c8c62e4835));
    ^~~~~~~~~~~~~~~~~~~~~~~~~~~~~~~~~~~~~~~~~~~~~~~~~~~~~~~~
/usr/local/lib/perl5/5.32/mach/CORE/stadtx_hash.h:79:45: note: expanded from macro 'STADTX_SCRAMBLE64'
    v ^= (v >> 46);                         \
                                            ^
/usr/local/lib/perl5/5.32/mach/CORE/stadtx_hash.h:115:5: note: ')' token is here
    STADTX_SCRAMBLE64(state[1],UINT64_C(0x93a7d6c8c62e4835));
    ^~~~~~~~~~~~~~~~~~~~~~~~~~~~~~~~~~~~~~~~~~~~~~~~~~~~~~~~
/usr/local/lib/perl5/5.32/mach/CORE/stadtx_hash.h:80:3: note: expanded from macro 'STADTX_SCRAMBLE64'
} STMT_END
  ^~~~~~~~
/usr/local/lib/perl5/5.32/mach/CORE/perl.h:667:21: note: expanded from macro 'STMT_END'
#   define STMT_END     )
                        ^
In file included from MD5.xs:40:
In file included from /usr/local/lib/perl5/5.32/mach/CORE/perl.h:3921:
In file included from /usr/local/lib/perl5/5.32/mach/CORE/hv.h:663:
In file included from /usr/local/lib/perl5/5.32/mach/CORE/hv_func.h:55:
/usr/local/lib/perl5/5.32/mach/CORE/stadtx_hash.h:116:5: warning: '(' and '{' tokens introducing statement expression appear in different macro expansion contexts [-Wcompound-token-split-by-macro]
    STADTX_SCRAMBLE64(state[1],UINT64_C(0x803340f36895c2b5));
    ^~~~~~~~~~~~~~~~~~~~~~~~~~~~~~~~~~~~~~~~~~~~~~~~~~~~~~~~
/usr/local/lib/perl5/5.32/mach/CORE/stadtx_hash.h:72:36: note: expanded from macro 'STADTX_SCRAMBLE64'
#define STADTX_SCRAMBLE64(v,prime) STMT_START {    \
                                   ^~~~~~~~~~
/usr/local/lib/perl5/5.32/mach/CORE/perl.h:666:29: note: expanded from macro 'STMT_START'
#   define STMT_START   (void)( /* gcc supports "({ STATEMENTS; })" */
                              ^
/usr/local/lib/perl5/5.32/mach/CORE/stadtx_hash.h:116:5: note: '{' token is here
    STADTX_SCRAMBLE64(state[1],UINT64_C(0x803340f36895c2b5));
    ^~~~~~~~~~~~~~~~~~~~~~~~~~~~~~~~~~~~~~~~~~~~~~~~~~~~~~~~
/usr/local/lib/perl5/5.32/mach/CORE/stadtx_hash.h:72:47: note: expanded from macro 'STADTX_SCRAMBLE64'
#define STADTX_SCRAMBLE64(v,prime) STMT_START {    \
                                              ^
/usr/local/lib/perl5/5.32/mach/CORE/stadtx_hash.h:116:5: warning: '}' and ')' tokens terminating statement expression appear in different macro expansion contexts [-Wcompound-token-split-by-macro]
    STADTX_SCRAMBLE64(state[1],UINT64_C(0x803340f36895c2b5));
    ^~~~~~~~~~~~~~~~~~~~~~~~~~~~~~~~~~~~~~~~~~~~~~~~~~~~~~~~
/usr/local/lib/perl5/5.32/mach/CORE/stadtx_hash.h:79:45: note: expanded from macro 'STADTX_SCRAMBLE64'
    v ^= (v >> 46);                         \
                                            ^
/usr/local/lib/perl5/5.32/mach/CORE/stadtx_hash.h:116:5: note: ')' token is here
    STADTX_SCRAMBLE64(state[1],UINT64_C(0x803340f36895c2b5));
    ^~~~~~~~~~~~~~~~~~~~~~~~~~~~~~~~~~~~~~~~~~~~~~~~~~~~~~~~
/usr/local/lib/perl5/5.32/mach/CORE/stadtx_hash.h:80:3: note: expanded from macro 'STADTX_SCRAMBLE64'
} STMT_END
  ^~~~~~~~
/usr/local/lib/perl5/5.32/mach/CORE/perl.h:667:21: note: expanded from macro 'STMT_END'
#   define STMT_END     )
                        ^
In file included from MD5.xs:40:
In file included from /usr/local/lib/perl5/5.32/mach/CORE/perl.h:3921:
In file included from /usr/local/lib/perl5/5.32/mach/CORE/hv.h:663:
In file included from /usr/local/lib/perl5/5.32/mach/CORE/hv_func.h:55:
/usr/local/lib/perl5/5.32/mach/CORE/stadtx_hash.h:117:5: warning: '(' and '{' tokens introducing statement expression appear in different macro expansion contexts [-Wcompound-token-split-by-macro]
    STADTX_SCRAMBLE64(state[2],UINT64_C(0xbea9344eb7565eeb));
    ^~~~~~~~~~~~~~~~~~~~~~~~~~~~~~~~~~~~~~~~~~~~~~~~~~~~~~~~
/usr/local/lib/perl5/5.32/mach/CORE/stadtx_hash.h:72:36: note: expanded from macro 'STADTX_SCRAMBLE64'
#define STADTX_SCRAMBLE64(v,prime) STMT_START {    \
                                   ^~~~~~~~~~
/usr/local/lib/perl5/5.32/mach/CORE/perl.h:666:29: note: expanded from macro 'STMT_START'
#   define STMT_START   (void)( /* gcc supports "({ STATEMENTS; })" */
                              ^
/usr/local/lib/perl5/5.32/mach/CORE/stadtx_hash.h:117:5: note: '{' token is here
    STADTX_SCRAMBLE64(state[2],UINT64_C(0xbea9344eb7565eeb));
    ^~~~~~~~~~~~~~~~~~~~~~~~~~~~~~~~~~~~~~~~~~~~~~~~~~~~~~~~
/usr/local/lib/perl5/5.32/mach/CORE/stadtx_hash.h:72:47: note: expanded from macro 'STADTX_SCRAMBLE64'
#define STADTX_SCRAMBLE64(v,prime) STMT_START {    \
                                              ^
/usr/local/lib/perl5/5.32/mach/CORE/stadtx_hash.h:117:5: warning: '}' and ')' tokens terminating statement expression appear in different macro expansion contexts [-Wcompound-token-split-by-macro]
    STADTX_SCRAMBLE64(state[2],UINT64_C(0xbea9344eb7565eeb));
    ^~~~~~~~~~~~~~~~~~~~~~~~~~~~~~~~~~~~~~~~~~~~~~~~~~~~~~~~
/usr/local/lib/perl5/5.32/mach/CORE/stadtx_hash.h:79:45: note: expanded from macro 'STADTX_SCRAMBLE64'
    v ^= (v >> 46);                         \
                                            ^
/usr/local/lib/perl5/5.32/mach/CORE/stadtx_hash.h:117:5: note: ')' token is here
    STADTX_SCRAMBLE64(state[2],UINT64_C(0xbea9344eb7565eeb));
    ^~~~~~~~~~~~~~~~~~~~~~~~~~~~~~~~~~~~~~~~~~~~~~~~~~~~~~~~
/usr/local/lib/perl5/5.32/mach/CORE/stadtx_hash.h:80:3: note: expanded from macro 'STADTX_SCRAMBLE64'
} STMT_END
  ^~~~~~~~
/usr/local/lib/perl5/5.32/mach/CORE/perl.h:667:21: note: expanded from macro 'STMT_END'
#   define STMT_END     )
                        ^
In file included from MD5.xs:40:
In file included from /usr/local/lib/perl5/5.32/mach/CORE/perl.h:3921:
In file included from /usr/local/lib/perl5/5.32/mach/CORE/hv.h:663:
In file included from /usr/local/lib/perl5/5.32/mach/CORE/hv_func.h:55:
/usr/local/lib/perl5/5.32/mach/CORE/stadtx_hash.h:118:5: warning: '(' and '{' tokens introducing statement expression appear in different macro expansion contexts [-Wcompound-token-split-by-macro]
    STADTX_SCRAMBLE64(state[2],UINT64_C(0xcd95d1e509b995cd));
    ^~~~~~~~~~~~~~~~~~~~~~~~~~~~~~~~~~~~~~~~~~~~~~~~~~~~~~~~
/usr/local/lib/perl5/5.32/mach/CORE/stadtx_hash.h:72:36: note: expanded from macro 'STADTX_SCRAMBLE64'
#define STADTX_SCRAMBLE64(v,prime) STMT_START {    \
                                   ^~~~~~~~~~
/usr/local/lib/perl5/5.32/mach/CORE/perl.h:666:29: note: expanded from macro 'STMT_START'
#   define STMT_START   (void)( /* gcc supports "({ STATEMENTS; })" */
                              ^
/usr/local/lib/perl5/5.32/mach/CORE/stadtx_hash.h:118:5: note: '{' token is here
    STADTX_SCRAMBLE64(state[2],UINT64_C(0xcd95d1e509b995cd));
    ^~~~~~~~~~~~~~~~~~~~~~~~~~~~~~~~~~~~~~~~~~~~~~~~~~~~~~~~
/usr/local/lib/perl5/5.32/mach/CORE/stadtx_hash.h:72:47: note: expanded from macro 'STADTX_SCRAMBLE64'
#define STADTX_SCRAMBLE64(v,prime) STMT_START {    \
                                              ^
/usr/local/lib/perl5/5.32/mach/CORE/stadtx_hash.h:118:5: warning: '}' and ')' tokens terminating statement expression appear in different macro expansion contexts [-Wcompound-token-split-by-macro]
    STADTX_SCRAMBLE64(state[2],UINT64_C(0xcd95d1e509b995cd));
    ^~~~~~~~~~~~~~~~~~~~~~~~~~~~~~~~~~~~~~~~~~~~~~~~~~~~~~~~
/usr/local/lib/perl5/5.32/mach/CORE/stadtx_hash.h:79:45: note: expanded from macro 'STADTX_SCRAMBLE64'
    v ^= (v >> 46);                         \
                                            ^
/usr/local/lib/perl5/5.32/mach/CORE/stadtx_hash.h:118:5: note: ')' token is here
    STADTX_SCRAMBLE64(state[2],UINT64_C(0xcd95d1e509b995cd));
    ^~~~~~~~~~~~~~~~~~~~~~~~~~~~~~~~~~~~~~~~~~~~~~~~~~~~~~~~
/usr/local/lib/perl5/5.32/mach/CORE/stadtx_hash.h:80:3: note: expanded from macro 'STADTX_SCRAMBLE64'
} STMT_END
  ^~~~~~~~
/usr/local/lib/perl5/5.32/mach/CORE/perl.h:667:21: note: expanded from macro 'STMT_END'
#   define STMT_END     )
                        ^
In file included from MD5.xs:40:
In file included from /usr/local/lib/perl5/5.32/mach/CORE/perl.h:3921:
In file included from /usr/local/lib/perl5/5.32/mach/CORE/hv.h:663:
In file included from /usr/local/lib/perl5/5.32/mach/CORE/hv_func.h:55:
/usr/local/lib/perl5/5.32/mach/CORE/stadtx_hash.h:119:5: warning: '(' and '{' tokens introducing statement expression appear in different macro expansion contexts [-Wcompound-token-split-by-macro]
    STADTX_SCRAMBLE64(state[3],UINT64_C(0x9999791977e30c13));
    ^~~~~~~~~~~~~~~~~~~~~~~~~~~~~~~~~~~~~~~~~~~~~~~~~~~~~~~~
/usr/local/lib/perl5/5.32/mach/CORE/stadtx_hash.h:72:36: note: expanded from macro 'STADTX_SCRAMBLE64'
#define STADTX_SCRAMBLE64(v,prime) STMT_START {    \
                                   ^~~~~~~~~~
/usr/local/lib/perl5/5.32/mach/CORE/perl.h:666:29: note: expanded from macro 'STMT_START'
#   define STMT_START   (void)( /* gcc supports "({ STATEMENTS; })" */
                              ^
/usr/local/lib/perl5/5.32/mach/CORE/stadtx_hash.h:119:5: note: '{' token is here
    STADTX_SCRAMBLE64(state[3],UINT64_C(0x9999791977e30c13));
    ^~~~~~~~~~~~~~~~~~~~~~~~~~~~~~~~~~~~~~~~~~~~~~~~~~~~~~~~
/usr/local/lib/perl5/5.32/mach/CORE/stadtx_hash.h:72:47: note: expanded from macro 'STADTX_SCRAMBLE64'
#define STADTX_SCRAMBLE64(v,prime) STMT_START {    \
                                              ^
/usr/local/lib/perl5/5.32/mach/CORE/stadtx_hash.h:119:5: warning: '}' and ')' tokens terminating statement expression appear in different macro expansion contexts [-Wcompound-token-split-by-macro]
    STADTX_SCRAMBLE64(state[3],UINT64_C(0x9999791977e30c13));
    ^~~~~~~~~~~~~~~~~~~~~~~~~~~~~~~~~~~~~~~~~~~~~~~~~~~~~~~~
/usr/local/lib/perl5/5.32/mach/CORE/stadtx_hash.h:79:45: note: expanded from macro 'STADTX_SCRAMBLE64'
    v ^= (v >> 46);                         \
                                            ^
/usr/local/lib/perl5/5.32/mach/CORE/stadtx_hash.h:119:5: note: ')' token is here
    STADTX_SCRAMBLE64(state[3],UINT64_C(0x9999791977e30c13));
    ^~~~~~~~~~~~~~~~~~~~~~~~~~~~~~~~~~~~~~~~~~~~~~~~~~~~~~~~
/usr/local/lib/perl5/5.32/mach/CORE/stadtx_hash.h:80:3: note: expanded from macro 'STADTX_SCRAMBLE64'
} STMT_END
  ^~~~~~~~
/usr/local/lib/perl5/5.32/mach/CORE/perl.h:667:21: note: expanded from macro 'STMT_END'
#   define STMT_END     )
                        ^
In file included from MD5.xs:40:
In file included from /usr/local/lib/perl5/5.32/mach/CORE/perl.h:3921:
In file included from /usr/local/lib/perl5/5.32/mach/CORE/hv.h:663:
In file included from /usr/local/lib/perl5/5.32/mach/CORE/hv_func.h:55:
/usr/local/lib/perl5/5.32/mach/CORE/stadtx_hash.h:120:5: warning: '(' and '{' tokens introducing statement expression appear in different macro expansion contexts [-Wcompound-token-split-by-macro]
    STADTX_SCRAMBLE64(state[3],UINT64_C(0xaab8b6b05abfc6cd));
    ^~~~~~~~~~~~~~~~~~~~~~~~~~~~~~~~~~~~~~~~~~~~~~~~~~~~~~~~
/usr/local/lib/perl5/5.32/mach/CORE/stadtx_hash.h:72:36: note: expanded from macro 'STADTX_SCRAMBLE64'
#define STADTX_SCRAMBLE64(v,prime) STMT_START {    \
                                   ^~~~~~~~~~
/usr/local/lib/perl5/5.32/mach/CORE/perl.h:666:29: note: expanded from macro 'STMT_START'
#   define STMT_START   (void)( /* gcc supports "({ STATEMENTS; })" */
                              ^
/usr/local/lib/perl5/5.32/mach/CORE/stadtx_hash.h:120:5: note: '{' token is here
    STADTX_SCRAMBLE64(state[3],UINT64_C(0xaab8b6b05abfc6cd));
    ^~~~~~~~~~~~~~~~~~~~~~~~~~~~~~~~~~~~~~~~~~~~~~~~~~~~~~~~
/usr/local/lib/perl5/5.32/mach/CORE/stadtx_hash.h:72:47: note: expanded from macro 'STADTX_SCRAMBLE64'
#define STADTX_SCRAMBLE64(v,prime) STMT_START {    \
                                              ^
/usr/local/lib/perl5/5.32/mach/CORE/stadtx_hash.h:120:5: warning: '}' and ')' tokens terminating statement expression appear in different macro expansion contexts [-Wcompound-token-split-by-macro]
    STADTX_SCRAMBLE64(state[3],UINT64_C(0xaab8b6b05abfc6cd));
    ^~~~~~~~~~~~~~~~~~~~~~~~~~~~~~~~~~~~~~~~~~~~~~~~~~~~~~~~
/usr/local/lib/perl5/5.32/mach/CORE/stadtx_hash.h:79:45: note: expanded from macro 'STADTX_SCRAMBLE64'
    v ^= (v >> 46);                         \
                                            ^
/usr/local/lib/perl5/5.32/mach/CORE/stadtx_hash.h:120:5: note: ')' token is here
    STADTX_SCRAMBLE64(state[3],UINT64_C(0xaab8b6b05abfc6cd));
    ^~~~~~~~~~~~~~~~~~~~~~~~~~~~~~~~~~~~~~~~~~~~~~~~~~~~~~~~
/usr/local/lib/perl5/5.32/mach/CORE/stadtx_hash.h:80:3: note: expanded from macro 'STADTX_SCRAMBLE64'
} STMT_END
  ^~~~~~~~
/usr/local/lib/perl5/5.32/mach/CORE/perl.h:667:21: note: expanded from macro 'STMT_END'
#   define STMT_END     )
                        ^
In file included from MD5.xs:40:
In file included from /usr/local/lib/perl5/5.32/mach/CORE/perl.h:3921:
In file included from /usr/local/lib/perl5/5.32/mach/CORE/hv.h:663:
/usr/local/lib/perl5/5.32/mach/CORE/hv_func.h:107:5: warning: '(' and '{' tokens introducing statement expression appear in different macro expansion contexts [-Wcompound-token-split-by-macro]
    _PERL_HASH_SEED_STATE(seed,state);
    ^~~~~~~~~~~~~~~~~~~~~~~~~~~~~~~~~
/usr/local/lib/perl5/5.32/mach/CORE/hv_func.h:91:43: note: expanded from macro '_PERL_HASH_SEED_STATE'
#define _PERL_HASH_SEED_STATE(seed,state) STMT_START {                                      \
                                          ^~~~~~~~~~
/usr/local/lib/perl5/5.32/mach/CORE/perl.h:666:29: note: expanded from macro 'STMT_START'
#   define STMT_START   (void)( /* gcc supports "({ STATEMENTS; })" */
                              ^
/usr/local/lib/perl5/5.32/mach/CORE/hv_func.h:107:5: note: '{' token is here
    _PERL_HASH_SEED_STATE(seed,state);
    ^~~~~~~~~~~~~~~~~~~~~~~~~~~~~~~~~
/usr/local/lib/perl5/5.32/mach/CORE/hv_func.h:91:54: note: expanded from macro '_PERL_HASH_SEED_STATE'
#define _PERL_HASH_SEED_STATE(seed,state) STMT_START {                                      \
                                                     ^
/usr/local/lib/perl5/5.32/mach/CORE/hv_func.h:107:5: warning: '}' and ')' tokens terminating statement expression appear in different macro expansion contexts [-Wcompound-token-split-by-macro]
    _PERL_HASH_SEED_STATE(seed,state);
    ^~~~~~~~~~~~~~~~~~~~~~~~~~~~~~~~~
/usr/local/lib/perl5/5.32/mach/CORE/hv_func.h:93:93: note: expanded from macro '_PERL_HASH_SEED_STATE'
    sbox32_seed_state96(seed + __PERL_HASH_SEED_BYTES, state + __PERL_HASH_STATE_BYTES);    \
                                                                                            ^
/usr/local/lib/perl5/5.32/mach/CORE/hv_func.h:107:5: note: ')' token is here
    _PERL_HASH_SEED_STATE(seed,state);
    ^~~~~~~~~~~~~~~~~~~~~~~~~~~~~~~~~
/usr/local/lib/perl5/5.32/mach/CORE/hv_func.h:94:3: note: expanded from macro '_PERL_HASH_SEED_STATE'
} STMT_END
  ^~~~~~~~
/usr/local/lib/perl5/5.32/mach/CORE/perl.h:667:21: note: expanded from macro 'STMT_END'
#   define STMT_END     )
                        ^
In file included from MD5.xs:40:
In file included from /usr/local/lib/perl5/5.32/mach/CORE/perl.h:3921:
In file included from /usr/local/lib/perl5/5.32/mach/CORE/hv.h:663:
/usr/local/lib/perl5/5.32/mach/CORE/hv_func.h:274:6: warning: '(' and '{' tokens introducing statement expression appear in different macro expansion contexts [-Wcompound-token-split-by-macro]
    ,SIPROUND;
     ^~~~~~~~
/usr/local/lib/perl5/5.32/mach/CORE/hv_func.h:175:3: note: expanded from macro 'SIPROUND'
  STMT_START {              \
  ^~~~~~~~~~
/usr/local/lib/perl5/5.32/mach/CORE/perl.h:666:29: note: expanded from macro 'STMT_START'
#   define STMT_START   (void)( /* gcc supports "({ STATEMENTS; })" */
                              ^
/usr/local/lib/perl5/5.32/mach/CORE/hv_func.h:219:5: note: expanded from macro 'PERL_SIPHASH_FNC'
    SIP_ROUNDS;                             \
    ^~~~~~~~~~
/usr/local/lib/perl5/5.32/mach/CORE/hv_func.h:274:6: note: '{' token is here
    ,SIPROUND;
     ^~~~~~~~
/usr/local/lib/perl5/5.32/mach/CORE/hv_func.h:175:14: note: expanded from macro 'SIPROUND'
  STMT_START {              \
             ^
/usr/local/lib/perl5/5.32/mach/CORE/hv_func.h:219:5: note: expanded from macro 'PERL_SIPHASH_FNC'
    SIP_ROUNDS;                             \
    ^~~~~~~~~~
/usr/local/lib/perl5/5.32/mach/CORE/hv_func.h:274:6: warning: '}' and ')' tokens terminating statement expression appear in different macro expansion contexts [-Wcompound-token-split-by-macro]
    ,SIPROUND;
     ^~~~~~~~
/usr/local/lib/perl5/5.32/mach/CORE/hv_func.h:180:3: note: expanded from macro 'SIPROUND'
  } STMT_END
  ^
/usr/local/lib/perl5/5.32/mach/CORE/hv_func.h:219:5: note: expanded from macro 'PERL_SIPHASH_FNC'
    SIP_ROUNDS;                             \
    ^~~~~~~~~~
/usr/local/lib/perl5/5.32/mach/CORE/hv_func.h:274:6: note: ')' token is here
    ,SIPROUND;
     ^~~~~~~~
/usr/local/lib/perl5/5.32/mach/CORE/hv_func.h:180:5: note: expanded from macro 'SIPROUND'
  } STMT_END
    ^~~~~~~~
/usr/local/lib/perl5/5.32/mach/CORE/perl.h:667:21: note: expanded from macro 'STMT_END'
#   define STMT_END     )
                        ^
/usr/local/lib/perl5/5.32/mach/CORE/hv_func.h:219:5: note: expanded from macro 'PERL_SIPHASH_FNC'
    SIP_ROUNDS;                             \
    ^~~~~~~~~~
/usr/local/lib/perl5/5.32/mach/CORE/hv_func.h:274:6: warning: '(' and '{' tokens introducing statement expression appear in different macro expansion contexts [-Wcompound-token-split-by-macro]
    ,SIPROUND;
     ^~~~~~~~
/usr/local/lib/perl5/5.32/mach/CORE/hv_func.h:175:3: note: expanded from macro 'SIPROUND'
  STMT_START {              \
  ^~~~~~~~~~
/usr/local/lib/perl5/5.32/mach/CORE/perl.h:666:29: note: expanded from macro 'STMT_START'
#   define STMT_START   (void)( /* gcc supports "({ STATEMENTS; })" */
                              ^
/usr/local/lib/perl5/5.32/mach/CORE/hv_func.h:238:3: note: expanded from macro 'PERL_SIPHASH_FNC'
  SIP_ROUNDS;                               \
  ^~~~~~~~~~
/usr/local/lib/perl5/5.32/mach/CORE/hv_func.h:274:6: note: '{' token is here
    ,SIPROUND;
     ^~~~~~~~
/usr/local/lib/perl5/5.32/mach/CORE/hv_func.h:175:14: note: expanded from macro 'SIPROUND'
  STMT_START {              \
             ^
/usr/local/lib/perl5/5.32/mach/CORE/hv_func.h:238:3: note: expanded from macro 'PERL_SIPHASH_FNC'
  SIP_ROUNDS;                               \
  ^~~~~~~~~~
/usr/local/lib/perl5/5.32/mach/CORE/hv_func.h:274:6: warning: '}' and ')' tokens terminating statement expression appear in different macro expansion contexts [-Wcompound-token-split-by-macro]
    ,SIPROUND;
     ^~~~~~~~
/usr/local/lib/perl5/5.32/mach/CORE/hv_func.h:180:3: note: expanded from macro 'SIPROUND'
  } STMT_END
  ^
/usr/local/lib/perl5/5.32/mach/CORE/hv_func.h:238:3: note: expanded from macro 'PERL_SIPHASH_FNC'
  SIP_ROUNDS;                               \
  ^~~~~~~~~~
/usr/local/lib/perl5/5.32/mach/CORE/hv_func.h:274:6: note: ')' token is here
    ,SIPROUND;
     ^~~~~~~~
/usr/local/lib/perl5/5.32/mach/CORE/hv_func.h:180:5: note: expanded from macro 'SIPROUND'
  } STMT_END
    ^~~~~~~~
/usr/local/lib/perl5/5.32/mach/CORE/perl.h:667:21: note: expanded from macro 'STMT_END'
#   define STMT_END     )
                        ^
/usr/local/lib/perl5/5.32/mach/CORE/hv_func.h:238:3: note: expanded from macro 'PERL_SIPHASH_FNC'
  SIP_ROUNDS;                               \
  ^~~~~~~~~~
/usr/local/lib/perl5/5.32/mach/CORE/hv_func.h:275:6: warning: '(' and '{' tokens introducing statement expression appear in different macro expansion contexts [-Wcompound-token-split-by-macro]
    ,SIPROUND;SIPROUND;SIPROUND;
     ^~~~~~~~
/usr/local/lib/perl5/5.32/mach/CORE/hv_func.h:175:3: note: expanded from macro 'SIPROUND'
  STMT_START {              \
  ^~~~~~~~~~
/usr/local/lib/perl5/5.32/mach/CORE/perl.h:666:29: note: expanded from macro 'STMT_START'
#   define STMT_START   (void)( /* gcc supports "({ STATEMENTS; })" */
                              ^
/usr/local/lib/perl5/5.32/mach/CORE/hv_func.h:244:3: note: expanded from macro 'PERL_SIPHASH_FNC'
  SIP_FINAL_ROUNDS                          \
  ^~~~~~~~~~~~~~~~
/usr/local/lib/perl5/5.32/mach/CORE/hv_func.h:275:6: note: '{' token is here
    ,SIPROUND;SIPROUND;SIPROUND;
     ^~~~~~~~
/usr/local/lib/perl5/5.32/mach/CORE/hv_func.h:175:14: note: expanded from macro 'SIPROUND'
  STMT_START {              \
             ^
/usr/local/lib/perl5/5.32/mach/CORE/hv_func.h:244:3: note: expanded from macro 'PERL_SIPHASH_FNC'
  SIP_FINAL_ROUNDS                          \
  ^~~~~~~~~~~~~~~~
/usr/local/lib/perl5/5.32/mach/CORE/hv_func.h:275:6: warning: '}' and ')' tokens terminating statement expression appear in different macro expansion contexts [-Wcompound-token-split-by-macro]
    ,SIPROUND;SIPROUND;SIPROUND;
     ^~~~~~~~
/usr/local/lib/perl5/5.32/mach/CORE/hv_func.h:180:3: note: expanded from macro 'SIPROUND'
  } STMT_END
  ^
/usr/local/lib/perl5/5.32/mach/CORE/hv_func.h:244:3: note: expanded from macro 'PERL_SIPHASH_FNC'
  SIP_FINAL_ROUNDS                          \
  ^~~~~~~~~~~~~~~~
/usr/local/lib/perl5/5.32/mach/CORE/hv_func.h:275:6: note: ')' token is here
    ,SIPROUND;SIPROUND;SIPROUND;
     ^~~~~~~~
/usr/local/lib/perl5/5.32/mach/CORE/hv_func.h:180:5: note: expanded from macro 'SIPROUND'
  } STMT_END
    ^~~~~~~~
/usr/local/lib/perl5/5.32/mach/CORE/perl.h:667:21: note: expanded from macro 'STMT_END'
#   define STMT_END     )
                        ^
/usr/local/lib/perl5/5.32/mach/CORE/hv_func.h:244:3: note: expanded from macro 'PERL_SIPHASH_FNC'
  SIP_FINAL_ROUNDS                          \
  ^~~~~~~~~~~~~~~~
/usr/local/lib/perl5/5.32/mach/CORE/hv_func.h:275:15: warning: '(' and '{' tokens introducing statement expression appear in different macro expansion contexts [-Wcompound-token-split-by-macro]
    ,SIPROUND;SIPROUND;SIPROUND;
              ^~~~~~~~
/usr/local/lib/perl5/5.32/mach/CORE/hv_func.h:175:3: note: expanded from macro 'SIPROUND'
  STMT_START {              \
  ^~~~~~~~~~
/usr/local/lib/perl5/5.32/mach/CORE/perl.h:666:29: note: expanded from macro 'STMT_START'
#   define STMT_START   (void)( /* gcc supports "({ STATEMENTS; })" */
                              ^
/usr/local/lib/perl5/5.32/mach/CORE/hv_func.h:244:3: note: expanded from macro 'PERL_SIPHASH_FNC'
  SIP_FINAL_ROUNDS                          \
  ^~~~~~~~~~~~~~~~
/usr/local/lib/perl5/5.32/mach/CORE/hv_func.h:275:15: note: '{' token is here
    ,SIPROUND;SIPROUND;SIPROUND;
              ^~~~~~~~
/usr/local/lib/perl5/5.32/mach/CORE/hv_func.h:175:14: note: expanded from macro 'SIPROUND'
  STMT_START {              \
             ^
/usr/local/lib/perl5/5.32/mach/CORE/hv_func.h:244:3: note: expanded from macro 'PERL_SIPHASH_FNC'
  SIP_FINAL_ROUNDS                          \
  ^~~~~~~~~~~~~~~~
/usr/local/lib/perl5/5.32/mach/CORE/hv_func.h:275:15: warning: '}' and ')' tokens terminating statement expression appear in different macro expansion contexts [-Wcompound-token-split-by-macro]
    ,SIPROUND;SIPROUND;SIPROUND;
              ^~~~~~~~
/usr/local/lib/perl5/5.32/mach/CORE/hv_func.h:180:3: note: expanded from macro 'SIPROUND'
  } STMT_END
  ^
/usr/local/lib/perl5/5.32/mach/CORE/hv_func.h:244:3: note: expanded from macro 'PERL_SIPHASH_FNC'
  SIP_FINAL_ROUNDS                          \
  ^~~~~~~~~~~~~~~~
/usr/local/lib/perl5/5.32/mach/CORE/hv_func.h:275:15: note: ')' token is here
    ,SIPROUND;SIPROUND;SIPROUND;
              ^~~~~~~~
/usr/local/lib/perl5/5.32/mach/CORE/hv_func.h:180:5: note: expanded from macro 'SIPROUND'
  } STMT_END
    ^~~~~~~~
/usr/local/lib/perl5/5.32/mach/CORE/perl.h:667:21: note: expanded from macro 'STMT_END'
#   define STMT_END     )
                        ^
/usr/local/lib/perl5/5.32/mach/CORE/hv_func.h:244:3: note: expanded from macro 'PERL_SIPHASH_FNC'
  SIP_FINAL_ROUNDS                          \
  ^~~~~~~~~~~~~~~~
/usr/local/lib/perl5/5.32/mach/CORE/hv_func.h:275:24: warning: '(' and '{' tokens introducing statement expression appear in different macro expansion contexts [-Wcompound-token-split-by-macro]
    ,SIPROUND;SIPROUND;SIPROUND;
                       ^~~~~~~~
/usr/local/lib/perl5/5.32/mach/CORE/hv_func.h:175:3: note: expanded from macro 'SIPROUND'
  STMT_START {              \
  ^~~~~~~~~~
/usr/local/lib/perl5/5.32/mach/CORE/perl.h:666:29: note: expanded from macro 'STMT_START'
#   define STMT_START   (void)( /* gcc supports "({ STATEMENTS; })" */
                              ^
/usr/local/lib/perl5/5.32/mach/CORE/hv_func.h:244:3: note: expanded from macro 'PERL_SIPHASH_FNC'
  SIP_FINAL_ROUNDS                          \
  ^~~~~~~~~~~~~~~~
/usr/local/lib/perl5/5.32/mach/CORE/hv_func.h:275:24: note: '{' token is here
    ,SIPROUND;SIPROUND;SIPROUND;
                       ^~~~~~~~
/usr/local/lib/perl5/5.32/mach/CORE/hv_func.h:175:14: note: expanded from macro 'SIPROUND'
  STMT_START {              \
             ^
/usr/local/lib/perl5/5.32/mach/CORE/hv_func.h:244:3: note: expanded from macro 'PERL_SIPHASH_FNC'
  SIP_FINAL_ROUNDS                          \
  ^~~~~~~~~~~~~~~~
/usr/local/lib/perl5/5.32/mach/CORE/hv_func.h:275:24: warning: '}' and ')' tokens terminating statement expression appear in different macro expansion contexts [-Wcompound-token-split-by-macro]
    ,SIPROUND;SIPROUND;SIPROUND;
                       ^~~~~~~~
/usr/local/lib/perl5/5.32/mach/CORE/hv_func.h:180:3: note: expanded from macro 'SIPROUND'
  } STMT_END
  ^
/usr/local/lib/perl5/5.32/mach/CORE/hv_func.h:244:3: note: expanded from macro 'PERL_SIPHASH_FNC'
  SIP_FINAL_ROUNDS                          \
  ^~~~~~~~~~~~~~~~
/usr/local/lib/perl5/5.32/mach/CORE/hv_func.h:275:24: note: ')' token is here
    ,SIPROUND;SIPROUND;SIPROUND;
                       ^~~~~~~~
/usr/local/lib/perl5/5.32/mach/CORE/hv_func.h:180:5: note: expanded from macro 'SIPROUND'
  } STMT_END
    ^~~~~~~~
/usr/local/lib/perl5/5.32/mach/CORE/perl.h:667:21: note: expanded from macro 'STMT_END'
#   define STMT_END     )
                        ^
/usr/local/lib/perl5/5.32/mach/CORE/hv_func.h:244:3: note: expanded from macro 'PERL_SIPHASH_FNC'
  SIP_FINAL_ROUNDS                          \
  ^~~~~~~~~~~~~~~~
/usr/local/lib/perl5/5.32/mach/CORE/hv_func.h:280:6: warning: '(' and '{' tokens introducing statement expression appear in different macro expansion contexts [-Wcompound-token-split-by-macro]
    ,SIPROUND;SIPROUND;
     ^~~~~~~~
/usr/local/lib/perl5/5.32/mach/CORE/hv_func.h:175:3: note: expanded from macro 'SIPROUND'
  STMT_START {              \
  ^~~~~~~~~~
/usr/local/lib/perl5/5.32/mach/CORE/perl.h:666:29: note: expanded from macro 'STMT_START'
#   define STMT_START   (void)( /* gcc supports "({ STATEMENTS; })" */
                              ^
/usr/local/lib/perl5/5.32/mach/CORE/hv_func.h:219:5: note: expanded from macro 'PERL_SIPHASH_FNC'
    SIP_ROUNDS;                             \
    ^~~~~~~~~~
/usr/local/lib/perl5/5.32/mach/CORE/hv_func.h:280:6: note: '{' token is here
    ,SIPROUND;SIPROUND;
     ^~~~~~~~
/usr/local/lib/perl5/5.32/mach/CORE/hv_func.h:175:14: note: expanded from macro 'SIPROUND'
  STMT_START {              \
             ^
/usr/local/lib/perl5/5.32/mach/CORE/hv_func.h:219:5: note: expanded from macro 'PERL_SIPHASH_FNC'
    SIP_ROUNDS;                             \
    ^~~~~~~~~~
/usr/local/lib/perl5/5.32/mach/CORE/hv_func.h:280:6: warning: '}' and ')' tokens terminating statement expression appear in different macro expansion contexts [-Wcompound-token-split-by-macro]
    ,SIPROUND;SIPROUND;
     ^~~~~~~~
/usr/local/lib/perl5/5.32/mach/CORE/hv_func.h:180:3: note: expanded from macro 'SIPROUND'
  } STMT_END
  ^
/usr/local/lib/perl5/5.32/mach/CORE/hv_func.h:219:5: note: expanded from macro 'PERL_SIPHASH_FNC'
    SIP_ROUNDS;                             \
    ^~~~~~~~~~
/usr/local/lib/perl5/5.32/mach/CORE/hv_func.h:280:6: note: ')' token is here
    ,SIPROUND;SIPROUND;
     ^~~~~~~~
/usr/local/lib/perl5/5.32/mach/CORE/hv_func.h:180:5: note: expanded from macro 'SIPROUND'
  } STMT_END
    ^~~~~~~~
/usr/local/lib/perl5/5.32/mach/CORE/perl.h:667:21: note: expanded from macro 'STMT_END'
#   define STMT_END     )
                        ^
/usr/local/lib/perl5/5.32/mach/CORE/hv_func.h:219:5: note: expanded from macro 'PERL_SIPHASH_FNC'
    SIP_ROUNDS;                             \
    ^~~~~~~~~~
/usr/local/lib/perl5/5.32/mach/CORE/hv_func.h:280:15: warning: '(' and '{' tokens introducing statement expression appear in different macro expansion contexts [-Wcompound-token-split-by-macro]
    ,SIPROUND;SIPROUND;
              ^~~~~~~~
/usr/local/lib/perl5/5.32/mach/CORE/hv_func.h:175:3: note: expanded from macro 'SIPROUND'
  STMT_START {              \
  ^~~~~~~~~~
/usr/local/lib/perl5/5.32/mach/CORE/perl.h:666:29: note: expanded from macro 'STMT_START'
#   define STMT_START   (void)( /* gcc supports "({ STATEMENTS; })" */
                              ^
/usr/local/lib/perl5/5.32/mach/CORE/hv_func.h:219:5: note: expanded from macro 'PERL_SIPHASH_FNC'
    SIP_ROUNDS;                             \
    ^~~~~~~~~~
/usr/local/lib/perl5/5.32/mach/CORE/hv_func.h:280:15: note: '{' token is here
    ,SIPROUND;SIPROUND;
              ^~~~~~~~
/usr/local/lib/perl5/5.32/mach/CORE/hv_func.h:175:14: note: expanded from macro 'SIPROUND'
  STMT_START {              \
             ^
/usr/local/lib/perl5/5.32/mach/CORE/hv_func.h:219:5: note: expanded from macro 'PERL_SIPHASH_FNC'
    SIP_ROUNDS;                             \
    ^~~~~~~~~~
/usr/local/lib/perl5/5.32/mach/CORE/hv_func.h:280:15: warning: '}' and ')' tokens terminating statement expression appear in different macro expansion contexts [-Wcompound-token-split-by-macro]
    ,SIPROUND;SIPROUND;
              ^~~~~~~~
/usr/local/lib/perl5/5.32/mach/CORE/hv_func.h:180:3: note: expanded from macro 'SIPROUND'
  } STMT_END
  ^
/usr/local/lib/perl5/5.32/mach/CORE/hv_func.h:219:5: note: expanded from macro 'PERL_SIPHASH_FNC'
    SIP_ROUNDS;                             \
    ^~~~~~~~~~
/usr/local/lib/perl5/5.32/mach/CORE/hv_func.h:280:15: note: ')' token is here
    ,SIPROUND;SIPROUND;
              ^~~~~~~~
/usr/local/lib/perl5/5.32/mach/CORE/hv_func.h:180:5: note: expanded from macro 'SIPROUND'
  } STMT_END
    ^~~~~~~~
/usr/local/lib/perl5/5.32/mach/CORE/perl.h:667:21: note: expanded from macro 'STMT_END'
#   define STMT_END     )
                        ^
/usr/local/lib/perl5/5.32/mach/CORE/hv_func.h:219:5: note: expanded from macro 'PERL_SIPHASH_FNC'
    SIP_ROUNDS;                             \
    ^~~~~~~~~~
/usr/local/lib/perl5/5.32/mach/CORE/hv_func.h:280:6: warning: '(' and '{' tokens introducing statement expression appear in different macro expansion contexts [-Wcompound-token-split-by-macro]
    ,SIPROUND;SIPROUND;
     ^~~~~~~~
/usr/local/lib/perl5/5.32/mach/CORE/hv_func.h:175:3: note: expanded from macro 'SIPROUND'
  STMT_START {              \
  ^~~~~~~~~~
/usr/local/lib/perl5/5.32/mach/CORE/perl.h:666:29: note: expanded from macro 'STMT_START'
#   define STMT_START   (void)( /* gcc supports "({ STATEMENTS; })" */
                              ^
/usr/local/lib/perl5/5.32/mach/CORE/hv_func.h:238:3: note: expanded from macro 'PERL_SIPHASH_FNC'
  SIP_ROUNDS;                               \
  ^~~~~~~~~~
/usr/local/lib/perl5/5.32/mach/CORE/hv_func.h:280:6: note: '{' token is here
    ,SIPROUND;SIPROUND;
     ^~~~~~~~
/usr/local/lib/perl5/5.32/mach/CORE/hv_func.h:175:14: note: expanded from macro 'SIPROUND'
  STMT_START {              \
             ^
/usr/local/lib/perl5/5.32/mach/CORE/hv_func.h:238:3: note: expanded from macro 'PERL_SIPHASH_FNC'
  SIP_ROUNDS;                               \
  ^~~~~~~~~~
/usr/local/lib/perl5/5.32/mach/CORE/hv_func.h:280:6: warning: '}' and ')' tokens terminating statement expression appear in different macro expansion contexts [-Wcompound-token-split-by-macro]
    ,SIPROUND;SIPROUND;
     ^~~~~~~~
/usr/local/lib/perl5/5.32/mach/CORE/hv_func.h:180:3: note: expanded from macro 'SIPROUND'
  } STMT_END
  ^
/usr/local/lib/perl5/5.32/mach/CORE/hv_func.h:238:3: note: expanded from macro 'PERL_SIPHASH_FNC'
  SIP_ROUNDS;                               \
  ^~~~~~~~~~
/usr/local/lib/perl5/5.32/mach/CORE/hv_func.h:280:6: note: ')' token is here
    ,SIPROUND;SIPROUND;
     ^~~~~~~~
/usr/local/lib/perl5/5.32/mach/CORE/hv_func.h:180:5: note: expanded from macro 'SIPROUND'
  } STMT_END
    ^~~~~~~~
/usr/local/lib/perl5/5.32/mach/CORE/perl.h:667:21: note: expanded from macro 'STMT_END'
#   define STMT_END     )
                        ^
/usr/local/lib/perl5/5.32/mach/CORE/hv_func.h:238:3: note: expanded from macro 'PERL_SIPHASH_FNC'
  SIP_ROUNDS;                               \
  ^~~~~~~~~~
/usr/local/lib/perl5/5.32/mach/CORE/hv_func.h:280:15: warning: '(' and '{' tokens introducing statement expression appear in different macro expansion contexts [-Wcompound-token-split-by-macro]
    ,SIPROUND;SIPROUND;
              ^~~~~~~~
/usr/local/lib/perl5/5.32/mach/CORE/hv_func.h:175:3: note: expanded from macro 'SIPROUND'
  STMT_START {              \
  ^~~~~~~~~~
/usr/local/lib/perl5/5.32/mach/CORE/perl.h:666:29: note: expanded from macro 'STMT_START'
#   define STMT_START   (void)( /* gcc supports "({ STATEMENTS; })" */
                              ^
/usr/local/lib/perl5/5.32/mach/CORE/hv_func.h:238:3: note: expanded from macro 'PERL_SIPHASH_FNC'
  SIP_ROUNDS;                               \
  ^~~~~~~~~~
/usr/local/lib/perl5/5.32/mach/CORE/hv_func.h:280:15: note: '{' token is here
    ,SIPROUND;SIPROUND;
              ^~~~~~~~
/usr/local/lib/perl5/5.32/mach/CORE/hv_func.h:175:14: note: expanded from macro 'SIPROUND'
  STMT_START {              \
             ^
/usr/local/lib/perl5/5.32/mach/CORE/hv_func.h:238:3: note: expanded from macro 'PERL_SIPHASH_FNC'
  SIP_ROUNDS;                               \
  ^~~~~~~~~~
/usr/local/lib/perl5/5.32/mach/CORE/hv_func.h:280:15: warning: '}' and ')' tokens terminating statement expression appear in different macro expansion contexts [-Wcompound-token-split-by-macro]
    ,SIPROUND;SIPROUND;
              ^~~~~~~~
/usr/local/lib/perl5/5.32/mach/CORE/hv_func.h:180:3: note: expanded from macro 'SIPROUND'
  } STMT_END
  ^
/usr/local/lib/perl5/5.32/mach/CORE/hv_func.h:238:3: note: expanded from macro 'PERL_SIPHASH_FNC'
  SIP_ROUNDS;                               \
  ^~~~~~~~~~
/usr/local/lib/perl5/5.32/mach/CORE/hv_func.h:280:15: note: ')' token is here
    ,SIPROUND;SIPROUND;
              ^~~~~~~~
/usr/local/lib/perl5/5.32/mach/CORE/hv_func.h:180:5: note: expanded from macro 'SIPROUND'
  } STMT_END
    ^~~~~~~~
/usr/local/lib/perl5/5.32/mach/CORE/perl.h:667:21: note: expanded from macro 'STMT_END'
#   define STMT_END     )
                        ^
/usr/local/lib/perl5/5.32/mach/CORE/hv_func.h:238:3: note: expanded from macro 'PERL_SIPHASH_FNC'
  SIP_ROUNDS;                               \
  ^~~~~~~~~~
/usr/local/lib/perl5/5.32/mach/CORE/hv_func.h:281:6: warning: '(' and '{' tokens introducing statement expression appear in different macro expansion contexts [-Wcompound-token-split-by-macro]
    ,SIPROUND;SIPROUND;SIPROUND;SIPROUND;
     ^~~~~~~~
/usr/local/lib/perl5/5.32/mach/CORE/hv_func.h:175:3: note: expanded from macro 'SIPROUND'
  STMT_START {              \
  ^~~~~~~~~~
/usr/local/lib/perl5/5.32/mach/CORE/perl.h:666:29: note: expanded from macro 'STMT_START'
#   define STMT_START   (void)( /* gcc supports "({ STATEMENTS; })" */
                              ^
/usr/local/lib/perl5/5.32/mach/CORE/hv_func.h:244:3: note: expanded from macro 'PERL_SIPHASH_FNC'
  SIP_FINAL_ROUNDS                          \
  ^~~~~~~~~~~~~~~~
/usr/local/lib/perl5/5.32/mach/CORE/hv_func.h:281:6: note: '{' token is here
    ,SIPROUND;SIPROUND;SIPROUND;SIPROUND;
     ^~~~~~~~
/usr/local/lib/perl5/5.32/mach/CORE/hv_func.h:175:14: note: expanded from macro 'SIPROUND'
  STMT_START {              \
             ^
/usr/local/lib/perl5/5.32/mach/CORE/hv_func.h:244:3: note: expanded from macro 'PERL_SIPHASH_FNC'
  SIP_FINAL_ROUNDS                          \
  ^~~~~~~~~~~~~~~~
/usr/local/lib/perl5/5.32/mach/CORE/hv_func.h:281:6: warning: '}' and ')' tokens terminating statement expression appear in different macro expansion contexts [-Wcompound-token-split-by-macro]
    ,SIPROUND;SIPROUND;SIPROUND;SIPROUND;
     ^~~~~~~~
/usr/local/lib/perl5/5.32/mach/CORE/hv_func.h:180:3: note: expanded from macro 'SIPROUND'
  } STMT_END
  ^
/usr/local/lib/perl5/5.32/mach/CORE/hv_func.h:244:3: note: expanded from macro 'PERL_SIPHASH_FNC'
  SIP_FINAL_ROUNDS                          \
  ^~~~~~~~~~~~~~~~
/usr/local/lib/perl5/5.32/mach/CORE/hv_func.h:281:6: note: ')' token is here
    ,SIPROUND;SIPROUND;SIPROUND;SIPROUND;
     ^~~~~~~~
/usr/local/lib/perl5/5.32/mach/CORE/hv_func.h:180:5: note: expanded from macro 'SIPROUND'
  } STMT_END
    ^~~~~~~~
/usr/local/lib/perl5/5.32/mach/CORE/perl.h:667:21: note: expanded from macro 'STMT_END'
#   define STMT_END     )
                        ^
/usr/local/lib/perl5/5.32/mach/CORE/hv_func.h:244:3: note: expanded from macro 'PERL_SIPHASH_FNC'
  SIP_FINAL_ROUNDS                          \
  ^~~~~~~~~~~~~~~~
/usr/local/lib/perl5/5.32/mach/CORE/hv_func.h:281:15: warning: '(' and '{' tokens introducing statement expression appear in different macro expansion contexts [-Wcompound-token-split-by-macro]
    ,SIPROUND;SIPROUND;SIPROUND;SIPROUND;
              ^~~~~~~~
/usr/local/lib/perl5/5.32/mach/CORE/hv_func.h:175:3: note: expanded from macro 'SIPROUND'
  STMT_START {              \
  ^~~~~~~~~~
/usr/local/lib/perl5/5.32/mach/CORE/perl.h:666:29: note: expanded from macro 'STMT_START'
#   define STMT_START   (void)( /* gcc supports "({ STATEMENTS; })" */
                              ^
/usr/local/lib/perl5/5.32/mach/CORE/hv_func.h:244:3: note: expanded from macro 'PERL_SIPHASH_FNC'
  SIP_FINAL_ROUNDS                          \
  ^~~~~~~~~~~~~~~~
/usr/local/lib/perl5/5.32/mach/CORE/hv_func.h:281:15: note: '{' token is here
    ,SIPROUND;SIPROUND;SIPROUND;SIPROUND;
              ^~~~~~~~
/usr/local/lib/perl5/5.32/mach/CORE/hv_func.h:175:14: note: expanded from macro 'SIPROUND'
  STMT_START {              \
             ^
/usr/local/lib/perl5/5.32/mach/CORE/hv_func.h:244:3: note: expanded from macro 'PERL_SIPHASH_FNC'
  SIP_FINAL_ROUNDS                          \
  ^~~~~~~~~~~~~~~~
/usr/local/lib/perl5/5.32/mach/CORE/hv_func.h:281:15: warning: '}' and ')' tokens terminating statement expression appear in different macro expansion contexts [-Wcompound-token-split-by-macro]
    ,SIPROUND;SIPROUND;SIPROUND;SIPROUND;
              ^~~~~~~~
/usr/local/lib/perl5/5.32/mach/CORE/hv_func.h:180:3: note: expanded from macro 'SIPROUND'
  } STMT_END
  ^
/usr/local/lib/perl5/5.32/mach/CORE/hv_func.h:244:3: note: expanded from macro 'PERL_SIPHASH_FNC'
  SIP_FINAL_ROUNDS                          \
  ^~~~~~~~~~~~~~~~
/usr/local/lib/perl5/5.32/mach/CORE/hv_func.h:281:15: note: ')' token is here
    ,SIPROUND;SIPROUND;SIPROUND;SIPROUND;
              ^~~~~~~~
/usr/local/lib/perl5/5.32/mach/CORE/hv_func.h:180:5: note: expanded from macro 'SIPROUND'
  } STMT_END
    ^~~~~~~~
/usr/local/lib/perl5/5.32/mach/CORE/perl.h:667:21: note: expanded from macro 'STMT_END'
#   define STMT_END     )
                        ^
/usr/local/lib/perl5/5.32/mach/CORE/hv_func.h:244:3: note: expanded from macro 'PERL_SIPHASH_FNC'
  SIP_FINAL_ROUNDS                          \
  ^~~~~~~~~~~~~~~~
/usr/local/lib/perl5/5.32/mach/CORE/hv_func.h:281:24: warning: '(' and '{' tokens introducing statement expression appear in different macro expansion contexts [-Wcompound-token-split-by-macro]
    ,SIPROUND;SIPROUND;SIPROUND;SIPROUND;
                       ^~~~~~~~
/usr/local/lib/perl5/5.32/mach/CORE/hv_func.h:175:3: note: expanded from macro 'SIPROUND'
  STMT_START {              \
  ^~~~~~~~~~
/usr/local/lib/perl5/5.32/mach/CORE/perl.h:666:29: note: expanded from macro 'STMT_START'
#   define STMT_START   (void)( /* gcc supports "({ STATEMENTS; })" */
                              ^
/usr/local/lib/perl5/5.32/mach/CORE/hv_func.h:244:3: note: expanded from macro 'PERL_SIPHASH_FNC'
  SIP_FINAL_ROUNDS                          \
  ^~~~~~~~~~~~~~~~
/usr/local/lib/perl5/5.32/mach/CORE/hv_func.h:281:24: note: '{' token is here
    ,SIPROUND;SIPROUND;SIPROUND;SIPROUND;
                       ^~~~~~~~
/usr/local/lib/perl5/5.32/mach/CORE/hv_func.h:175:14: note: expanded from macro 'SIPROUND'
  STMT_START {              \
             ^
/usr/local/lib/perl5/5.32/mach/CORE/hv_func.h:244:3: note: expanded from macro 'PERL_SIPHASH_FNC'
  SIP_FINAL_ROUNDS                          \
  ^~~~~~~~~~~~~~~~
/usr/local/lib/perl5/5.32/mach/CORE/hv_func.h:281:24: warning: '}' and ')' tokens terminating statement expression appear in different macro expansion contexts [-Wcompound-token-split-by-macro]
    ,SIPROUND;SIPROUND;SIPROUND;SIPROUND;
                       ^~~~~~~~
/usr/local/lib/perl5/5.32/mach/CORE/hv_func.h:180:3: note: expanded from macro 'SIPROUND'
  } STMT_END
  ^
/usr/local/lib/perl5/5.32/mach/CORE/hv_func.h:244:3: note: expanded from macro 'PERL_SIPHASH_FNC'
  SIP_FINAL_ROUNDS                          \
  ^~~~~~~~~~~~~~~~
/usr/local/lib/perl5/5.32/mach/CORE/hv_func.h:281:24: note: ')' token is here
    ,SIPROUND;SIPROUND;SIPROUND;SIPROUND;
                       ^~~~~~~~
/usr/local/lib/perl5/5.32/mach/CORE/hv_func.h:180:5: note: expanded from macro 'SIPROUND'
  } STMT_END
    ^~~~~~~~
/usr/local/lib/perl5/5.32/mach/CORE/perl.h:667:21: note: expanded from macro 'STMT_END'
#   define STMT_END     )
                        ^
/usr/local/lib/perl5/5.32/mach/CORE/hv_func.h:244:3: note: expanded from macro 'PERL_SIPHASH_FNC'
  SIP_FINAL_ROUNDS                          \
  ^~~~~~~~~~~~~~~~
/usr/local/lib/perl5/5.32/mach/CORE/hv_func.h:281:33: warning: '(' and '{' tokens introducing statement expression appear in different macro expansion contexts [-Wcompound-token-split-by-macro]
    ,SIPROUND;SIPROUND;SIPROUND;SIPROUND;
                                ^~~~~~~~
/usr/local/lib/perl5/5.32/mach/CORE/hv_func.h:175:3: note: expanded from macro 'SIPROUND'
  STMT_START {              \
  ^~~~~~~~~~
/usr/local/lib/perl5/5.32/mach/CORE/perl.h:666:29: note: expanded from macro 'STMT_START'
#   define STMT_START   (void)( /* gcc supports "({ STATEMENTS; })" */
                              ^
/usr/local/lib/perl5/5.32/mach/CORE/hv_func.h:244:3: note: expanded from macro 'PERL_SIPHASH_FNC'
  SIP_FINAL_ROUNDS                          \
  ^~~~~~~~~~~~~~~~
/usr/local/lib/perl5/5.32/mach/CORE/hv_func.h:281:33: note: '{' token is here
    ,SIPROUND;SIPROUND;SIPROUND;SIPROUND;
                                ^~~~~~~~
/usr/local/lib/perl5/5.32/mach/CORE/hv_func.h:175:14: note: expanded from macro 'SIPROUND'
  STMT_START {              \
             ^
/usr/local/lib/perl5/5.32/mach/CORE/hv_func.h:244:3: note: expanded from macro 'PERL_SIPHASH_FNC'
  SIP_FINAL_ROUNDS                          \
  ^~~~~~~~~~~~~~~~
/usr/local/lib/perl5/5.32/mach/CORE/hv_func.h:281:33: warning: '}' and ')' tokens terminating statement expression appear in different macro expansion contexts [-Wcompound-token-split-by-macro]
    ,SIPROUND;SIPROUND;SIPROUND;SIPROUND;
                                ^~~~~~~~
/usr/local/lib/perl5/5.32/mach/CORE/hv_func.h:180:3: note: expanded from macro 'SIPROUND'
  } STMT_END
  ^
/usr/local/lib/perl5/5.32/mach/CORE/hv_func.h:244:3: note: expanded from macro 'PERL_SIPHASH_FNC'
  SIP_FINAL_ROUNDS                          \
  ^~~~~~~~~~~~~~~~
/usr/local/lib/perl5/5.32/mach/CORE/hv_func.h:281:33: note: ')' token is here
    ,SIPROUND;SIPROUND;SIPROUND;SIPROUND;
                                ^~~~~~~~
/usr/local/lib/perl5/5.32/mach/CORE/hv_func.h:180:5: note: expanded from macro 'SIPROUND'
  } STMT_END
    ^~~~~~~~
/usr/local/lib/perl5/5.32/mach/CORE/perl.h:667:21: note: expanded from macro 'STMT_END'
#   define STMT_END     )
                        ^
/usr/local/lib/perl5/5.32/mach/CORE/hv_func.h:244:3: note: expanded from macro 'PERL_SIPHASH_FNC'
  SIP_FINAL_ROUNDS                          \
  ^~~~~~~~~~~~~~~~
In file included from MD5.xs:40:
In file included from /usr/local/lib/perl5/5.32/mach/CORE/perl.h:6161:
/usr/local/lib/perl5/5.32/mach/CORE/inline.h:2209:5: warning: '(' and '{' tokens introducing statement expression appear in different macro expansion contexts [-Wcompound-token-split-by-macro]
    CX_POP_SAVEARRAY(cx);
    ^~~~~~~~~~~~~~~~~~~~
/usr/local/lib/perl5/5.32/mach/CORE/cop.h:657:5: note: expanded from macro 'CX_POP_SAVEARRAY'
    STMT_START {                                                        \
    ^~~~~~~~~~
/usr/local/lib/perl5/5.32/mach/CORE/perl.h:666:29: note: expanded from macro 'STMT_START'
#   define STMT_START   (void)( /* gcc supports "({ STATEMENTS; })" */
                              ^
/usr/local/lib/perl5/5.32/mach/CORE/inline.h:2209:5: note: '{' token is here
    CX_POP_SAVEARRAY(cx);
    ^~~~~~~~~~~~~~~~~~~~
/usr/local/lib/perl5/5.32/mach/CORE/cop.h:657:16: note: expanded from macro 'CX_POP_SAVEARRAY'
    STMT_START {                                                        \
               ^
In file included from MD5.xs:40:
In file included from /usr/local/lib/perl5/5.32/mach/CORE/perl.h:6161:
/usr/local/lib/perl5/5.32/mach/CORE/inline.h:2209:5: warning: '}' and ')' tokens terminating statement expression appear in different macro expansion contexts [-Wcompound-token-split-by-macro]
    CX_POP_SAVEARRAY(cx);
    ^~~~~~~~~~~~~~~~~~~~
/usr/local/lib/perl5/5.32/mach/CORE/cop.h:662:5: note: expanded from macro 'CX_POP_SAVEARRAY'
    } STMT_END
    ^
/usr/local/lib/perl5/5.32/mach/CORE/inline.h:2209:5: note: ')' token is here
    CX_POP_SAVEARRAY(cx);
    ^~~~~~~~~~~~~~~~~~~~
/usr/local/lib/perl5/5.32/mach/CORE/cop.h:662:7: note: expanded from macro 'CX_POP_SAVEARRAY'
    } STMT_END
      ^~~~~~~~
/usr/local/lib/perl5/5.32/mach/CORE/perl.h:667:21: note: expanded from macro 'STMT_END'
#   define STMT_END     )
                        ^
In file included from MD5.xs:40:
In file included from /usr/local/lib/perl5/5.32/mach/CORE/perl.h:6161:
/usr/local/lib/perl5/5.32/mach/CORE/inline.h:2215:9: warning: '(' and '{' tokens introducing statement expression appear in different macro expansion contexts [-Wcompound-token-split-by-macro]
        CLEAR_ARGARRAY(av);
        ^~~~~~~~~~~~~~~~~~
/usr/local/lib/perl5/5.32/mach/CORE/cop.h:667:5: note: expanded from macro 'CLEAR_ARGARRAY'
    STMT_START {                                                        \
    ^~~~~~~~~~
/usr/local/lib/perl5/5.32/mach/CORE/perl.h:666:29: note: expanded from macro 'STMT_START'
#   define STMT_START   (void)( /* gcc supports "({ STATEMENTS; })" */
                              ^
/usr/local/lib/perl5/5.32/mach/CORE/inline.h:2215:9: note: '{' token is here
        CLEAR_ARGARRAY(av);
        ^~~~~~~~~~~~~~~~~~
/usr/local/lib/perl5/5.32/mach/CORE/cop.h:667:16: note: expanded from macro 'CLEAR_ARGARRAY'
    STMT_START {                                                        \
               ^
In file included from MD5.xs:40:
In file included from /usr/local/lib/perl5/5.32/mach/CORE/perl.h:6161:
/usr/local/lib/perl5/5.32/mach/CORE/inline.h:2215:9: warning: '}' and ')' tokens terminating statement expression appear in different macro expansion contexts [-Wcompound-token-split-by-macro]
        CLEAR_ARGARRAY(av);
        ^~~~~~~~~~~~~~~~~~
/usr/local/lib/perl5/5.32/mach/CORE/cop.h:671:5: note: expanded from macro 'CLEAR_ARGARRAY'
    } STMT_END
    ^
/usr/local/lib/perl5/5.32/mach/CORE/inline.h:2215:9: note: ')' token is here
        CLEAR_ARGARRAY(av);
        ^~~~~~~~~~~~~~~~~~
/usr/local/lib/perl5/5.32/mach/CORE/cop.h:671:7: note: expanded from macro 'CLEAR_ARGARRAY'
    } STMT_END
      ^~~~~~~~
/usr/local/lib/perl5/5.32/mach/CORE/perl.h:667:21: note: expanded from macro 'STMT_END'
#   define STMT_END     )
                        ^
In file included from MD5.xs:40:
In file included from /usr/local/lib/perl5/5.32/mach/CORE/perl.h:6161:
/usr/local/lib/perl5/5.32/mach/CORE/inline.h:2619:5: warning: '(' and '{' tokens introducing statement expression appear in different macro expansion contexts [-Wcompound-token-split-by-macro]
    ENV_LOCK;
    ^~~~~~~~
/usr/local/lib/perl5/5.32/mach/CORE/perl.h:2924:31: note: expanded from macro 'ENV_LOCK'
#  define ENV_LOCK            MUTEX_LOCK(&PL_env_mutex)
                              ^~~~~~~~~~~~~~~~~~~~~~~~~
/usr/local/lib/perl5/5.32/mach/CORE/thread.h:214:5: note: expanded from macro 'MUTEX_LOCK'
    STMT_START {                                                \
    ^~~~~~~~~~
/usr/local/lib/perl5/5.32/mach/CORE/perl.h:666:29: note: expanded from macro 'STMT_START'
#   define STMT_START   (void)( /* gcc supports "({ STATEMENTS; })" */
                              ^
/usr/local/lib/perl5/5.32/mach/CORE/inline.h:2619:5: note: '{' token is here
    ENV_LOCK;
    ^~~~~~~~
/usr/local/lib/perl5/5.32/mach/CORE/perl.h:2924:31: note: expanded from macro 'ENV_LOCK'
#  define ENV_LOCK            MUTEX_LOCK(&PL_env_mutex)
                              ^~~~~~~~~~~~~~~~~~~~~~~~~
/usr/local/lib/perl5/5.32/mach/CORE/thread.h:214:16: note: expanded from macro 'MUTEX_LOCK'
    STMT_START {                                                \
               ^
In file included from MD5.xs:40:
In file included from /usr/local/lib/perl5/5.32/mach/CORE/perl.h:6161:
/usr/local/lib/perl5/5.32/mach/CORE/inline.h:2619:5: warning: '}' and ')' tokens terminating statement expression appear in different macro expansion contexts [-Wcompound-token-split-by-macro]
    ENV_LOCK;
    ^~~~~~~~
/usr/local/lib/perl5/5.32/mach/CORE/perl.h:2924:31: note: expanded from macro 'ENV_LOCK'
#  define ENV_LOCK            MUTEX_LOCK(&PL_env_mutex)
                              ^~~~~~~~~~~~~~~~~~~~~~~~~
/usr/local/lib/perl5/5.32/mach/CORE/thread.h:219:5: note: expanded from macro 'MUTEX_LOCK'
    } STMT_END
    ^
/usr/local/lib/perl5/5.32/mach/CORE/inline.h:2619:5: note: ')' token is here
    ENV_LOCK;
    ^~~~~~~~
/usr/local/lib/perl5/5.32/mach/CORE/perl.h:2924:31: note: expanded from macro 'ENV_LOCK'
#  define ENV_LOCK            MUTEX_LOCK(&PL_env_mutex)
                              ^~~~~~~~~~~~~~~~~~~~~~~~~
/usr/local/lib/perl5/5.32/mach/CORE/thread.h:219:7: note: expanded from macro 'MUTEX_LOCK'
    } STMT_END
      ^~~~~~~~
/usr/local/lib/perl5/5.32/mach/CORE/perl.h:667:21: note: expanded from macro 'STMT_END'
#   define STMT_END     )
                        ^
In file included from MD5.xs:40:
In file included from /usr/local/lib/perl5/5.32/mach/CORE/perl.h:6161:
/usr/local/lib/perl5/5.32/mach/CORE/inline.h:2627:5: warning: '(' and '{' tokens introducing statement expression appear in different macro expansion contexts [-Wcompound-token-split-by-macro]
    ENV_UNLOCK;
    ^~~~~~~~~~
/usr/local/lib/perl5/5.32/mach/CORE/perl.h:2925:31: note: expanded from macro 'ENV_UNLOCK'
#  define ENV_UNLOCK          MUTEX_UNLOCK(&PL_env_mutex)
                              ^~~~~~~~~~~~~~~~~~~~~~~~~~~
/usr/local/lib/perl5/5.32/mach/CORE/thread.h:222:5: note: expanded from macro 'MUTEX_UNLOCK'
    STMT_START {                                                \
    ^~~~~~~~~~
/usr/local/lib/perl5/5.32/mach/CORE/perl.h:666:29: note: expanded from macro 'STMT_START'
#   define STMT_START   (void)( /* gcc supports "({ STATEMENTS; })" */
                              ^
/usr/local/lib/perl5/5.32/mach/CORE/inline.h:2627:5: note: '{' token is here
    ENV_UNLOCK;
    ^~~~~~~~~~
/usr/local/lib/perl5/5.32/mach/CORE/perl.h:2925:31: note: expanded from macro 'ENV_UNLOCK'
#  define ENV_UNLOCK          MUTEX_UNLOCK(&PL_env_mutex)
                              ^~~~~~~~~~~~~~~~~~~~~~~~~~~
/usr/local/lib/perl5/5.32/mach/CORE/thread.h:222:16: note: expanded from macro 'MUTEX_UNLOCK'
    STMT_START {                                                \
               ^
In file included from MD5.xs:40:
In file included from /usr/local/lib/perl5/5.32/mach/CORE/perl.h:6161:
/usr/local/lib/perl5/5.32/mach/CORE/inline.h:2627:5: warning: '}' and ')' tokens terminating statement expression appear in different macro expansion contexts [-Wcompound-token-split-by-macro]
    ENV_UNLOCK;
    ^~~~~~~~~~
/usr/local/lib/perl5/5.32/mach/CORE/perl.h:2925:31: note: expanded from macro 'ENV_UNLOCK'
#  define ENV_UNLOCK          MUTEX_UNLOCK(&PL_env_mutex)
                              ^~~~~~~~~~~~~~~~~~~~~~~~~~~
/usr/local/lib/perl5/5.32/mach/CORE/thread.h:227:5: note: expanded from macro 'MUTEX_UNLOCK'
    } STMT_END
    ^
/usr/local/lib/perl5/5.32/mach/CORE/inline.h:2627:5: note: ')' token is here
    ENV_UNLOCK;
    ^~~~~~~~~~
/usr/local/lib/perl5/5.32/mach/CORE/perl.h:2925:31: note: expanded from macro 'ENV_UNLOCK'
#  define ENV_UNLOCK          MUTEX_UNLOCK(&PL_env_mutex)
                              ^~~~~~~~~~~~~~~~~~~~~~~~~~~
/usr/local/lib/perl5/5.32/mach/CORE/thread.h:227:7: note: expanded from macro 'MUTEX_UNLOCK'
    } STMT_END
      ^~~~~~~~
/usr/local/lib/perl5/5.32/mach/CORE/perl.h:667:21: note: expanded from macro 'STMT_END'
#   define STMT_END     )
                        ^
MD5.xs:597:2: warning: '(' and '{' tokens introducing statement expression appear in different macro expansion contexts [-Wcompound-token-split-by-macro]
        XSRETURN(1);
        ^~~~~~~~~~~
/usr/local/lib/perl5/5.32/mach/CORE/XSUB.h:315:5: note: expanded from macro 'XSRETURN'
    STMT_START {                                        \
    ^~~~~~~~~~
/usr/local/lib/perl5/5.32/mach/CORE/perl.h:666:29: note: expanded from macro 'STMT_START'
#   define STMT_START   (void)( /* gcc supports "({ STATEMENTS; })" */
                              ^
MD5.xs:597:2: note: '{' token is here
        XSRETURN(1);
        ^~~~~~~~~~~
/usr/local/lib/perl5/5.32/mach/CORE/XSUB.h:315:16: note: expanded from macro 'XSRETURN'
    STMT_START {                                        \
               ^
MD5.xs:597:2: warning: '}' and ')' tokens terminating statement expression appear in different macro expansion contexts [-Wcompound-token-split-by-macro]
        XSRETURN(1);
        ^~~~~~~~~~~
/usr/local/lib/perl5/5.32/mach/CORE/XSUB.h:320:5: note: expanded from macro 'XSRETURN'
    } STMT_END
    ^
MD5.xs:597:2: note: ')' token is here
        XSRETURN(1);
        ^~~~~~~~~~~
/usr/local/lib/perl5/5.32/mach/CORE/XSUB.h:320:7: note: expanded from macro 'XSRETURN'
    } STMT_END
      ^~~~~~~~
/usr/local/lib/perl5/5.32/mach/CORE/perl.h:667:21: note: expanded from macro 'STMT_END'
#   define STMT_END     )
                        ^
MD5.xs:610:2: warning: '(' and '{' tokens introducing statement expression appear in different macro expansion contexts [-Wcompound-token-split-by-macro]
        XSRETURN(1);
        ^~~~~~~~~~~
/usr/local/lib/perl5/5.32/mach/CORE/XSUB.h:315:5: note: expanded from macro 'XSRETURN'
    STMT_START {                                        \
    ^~~~~~~~~~
/usr/local/lib/perl5/5.32/mach/CORE/perl.h:666:29: note: expanded from macro 'STMT_START'
#   define STMT_START   (void)( /* gcc supports "({ STATEMENTS; })" */
                              ^
MD5.xs:610:2: note: '{' token is here
        XSRETURN(1);
        ^~~~~~~~~~~
/usr/local/lib/perl5/5.32/mach/CORE/XSUB.h:315:16: note: expanded from macro 'XSRETURN'
    STMT_START {                                        \
               ^
MD5.xs:610:2: warning: '}' and ')' tokens terminating statement expression appear in different macro expansion contexts [-Wcompound-token-split-by-macro]
        XSRETURN(1);
        ^~~~~~~~~~~
/usr/local/lib/perl5/5.32/mach/CORE/XSUB.h:320:5: note: expanded from macro 'XSRETURN'
    } STMT_END
    ^
MD5.xs:610:2: note: ')' token is here
        XSRETURN(1);
        ^~~~~~~~~~~
/usr/local/lib/perl5/5.32/mach/CORE/XSUB.h:320:7: note: expanded from macro 'XSRETURN'
    } STMT_END
      ^~~~~~~~
/usr/local/lib/perl5/5.32/mach/CORE/perl.h:667:21: note: expanded from macro 'STMT_END'
#   define STMT_END     )
                        ^
MD5.c:806:5: warning: '(' and '{' tokens introducing statement expression appear in different macro expansion contexts [-Wcompound-token-split-by-macro]
    XSRETURN_EMPTY;
    ^~~~~~~~~~~~~~
/usr/local/lib/perl5/5.32/mach/CORE/XSUB.h:330:24: note: expanded from macro 'XSRETURN_EMPTY'
#define XSRETURN_EMPTY STMT_START {                XSRETURN(0); } STMT_END
                       ^~~~~~~~~~
/usr/local/lib/perl5/5.32/mach/CORE/perl.h:666:29: note: expanded from macro 'STMT_START'
#   define STMT_START   (void)( /* gcc supports "({ STATEMENTS; })" */
                              ^
MD5.c:806:5: note: '{' token is here
    XSRETURN_EMPTY;
    ^~~~~~~~~~~~~~
/usr/local/lib/perl5/5.32/mach/CORE/XSUB.h:330:35: note: expanded from macro 'XSRETURN_EMPTY'
#define XSRETURN_EMPTY STMT_START {                XSRETURN(0); } STMT_END
                                  ^
MD5.c:806:5: warning: '(' and '{' tokens introducing statement expression appear in different macro expansion contexts [-Wcompound-token-split-by-macro]
    XSRETURN_EMPTY;
    ^~~~~~~~~~~~~~
/usr/local/lib/perl5/5.32/mach/CORE/XSUB.h:330:52: note: expanded from macro 'XSRETURN_EMPTY'
#define XSRETURN_EMPTY STMT_START {                XSRETURN(0); } STMT_END
                                                   ^~~~~~~~~~~
/usr/local/lib/perl5/5.32/mach/CORE/XSUB.h:315:5: note: expanded from macro 'XSRETURN'
    STMT_START {                                        \
    ^~~~~~~~~~
/usr/local/lib/perl5/5.32/mach/CORE/perl.h:666:29: note: expanded from macro 'STMT_START'
#   define STMT_START   (void)( /* gcc supports "({ STATEMENTS; })" */
                              ^
MD5.c:806:5: note: '{' token is here
    XSRETURN_EMPTY;
    ^~~~~~~~~~~~~~
/usr/local/lib/perl5/5.32/mach/CORE/XSUB.h:330:52: note: expanded from macro 'XSRETURN_EMPTY'
#define XSRETURN_EMPTY STMT_START {                XSRETURN(0); } STMT_END
                                                   ^~~~~~~~~~~
/usr/local/lib/perl5/5.32/mach/CORE/XSUB.h:315:16: note: expanded from macro 'XSRETURN'
    STMT_START {                                        \
               ^
MD5.c:806:5: warning: '}' and ')' tokens terminating statement expression appear in different macro expansion contexts [-Wcompound-token-split-by-macro]
    XSRETURN_EMPTY;
    ^~~~~~~~~~~~~~
/usr/local/lib/perl5/5.32/mach/CORE/XSUB.h:330:52: note: expanded from macro 'XSRETURN_EMPTY'
#define XSRETURN_EMPTY STMT_START {                XSRETURN(0); } STMT_END
                                                   ^~~~~~~~~~~
/usr/local/lib/perl5/5.32/mach/CORE/XSUB.h:320:5: note: expanded from macro 'XSRETURN'
    } STMT_END
    ^
MD5.c:806:5: note: ')' token is here
    XSRETURN_EMPTY;
    ^~~~~~~~~~~~~~
/usr/local/lib/perl5/5.32/mach/CORE/XSUB.h:330:52: note: expanded from macro 'XSRETURN_EMPTY'
#define XSRETURN_EMPTY STMT_START {                XSRETURN(0); } STMT_END
                                                   ^~~~~~~~~~~
/usr/local/lib/perl5/5.32/mach/CORE/XSUB.h:320:7: note: expanded from macro 'XSRETURN'
    } STMT_END
      ^~~~~~~~
/usr/local/lib/perl5/5.32/mach/CORE/perl.h:667:21: note: expanded from macro 'STMT_END'
#   define STMT_END     )
                        ^
MD5.c:806:5: warning: '}' and ')' tokens terminating statement expression appear in different macro expansion contexts [-Wcompound-token-split-by-macro]
    XSRETURN_EMPTY;
    ^~~~~~~~~~~~~~
/usr/local/lib/perl5/5.32/mach/CORE/XSUB.h:330:65: note: expanded from macro 'XSRETURN_EMPTY'
#define XSRETURN_EMPTY STMT_START {                XSRETURN(0); } STMT_END
                                                                ^
MD5.c:806:5: note: ')' token is here
    XSRETURN_EMPTY;
    ^~~~~~~~~~~~~~
/usr/local/lib/perl5/5.32/mach/CORE/XSUB.h:330:67: note: expanded from macro 'XSRETURN_EMPTY'
#define XSRETURN_EMPTY STMT_START {                XSRETURN(0); } STMT_END
                                                                  ^~~~~~~~
/usr/local/lib/perl5/5.32/mach/CORE/perl.h:667:21: note: expanded from macro 'STMT_END'
#   define STMT_END     )
                        ^
MD5.xs:633:2: warning: '(' and '{' tokens introducing statement expression appear in different macro expansion contexts [-Wcompound-token-split-by-macro]
        XSRETURN(1);  /* self */
        ^~~~~~~~~~~
/usr/local/lib/perl5/5.32/mach/CORE/XSUB.h:315:5: note: expanded from macro 'XSRETURN'
    STMT_START {                                        \
    ^~~~~~~~~~
/usr/local/lib/perl5/5.32/mach/CORE/perl.h:666:29: note: expanded from macro 'STMT_START'
#   define STMT_START   (void)( /* gcc supports "({ STATEMENTS; })" */
                              ^
MD5.xs:633:2: note: '{' token is here
        XSRETURN(1);  /* self */
        ^~~~~~~~~~~
/usr/local/lib/perl5/5.32/mach/CORE/XSUB.h:315:16: note: expanded from macro 'XSRETURN'
    STMT_START {                                        \
               ^
MD5.xs:633:2: warning: '}' and ')' tokens terminating statement expression appear in different macro expansion contexts [-Wcompound-token-split-by-macro]
        XSRETURN(1);  /* self */
        ^~~~~~~~~~~
/usr/local/lib/perl5/5.32/mach/CORE/XSUB.h:320:5: note: expanded from macro 'XSRETURN'
    } STMT_END
    ^
MD5.xs:633:2: note: ')' token is here
        XSRETURN(1);  /* self */
        ^~~~~~~~~~~
/usr/local/lib/perl5/5.32/mach/CORE/XSUB.h:320:7: note: expanded from macro 'XSRETURN'
    } STMT_END
      ^~~~~~~~
/usr/local/lib/perl5/5.32/mach/CORE/perl.h:667:21: note: expanded from macro 'STMT_END'
#   define STMT_END     )
                        ^
MD5.xs:663:7: warning: '(' and '{' tokens introducing statement expression appear in different macro expansion contexts [-Wcompound-token-split-by-macro]
                    XSRETURN(1);  /* self */
                    ^~~~~~~~~~~
/usr/local/lib/perl5/5.32/mach/CORE/XSUB.h:315:5: note: expanded from macro 'XSRETURN'
    STMT_START {                                        \
    ^~~~~~~~~~
/usr/local/lib/perl5/5.32/mach/CORE/perl.h:666:29: note: expanded from macro 'STMT_START'
#   define STMT_START   (void)( /* gcc supports "({ STATEMENTS; })" */
                              ^
MD5.xs:663:7: note: '{' token is here
                    XSRETURN(1);  /* self */
                    ^~~~~~~~~~~
/usr/local/lib/perl5/5.32/mach/CORE/XSUB.h:315:16: note: expanded from macro 'XSRETURN'
    STMT_START {                                        \
               ^
MD5.xs:663:7: warning: '}' and ')' tokens terminating statement expression appear in different macro expansion contexts [-Wcompound-token-split-by-macro]
                    XSRETURN(1);  /* self */
                    ^~~~~~~~~~~
/usr/local/lib/perl5/5.32/mach/CORE/XSUB.h:320:5: note: expanded from macro 'XSRETURN'
    } STMT_END
    ^
MD5.xs:663:7: note: ')' token is here
                    XSRETURN(1);  /* self */
                    ^~~~~~~~~~~
/usr/local/lib/perl5/5.32/mach/CORE/XSUB.h:320:7: note: expanded from macro 'XSRETURN'
    } STMT_END
      ^~~~~~~~
/usr/local/lib/perl5/5.32/mach/CORE/perl.h:667:21: note: expanded from macro 'STMT_END'
#   define STMT_END     )
                        ^
MD5.xs:680:2: warning: '(' and '{' tokens introducing statement expression appear in different macro expansion contexts [-Wcompound-token-split-by-macro]
        XSRETURN(1);  /* self */
        ^~~~~~~~~~~
/usr/local/lib/perl5/5.32/mach/CORE/XSUB.h:315:5: note: expanded from macro 'XSRETURN'
    STMT_START {                                        \
    ^~~~~~~~~~
/usr/local/lib/perl5/5.32/mach/CORE/perl.h:666:29: note: expanded from macro 'STMT_START'
#   define STMT_START   (void)( /* gcc supports "({ STATEMENTS; })" */
                              ^
MD5.xs:680:2: note: '{' token is here
        XSRETURN(1);  /* self */
        ^~~~~~~~~~~
/usr/local/lib/perl5/5.32/mach/CORE/XSUB.h:315:16: note: expanded from macro 'XSRETURN'
    STMT_START {                                        \
               ^
MD5.xs:680:2: warning: '}' and ')' tokens terminating statement expression appear in different macro expansion contexts [-Wcompound-token-split-by-macro]
        XSRETURN(1);  /* self */
        ^~~~~~~~~~~
/usr/local/lib/perl5/5.32/mach/CORE/XSUB.h:320:5: note: expanded from macro 'XSRETURN'
    } STMT_END
    ^
MD5.xs:680:2: note: ')' token is here
        XSRETURN(1);  /* self */
        ^~~~~~~~~~~
/usr/local/lib/perl5/5.32/mach/CORE/XSUB.h:320:7: note: expanded from macro 'XSRETURN'
    } STMT_END
      ^~~~~~~~
/usr/local/lib/perl5/5.32/mach/CORE/perl.h:667:21: note: expanded from macro 'STMT_END'
#   define STMT_END     )
                        ^
MD5.c:898:5: warning: '(' and '{' tokens introducing statement expression appear in different macro expansion contexts [-Wcompound-token-split-by-macro]
    XSRETURN_EMPTY;
    ^~~~~~~~~~~~~~
/usr/local/lib/perl5/5.32/mach/CORE/XSUB.h:330:24: note: expanded from macro 'XSRETURN_EMPTY'
rm -f blib/arch/auto/Digest/MD5/MD5.so
cc  -shared  -L/usr/local/lib/perl5/5.32/mach/CORE -lperl -L/usr/local/lib -fstack-protector-strong  MD5.o  -o blib/arch/auto/Digest/MD5/MD5.so        
chmod 755 blib/arch/auto/Digest/MD5/MD5.so
Manifying 1 pod document
PERL_DL_NONLAZY=1 "/usr/home/cpan/pit/thr/perl-5.18.0/bin/perl" "-MExtUtils::Command::MM" "-MTest::Harness" "-e" "undef *Test::Harness::Switches; test_harness(0, 'blib/lib', 'blib/arch')" t/*.t
t/align.t .... 
No subtests run 
t/basic.t .... 
No subtests run 
t/md5-aaa.t .. 
No subtests run 
t/utf8.t ..... 
No subtests run 
#define XSRETURN_EMPTY STMT_START {                XSRETURN(0); } STMT_END
                       ^~~~~~~~~~
/usr/local/lib/perl5/5.32/mach/CORE/perl.h:666:29: note: expanded from macro 'STMT_START'
#   define STMT_START   (void)( /* gcc supports "({ STATEMENTS; })" */
                              ^
MD5.c:898:5: note: '{' token is here
    XSRETURN_EMPTY;
    ^~~~~~~~~~~~~~
/usr/local/lib/perl5/5.32/mach/CORE/XSUB.h:330:35: note: expanded from macro 'XSRETURN_EMPTY'
#define XSRETURN_EMPTY STMT_START {                XSRETURN(0); } STMT_END
                                  ^
MD5.c:898:5: warning: '(' and '{' tokens introducing statement expression appear in different macro expansion contexts [-Wcompound-token-split-by-macro]
    XSRETURN_EMPTY;
    ^~~~~~~~~~~~~~
/usr/local/lib/perl5/5.32/mach/CORE/XSUB.h:330:52: note: expanded from macro 'XSRETURN_EMPTY'
#define XSRETURN_EMPTY STMT_START {                XSRETURN(0); } STMT_END
                                                   ^~~~~~~~~~~
/usr/local/lib/perl5/5.32/mach/CORE/XSUB.h:315:5: note: expanded from macro 'XSRETURN'
    STMT_START {                                        \
    ^~~~~~~~~~
/usr/local/lib/perl5/5.32/mach/CORE/perl.h:666:29: note: expanded from macro 'STMT_START'
#   define STMT_START   (void)( /* gcc supports "({ STATEMENTS; })" */
                              ^
MD5.c:898:5: note: '{' token is here
    XSRETURN_EMPTY;
    ^~~~~~~~~~~~~~
/usr/local/lib/perl5/5.32/mach/CORE/XSUB.h:330:52: note: expanded from macro 'XSRETURN_EMPTY'
#define XSRETURN_EMPTY STMT_START {                XSRETURN(0); } STMT_END
                                                   ^~~~~~~~~~~
/usr/local/lib/perl5/5.32/mach/CORE/XSUB.h:315:16: note: expanded from macro 'XSRETURN'
    STMT_START {                                        \
               ^
MD5.c:898:5: warning: '}' and ')' tokens terminating statement expression appear in different macro expansion contexts [-Wcompound-token-split-by-macro]
    XSRETURN_EMPTY;
    ^~~~~~~~~~~~~~
/usr/local/lib/perl5/5.32/mach/CORE/XSUB.h:330:52: note: expanded from macro 'XSRETURN_EMPTY'
#define XSRETURN_EMPTY STMT_START {                XSRETURN(0); } STMT_END
                                                   ^~~~~~~~~~~
/usr/local/lib/perl5/5.32/mach/CORE/XSUB.h:320:5: note: expanded from macro 'XSRETURN'
    } STMT_END
    ^
MD5.c:898:5: note: ')' token is here
    XSRETURN_EMPTY;
    ^~~~~~~~~~~~~~
/usr/local/lib/perl5/5.32/mach/CORE/XSUB.h:330:52: note: expanded from macro 'XSRETURN_EMPTY'
#define XSRETURN_EMPTY STMT_START {                XSRETURN(0); } STMT_END
                                                   ^~~~~~~~~~~
/usr/local/lib/perl5/5.32/mach/CORE/XSUB.h:320:7: note: expanded from macro 'XSRETURN'
    } STMT_END
      ^~~~~~~~
/usr/local/lib/perl5/5.32/mach/CORE/perl.h:667:21: note: expanded from macro 'STMT_END'
#   define STMT_END     )
                        ^
MD5.c:898:5: warning: '}' and ')' tokens terminating statement expression appear in different macro expansion contexts [-Wcompound-token-split-by-macro]
    XSRETURN_EMPTY;
    ^~~~~~~~~~~~~~
/usr/local/lib/perl5/5.32/mach/CORE/XSUB.h:330:65: note: expanded from macro 'XSRETURN_EMPTY'
#define XSRETURN_EMPTY STMT_START {                XSRETURN(0); } STMT_END
                                                                ^
MD5.c:898:5: note: ')' token is here
    XSRETURN_EMPTY;
    ^~~~~~~~~~~~~~
/usr/local/lib/perl5/5.32/mach/CORE/XSUB.h:330:67: note: expanded from macro 'XSRETURN_EMPTY'
#define XSRETURN_EMPTY STMT_START {                XSRETURN(0); } STMT_END
                                                                  ^~~~~~~~
/usr/local/lib/perl5/5.32/mach/CORE/perl.h:667:21: note: expanded from macro 'STMT_END'
#   define STMT_END     )
                        ^
MD5.xs:695:9: warning: '(' and '{' tokens introducing statement expression appear in different macro expansion contexts [-Wcompound-token-split-by-macro]
        XSRETURN(1);
        ^~~~~~~~~~~
/usr/local/lib/perl5/5.32/mach/CORE/XSUB.h:315:5: note: expanded from macro 'XSRETURN'
    STMT_START {                                        \
    ^~~~~~~~~~
/usr/local/lib/perl5/5.32/mach/CORE/perl.h:666:29: note: expanded from macro 'STMT_START'
#   define STMT_START   (void)( /* gcc supports "({ STATEMENTS; })" */
                              ^
MD5.xs:695:9: note: '{' token is here
        XSRETURN(1);
        ^~~~~~~~~~~
/usr/local/lib/perl5/5.32/mach/CORE/XSUB.h:315:16: note: expanded from macro 'XSRETURN'
    STMT_START {                                        \
               ^
MD5.xs:695:9: warning: '}' and ')' tokens terminating statement expression appear in different macro expansion contexts [-Wcompound-token-split-by-macro]
        XSRETURN(1);
        ^~~~~~~~~~~
/usr/local/lib/perl5/5.32/mach/CORE/XSUB.h:320:5: note: expanded from macro 'XSRETURN'
    } STMT_END
    ^
MD5.xs:695:9: note: ')' token is here
        XSRETURN(1);
        ^~~~~~~~~~~
/usr/local/lib/perl5/5.32/mach/CORE/XSUB.h:320:7: note: expanded from macro 'XSRETURN'
    } STMT_END
      ^~~~~~~~
/usr/local/lib/perl5/5.32/mach/CORE/perl.h:667:21: note: expanded from macro 'STMT_END'
#   define STMT_END     )
                        ^
MD5.xs:718:6: warning: '(' and '{' tokens introducing statement expression appear in different macro expansion contexts [-Wcompound-token-split-by-macro]
            XSRETURN(1); /* ctx */
            ^~~~~~~~~~~
/usr/local/lib/perl5/5.32/mach/CORE/XSUB.h:315:5: note: expanded from macro 'XSRETURN'
    STMT_START {                                        \
    ^~~~~~~~~~
/usr/local/lib/perl5/5.32/mach/CORE/perl.h:666:29: note: expanded from macro 'STMT_START'
#   define STMT_START   (void)( /* gcc supports "({ STATEMENTS; })" */
                              ^
MD5.xs:718:6: note: '{' token is here
            XSRETURN(1); /* ctx */
            ^~~~~~~~~~~
/usr/local/lib/perl5/5.32/mach/CORE/XSUB.h:315:16: note: expanded from macro 'XSRETURN'
    STMT_START {                                        \
               ^
MD5.xs:718:6: warning: '}' and ')' tokens terminating statement expression appear in different macro expansion contexts [-Wcompound-token-split-by-macro]
            XSRETURN(1); /* ctx */
            ^~~~~~~~~~~
/usr/local/lib/perl5/5.32/mach/CORE/XSUB.h:320:5: note: expanded from macro 'XSRETURN'
    } STMT_END
    ^
MD5.xs:718:6: note: ')' token is here
            XSRETURN(1); /* ctx */
            ^~~~~~~~~~~
/usr/local/lib/perl5/5.32/mach/CORE/XSUB.h:320:7: note: expanded from macro 'XSRETURN'
    } STMT_END
      ^~~~~~~~
/usr/local/lib/perl5/5.32/mach/CORE/perl.h:667:21: note: expanded from macro 'STMT_END'
#   define STMT_END     )
                        ^
MD5.xs:720:6: warning: '(' and '{' tokens introducing statement expression appear in different macro expansion contexts [-Wcompound-token-split-by-macro]
            XSRETURN(0);
            ^~~~~~~~~~~
/usr/local/lib/perl5/5.32/mach/CORE/XSUB.h:315:5: note: expanded from macro 'XSRETURN'
    STMT_START {                                        \
    ^~~~~~~~~~
/usr/local/lib/perl5/5.32/mach/CORE/perl.h:666:29: note: expanded from macro 'STMT_START'
#   define STMT_START   (void)( /* gcc supports "({ STATEMENTS; })" */
                              ^
MD5.xs:720:6: note: '{' token is here
            XSRETURN(0);
            ^~~~~~~~~~~
/usr/local/lib/perl5/5.32/mach/CORE/XSUB.h:315:16: note: expanded from macro 'XSRETURN'
    STMT_START {                                        \
               ^
MD5.xs:720:6: warning: '}' and ')' tokens terminating statement expression appear in different macro expansion contexts [-Wcompound-token-split-by-macro]
            XSRETURN(0);
            ^~~~~~~~~~~
/usr/local/lib/perl5/5.32/mach/CORE/XSUB.h:320:5: note: expanded from macro 'XSRETURN'
    } STMT_END
    ^
MD5.xs:720:6: note: ')' token is here
            XSRETURN(0);
            ^~~~~~~~~~~
/usr/local/lib/perl5/5.32/mach/CORE/XSUB.h:320:7: note: expanded from macro 'XSRETURN'
    } STMT_END
      ^~~~~~~~
/usr/local/lib/perl5/5.32/mach/CORE/perl.h:667:21: note: expanded from macro 'STMT_END'
#   define STMT_END     )
                        ^
MD5.xs:728:2: warning: '(' and '{' tokens introducing statement expression appear in different macro expansion contexts [-Wcompound-token-split-by-macro]
        EXTEND(SP, 3);
        ^~~~~~~~~~~~~
/usr/local/lib/perl5/5.32/mach/CORE/pp.h:371:25: note: expanded from macro 'EXTEND'
#  define EXTEND(p,n)   STMT_START {                                    \
                        ^~~~~~~~~~
/usr/local/lib/perl5/5.32/mach/CORE/perl.h:666:29: note: expanded from macro 'STMT_START'
#   define STMT_START   (void)( /* gcc supports "({ STATEMENTS; })" */
                              ^
MD5.xs:728:2: note: '{' token is here
        EXTEND(SP, 3);
        ^~~~~~~~~~~~~
/usr/local/lib/perl5/5.32/mach/CORE/pp.h:371:36: note: expanded from macro 'EXTEND'
#  define EXTEND(p,n)   STMT_START {                                    \
                                   ^
MD5.xs:728:2: warning: '}' and ')' tokens terminating statement expression appear in different macro expansion contexts [-Wcompound-token-split-by-macro]
        EXTEND(SP, 3);
        ^~~~~~~~~~~~~
/usr/local/lib/perl5/5.32/mach/CORE/pp.h:376:28: note: expanded from macro 'EXTEND'
                         } } STMT_END
                           ^
MD5.xs:728:2: note: ')' token is here
        EXTEND(SP, 3);
        ^~~~~~~~~~~~~
/usr/local/lib/perl5/5.32/mach/CORE/pp.h:376:30: note: expanded from macro 'EXTEND'
                         } } STMT_END
                             ^~~~~~~~
/usr/local/lib/perl5/5.32/mach/CORE/perl.h:667:21: note: expanded from macro 'STMT_END'
#   define STMT_END     )
                        ^
MD5.xs:734:6: warning: '(' and '{' tokens introducing statement expression appear in different macro expansion contexts [-Wcompound-token-split-by-macro]
            XSRETURN(2);
            ^~~~~~~~~~~
/usr/local/lib/perl5/5.32/mach/CORE/XSUB.h:315:5: note: expanded from macro 'XSRETURN'
    STMT_START {                                        \
    ^~~~~~~~~~
/usr/local/lib/perl5/5.32/mach/CORE/perl.h:666:29: note: expanded from macro 'STMT_START'
#   define STMT_START   (void)( /* gcc supports "({ STATEMENTS; })" */
                              ^
MD5.xs:734:6: note: '{' token is here
            XSRETURN(2);
            ^~~~~~~~~~~
/usr/local/lib/perl5/5.32/mach/CORE/XSUB.h:315:16: note: expanded from macro 'XSRETURN'
    STMT_START {                                        \
               ^
MD5.xs:734:6: warning: '}' and ')' tokens terminating statement expression appear in different macro expansion contexts [-Wcompound-token-split-by-macro]
            XSRETURN(2);
            ^~~~~~~~~~~
/usr/local/lib/perl5/5.32/mach/CORE/XSUB.h:320:5: note: expanded from macro 'XSRETURN'
    } STMT_END
    ^
MD5.xs:734:6: note: ')' token is here
            XSRETURN(2);
            ^~~~~~~~~~~
/usr/local/lib/perl5/5.32/mach/CORE/XSUB.h:320:7: note: expanded from macro 'XSRETURN'
    } STMT_END
      ^~~~~~~~
/usr/local/lib/perl5/5.32/mach/CORE/perl.h:667:21: note: expanded from macro 'STMT_END'
#   define STMT_END     )
                        ^
MD5.xs:738:2: warning: '(' and '{' tokens introducing statement expression appear in different macro expansion contexts [-Wcompound-token-split-by-macro]
        XSRETURN(3);
        ^~~~~~~~~~~
/usr/local/lib/perl5/5.32/mach/CORE/XSUB.h:315:5: note: expanded from macro 'XSRETURN'
    STMT_START {                                        \
    ^~~~~~~~~~
/usr/local/lib/perl5/5.32/mach/CORE/perl.h:666:29: note: expanded from macro 'STMT_START'
#   define STMT_START   (void)( /* gcc supports "({ STATEMENTS; })" */
                              ^
MD5.xs:738:2: note: '{' token is here
        XSRETURN(3);
        ^~~~~~~~~~~
/usr/local/lib/perl5/5.32/mach/CORE/XSUB.h:315:16: note: expanded from macro 'XSRETURN'
    STMT_START {                                        \
               ^
MD5.xs:738:2: warning: '}' and ')' tokens terminating statement expression appear in different macro expansion contexts [-Wcompound-token-split-by-macro]
        XSRETURN(3);
        ^~~~~~~~~~~
/usr/local/lib/perl5/5.32/mach/CORE/XSUB.h:320:5: note: expanded from macro 'XSRETURN'
    } STMT_END
    ^
MD5.xs:738:2: note: ')' token is here
        XSRETURN(3);
        ^~~~~~~~~~~
/usr/local/lib/perl5/5.32/mach/CORE/XSUB.h:320:7: note: expanded from macro 'XSRETURN'
    } STMT_END
      ^~~~~~~~
/usr/local/lib/perl5/5.32/mach/CORE/perl.h:667:21: note: expanded from macro 'STMT_END'
#   define STMT_END     )
                        ^
MD5.xs:796:9: warning: '(' and '{' tokens introducing statement expression appear in different macro expansion contexts [-Wcompound-token-split-by-macro]
        XSRETURN(1);
        ^~~~~~~~~~~
/usr/local/lib/perl5/5.32/mach/CORE/XSUB.h:315:5: note: expanded from macro 'XSRETURN'
    STMT_START {                                        \
    ^~~~~~~~~~
/usr/local/lib/perl5/5.32/mach/CORE/perl.h:666:29: note: expanded from macro 'STMT_START'
#   define STMT_START   (void)( /* gcc supports "({ STATEMENTS; })" */
                              ^
MD5.xs:796:9: note: '{' token is here
        XSRETURN(1);
        ^~~~~~~~~~~
/usr/local/lib/perl5/5.32/mach/CORE/XSUB.h:315:16: note: expanded from macro 'XSRETURN'
    STMT_START {                                        \
               ^
MD5.xs:796:9: warning: '}' and ')' tokens terminating statement expression appear in different macro expansion contexts [-Wcompound-token-split-by-macro]
        XSRETURN(1);
        ^~~~~~~~~~~
/usr/local/lib/perl5/5.32/mach/CORE/XSUB.h:320:5: note: expanded from macro 'XSRETURN'
    } STMT_END
    ^
MD5.xs:796:9: note: ')' token is here
        XSRETURN(1);
        ^~~~~~~~~~~
/usr/local/lib/perl5/5.32/mach/CORE/XSUB.h:320:7: note: expanded from macro 'XSRETURN'
    } STMT_END
      ^~~~~~~~
/usr/local/lib/perl5/5.32/mach/CORE/perl.h:667:21: note: expanded from macro 'STMT_END'
#   define STMT_END     )
                        ^
130 warnings generated.
t/warns.t .... 
No subtests run 

Test Summary Report
-------------------
t/align.t  (Wstat: 139 (Signal: SEGV, dumped core) Tests: 0 Failed: 0)
  Non-zero wait status: 139
  Parse errors: No plan found in TAP output
t/basic.t  (Wstat: 139 (Signal: SEGV, dumped core) Tests: 0 Failed: 0)
  Non-zero wait status: 139
  Parse errors: No plan found in TAP output
t/md5-aaa.t (Wstat: 139 (Signal: SEGV, dumped core) Tests: 0 Failed: 0)
  Non-zero wait status: 139
  Parse errors: No plan found in TAP output
t/utf8.t   (Wstat: 139 (Signal: SEGV, dumped core) Tests: 0 Failed: 0)
  Non-zero wait status: 139
  Parse errors: No plan found in TAP output
t/warns.t  (Wstat: 139 (Signal: SEGV, dumped core) Tests: 0 Failed: 0)
  Non-zero wait status: 139
  Parse errors: No plan found in TAP output
Files=5, Tests=0,  4 wallclock secs ( 0.05 usr  0.04 sys +  2.02 cusr  1.32 csys =  3.43 CPU)
Result: FAIL
Failed 5/5 test programs. 0/0 subtests failed.
*** Error code 255

Stop.
make: stopped in /usr/home/cpan/pit/thr/conf/perl-5.18.0/.cpanplus/5.18.0/build/3PIrKkszUc/SPVM-Digest-MD5-0.12


PREREQUISITES:

Here is a list of prerequisites you specified and versions we
managed to load:

	  Module Name                        Have     Want
	  ExtUtils::MakeMaker                7.64        0
	  SPVM                             0.9695   0.9691

Perl module toolchain versions installed:
	Module Name                        Have
	CPANPLUS                         0.9914
	CPANPLUS::Dist::Build              0.90
	Cwd                                3.75
	ExtUtils::CBuilder             0.280236
	ExtUtils::Command                  7.64
	ExtUtils::Install                  2.20
	ExtUtils::MakeMaker                7.64
	ExtUtils::Manifest                 1.73
	ExtUtils::ParseXS                  3.44
	File::Spec                         3.75
	Module::Build                    0.4231
	Pod::Parser                        1.60
	Pod::Simple                        3.28
	Test2                          1.302191
	Test::Harness                      3.44
	Test::More                     1.302191
	version                          0.9929

******************************** NOTE ********************************
The comments above are created mechanically, possibly without manual
checking by the sender.  As there are many people performing automatic
tests on each upload to CPAN, it is likely that you will receive
identical messages about the same problem.

If you believe that the message is mistaken, please reply to the first
one with correction and/or additional informations, and do not take
it personally.  We appreciate your patience. :)
**********************************************************************

Additional comments:


This report was machine-generated by CPANPLUS::Dist::YACSmoke 1.08.
Powered by minismokebox version 0.68

CPANPLUS is prefering Build.PL

------------------------------
ENVIRONMENT AND OTHER CONTEXT
------------------------------

Environment variables:

    AUTOMATED_TESTING = 1
    LANG = C.UTF-8
    NONINTERACTIVE_TESTING = 1
    PATH = /sbin:/bin:/usr/sbin:/usr/bin:/usr/local/sbin:/usr/local/bin:/home/cpan/bin
    PERL5LIB = /usr/home/cpan/pit/jail/oODUIy3xf2/lib/perl5:/usr/home/cpan/pit/thr/conf/perl-5.18.0/.cpanplus/5.18.0/build/3PIrKkszUc/SPVM-Digest-MD5-0.12/blib/lib:/usr/home/cpan/pit/thr/conf/perl-5.18.0/.cpanplus/5.18.0/build/3PIrKkszUc/SPVM-Digest-MD5-0.12/blib/arch
    PERL5_CPANPLUS_IS_RUNNING = 49000
    PERL5_CPANPLUS_IS_VERSION = 0.9914
    PERL5_MINISMOKEBOX = 0.68
    PERL5_YACSMOKE_BASE = /usr/home/cpan/pit/thr/conf/perl-5.18.0
    PERL_EXTUTILS_AUTOINSTALL = --defaultdeps
    PERL_LOCAL_LIB_ROOT = /usr/home/cpan/pit/jail/oODUIy3xf2
    PERL_MB_OPT = --install_base "/usr/home/cpan/pit/jail/oODUIy3xf2"
    PERL_MM_OPT = INSTALL_BASE=/usr/home/cpan/pit/jail/oODUIy3xf2
    PERL_MM_USE_DEFAULT = 1
    SHELL = /usr/local/bin/bash
    TERM = screen

Perl special variables (and OS-specific diagnostics, for MSWin32):

    Perl: $^X = /usr/home/cpan/pit/thr/perl-5.18.0/bin/perl
    UID:  $<  = 1002
    EUID: $>  = 1002
    GID:  $(  = 1002 1002
    EGID: $)  = 1002 1002


-------------------------------


--

Summary of my perl5 (revision 5 version 18 subversion 0) configuration:
   
  Platform:
    osname=freebsd, osvers=13.1-release-p2, archname=amd64-freebsd-thread-multi
    uname='freebsd fever 13.1-release-p2 freebsd 13.1-release-p2 generic amd64 '
    config_args='-des -Dprefix=/usr/home/cpan/pit/thr/perl-5.18.0 -Dusethreads'
    hint=recommended, useposix=true, d_sigaction=define
    useithreads=define, usemultiplicity=define
    useperlio=define, d_sfio=undef, uselargefiles=define, usesocks=undef
    use64bitint=define, use64bitall=define, uselongdouble=undef
    usemymalloc=n, bincompat5005=undef
  Compiler:
    cc='cc', ccflags ='-DHAS_FPSETMASK -DHAS_FLOATINGPOINT_H -fno-strict-aliasing -pipe -fstack-protector -I/usr/local/include',
    optimize='-O2',
    cppflags='-DHAS_FPSETMASK -DHAS_FLOATINGPOINT_H -fno-strict-aliasing -pipe -fstack-protector -I/usr/local/include'
    ccversion='', gccversion='FreeBSD Clang 13.0.0 (git@github.com:llvm/llvm-project.git llvmorg-13.0.0-0-gd7b669b3a303)', gccosandvers=''
    intsize=4, longsize=8, ptrsize=8, doublesize=8, byteorder=12345678
    d_longlong=define, longlongsize=8, d_longdbl=define, longdblsize=16
    ivtype='long', ivsize=8, nvtype='double', nvsize=8, Off_t='off_t', lseeksize=8
    alignbytes=8, prototype=define
  Linker and Libraries:
    ld='cc', ldflags ='-pthread -Wl,-E  -fstack-protector -L/usr/local/lib'
    libpth=/usr/lib /usr/local/lib
    libs=-lgdbm -ldl -lm -lcrypt -lutil
    perllibs=-ldl -lm -lcrypt -lutil
    libc=, so=so, useshrplib=false, libperl=libperl.a
    gnulibc_version=''
  Dynamic Linking:
    dlsrc=dl_dlopen.xs, dlext=so, d_dlsymun=undef, ccdlflags=' '
    cccdlflags='-DPIC -fPIC', lddlflags='-shared  -L/usr/local/lib -fstack-protector'


Characteristics of this binary (from libperl): 
  Compile-time options: HAS_TIMES MULTIPLICITY PERLIO_LAYERS
                        PERL_DONT_CREATE_GVSV
                        PERL_HASH_FUNC_ONE_AT_A_TIME_HARD
                        PERL_IMPLICIT_CONTEXT PERL_MALLOC_WRAP
                        PERL_PRESERVE_IVUV PERL_SAWAMPERSAND USE_64_BIT_ALL
                        USE_64_BIT_INT USE_ITHREADS USE_LARGE_FILES
                        USE_LOCALE USE_LOCALE_COLLATE USE_LOCALE_CTYPE
                        USE_LOCALE_NUMERIC USE_PERLIO USE_PERL_ATOF
                        USE_REENTRANT_API
  Locally applied patches:
	Devel::PatchPerl 2.08
  Built under freebsd
  Compiled at Oct  9 2022 06:18:00
  %ENV:
    PERL5LIB="/usr/home/cpan/pit/jail/oODUIy3xf2/lib/perl5:/usr/home/cpan/pit/thr/conf/perl-5.18.0/.cpanplus/5.18.0/build/3PIrKkszUc/SPVM-Digest-MD5-0.12/blib/lib:/usr/home/cpan/pit/thr/conf/perl-5.18.0/.cpanplus/5.18.0/build/3PIrKkszUc/SPVM-Digest-MD5-0.12/blib/arch"
    PERL5_CPANPLUS_IS_RUNNING="49000"
    PERL5_CPANPLUS_IS_VERSION="0.9914"
    PERL5_MINISMOKEBOX="0.68"
    PERL5_YACSMOKE_BASE="/usr/home/cpan/pit/thr/conf/perl-5.18.0"
    PERL_EXTUTILS_AUTOINSTALL="--defaultdeps"
    PERL_LOCAL_LIB_ROOT="/usr/home/cpan/pit/jail/oODUIy3xf2"
    PERL_MB_OPT="--install_base "/usr/home/cpan/pit/jail/oODUIy3xf2""
    PERL_MM_OPT="INSTALL_BASE=/usr/home/cpan/pit/jail/oODUIy3xf2"
    PERL_MM_USE_DEFAULT="1"
  @INC:
    /usr/home/cpan/pit/jail/oODUIy3xf2/lib/perl5/5.18.0/amd64-freebsd-thread-multi
    /usr/home/cpan/pit/jail/oODUIy3xf2/lib/perl5/5.18.0
    /usr/home/cpan/pit/jail/oODUIy3xf2/lib/perl5/amd64-freebsd-thread-multi
    /usr/home/cpan/pit/jail/oODUIy3xf2/lib/perl5
    /usr/home/cpan/pit/thr/conf/perl-5.18.0/.cpanplus/5.18.0/build/3PIrKkszUc/SPVM-Digest-MD5-0.12/blib/lib
    /usr/home/cpan/pit/thr/conf/perl-5.18.0/.cpanplus/5.18.0/build/3PIrKkszUc/SPVM-Digest-MD5-0.12/blib/arch
    /usr/home/cpan/pit/thr/perl-5.18.0/lib/site_perl/5.18.0/amd64-freebsd-thread-multi
    /usr/home/cpan/pit/thr/perl-5.18.0/lib/site_perl/5.18.0
    /usr/home/cpan/pit/thr/perl-5.18.0/lib/5.18.0/amd64-freebsd-thread-multi
    /usr/home/cpan/pit/thr/perl-5.18.0/lib/5.18.0
    .