VANAMBURG-SEMPROG-SimpleGraph v0.010 Perl 5 v5.28.0 x86_64-linux-thread-multi

Status
Fail
From
Andreas J. König (ANDK)
Dist
VANAMBURG-SEMPROG-SimpleGraph v0.010
Platform
Perl 5 v5.28.0 x86_64-linux-thread-multi
Date
2018-11-13 10:14:53
ID
f6ad828a-e72c-11e8-ab7a-d69eb1e15e4d
This distribution has been tested as part of the CPAN Testers
project, supporting the Perl programming language.  See
http://wiki.cpantesters.org/ for more information or email
questions to cpan-testers-discuss@perl.org


--
Dear Gordon Van Amburg,

This is a computer-generated report for VANAMBURG-SEMPROG-SimpleGraph-0.010
on perl 5.28.0, created by CPAN-Reporter-1.2018.

Thank you for uploading your work to CPAN.  However, there was a problem
testing your distribution.

If you think this report is invalid, please consult the CPAN Testers Wiki
for suggestions on how to avoid getting FAIL reports for missing library
or binary dependencies, unsupported operating systems, and so on:

http://wiki.cpantesters.org/wiki/CPANAuthorNotes

Sections of this report:

    * Tester comments
    * Program output
    * Prerequisites
    * Environment and other context

------------------------------
TESTER COMMENTS
------------------------------

Additional comments from tester:

this report is from an automated smoke testing program
and was not reviewed by a human for accuracy

------------------------------
PROGRAM OUTPUT
------------------------------

Output from '/usr/bin/make test':

PERL_DL_NONLAZY=1 "/tmp/basesmoker-reloperl-4Ea5/bin/perl" "-MExtUtils::Command::MM" "-MTest::Harness" "-e" "undef *Test::Harness::Switches; test_harness(0, 'blib/lib', 'blib/arch')" t/*.t
# >>> t1 is gordon, add, triple1
# >>> gordon
# >>> gordon triples is 2
# >>> triple2 triples is 1
# >>> gordon triples is now 1
# >>> pot_belly_cost is cheap
t/00-load.t ......................... ok
t/pod-coverage.t .................... ok
# 
#    sub=San_Francisco_California
#    pred=inside  obj=California
#    pred=population  obj=744042
#    pred=mayor  obj=Gavin Newsom
#    pred=name  obj=San Francisco
#    pred=longitude  obj=-122.4183
#    pred=latitude  obj=37.775
#    sub=Cleveland_Ohio  obj=Newton D. Baker
#    sub=Philadelphia_Pennsylvania  obj=John F. Street
#    sub=Hillsdale_Michigan  obj=Michael Sessions
#    sub=Chicago_Illinois  obj=Richard M. Daley
#    sub=Chula_Vista_California  obj=Cheryl Cox
#    sub=Alameda_California  obj=Lena Tam
#    sub=Fremont_California  obj=Bob Wasserman
#    sub=Half_Moon_Bay_California  obj=John Muller
#    sub=New_York_New_York  obj=Michael Bloomberg
#    sub=Alameda_California  obj=Beverly Johnson
#    sub=Bakersfield_California  obj=Harvey Hall
#    sub=Aliso_Viejo_California  obj=William Phillips
#    sub=Cleveland_Ohio  obj=Dennis Kucinich
#    sub=Banning_California  obj=Debbie Franklin
#    sub=Garden_Grove_California  obj=Mark Rosen
#    sub=Cleveland_Ohio  obj=Frank G. Jackson
#    sub=Detroit_Michigan  obj=Frank Murphy
#    sub=Cincinnati_Ohio  obj=Jerry Springer
#    sub=Glendale_California  obj=John Drayman
#    sub=Banning_California  obj=Brenda Salas
#    sub=Anaheim_California  obj=Curt Pringle
#    sub=Athens_Greece  obj=Dora Bakoyannis
#    sub=Fontana_California  obj=Mark Nuaimi
#    sub=Wasilla_Alaska  obj=Sarah Palin
#    sub=Half_Moon_Bay_California  obj=Bonnie McClung
#    sub=Fresno_California  obj=Alan Autry
#    sub=San_Francisco_California  obj=Gavin Newsom
#    sub=Portsmouth_New_Hampshire  obj=Thomas G. Ferrini
#    sub=Portsmouth_New_Hampshire  obj=John Blalock
#    sub=Stuttgart_Germany  obj=Manfred Rommel
#    sub=Edmonton_Canada  obj=Bill Smith
#    sub=Fremont_California  obj=Bill Harrison
#    sub=Garden_Grove_California  obj=William Dalton
#    sub=Fontana_California  obj=Acquanetta Warren
#    sub=Adelanto_California  obj=Steven R. Baisden
#    sub=Adelanto_California  obj=Charley B. Glasper
#    sub=Corona_California  obj=Jeff Miller
#    sub=San_Jose_California  obj=Norman Mineta
#    sub=Corona_California  obj=Steve Nolan
#    sub=Aliso_Viejo_California  obj=Donald Garcia
# there are 30 cal cities
# mayor of Fresno_California is Alan Autry
# mayor of Half_Moon_Bay_California is John Muller
# mayor of Half_Moon_Bay_California is Bonnie McClung
# mayor of Adelanto_California is Steven R. Baisden
# mayor of Adelanto_California is Charley B. Glasper
# mayor of Fontana_California is Mark Nuaimi
# mayor of Fontana_California is Acquanetta Warren
# mayor of Banning_California is Debbie Franklin
# mayor of Banning_California is Brenda Salas
# mayor of Anaheim_California is Curt Pringle
# mayor of Fremont_California is Bob Wasserman
# mayor of Fremont_California is Bill Harrison
# mayor of Alameda_California is Lena Tam
# mayor of Alameda_California is Beverly Johnson
# mayor of Chula_Vista_California is Cheryl Cox
# mayor of Glendale_California is John Drayman
# mayor of Aliso_Viejo_California is William Phillips
# mayor of Aliso_Viejo_California is Donald Garcia
# mayor of San_Francisco_California is Gavin Newsom
# mayor of Bakersfield_California is Harvey Hall
# mayor of Corona_California is Steve Nolan
# mayor of Corona_California is Jeff Miller
# mayor of San_Jose_California is Norman Mineta
# mayor of Garden_Grove_California is Mark Rosen
# mayor of Garden_Grove_California is William Dalton
t/semprog_ch02_03_places.t .......... ok
# jt's partners
#     Cameron Diaz + Justin Timberlake
#     Justin Timberlake + Alyssa Milano
#     Britney Spears + Justin Timberlake
#     Justin Timberlake + Jessica Biel
#     Justin Timberlake + Jenna Dewan
#     Jenna Dewan + Justin Timberlake
#     Justin Timberlake + Jessica Biel
#     Britney Spears + Justin Timberlake
#     Alyssa Milano + Justin Timberlake
#     Cameron Diaz + Justin Timberlake
t/semprog_ch02_04_celebs.t .......... ok
# $VAR1 = 'GS';
# $VAR2 = 'BLK';
# $VAR3 = 'DHIL';
# $VAR4 = 'ITG';
# $VAR5 = 'CLMS';
# $VAR6 = 'COWN';
# $VAR7 = 'LAB';
# $VAR8 = 'WDR';
# $VAR9 = 'SCHW';
# $VAR10 = 'TWPG';
# $VAR11 = 'BSC';
# $VAR12 = 'PNSN';
# $VAR13 = 'GBL';
# $VAR14 = 'MKTX';
# $VAR15 = 'JEF';
# $VAR16 = 'LM';
# $VAR17 = 'LEH';
# $VAR18 = 'SF';
# $VAR19 = 'MER';
# $VAR20 = 'TRAD';
# $VAR21 = 'MS';
# $VAR22 = 'NITE';
# $VAR23 = 'OXPS';
t/semprog_ch02_05_business.t ........ ok
t/semprog_ch02_moviegraph.t ......... ok
# $VAR1 = {
#           'cont' => 'contrib285',
#           'company' => 'BSC',
#           'dollars' => '30700.0'
#         };
t/semprog_ch03_01_queries.t ......... ok
# triples before:
# $VAR1 = [
#           'White House',
#           'address',
#           '1600 Pennsylvania Avenue, Washington DC'
#         ];
Use of uninitialized value $geo_result in split at /tmp/loop_over_bdir-22782-bOK4M8/VANAMBURG-SEMPROG-SimpleGraph-0.010-0/blib/lib/VANAMBURG/SEMPROG/GeocodeRule.pm line 24.
# triples after:
# $VAR1 = [
#           'White House',
#           'address',
#           '1600 Pennsylvania Avenue, Washington DC'
#         ];

#   Failed test 'there are three triples after inference'
#   at t/semprog_ch03_02_inference.t line 30.
# Looks like you failed 1 test of 2.
t/semprog_ch03_02_inference.t ....... 
Dubious, test returned 1 (wstat 256, 0x100)
Failed 1/2 subtests 
# getting geo code data from internet -- could take a while...
Use of uninitialized value $geo_result in split at /tmp/loop_over_bdir-22782-bOK4M8/VANAMBURG-SEMPROG-SimpleGraph-0.010-0/blib/lib/VANAMBURG/SEMPROG/GeocodeRule.pm line 24.
Use of uninitialized value $geo_result in split at /tmp/loop_over_bdir-22782-bOK4M8/VANAMBURG-SEMPROG-SimpleGraph-0.010-0/blib/lib/VANAMBURG/SEMPROG/GeocodeRule.pm line 24.
Use of uninitialized value $geo_result in split at /tmp/loop_over_bdir-22782-bOK4M8/VANAMBURG-SEMPROG-SimpleGraph-0.010-0/blib/lib/VANAMBURG/SEMPROG/GeocodeRule.pm line 24.
Use of uninitialized value $geo_result in split at /tmp/loop_over_bdir-22782-bOK4M8/VANAMBURG-SEMPROG-SimpleGraph-0.010-0/blib/lib/VANAMBURG/SEMPROG/GeocodeRule.pm line 24.
Use of uninitialized value $geo_result in split at /tmp/loop_over_bdir-22782-bOK4M8/VANAMBURG-SEMPROG-SimpleGraph-0.010-0/blib/lib/VANAMBURG/SEMPROG/GeocodeRule.pm line 24.

#   Failed test '24 triples after first inference.'
#   at t/semprog_ch03_03_chain_of_rules.t line 22.
Attribute (latitude) does not pass the type constraint because: Validation failed for 'Num' with value "" at accessor VANAMBURG::SEMPROG::CloseToRule::latitude (defined at /tmp/loop_over_bdir-22782-bOK4M8/VANAMBURG-SEMPROG-SimpleGraph-0.010-0/blib/lib/VANAMBURG/SEMPROG/CloseToRule.pm line 54) line 9
	VANAMBURG::SEMPROG::CloseToRule::latitude('VANAMBURG::SEMPROG::CloseToRule=HASH(0x56362f2dbe38)', '') called at /tmp/loop_over_bdir-22782-bOK4M8/VANAMBURG-SEMPROG-SimpleGraph-0.010-0/blib/lib/VANAMBURG/SEMPROG/CloseToRule.pm line 40
	VANAMBURG::SEMPROG::CloseToRule::BUILD('VANAMBURG::SEMPROG::CloseToRule=HASH(0x56362f2dbe38)', 'HASH(0x56362f2db568)') called at constructor VANAMBURG::SEMPROG::CloseToRule::new (defined at /tmp/loop_over_bdir-22782-bOK4M8/VANAMBURG-SEMPROG-SimpleGraph-0.010-0/blib/lib/VANAMBURG/SEMPROG/CloseToRule.pm line 60) line 79
	VANAMBURG::SEMPROG::CloseToRule::new('VANAMBURG::SEMPROG::CloseToRule', 'place', 'White House', 'graph', 'VANAMBURG::SEMPROG::SimpleGraph=HASH(0x56362d1f5bc8)') called at t/semprog_ch03_03_chain_of_rules.t line 25
# Looks like your test exited with 255 just after 2.
t/semprog_ch03_03_chain_of_rules.t .. 
Dubious, test returned 255 (wstat 65280, 0xff00)
Failed 3/4 subtests 
# loading movie data...
# load done.  finding path
# path=Kevin Bacon, Tremors, Fred Ward, Masked and Anonymous, Val Kilmer
# path=Kevin Bacon, Beauty Shop, Alfre Woodard, Health, James Garner, Marlowe, Bruce Lee
# path=Kevin Bacon, New York, I Love You, John Hurt, Indiana Jones and the Kingdom of the Crystal Skull, Harrison Ford
t/semprog_ch03_04_shortest_path.t ... ok
t/semprog_ch03_05_join_graph.t ...... ok

Test Summary Report
-------------------
t/semprog_ch03_02_inference.t     (Wstat: 256 Tests: 2 Failed: 1)
  Failed test:  2
  Non-zero exit status: 1
t/semprog_ch03_03_chain_of_rules.t (Wstat: 65280 Tests: 2 Failed: 1)
  Failed test:  2
  Non-zero exit status: 255
  Parse errors: Bad plan.  You planned 4 tests but ran 2.
Files=11, Tests=40, 34 wallclock secs ( 0.04 usr  0.06 sys + 17.84 cusr  0.86 csys = 18.80 CPU)
Result: FAIL
Failed 2/11 test programs. 2/40 subtests failed.
make: *** [Makefile:887: test_dynamic] Error 255

------------------------------
PREREQUISITES
------------------------------

Prerequisite modules loaded:

requires:

    Module              Need Have      
    ------------------- ---- ----------
    File::Slurp         0    9999.24   
    JSON                0    2.97001   
    List::MoreUtils     0    0.428     
    LWP::Simple         0    6.36      
    Modern::Perl        1.03 1.20181021
    Moose               0.93 2.2011    
    Moose::Role         0    2.2011    
    Set::Scalar         0    1.29      
    Test::More          0    1.302140  
    Text::CSV_XS        0    1.37      
    URI::Escape         0    3.31      

build_requires:

    Module              Need Have      
    ------------------- ---- ----------
    ExtUtils::MakeMaker 0    7.34      

configure_requires:

    Module              Need Have      
    ------------------- ---- ----------
    ExtUtils::MakeMaker 0    7.34      


------------------------------
ENVIRONMENT AND OTHER CONTEXT
------------------------------

Environment variables:

    AUTOMATED_TESTING = 1
    LANG = en_US.UTF-8
    PATH = /home/sand/bin:/usr/local/bin:/usr/bin:/bin:/usr/games:/usr/local/perl/bin:/usr/X11/bin:/sbin:/usr/sbin
    PERL5LIB = 
    PERL5OPT = 
    PERL5_CPANPLUS_IS_RUNNING = 24210
    PERL5_CPAN_IS_RUNNING = 24210
    PERL_CANARY_STABILITY_NOPROMPT = 1
    PERL_MM_USE_DEFAULT = 1
    PERL_USE_UNSAFE_INC = 1
    SHELL = /usr/bin/zsh
    TERM = screen

Perl special variables (and OS-specific diagnostics, for MSWin32):

    $^X = /tmp/basesmoker-reloperl-4Ea5/bin/perl
    $UID/$EUID = 1005 / 1005
    $GID = 1005 1005
    $EGID = 1005 1005

Perl module toolchain versions installed:

    Module              Have    
    ------------------- --------
    CPAN                2.21    
    CPAN::Meta          2.150010
    Cwd                 3.75    
    ExtUtils::CBuilder  0.280230
    ExtUtils::Command   7.34    
    ExtUtils::Install   2.14    
    ExtUtils::MakeMaker 7.34    
    ExtUtils::Manifest  1.70    
    ExtUtils::ParseXS   3.39    
    File::Spec          3.75    
    JSON                2.97001 
    JSON::PP            2.97001 
    Module::Build       0.4224  
    Module::Signature   0.83    
    Parse::CPAN::Meta   2.150010
    Test::Harness       3.42    
    Test::More          1.302140
    YAML                1.27    
    YAML::Syck          1.31    
    version             0.9923  


--

Summary of my perl5 (revision 5 version 28 subversion 0) configuration:
  Commit id: 6cb72a3d7fbefb477b95588e2fd81e33073da8b3
  Platform:
    osname=linux
    osvers=4.18.0-2-amd64
    archname=x86_64-linux-thread-multi
    uname='linux k93x64sid 4.18.0-2-amd64 #1 smp debian 4.18.10-2 (2018-11-02) x86_64 gnulinux '
    config_args='-Dprefix=/home/sand/src/perl/repoperls/installed-perls/host/k93x64sid/v5.28.0/c310 -Dmyhostname=k93x64sid -Dinstallusrbinperl=n -Uversiononly -Dusedevel -des -Ui_db -Dlibswanted=cl pthread socket inet nsl gdbm dbm malloc dl ld sun m crypt sec util c cposix posix ucb BSD gdbm_compat -Duseithreads -Uuselongdouble -DEBUGGING=-g'
    hint=recommended
    useposix=true
    d_sigaction=define
    useithreads=define
    usemultiplicity=define
    use64bitint=define
    use64bitall=define
    uselongdouble=undef
    usemymalloc=n
    default_inc_excludes_dot=define
    bincompat5005=undef
  Compiler:
    cc='cc'
    ccflags ='-D_REENTRANT -D_GNU_SOURCE -fwrapv -fno-strict-aliasing -pipe -fstack-protector-strong -I/usr/local/include -D_LARGEFILE_SOURCE -D_FILE_OFFSET_BITS=64'
    optimize='-O2 -g'
    cppflags='-D_REENTRANT -D_GNU_SOURCE -fwrapv -fno-strict-aliasing -pipe -fstack-protector-strong -I/usr/local/include'
    ccversion=''
    gccversion='8.2.0'
    gccosandvers=''
    intsize=4
    longsize=8
    ptrsize=8
    doublesize=8
    byteorder=12345678
    doublekind=3
    d_longlong=define
    longlongsize=8
    d_longdbl=define
    longdblsize=16
    longdblkind=3
    ivtype='long'
    ivsize=8
    nvtype='double'
    nvsize=8
    Off_t='off_t'
    lseeksize=8
    alignbytes=8
    prototype=define
  Linker and Libraries:
    ld='cc'
    ldflags =' -fstack-protector-strong -L/usr/local/lib'
    libpth=/usr/local/lib /usr/lib/gcc/x86_64-linux-gnu/8/include-fixed /usr/include/x86_64-linux-gnu /usr/lib /lib/x86_64-linux-gnu /lib/../lib /usr/lib/x86_64-linux-gnu /usr/lib/../lib /lib
    libs=-lpthread -lnsl -ldl -lm -lcrypt -lutil -lc
    perllibs=-lpthread -lnsl -ldl -lm -lcrypt -lutil -lc
    libc=libc-2.27.so
    so=so
    useshrplib=false
    libperl=libperl.a
    gnulibc_version='2.27'
  Dynamic Linking:
    dlsrc=dl_dlopen.xs
    dlext=so
    d_dlsymun=undef
    ccdlflags='-Wl,-E'
    cccdlflags='-fPIC'
    lddlflags='-shared -O2 -g -L/usr/local/lib -fstack-protector-strong'


Characteristics of this binary (from libperl): 
  Compile-time options:
    HAS_TIMES
    MULTIPLICITY
    PERLIO_LAYERS
    PERL_COPY_ON_WRITE
    PERL_DONT_CREATE_GVSV
    PERL_IMPLICIT_CONTEXT
    PERL_MALLOC_WRAP
    PERL_OP_PARENT
    PERL_PRESERVE_IVUV
    PERL_USE_DEVEL
    USE_64_BIT_ALL
    USE_64_BIT_INT
    USE_ITHREADS
    USE_LARGE_FILES
    USE_LOCALE
    USE_LOCALE_COLLATE
    USE_LOCALE_CTYPE
    USE_LOCALE_NUMERIC
    USE_LOCALE_TIME
    USE_PERLIO
    USE_PERL_ATOF
    USE_REENTRANT_API
  Built under linux
  Compiled at Nov 12 2018 06:49:03
  %ENV:
    PERL5LIB=""
    PERL5OPT=""
    PERL5_CPANPLUS_IS_RUNNING="24210"
    PERL5_CPAN_IS_RUNNING="24210"
    PERL_CANARY_STABILITY_NOPROMPT="1"
    PERL_MM_USE_DEFAULT="1"
    PERL_USE_UNSAFE_INC="1"
  @INC:
    /home/sand/src/perl/repoperls/installed-perls/host/k93x64sid/v5.28.0/c310/lib/site_perl/5.28.0/x86_64-linux-thread-multi
    /home/sand/src/perl/repoperls/installed-perls/host/k93x64sid/v5.28.0/c310/lib/site_perl/5.28.0
    /home/sand/src/perl/repoperls/installed-perls/host/k93x64sid/v5.28.0/c310/lib/5.28.0/x86_64-linux-thread-multi
    /home/sand/src/perl/repoperls/installed-perls/host/k93x64sid/v5.28.0/c310/lib/5.28.0
    .