Report for Cvs-0.07

Back
From: metabase:user:314402c4-2aae-11df-837a-5e0a49663a4f
Subject: FAIL Cvs-0.07 v5.20.2 GNU/Linux
Date: 2016-11-01T22:38:52Z

This distribution has been tested as part of the CPAN Testers
project, supporting the Perl programming language.  See
http://wiki.cpantesters.org/ for more information or email
questions to cpan-testers-discuss@perl.org


--
Dear Olivier Poitrey,

This is a computer-generated report for Cvs-0.07
on perl 5.20.2, created by CPAN-Reporter-1.2018.

Thank you for uploading your work to CPAN.  However, there was a problem
testing your distribution.

If you think this report is invalid, please consult the CPAN Testers Wiki
for suggestions on how to avoid getting FAIL reports for missing library
or binary dependencies, unsupported operating systems, and so on:

http://wiki.cpantesters.org/wiki/CPANAuthorNotes

Sections of this report:

    * Tester comments
    * Program output
    * Prerequisites
    * Environment and other context

------------------------------
TESTER COMMENTS
------------------------------

Additional comments from tester:

none provided

------------------------------
PROGRAM OUTPUT
------------------------------

Output from '/usr/bin/make test':

PERL_DL_NONLAZY=1 /bbbike/perl-5.20.2t/bin/perl "-MExtUtils::Command::MM" "-MTest::Harness" "-e" "undef *Test::Harness::Switches; test_harness(0, 'blib/lib', 'blib/arch')" t/*.t
t/00checkout.t .. ok
t/05commit.t .... ok
# Failed test 8 in t/10status.t at line 22
#  t/10status.t line 22 is: ok($status->is_up2date);
t/10status.t .... 
Failed 1/11 subtests 
# Test 3 got: "0" (t/20tag.t at line 14)
#   Expected: "1"
#  t/20tag.t line 14 is: ok($result->tagged, 1);
# Test 5 got: "0" (t/20tag.t at line 20)
#   Expected: "1"
#  t/20tag.t line 20 is: ok($result->untagged, 1);
t/20tag.t ....... 
Failed 2/6 subtests 
t/21rtag.t ...... ok
# Test 3 got: "0" (t/30update.t at line 20)
#   Expected: "1"
#  t/30update.t line 20 is: ok(@modified, 1);
# Failed test 4 in t/30update.t at line 21
#  t/30update.t line 21 is: ok($modified[0] eq 'test.txt');
# Test 6 got: "0" (t/30update.t at line 26)
#   Expected: "1"
#  t/30update.t line 26 is: ok($result->updated, 1);
t/30update.t .... 
Failed 3/6 subtests 
Can't locate object method "push_diff" via package "Cvs::Result::Base" at /tmpfs/.cpan-build-cpansand/2016110121/Cvs-0.07-osu6Jh/blib/lib/Cvs/Command/Diff.pm line 99.
t/40diff.t ...... 
Dubious, test returned 29 (wstat 7424, 0x1d00)
Failed 4/6 subtests 
t/50export.t .... ok
t/90release.t ... ok

Test Summary Report
-------------------
t/10status.t  (Wstat: 0 Tests: 11 Failed: 1)
  Failed test:  8
t/20tag.t     (Wstat: 0 Tests: 6 Failed: 2)
  Failed tests:  3, 5
t/30update.t  (Wstat: 0 Tests: 6 Failed: 3)
  Failed tests:  3-4, 6
t/40diff.t    (Wstat: 7424 Tests: 2 Failed: 0)
  Non-zero exit status: 29
  Parse errors: Bad plan.  You planned 6 tests but ran 2.
Files=9, Tests=46,  4 wallclock secs ( 0.04 usr  0.03 sys +  0.45 cusr  0.25 csys =  0.77 CPU)
Result: FAIL
Failed 4/9 test programs. 6/46 subtests failed.
Makefile:1021: recipe for target 'test_dynamic' failed
make: *** [test_dynamic] Error 255

------------------------------
PREREQUISITES
------------------------------

Prerequisite modules loaded:

requires:

    Module              Need Have   
    ------------------- ---- -------
    Class::Accessor     0.17 0.34   
    Cwd                 2.04 3.48_01
    File::Temp          0.12 0.2304 
    FileHandle          2.0  2.02   
    IO::Pty             1.02 1.12   
    IPC::Run            0.74 0.94   

build_requires:

    Module              Need Have   
    ------------------- ---- -------
    ExtUtils::MakeMaker 0    6.98   


------------------------------
ENVIRONMENT AND OTHER CONTEXT
------------------------------

Environment variables:

    LANG = C
    PATH = /usr/local/bin:/usr/bin:/bin:/usr/local/sbin:/usr/sbin:/sbin:/home/cpansand/bin/linux-gnu:/home/cpansand/bin/sh:/home/cpansand/bin:/usr/games:/home/cpansand/devel:/home/eserte/src/srezic-misc/scripts
    PERL5LIB = /home/cpansand/.cpan/build/2016110121/IPC-Run-0.94-b6Ich0/blib/arch:/home/cpansand/.cpan/build/2016110121/IPC-Run-0.94-b6Ich0/blib/lib:/home/cpansand/.cpan/build/2016110121/Class-Accessor-0.34-Gd9mde/blib/arch:/home/cpansand/.cpan/build/2016110121/Class-Accessor-0.34-Gd9mde/blib/lib
    PERL5OPT = 
    PERL5_CPANPLUS_IS_RUNNING = 5035
    PERL5_CPAN_IS_RUNNING = 5035
    PERL5_CPAN_IS_RUNNING_IN_RECURSION = 14417,5035
    PERLDOC = -MPod::Perldoc::ToTextOverstrike
    PERL_BATCH = yes
    PERL_CANARY_STABILITY_NOPROMPT = 1
    PERL_CPAN_REPORTER_CONFIG = /run/user/1023/cpansmoker/2016110121/cpanreporter_005_config.ini
    PERL_EXTUTILS_AUTOINSTALL = --defaultdeps
    PERL_USE_UNSAFE_INC = 1
    SHELL = /bin/zsh
    TERM = screen
    TMPDIR = /run/user/1023/cpansmoker/2016110121

Perl special variables (and OS-specific diagnostics, for MSWin32):

    $^X = /bbbike/perl-5.20.2t/bin/perl
    $UID/$EUID = 1023 / 1023
    $GID = 1023 1023
    $EGID = 1023 1023

Perl module toolchain versions installed:

    Module              Have    
    ------------------- --------
    CPAN                2.05    
    CPAN::Meta          2.140640
    Cwd                 3.48_01 
    ExtUtils::CBuilder  0.280217
    ExtUtils::Command   1.18    
    ExtUtils::Install   1.67    
    ExtUtils::MakeMaker 6.98    
    ExtUtils::Manifest  1.63    
    ExtUtils::ParseXS   3.24    
    File::Spec          3.48_01 
    JSON                n/a     
    JSON::PP            2.27400 
    Module::Build       0.4205  
    Module::Signature   n/a     
    Parse::CPAN::Meta   1.4422  
    Test::Harness       3.30    
    Test::More          1.001014
    YAML                1.15    
    YAML::Syck          1.29    
    version             0.9909  


--

Summary of my perl5 (revision 5 version 20 subversion 2) configuration:
   
  Platform:
    osname=linux, osvers=3.16.0-4-amd64, archname=x86_64-linux-thread-multi
    uname='linux eserte 3.16.0-4-amd64 #1 smp debian 3.16.7-ckt25-2 (2016-04-08) x86_64 gnulinux '
    config_args='-ds -e -Dprefix=/opt/perl-5.20.2t -Dusethreads -Dcf_email=srezic@cpan.org'
    hint=recommended, useposix=true, d_sigaction=define
    useithreads=define, usemultiplicity=define
    use64bitint=define, use64bitall=define, uselongdouble=undef
    usemymalloc=n, bincompat5005=undef
  Compiler:
    cc='cc', ccflags ='-D_REENTRANT -D_GNU_SOURCE -fwrapv -fno-strict-aliasing -pipe -fstack-protector -I/usr/local/include -D_LARGEFILE_SOURCE -D_FILE_OFFSET_BITS=64',
    optimize='-O2',
    cppflags='-D_REENTRANT -D_GNU_SOURCE -fwrapv -fno-strict-aliasing -pipe -fstack-protector -I/usr/local/include'
    ccversion='', gccversion='4.9.2', gccosandvers=''
    intsize=4, longsize=8, ptrsize=8, doublesize=8, byteorder=12345678
    d_longlong=define, longlongsize=8, d_longdbl=define, longdblsize=16
    ivtype='long', ivsize=8, nvtype='double', nvsize=8, Off_t='off_t', lseeksize=8
    alignbytes=8, prototype=define
  Linker and Libraries:
    ld='cc', ldflags =' -fstack-protector -L/usr/local/lib'
    libpth=/usr/local/lib /usr/lib/gcc/x86_64-linux-gnu/4.9/include-fixed /usr/include/x86_64-linux-gnu /usr/lib /lib/x86_64-linux-gnu /lib/../lib /usr/lib/x86_64-linux-gnu /usr/lib/../lib /lib
    libs=-lnsl -lgdbm -ldb -ldl -lm -lcrypt -lutil -lpthread -lc -lgdbm_compat
    perllibs=-lnsl -ldl -lm -lcrypt -lutil -lpthread -lc
    libc=libc-2.19.so, so=so, useshrplib=false, libperl=libperl.a
    gnulibc_version='2.19'
  Dynamic Linking:
    dlsrc=dl_dlopen.xs, dlext=so, d_dlsymun=undef, ccdlflags='-Wl,-E'
    cccdlflags='-fPIC', lddlflags='-shared -O2 -L/usr/local/lib -fstack-protector'


Characteristics of this binary (from libperl): 
  Compile-time options: HAS_TIMES MULTIPLICITY PERLIO_LAYERS
                        PERL_DONT_CREATE_GVSV
                        PERL_HASH_FUNC_ONE_AT_A_TIME_HARD
                        PERL_IMPLICIT_CONTEXT PERL_MALLOC_WRAP
                        PERL_NEW_COPY_ON_WRITE PERL_PRESERVE_IVUV
                        USE_64_BIT_ALL USE_64_BIT_INT USE_ITHREADS
                        USE_LARGE_FILES USE_LOCALE USE_LOCALE_COLLATE
                        USE_LOCALE_CTYPE USE_LOCALE_NUMERIC USE_PERLIO
                        USE_PERL_ATOF USE_REENTRANT_API
  Built under linux
  Compiled at May  7 2016 17:52:22
  %ENV:
    PERL5LIB="/home/cpansand/.cpan/build/2016110121/IPC-Run-0.94-b6Ich0/blib/arch:/home/cpansand/.cpan/build/2016110121/IPC-Run-0.94-b6Ich0/blib/lib:/home/cpansand/.cpan/build/2016110121/Class-Accessor-0.34-Gd9mde/blib/arch:/home/cpansand/.cpan/build/2016110121/Class-Accessor-0.34-Gd9mde/blib/lib"
    PERL5OPT=""
    PERL5_CPANPLUS_IS_RUNNING="5035"
    PERL5_CPAN_IS_RUNNING="5035"
    PERL5_CPAN_IS_RUNNING_IN_RECURSION="14417,5035"
    PERLDOC="-MPod::Perldoc::ToTextOverstrike"
    PERL_BATCH="yes"
    PERL_CANARY_STABILITY_NOPROMPT="1"
    PERL_CPAN_REPORTER_CONFIG="/run/user/1023/cpansmoker/2016110121/cpanreporter_005_config.ini"
    PERL_EXTUTILS_AUTOINSTALL="--defaultdeps"
    PERL_USE_UNSAFE_INC="1"
  @INC:
    /home/cpansand/.cpan/build/2016110121/IPC-Run-0.94-b6Ich0/blib/arch
    /home/cpansand/.cpan/build/2016110121/IPC-Run-0.94-b6Ich0/blib/lib
    /home/cpansand/.cpan/build/2016110121/Class-Accessor-0.34-Gd9mde/blib/arch
    /home/cpansand/.cpan/build/2016110121/Class-Accessor-0.34-Gd9mde/blib/lib
    /opt/perl-5.20.2t/lib/site_perl/5.20.2/x86_64-linux-thread-multi
    /opt/perl-5.20.2t/lib/site_perl/5.20.2
    /opt/perl-5.20.2t/lib/5.20.2/x86_64-linux-thread-multi
    /opt/perl-5.20.2t/lib/5.20.2
    .