Plucene v1.25 Perl 5 v5.28.2 x86_64-linux-gnu
- Status
- Fail
- From
- Dist
-
Plucene v1.25
- Platform
- Perl 5 v5.28.2 x86_64-linux-gnu
- Date
- 2019-06-25 00:55:45
- ID
- f7088ac4-96e3-11e9-8412-25bdd0172181
This distribution has been tested as part of the CPAN Testers
project, supporting the Perl programming language. See
http://wiki.cpantesters.org/ for more information or email
questions to cpan-testers-discuss@perl.org
--
Dear TMTM,
This is a computer-generated report for Plucene-1.25
on perl 5.28.2, created by App::cpanminus::reporter 0.17 (1.7044).
Thank you for uploading your work to CPAN. However, there was a problem
testing your distribution.
If you think this report is invalid, please consult the CPAN Testers Wiki
for suggestions on how to avoid getting FAIL reports for missing library
or binary dependencies, unsupported operating systems, and so on:
http://wiki.cpantesters.org/wiki/CPANAuthorNotes
Sections of this report:
* Tester comments
* Program output
* Prerequisites
* Environment and other context
------------------------------
TESTER COMMENTS
------------------------------
Additional comments from tester:
none provided
------------------------------
PROGRAM OUTPUT
------------------------------
Output from '':
Building and testing Plucene-1.25
Building Plucene
t/98_pod_coverage.t .. ok
# Failed test 'POD test for blib/lib/Plucene/TestCase.pm'
# at /usr/local/lib/perl5/site_perl/5.28.2/Test/Pod.pm line 184.
# blib/lib/Plucene/TestCase.pm (49): =over without closing =back
# Failed test 'POD test for blib/lib/Plucene/Search/BooleanQuery.pm'
# at /usr/local/lib/perl5/site_perl/5.28.2/Test/Pod.pm line 184.
# blib/lib/Plucene/Search/BooleanQuery.pm (83): Expected text after =item, not a bullet
# Looks like you failed 2 tests of 70.
t/99_pod.t ...........
Dubious, test returned 2 (wstat 512, 0x200)
Failed 2/70 subtests
t/analyzers.t ........ ok
t/datesearch.t ....... ok
t/dateserializer.t ... ok
t/deletable.t ........ ok
t/delete.t ........... ok
t/indexsearcher.t .... ok
t/mergefactor.t ...... ok
t/queryparser.t ...... ok
t/regress-01.t ....... ok
t/regress-02.t ....... ok
t/regress-04.t ....... ok
t/search_hits.t ...... ok
t/searchtest.t ....... ok
t/segments.t ......... ok
t/similarity.t ....... ok
t/sloppy_scorer.t .... ok
# Indexing the entire Odyssey. This may take some time
# t/data/book1
# t/data/book10
# t/data/book11
# t/data/book12
# t/data/book13
# t/data/book14
# t/data/book15
# t/data/book16
# t/data/book17
# t/data/book18
# t/data/book19
# t/data/book2
# t/data/book20
# t/data/book21
# t/data/book22
# t/data/book23
# t/data/book24
# t/data/book3
# t/data/book4
# t/data/book5
# t/data/book6
# t/data/book7
# t/data/book8
# t/data/book9
# t/data/preface
# Closing
t/stress.t ........... ok
t/terminfostest.t .... ok
t/testbitvector.t .... ok
t/testindexwriter.t .. ok
t/tokenfilter.t ...... ok
t/tokenizer.t ........ ok
t/utf8.t ............. ok
Test Summary Report
-------------------
t/99_pod.t (Wstat: 512 Tests: 70 Failed: 2)
Failed tests: 3, 21
Non-zero exit status: 2
Files=25, Tests=6101, 30 wallclock secs ( 1.02 usr 0.70 sys + 25.47 cusr 3.70 csys = 30.89 CPU)
Result: FAIL
------------------------------
PREREQUISITES
------------------------------
Prerequisite modules loaded:
No requirements found
------------------------------
ENVIRONMENT AND OTHER CONTEXT
------------------------------
Environment variables:
PATH = /usr/local/sbin:/usr/local/bin:/usr/sbin:/usr/bin:/sbin:/bin
PERL_CPAN_REPORTER_DIR = /etc/cpanm-reporter
TERM = xterm
Perl special variables (and OS-specific diagnostics, for MSWin32):
EGID = 0
EUID = 0
EXECUTABLE_NAME = /usr/local/bin/perl
GID = 0
UID = 0
Perl module toolchain versions installed:
Module Have
------------------- --------
CPAN 2.20
CPAN::Meta 2.150010
Cwd 3.74
ExtUtils::CBuilder 0.280230
ExtUtils::Command 7.34
ExtUtils::Install 2.14
ExtUtils::MakeMaker 7.34
ExtUtils::Manifest 1.70
ExtUtils::ParseXS 3.39
File::Spec 3.74
JSON 4.02
JSON::PP 2.97001
Module::Build 0.4229
Module::Signature n/a
Parse::CPAN::Meta 2.150010
Test::Harness 3.42
Test::More 1.302164
YAML 1.29
YAML::Syck 1.31
version 0.9923
--
Summary of my perl5 (revision 5 version 28 subversion 2) configuration:
Platform:
osname=linux
osvers=4.9.0-8-amd64
archname=x86_64-linux-gnu
uname='linux 773c8938f7ec 4.9.0-8-amd64 #1 smp debian 4.9.110-3+deb9u4 (2018-08-21) x86_64 gnulinux '
config_args='-Darchname=x86_64-linux-gnu -Duse64bitall -Duseshrplib -Dvendorprefix=/usr/local -des'
hint=recommended
useposix=true
d_sigaction=define
useithreads=undef
usemultiplicity=undef
use64bitint=define
use64bitall=define
uselongdouble=undef
usemymalloc=n
default_inc_excludes_dot=define
bincompat5005=undef
Compiler:
cc='cc'
ccflags ='-fwrapv -fno-strict-aliasing -pipe -fstack-protector-strong -I/usr/local/include -D_LARGEFILE_SOURCE -D_FILE_OFFSET_BITS=64 -D_FORTIFY_SOURCE=2'
optimize='-O2'
cppflags='-fwrapv -fno-strict-aliasing -pipe -fstack-protector-strong -I/usr/local/include'
ccversion=''
gccversion='6.3.0 20170516'
gccosandvers=''
intsize=4
longsize=8
ptrsize=8
doublesize=8
byteorder=12345678
doublekind=3
d_longlong=define
longlongsize=8
d_longdbl=define
longdblsize=16
longdblkind=3
ivtype='long'
ivsize=8
nvtype='double'
nvsize=8
Off_t='off_t'
lseeksize=8
alignbytes=8
prototype=define
Linker and Libraries:
ld='cc'
ldflags =' -fstack-protector-strong -L/usr/local/lib'
libpth=/usr/local/lib /usr/lib/gcc/x86_64-linux-gnu/6/include-fixed /usr/include/x86_64-linux-gnu /usr/lib /lib/x86_64-linux-gnu /lib/../lib /usr/lib/x86_64-linux-gnu /usr/lib/../lib /lib
libs=-lpthread -lnsl -lgdbm -ldb -ldl -lm -lcrypt -lutil -lc -lgdbm_compat
perllibs=-lpthread -lnsl -ldl -lm -lcrypt -lutil -lc
libc=libc-2.24.so
so=so
useshrplib=true
libperl=libperl.so
gnulibc_version='2.24'
Dynamic Linking:
dlsrc=dl_dlopen.xs
dlext=so
d_dlsymun=undef
ccdlflags='-Wl,-E -Wl,-rpath,/usr/local/lib/perl5/5.28.2/x86_64-linux-gnu/CORE'
cccdlflags='-fPIC'
lddlflags='-shared -O2 -L/usr/local/lib -fstack-protector-strong'
Characteristics of this binary (from libperl):
Compile-time options:
HAS_TIMES
PERLIO_LAYERS
PERL_COPY_ON_WRITE
PERL_DONT_CREATE_GVSV
PERL_MALLOC_WRAP
PERL_OP_PARENT
PERL_PRESERVE_IVUV
USE_64_BIT_ALL
USE_64_BIT_INT
USE_LARGE_FILES
USE_LOCALE
USE_LOCALE_COLLATE
USE_LOCALE_CTYPE
USE_LOCALE_NUMERIC
USE_LOCALE_TIME
USE_PERLIO
USE_PERL_ATOF
Built under linux
Compiled at May 8 2019 03:24:23
%ENV:
PERL_CPAN_REPORTER_DIR="/etc/cpanm-reporter"
@INC:
/usr/local/lib/perl5/site_perl/5.28.2/x86_64-linux-gnu
/usr/local/lib/perl5/site_perl/5.28.2
/usr/local/lib/perl5/vendor_perl/5.28.2/x86_64-linux-gnu
/usr/local/lib/perl5/vendor_perl/5.28.2
/usr/local/lib/perl5/5.28.2/x86_64-linux-gnu
/usr/local/lib/perl5/5.28.2