Back
From: metabase:user:3215efbe-2aae-11df-837a-5e0a49663a4f
Subject: FAIL HTTP-Server-Simple-0.45_02 v5.16.2 GNU/Linux
Date: 2012-12-27T12:07:20Z
This distribution has been tested as part of the CPAN Testers
project, supporting the Perl programming language. See
http://wiki.cpantesters.org/ for more information or email
questions to cpan-testers-discuss@perl.org
--
Dear Jesse Vincent,
This is a computer-generated report for HTTP-Server-Simple-0.45_02
on perl 5.16.2, created by CPAN-Reporter-1.2009.
Thank you for uploading your work to CPAN. However, there was a problem
testing your distribution.
If you think this report is invalid, please consult the CPAN Testers Wiki
for suggestions on how to avoid getting FAIL reports for missing library
or binary dependencies, unsupported operating systems, and so on:
http://wiki.cpantesters.org/wiki/CPANAuthorNotes
Sections of this report:
* Tester comments
* Program output
* Prerequisites
* Environment and other context
------------------------------
TESTER COMMENTS
------------------------------
Additional comments from tester:
this report is from an automated smoke testing program
and was not reviewed by a human for accuracy
------------------------------
PROGRAM OUTPUT
------------------------------
Output from '/usr/bin/make test':
PERL_DL_NONLAZY=1 /opt/perl/threads/5.16.2/bin/perl "-MExtUtils::Command::MM" "-e" "test_harness(0, 'inc', 'blib/lib', 'blib/arch')" t/*.t
t/00signature.t .... ok
t/00smoke.t ........ ok
bind to *:46331: Address already in use at t/01live.t line 134.
# Failed test 'Returns a page'
# at t/01live.t line 141.
# '[ERROR] getaddrinfo: No address associated with hostname at t/01live.t line 89, <DATA> line 16.
# '
# doesn't match '/Congratulations/'
bind to *:46332: Address already in use at t/01live.t line 134.
# Failed test 'Returns a page'
# at t/01live.t line 141.
# '[ERROR] getaddrinfo: No address associated with hostname at t/01live.t line 89, <DATA> line 16.
# '
# doesn't match '/Congratulations/'
No address associated with hostname! at /home/tf/.cpan/build/HTTP-Server-Simple-0.45_02-9Zbj9E/blib/lib/HTTP/Server/Simple.pm line 704, <DATA> line 16.
Use of uninitialized value $sockaddr in bind at /home/tf/.cpan/build/HTTP-Server-Simple-0.45_02-9Zbj9E/blib/lib/HTTP/Server/Simple.pm line 724, <DATA> line 16.
bind to localhost:46333: Invalid argument at t/01live.t line 44.
# Failed test 'Returns a page'
# at t/01live.t line 49.
# '[ERROR] getaddrinfo: No address associated with hostname at t/01live.t line 89, <DATA> line 16.
# '
# doesn't match '/Congratulations/'
# Failed test 'knows what a request isn't'
# at t/01live.t line 52.
# '[ERROR] getaddrinfo: No address associated with hostname at t/01live.t line 89, <DATA> line 16.
# '
# doesn't match '/bad request/i'
# Failed test 'HTTP/1.1 request'
# at t/01live.t line 58.
# '[ERROR] getaddrinfo: No address associated with hostname at t/01live.t line 89, <DATA> line 16.
# '
# doesn't match '/Congratulations/'
# Failed test 'HTTP/0.9 request'
# at t/01live.t line 61.
# '[ERROR] getaddrinfo: No address associated with hostname at t/01live.t line 89, <DATA> line 16.
# '
# doesn't match '/Congratulations/'
# Looks like you failed 6 tests of 34.
t/01live.t .........
Dubious, test returned 6 (wstat 1536, 0x600)
Failed 6/34 subtests
t/02pod.t .......... ok
t/03podcoverage.t .. ok
t/04cgi.t .......... ok
Test Summary Report
-------------------
t/01live.t (Wstat: 1536 Tests: 34 Failed: 6)
Failed tests: 8, 16, 26-29
Non-zero exit status: 6
Files=6, Tests=109, 17 wallclock secs ( 0.04 usr 0.02 sys + 0.36 cusr 0.05 csys = 0.47 CPU)
Result: FAIL
Failed 1/6 test programs. 6/109 subtests failed.
make: *** [test_dynamic] Error 255
------------------------------
PREREQUISITES
------------------------------
Prerequisite modules loaded:
requires:
Module Need Have
------------------- ---- -------
CGI 0 3.63
Socket 0 2.007
Test::More 0 0.98_03
build_requires:
Module Need Have
------------------- ---- -------
ExtUtils::MakeMaker 6.36 6.64
configure_requires:
Module Need Have
------------------- ---- -------
ExtUtils::MakeMaker 6.36 6.64
------------------------------
ENVIRONMENT AND OTHER CONTEXT
------------------------------
Environment variables:
AUTOMATED_TESTING = 1
LANG = C
PATH = /opt/perl/threads/5.16.2/bin:/usr/local/sbin:/usr/local/bin:/usr/sbin:/usr/bin:/sbin:/bin:/usr/games
PERL5LIB =
PERL5OPT =
PERL5_CPANPLUS_IS_RUNNING = 23800
PERL5_CPAN_IS_RUNNING = 23800
PERL5_CPAN_IS_RUNNING_IN_RECURSION = 6030,23800
PERL_CR_SMOKER_CURRENT = HTTP-Server-Simple-0.45_02
PERL_EXTUTILS_AUTOINSTALL = --defaultdeps
PERL_MM_USE_DEFAULT = 1
SHELL = /bin/bash
TERM = screen
Perl special variables (and OS-specific diagnostics, for MSWin32):
$^X = /opt/perl/threads/5.16.2/bin/perl
$UID/$EUID = 1000 / 1000
$GID = 1000 4 24 27 30 46 112 113 1000
$EGID = 1000 4 24 27 30 46 112 113 1000
Perl module toolchain versions installed:
Module Have
------------------- --------
CPAN 1.99_51
CPAN::Meta 2.120921
Cwd 3.39_02
ExtUtils::CBuilder 0.280206
ExtUtils::Command 1.17
ExtUtils::Install 1.58
ExtUtils::MakeMaker 6.64
ExtUtils::Manifest 1.61
ExtUtils::ParseXS 3.18
File::Spec 3.39_02
JSON 2.53
JSON::PP 2.27200
Module::Build 0.4003
Module::Signature 0.70
Parse::CPAN::Meta 1.4404
Test::Harness 3.25
Test::More 0.98_03
YAML 0.84
YAML::Syck 1.22
version 0.9901
--
Summary of my perl5 (revision 5 version 16 subversion 2) configuration:
Platform:
osname=linux, osvers=3.2.0-35-virtual, archname=x86_64-linux-thread-multi
uname='linux cpansmoker 3.2.0-35-virtual #55-ubuntu smp wed dec 5 18:02:05 utc 2012 x86_64 x86_64 x86_64 gnulinux '
config_args='-des -Dprefix=/opt/perl/threads/5.16.2 -Dusethreads'
hint=recommended, useposix=true, d_sigaction=define
useithreads=define, usemultiplicity=define
useperlio=define, d_sfio=undef, uselargefiles=define, usesocks=undef
use64bitint=define, use64bitall=define, uselongdouble=undef
usemymalloc=n, bincompat5005=undef
Compiler:
cc='cc', ccflags ='-D_REENTRANT -D_GNU_SOURCE -fno-strict-aliasing -pipe -fstack-protector -I/usr/local/include -D_LARGEFILE_SOURCE -D_FILE_OFFSET_BITS=64',
optimize='-O2',
cppflags='-D_REENTRANT -D_GNU_SOURCE -fno-strict-aliasing -pipe -fstack-protector -I/usr/local/include'
ccversion='', gccversion='4.6.3', gccosandvers=''
intsize=4, longsize=8, ptrsize=8, doublesize=8, byteorder=12345678
d_longlong=define, longlongsize=8, d_longdbl=define, longdblsize=16
ivtype='long', ivsize=8, nvtype='double', nvsize=8, Off_t='off_t', lseeksize=8
alignbytes=8, prototype=define
Linker and Libraries:
ld='cc', ldflags =' -fstack-protector -L/usr/local/lib'
libpth=/usr/local/lib /lib/x86_64-linux-gnu /lib/../lib /usr/lib/x86_64-linux-gnu /usr/lib/../lib /lib /usr/lib
libs=-lnsl -lgdbm -ldb -ldl -lm -lcrypt -lutil -lpthread -lc -lgdbm_compat
perllibs=-lnsl -ldl -lm -lcrypt -lutil -lpthread -lc
libc=, so=so, useshrplib=false, libperl=libperl.a
gnulibc_version='2.15'
Dynamic Linking:
dlsrc=dl_dlopen.xs, dlext=so, d_dlsymun=undef, ccdlflags='-Wl,-E'
cccdlflags='-fPIC', lddlflags='-shared -O2 -L/usr/local/lib -fstack-protector'
Characteristics of this binary (from libperl):
Compile-time options: HAS_TIMES MULTIPLICITY PERLIO_LAYERS
PERL_DONT_CREATE_GVSV PERL_IMPLICIT_CONTEXT
PERL_MALLOC_WRAP PERL_PRESERVE_IVUV USE_64_BIT_ALL
USE_64_BIT_INT USE_ITHREADS USE_LARGE_FILES
USE_LOCALE USE_LOCALE_COLLATE USE_LOCALE_CTYPE
USE_LOCALE_NUMERIC USE_PERLIO USE_PERL_ATOF
USE_REENTRANT_API
Built under linux
Compiled at Dec 26 2012 10:15:24
%ENV:
PERL5LIB=""
PERL5OPT=""
PERL5_CPANPLUS_IS_RUNNING="23800"
PERL5_CPAN_IS_RUNNING="23800"
PERL5_CPAN_IS_RUNNING_IN_RECURSION="6030,23800"
PERL_CR_SMOKER_CURRENT="HTTP-Server-Simple-0.45_02"
PERL_EXTUTILS_AUTOINSTALL="--defaultdeps"
PERL_MM_USE_DEFAULT="1"
@INC:
/opt/perl/threads/5.16.2/lib/site_perl/5.16.2/x86_64-linux-thread-multi
/opt/perl/threads/5.16.2/lib/site_perl/5.16.2
/opt/perl/threads/5.16.2/lib/5.16.2/x86_64-linux-thread-multi
/opt/perl/threads/5.16.2/lib/5.16.2
.