Report for HTML-Template-Associate-FormField-0.12

Back
From: metabase:user:314402c4-2aae-11df-837a-5e0a49663a4f
Subject: FAIL HTML-Template-Associate-FormField-0.12 v5.22.0 GNU/Linux
Date: 2015-11-22T15:23:21Z

This distribution has been tested as part of the CPAN Testers
project, supporting the Perl programming language.  See
http://wiki.cpantesters.org/ for more information or email
questions to cpan-testers-discuss@perl.org


--
Dear Masatoshi Mizuno,

This is a computer-generated report for HTML-Template-Associate-FormField-0.12
on perl 5.22.0, created by CPAN-Reporter-1.2015.

Thank you for uploading your work to CPAN.  However, there was a problem
testing your distribution.

If you think this report is invalid, please consult the CPAN Testers Wiki
for suggestions on how to avoid getting FAIL reports for missing library
or binary dependencies, unsupported operating systems, and so on:

http://wiki.cpantesters.org/wiki/CPANAuthorNotes

Sections of this report:

    * Tester comments
    * Program output
    * Prerequisites
    * Environment and other context

------------------------------
TESTER COMMENTS
------------------------------

Additional comments from tester:

none provided

------------------------------
PROGRAM OUTPUT
------------------------------

Output from './Build test':


#   Failed test 'use HTML::Template::Associate::FormField;'
#   at t/00_use.t line 3.
#     Tried to use 'HTML::Template::Associate::FormField'.
#     Error:  UNIVERSAL does not export anything at /tmpfs/.cpan-build/2015112212/HTML-Template-Associate-FormField-0.12-rFOL0u/blib/lib/HTML/Template/Associate/FormField.pm line 9.
# BEGIN failed--compilation aborted at /tmpfs/.cpan-build/2015112212/HTML-Template-Associate-FormField-0.12-rFOL0u/blib/lib/HTML/Template/Associate/FormField.pm line 9.
# Compilation failed in require at t/00_use.t line 3.
# BEGIN failed--compilation aborted at t/00_use.t line 3.
# Looks like you failed 1 test of 1.
t/00_use.t ........... 
Dubious, test returned 1 (wstat 256, 0x100)
Failed 1/1 subtests 
UNIVERSAL does not export anything at /tmpfs/.cpan-build/2015112212/HTML-Template-Associate-FormField-0.12-rFOL0u/blib/lib/HTML/Template/Associate/FormField.pm line 9.
BEGIN failed--compilation aborted at /tmpfs/.cpan-build/2015112212/HTML-Template-Associate-FormField-0.12-rFOL0u/blib/lib/HTML/Template/Associate/FormField.pm line 9.
Compilation failed in require at t/01_param.t line 4.
BEGIN failed--compilation aborted at t/01_param.t line 4.
# Looks like your test exited with 255 before it could output anything.
t/01_param.t ......... 
Dubious, test returned 255 (wstat 65280, 0xff00)
Failed 4/4 subtests 
UNIVERSAL does not export anything at /tmpfs/.cpan-build/2015112212/HTML-Template-Associate-FormField-0.12-rFOL0u/blib/lib/HTML/Template/Associate/FormField.pm line 9.
BEGIN failed--compilation aborted at /tmpfs/.cpan-build/2015112212/HTML-Template-Associate-FormField-0.12-rFOL0u/blib/lib/HTML/Template/Associate/FormField.pm line 9.
Compilation failed in require at t/02_hidden.t line 4.
BEGIN failed--compilation aborted at t/02_hidden.t line 4.
# Looks like your test exited with 255 before it could output anything.
t/02_hidden.t ........ 
Dubious, test returned 255 (wstat 65280, 0xff00)
Failed 8/8 subtests 
UNIVERSAL does not export anything at /tmpfs/.cpan-build/2015112212/HTML-Template-Associate-FormField-0.12-rFOL0u/blib/lib/HTML/Template/Associate/FormField.pm line 9.
BEGIN failed--compilation aborted at /tmpfs/.cpan-build/2015112212/HTML-Template-Associate-FormField-0.12-rFOL0u/blib/lib/HTML/Template/Associate/FormField.pm line 9.
Compilation failed in require at t/03_output.t line 8.
BEGIN failed--compilation aborted at t/03_output.t line 8.
# Looks like your test exited with 255 before it could output anything.
t/03_output.t ........ 
Dubious, test returned 255 (wstat 65280, 0xff00)
Failed 18/18 subtests 

#   Failed test 'POD test for blib/lib/HTML/Template/Associate/FormField.pm'
#   at /opt/perl-5.22.0/lib/site_perl/5.22.0/Test/Pod.pm line 187.
Wide character in print at /opt/perl-5.22.0/lib/site_perl/5.22.0/Test/Builder.pm line 1826.
# blib/lib/HTML/Template/Associate/FormField.pm (313): Non-ASCII character seen before =encoding in '�E�E�E'. Assuming CP1252
# Looks like you failed 1 test of 1.
t/89_pod.t ........... 
Dubious, test returned 1 (wstat 256, 0x100)
Failed 1/1 subtests 

#   Failed test 'Test::Perl::Critic for "lib/HTML/Template/Associate/FormField.pm"'
#   at /opt/perl-5.22.0/lib/site_perl/5.22.0/Test/Perl/Critic.pm line 104.
# 
#   Variable, subroutine, and package names have to be in CamelCase at line 17, column 2.  (no explanation).  (Severity: 5)
#   Variable, subroutine, and package names have to be in CamelCase at line 19, column 7.  (no explanation).  (Severity: 5)
#   Variable, subroutine, and package names have to be in CamelCase at line 21, column 54.  (no explanation).  (Severity: 5)
#   Variable, subroutine, and package names have to be in CamelCase at line 25, column 9.  (no explanation).  (Severity: 5)
#   Variable, subroutine, and package names have to be in CamelCase at line 27, column 7.  (no explanation).  (Severity: 5)
#   Variable, subroutine, and package names have to be in CamelCase at line 27, column 12.  (no explanation).  (Severity: 5)
#   Variable, subroutine, and package names have to be in CamelCase at line 28, column 10.  (no explanation).  (Severity: 5)
#   Variable, subroutine, and package names have to be in CamelCase at line 29, column 10.  (no explanation).  (Severity: 5)
#   Variable, subroutine, and package names have to be in CamelCase at line 29, column 18.  (no explanation).  (Severity: 5)
#   Variable, subroutine, and package names have to be in CamelCase at line 29, column 30.  (no explanation).  (Severity: 5)
#   Variable, subroutine, and package names have to be in CamelCase at line 29, column 50.  (no explanation).  (Severity: 5)
#   Variable, subroutine, and package names have to be in CamelCase at line 30, column 5.  (no explanation).  (Severity: 5)
#   Variable, subroutine, and package names have to be in CamelCase at line 32, column 11.  (no explanation).  (Severity: 5)
#   Variable, subroutine, and package names have to be in CamelCase at line 37, column 1.  (no explanation).  (Severity: 5)
#   Variable, subroutine, and package names have to be in CamelCase at line 38, column 6.  (no explanation).  (Severity: 5)
#   Variable, subroutine, and package names have to be in CamelCase at line 38, column 11.  (no explanation).  (Severity: 5)
#   Variable, subroutine, and package names have to be in CamelCase at line 39, column 2.  (no explanation).  (Severity: 5)
#   Variable, subroutine, and package names have to be in CamelCase at line 39, column 27.  (no explanation).  (Severity: 5)
#   Variable, subroutine, and package names have to be in CamelCase at line 40, column 2.  (no explanation).  (Severity: 5)
#   Variable, subroutine, and package names have to be in CamelCase at line 40, column 14.  (no explanation).  (Severity: 5)
#   Variable, subroutine, and package names have to be in CamelCase at line 41, column 9.  (no explanation).  (Severity: 5)
#   Variable, subroutine, and package names have to be in CamelCase at line 44, column 5.  (no explanation).  (Severity: 5)
#   Variable, subroutine, and package names have to be in CamelCase at line 45, column 5.  (no explanation).  (Severity: 5)
#   Variable, subroutine, and package names have to be in CamelCase at line 48, column 6.  (no explanation).  (Severity: 5)
#   Variable, subroutine, and package names have to be in CamelCase at line 49, column 2.  (no explanation).  (Severity: 5)
#   Variable, subroutine, and package names have to be in CamelCase at line 50, column 9.  (no explanation).  (Severity: 5)
#   Variable, subroutine, and package names have to be in CamelCase at line 52, column 1.  (no explanation).  (Severity: 5)
#   Variable, subroutine, and package names have to be in CamelCase at line 53, column 5.  (no explanation).  (Severity: 5)
#   Variable, subroutine, and package names have to be in CamelCase at line 53, column 10.  (no explanation).  (Severity: 5)
#   Variable, subroutine, and package names have to be in CamelCase at line 53, column 16.  (no explanation).  (Severity: 5)
#   Variable, subroutine, and package names have to be in CamelCase at line 54, column 16.  (no explanation).  (Severity: 5)
#   Variable, subroutine, and package names have to be in CamelCase at line 55, column 5.  (no explanation).  (Severity: 5)
#   Variable, subroutine, and package names have to be in CamelCase at line 56, column 6.  (no explanation).  (Severity: 5)
#   Variable, subroutine, and package names have to be in CamelCase at line 57, column 3.  (no explanation).  (Severity: 5)
#   Variable, subroutine, and package names have to be in CamelCase at line 59, column 3.  (no explanation).  (Severity: 5)
#   Variable, subroutine, and package names have to be in CamelCase at line 59, column 10.  (no explanation).  (Severity: 5)
#   Variable, subroutine, and package names have to be in CamelCase at line 60, column 3.  (no explanation).  (Severity: 5)
#   Variable, subroutine, and package names have to be in CamelCase at line 60, column 15.  (no explanation).  (Severity: 5)
#   Variable, subroutine, and package names have to be in CamelCase at line 62, column 2.  (no explanation).  (Severity: 5)
#   Variable, subroutine, and package names have to be in CamelCase at line 62, column 11.  (no explanation).  (Severity: 5)
#   Variable, subroutine, and package names have to be in CamelCase at line 63, column 20.  (no explanation).  (Severity: 5)
#   Variable, subroutine, and package names have to be in CamelCase at line 64, column 28.  (no explanation).  (Severity: 5)
#   Use of low precedence operators is not allowed at line 65, column 14.  Replace low precedence operators with the high precedence substitutes.  (Severity: 5)
#   Variable, subroutine, and package names have to be in CamelCase at line 67, column 5.  (no explanation).  (Severity: 5)
#   Variable, subroutine, and package names have to be in CamelCase at line 67, column 19.  (no explanation).  (Severity: 5)
#   Variable, subroutine, and package names have to be in CamelCase at line 68, column 12.  (no explanation).  (Severity: 5)
#   Use of low precedence operators is not allowed at line 70, column 16.  Replace low precedence operators with the high precedence substitutes.  (Severity: 5)
#   Variable, subroutine, and package names have to be in CamelCase at line 71, column 5.  (no explanation).  (Severity: 5)
#   Variable, subroutine, and package names have to be in CamelCase at line 71, column 22.  (no explanation).  (Severity: 5)
#   Variable, subroutine, and package names have to be in CamelCase at line 72, column 12.  (no explanation).  (Severity: 5)
#   Variable, subroutine, and package names have to be in CamelCase at line 75, column 20.  (no explanation).  (Severity: 5)
#   Variable, subroutine, and package names have to be in CamelCase at line 76, column 7.  (no explanation).  (Severity: 5)
#   Variable, subroutine, and package names have to be in CamelCase at line 77, column 4.  (no explanation).  (Severity: 5)
#   Variable, subroutine, and package names have to be in CamelCase at line 77, column 20.  (no explanation).  (Severity: 5)
#   Variable, subroutine, and package names have to be in CamelCase at line 77, column 39.  (no explanation).  (Severity: 5)
#   Variable, subroutine, and package names have to be in CamelCase at line 79, column 4.  (no explanation).  (Severity: 5)
#   Variable, subroutine, and package names have to be in CamelCase at line 79, column 20.  (no explanation).  (Severity: 5)
#   Variable, subroutine, and package names have to be in CamelCase at line 79, column 39.  (no explanation).  (Severity: 5)
#   Variable, subroutine, and package names have to be in CamelCase at line 81, column 3.  (no explanation).  (Severity: 5)
#   Variable, subroutine, and package names have to be in CamelCase at line 81, column 16.  (no explanation).  (Severity: 5)
#   Variable, subroutine, and package names have to be in CamelCase at line 81, column 23.  (no explanation).  (Severity: 5)
#   Variable, subroutine, and package names have to be in CamelCase at line 82, column 24.  (no explanation).  (Severity: 5)
#   Variable, subroutine, and package names have to be in CamelCase at line 82, column 37.  (no explanation).  (Severity: 5)
#   Variable, subroutine, and package names have to be in CamelCase at line 82, column 45.  (no explanation).  (Severity: 5)
#   Variable, subroutine, and package names have to be in CamelCase at line 82, column 58.  (no explanation).  (Severity: 5)
#   Variable, subroutine, and package names have to be in CamelCase at line 84, column 10.  (no explanation).  (Severity: 5)
#   Variable, subroutine, and package names have to be in CamelCase at line 84, column 29.  (no explanation).  (Severity: 5)
#   Variable, subroutine, and package names have to be in CamelCase at line 84, column 42.  (no explanation).  (Severity: 5)
#   Variable, subroutine, and package names have to be in CamelCase at line 87, column 1.  (no explanation).  (Severity: 5)
#   Variable, subroutine, and package names have to be in CamelCase at line 88, column 5.  (no explanation).  (Severity: 5)
#   Variable, subroutine, and package names have to be in CamelCase at line 88, column 10.  (no explanation).  (Severity: 5)
#   Variable, subroutine, and package names have to be in CamelCase at line 89, column 6.  (no explanation).  (Severity: 5)
#   Variable, subroutine, and package names have to be in CamelCase at line 89, column 19.  (no explanation).  (Severity: 5)
#   Variable, subroutine, and package names have to be in CamelCase at line 90, column 13.  (no explanation).  (Severity: 5)
#   Variable, subroutine, and package names have to be in CamelCase at line 90, column 19.  (no explanation).  (Severity: 5)
#   Variable, subroutine, and package names have to be in CamelCase at line 90, column 34.  (no explanation).  (Severity: 5)
#   Variable, subroutine, and package names have to be in CamelCase at line 90, column 43.  (no explanation).  (Severity: 5)
#   Variable, subroutine, and package names have to be in CamelCase at line 90, column 54.  (no explanation).  (Severity: 5)
#   Variable, subroutine, and package names have to be in CamelCase at line 90, column 60.  (no explanation).  (Severity: 5)
#   Variable, subroutine, and package names have to be in CamelCase at line 92, column 9.  (no explanation).  (Severity: 5)
#   Variable, subroutine, and package names have to be in CamelCase at line 94, column 1.  (no explanation).  (Severity: 5)
#   Variable, subroutine, and package names have to be in CamelCase at line 95, column 5.  (no explanation).  (Severity: 5)
#   Variable, subroutine, and package names have to be in CamelCase at line 95, column 10.  (no explanation).  (Severity: 5)
#   Variable, subroutine, and package names have to be in CamelCase at line 96, column 52.  (no explanation).  (Severity: 5)
#   Variable, subroutine, and package names have to be in CamelCase at line 98, column 1.  (no explanation).  (Severity: 5)
#   Variable, subroutine, and package names have to be in CamelCase at line 99, column 5.  (no explanation).  (Severity: 5)
#   Variable, subroutine, and package names have to be in CamelCase at line 99, column 10.  (no explanation).  (Severity: 5)
#   Variable, subroutine, and package names have to be in CamelCase at line 99, column 24.  (no explanation).  (Severity: 5)
#   Use of low precedence operators is not allowed at line 99, column 30.  Replace low precedence operators with the high precedence substitutes.  (Severity: 5)
#   Variable, subroutine, and package names have to be in CamelCase at line 100, column 5.  (no explanation).  (Severity: 5)
#   Variable, subroutine, and package names have to be in CamelCase at line 100, column 16.  (no explanation).  (Severity: 5)
#   Variable, subroutine, and package names have to be in CamelCase at line 101, column 5.  (no explanation).  (Severity: 5)
#   Variable, subroutine, and package names have to be in CamelCase at line 101, column 18.  (no explanation).  (Severity: 5)
#   Variable, subroutine, and package names have to be in CamelCase at line 102, column 56.  (no explanation).  (Severity: 5)
#   Variable, subroutine, and package names have to be in CamelCase at line 102, column 65.  (no explanation).  (Severity: 5)
#   Variable, subroutine, and package names have to be in CamelCase at line 103, column 9.  (no explanation).  (Severity: 5)
#   Variable, subroutine, and package names have to be in CamelCase at line 103, column 40.  (no explanation).  (Severity: 5)
#   Variable, subroutine, and package names have to be in CamelCase at line 103, column 46.  (no explanation).  (Severity: 5)
#   Variable, subroutine, and package names have to be in CamelCase at line 104, column 9.  (no explanation).  (Severity: 5)
#   Variable, subroutine, and package names have to be in CamelCase at line 104, column 14.  (no explanation).  (Severity: 5)
#   Variable, subroutine, and package names have to be in CamelCase at line 104, column 21.  (no explanation).  (Severity: 5)
#   Variable, subroutine, and package names have to be in CamelCase at line 106, column 1.  (no explanation).  (Severity: 5)
#   Variable, subroutine, and package names have to be in CamelCase at line 107, column 5.  (no explanation).  (Severity: 5)
#   Variable, subroutine, and package names have to be in CamelCase at line 108, column 5.  (no explanation).  (Severity: 5)
#   Variable, subroutine, and package names have to be in CamelCase at line 108, column 17.  (no explanation).  (Severity: 5)
#   Variable, subroutine, and package names have to be in CamelCase at line 109, column 2.  (no explanation).  (Severity: 5)
#   Variable, subroutine, and package names have to be in CamelCase at line 110, column 26.  (no explanation).  (Severity: 5)
#   Variable, subroutine, and package names have to be in CamelCase at line 110, column 58.  (no explanation).  (Severity: 5)
#   Variable, subroutine, and package names have to be in CamelCase at line 111, column 3.  (no explanation).  (Severity: 5)
#   Variable, subroutine, and package names have to be in CamelCase at line 111, column 53.  (no explanation).  (Severity: 5)
#   Variable, subroutine, and package names have to be in CamelCase at line 112, column 10.  (no explanation).  (Severity: 5)
#   Variable, subroutine, and package names have to be in CamelCase at line 112, column 33.  (no explanation).  (Severity: 5)
#   Variable, subroutine, and package names have to be in CamelCase at line 112, column 65.  (no explanation).  (Severity: 5)
#   Variable, subroutine, and package names have to be in CamelCase at line 113, column 5.  (no explanation).  (Severity: 5)
#   Variable, subroutine, and package names have to be in CamelCase at line 113, column 53.  (no explanation).  (Severity: 5)
#   Variable, subroutine, and package names have to be in CamelCase at line 114, column 40.  (no explanation).  (Severity: 5)
#   Variable, subroutine, and package names have to be in CamelCase at line 115, column 36.  (no explanation).  (Severity: 5)
#   Variable, subroutine, and package names have to be in CamelCase at line 115, column 68.  (no explanation).  (Severity: 5)
#   Variable, subroutine, and package names have to be in CamelCase at line 117, column 1.  (no explanation).  (Severity: 5)
#   Variable, subroutine, and package names have to be in CamelCase at line 118, column 5.  (no explanation).  (Severity: 5)
#   Variable, subroutine, and package names have to be in CamelCase at line 119, column 51.  (no explanation).  (Severity: 5)
#   Variable, subroutine, and package names have to be in CamelCase at line 121, column 1.  (no explanation).  (Severity: 5)
#   Variable, subroutine, and package names have to be in CamelCase at line 122, column 5.  (no explanation).  (Severity: 5)
#   Variable, subroutine, and package names have to be in CamelCase at line 122, column 10.  (no explanation).  (Severity: 5)
#   Variable, subroutine, and package names have to be in CamelCase at line 123, column 2.  (no explanation).  (Severity: 5)
#   Method invocation should use "()" at line 123, column 23.  Use "->MethodName()" instead of "->MethodName".  (Severity: 5)
#   Variable, subroutine, and package names have to be in CamelCase at line 124, column 8.  (no explanation).  (Severity: 5)
#   Variable, subroutine, and package names have to be in CamelCase at line 124, column 28.  (no explanation).  (Severity: 5)
#   Variable, subroutine, and package names have to be in CamelCase at line 125, column 5.  (no explanation).  (Severity: 5)
#   Variable, subroutine, and package names have to be in CamelCase at line 125, column 22.  (no explanation).  (Severity: 5)
#   Variable, subroutine, and package names have to be in CamelCase at line 126, column 2.  (no explanation).  (Severity: 5)
#   Variable, subroutine, and package names have to be in CamelCase at line 126, column 10.  (no explanation).  (Severity: 5)
#   Method invocation should use "()" at line 126, column 13.  Use "->MethodName()" instead of "->MethodName".  (Severity: 5)
#   Method invocation should use "()" at line 126, column 21.  Use "->MethodName()" instead of "->MethodName".  (Severity: 5)
#   Variable, subroutine, and package names have to be in CamelCase at line 126, column 30.  (no explanation).  (Severity: 5)
#   Method invocation should use "()" at line 126, column 33.  Use "->MethodName()" instead of "->MethodName".  (Severity: 5)
#   Method invocation should use "()" at line 126, column 41.  Use "->MethodName()" instead of "->MethodName".  (Severity: 5)
#   Variable, subroutine, and package names have to be in CamelCase at line 127, column 9.  (no explanation).  (Severity: 5)
#   Variable, subroutine, and package names have to be in CamelCase at line 129, column 1.  (no explanation).  (Severity: 5)
#   Variable, subroutine, and package names have to be in CamelCase at line 130, column 1.  (no explanation).  (Severity: 5)
#   Variable, subroutine, and package names have to be in CamelCase at line 131, column 1.  (no explanation).  (Severity: 5)
#   Variable, subroutine, and package names have to be in CamelCase at line 132, column 5.  (no explanation).  (Severity: 5)
#   Variable, subroutine, and package names have to be in CamelCase at line 132, column 10.  (no explanation).  (Severity: 5)
#   Variable, subroutine, and package names have to be in CamelCase at line 133, column 5.  (no explanation).  (Severity: 5)
#   Variable, subroutine, and package names have to be in CamelCase at line 133, column 33.  (no explanation).  (Severity: 5)
#   Variable, subroutine, and package names have to be in CamelCase at line 134, column 2.  (no explanation).  (Severity: 5)
#   Variable, subroutine, and package names have to be in CamelCase at line 134, column 10.  (no explanation).  (Severity: 5)
#   Method invocation should use "()" at line 134, column 13.  Use "->MethodName()" instead of "->MethodName".  (Severity: 5)
#   Method invocation should use "()" at line 134, column 21.  Use "->MethodName()" instead of "->MethodName".  (Severity: 5)
#   Variable, subroutine, and package names have to be in CamelCase at line 134, column 30.  (no explanation).  (Severity: 5)
#   Method invocation should use "()" at line 134, column 33.  Use "->MethodName()" instead of "->MethodName".  (Severity: 5)
#   Method invocation should use "()" at line 134, column 41.  Use "->MethodName()" instead of "->MethodName".  (Severity: 5)
#   Variable, subroutine, and package names have to be in CamelCase at line 135, column 9.  (no explanation).  (Severity: 5)
#   Variable, subroutine, and package names have to be in CamelCase at line 137, column 1.  (no explanation).  (Severity: 5)
#   Variable, subroutine, and package names have to be in CamelCase at line 138, column 1.  (no explanation).  (Severity: 5)
#   Variable, subroutine, and package names have to be in CamelCase at line 139, column 1.  (no explanation).  (Severity: 5)
#   Variable, subroutine, and package names have to be in CamelCase at line 140, column 1.  (no explanation).  (Severity: 5)
#   Variable, subroutine, and package names have to be in CamelCase at line 141, column 5.  (no explanation).  (Severity: 5)
#   Variable, subroutine, and package names have to be in CamelCase at line 141, column 10.  (no explanation).  (Severity: 5)
#   Variable, subroutine, and package names have to be in CamelCase at line 142, column 5.  (no explanation).  (Severity: 5)
#   Variable, subroutine, and package names have to be in CamelCase at line 142, column 33.  (no explanation).  (Severity: 5)
#   Variable, subroutine, and package names have to be in CamelCase at line 143, column 2.  (no explanation).  (Severity: 5)
#   Variable, subroutine, and package names have to be in CamelCase at line 144, column 9.  (no explanation).  (Severity: 5)
#   Variable, subroutine, and package names have to be in CamelCase at line 146, column 1.  (no explanation).  (Severity: 5)
#   Variable, subroutine, and package names have to be in CamelCase at line 147, column 1.  (no explanation).  (Severity: 5)
#   Variable, subroutine, and package names have to be in CamelCase at line 148, column 5.  (no explanation).  (Severity: 5)
#   Variable, subroutine, and package names have to be in CamelCase at line 148, column 10.  (no explanation).  (Severity: 5)
#   Variable, subroutine, and package names have to be in CamelCase at line 149, column 5.  (no explanation).  (Severity: 5)
#   Variable, subroutine, and package names have to be in CamelCase at line 149, column 22.  (no explanation).  (Severity: 5)
#   Variable, subroutine, and package names have to be in CamelCase at line 150, column 2.  (no explanation).  (Severity: 5)
#   Variable, subroutine, and package names have to be in CamelCase at line 151, column 9.  (no explanation).  (Severity: 5)
#   Variable, subroutine, and package names have to be in CamelCase at line 153, column 1.  (no explanation).  (Severity: 5)
#   Variable, subroutine, and package names have to be in CamelCase at line 154, column 1.  (no explanation).  (Severity: 5)
#   Variable, subroutine, and package names have to be in CamelCase at line 155, column 1.  (no explanation).  (Severity: 5)
#   Method invocation should use "()" at line 155, column 25.  Use "->MethodName()" instead of "->MethodName".  (Severity: 5)
#   Method invocation should use "()" at line 155, column 33.  Use "->MethodName()" instead of "->MethodName".  (Severity: 5)
#   Variable, subroutine, and package names have to be in CamelCase at line 156, column 1.  (no explanation).  (Severity: 5)
#   Variable, subroutine, and package names have to be in CamelCase at line 157, column 1.  (no explanation).  (Severity: 5)
#   Variable, subroutine, and package names have to be in CamelCase at line 158, column 1.  (no explanation).  (Severity: 5)
#   Variable, subroutine, and package names have to be in CamelCase at line 159, column 1.  (no explanation).  (Severity: 5)
#   Variable, subroutine, and package names have to be in CamelCase at line 160, column 1.  (no explanation).  (Severity: 5)
#   Variable, subroutine, and package names have to be in CamelCase at line 161, column 1.  (no explanation).  (Severity: 5)
#   Variable, subroutine, and package names have to be in CamelCase at line 162, column 1.  (no explanation).  (Severity: 5)
#   Variable, subroutine, and package names have to be in CamelCase at line 163, column 1.  (no explanation).  (Severity: 5)
#   Variable, subroutine, and package names have to be in CamelCase at line 164, column 1.  (no explanation).  (Severity: 5)
#   Variable, subroutine, and package names have to be in CamelCase at line 165, column 1.  (no explanation).  (Severity: 5)
#   Variable, subroutine, and package names have to be in CamelCase at line 166, column 1.  (no explanation).  (Severity: 5)
#   Variable, subroutine, and package names have to be in CamelCase at line 167, column 1.  (no explanation).  (Severity: 5)
#   Variable, subroutine, and package names have to be in CamelCase at line 168, column 1.  (no explanation).  (Severity: 5)
#   Variable, subroutine, and package names have to be in CamelCase at line 169, column 1.  (no explanation).  (Severity: 5)
#   Variable, subroutine, and package names have to be in CamelCase at line 170, column 1.  (no explanation).  (Severity: 5)
#   Variable, subroutine, and package names have to be in CamelCase at line 171, column 1.  (no explanation).  (Severity: 5)
#   Variable, subroutine, and package names have to be in CamelCase at line 172, column 1.  (no explanation).  (Severity: 5)
#   Variable, subroutine, and package names have to be in CamelCase at line 173, column 1.  (no explanation).  (Severity: 5)
#   Variable, subroutine, and package names have to be in CamelCase at line 174, column 1.  (no explanation).  (Severity: 5)
#   Variable, subroutine, and package names have to be in CamelCase at line 175, column 1.  (no explanation).  (Severity: 5)
#   Variable, subroutine, and package names have to be in CamelCase at line 176, column 1.  (no explanation).  (Severity: 5)
#   Variable, subroutine, and package names have to be in CamelCase at line 177, column 1.  (no explanation).  (Severity: 5)
#   Variable, subroutine, and package names have to be in CamelCase at line 184, column 5.  (no explanation).  (Severity: 5)
#   Variable, subroutine, and package names have to be in CamelCase at line 184, column 13.  (no explanation).  (Severity: 5)
#   Variable, subroutine, and package names have to be in CamelCase at line 185, column 15.  (no explanation).  (Severity: 5)
#   Variable, subroutine, and package names have to be in CamelCase at line 185, column 22.  (no explanation).  (Severity: 5)
#   Variable, subroutine, and package names have to be in CamelCase at line 187, column 1.  (no explanation).  (Severity: 5)
#   Variable, subroutine, and package names have to be in CamelCase at line 188, column 9.  (no explanation).  (Severity: 5)
#   Variable, subroutine, and package names have to be in CamelCase at line 188, column 15.  (no explanation).  (Severity: 5)
#   Variable, subroutine, and package names have to be in CamelCase at line 190, column 7.  (no explanation).  (Severity: 5)
#   Variable, subroutine, and package names have to be in CamelCase at line 190, column 14.  (no explanation).  (Severity: 5)
#   Variable, subroutine, and package names have to be in CamelCase at line 191, column 7.  (no explanation).  (Severity: 5)
#   Variable, subroutine, and package names have to be in CamelCase at line 198, column 5.  (no explanation).  (Severity: 5)
#   Variable, subroutine, and package names have to be in CamelCase at line 198, column 13.  (no explanation).  (Severity: 5)
#   Variable, subroutine, and package names have to be in CamelCase at line 199, column 2.  (no explanation).  (Severity: 5)
#   Variable, subroutine, and package names have to be in CamelCase at line 199, column 20.  (no explanation).  (Severity: 5)
#   Variable, subroutine, and package names have to be in CamelCase at line 199, column 35.  (no explanation).  (Severity: 5)
#   Variable, subroutine, and package names have to be in CamelCase at line 200, column 8.  (no explanation).  (Severity: 5)
#   Variable, subroutine, and package names have to be in CamelCase at line 200, column 17.  (no explanation).  (Severity: 5)
#   Variable, subroutine, and package names have to be in CamelCase at line 202, column 1.  (no explanation).  (Severity: 5)
#   Variable, subroutine, and package names have to be in CamelCase at line 203, column 9.  (no explanation).  (Severity: 5)
#   Variable, subroutine, and package names have to be in CamelCase at line 203, column 15.  (no explanation).  (Severity: 5)
#   Variable, subroutine, and package names have to be in CamelCase at line 205, column 12.  (no explanation).  (Severity: 5)
#   Variable, subroutine, and package names have to be in CamelCase at line 206, column 17.  (no explanation).  (Severity: 5)
#   Variable, subroutine, and package names have to be in CamelCase at line 207, column 17.  (no explanation).  (Severity: 5)
#   Variable, subroutine, and package names have to be in CamelCase at line 207, column 25.  (no explanation).  (Severity: 5)
#   Variable, subroutine, and package names have to be in CamelCase at line 209, column 10.  (no explanation).  (Severity: 5)
#   Variable, subroutine, and package names have to be in CamelCase at line 209, column 23.  (no explanation).  (Severity: 5)
#   Variable, subroutine, and package names have to be in CamelCase at line 209, column 30.  (no explanation).  (Severity: 5)
#   Variable, subroutine, and package names have to be in CamelCase at line 212, column 9.  (no explanation).  (Severity: 5)
#   Variable, subroutine, and package names have to be in CamelCase at line 212, column 16.  (no explanation).  (Severity: 5)
#   Variable, subroutine, and package names have to be in CamelCase at line 217, column 1.  (no explanation).  (Severity: 5)
#   Variable, subroutine, and package names have to be in CamelCase at line 218, column 9.  (no explanation).  (Severity: 5)
#   Variable, subroutine, and package names have to be in CamelCase at line 219, column 14.  (no explanation).  (Severity: 5)
#   Variable, subroutine, and package names have to be in CamelCase at line 222, column 1.  (no explanation).  (Severity: 5)
#   Variable, subroutine, and package names have to be in CamelCase at line 223, column 9.  (no explanation).  (Severity: 5)
#   Variable, subroutine, and package names have to be in CamelCase at line 225, column 23.  (no explanation).  (Severity: 5)
#   Variable, subroutine, and package names have to be in CamelCase at line 225, column 34.  (no explanation).  (Severity: 5)
#   Variable, subroutine, and package names have to be in CamelCase at line 227, column 1.  (no explanation).  (Severity: 5)
#   Variable, subroutine, and package names have to be in CamelCase at line 228, column 9.  (no explanation).  (Severity: 5)
#   Variable, subroutine, and package names have to be in CamelCase at line 230, column 16.  (no explanation).  (Severity: 5)
#   Variable, subroutine, and package names have to be in CamelCase at line 231, column 18.  (no explanation).  (Severity: 5)
#   Variable, subroutine, and package names have to be in CamelCase at line 233, column 29.  (no explanation).  (Severity: 5)
#   Variable, subroutine, and package names have to be in CamelCase at line 239, column 1.  (no explanation).  (Severity: 5)
#   Variable, subroutine, and package names have to be in CamelCase at line 241, column 1.  (no explanation).  (Severity: 5)
#   Variable, subroutine, and package names have to be in CamelCase at line 242, column 5.  (no explanation).  (Severity: 5)
#   Variable, subroutine, and package names have to be in CamelCase at line 243, column 5.  (no explanation).  (Severity: 5)
#   Variable, subroutine, and package names have to be in CamelCase at line 244, column 12.  (no explanation).  (Severity: 5)
#   Variable, subroutine, and package names have to be in CamelCase at line 244, column 18.  (no explanation).  (Severity: 5)
#   Variable, subroutine, and package names have to be in CamelCase at line 244, column 33.  (no explanation).  (Severity: 5)
#   Variable, subroutine, and package names have to be in CamelCase at line 245, column 8.  (no explanation).  (Severity: 5)
#   Variable, subroutine, and package names have to be in CamelCase at line 245, column 31.  (no explanation).  (Severity: 5)
#   Variable, subroutine, and package names have to be in CamelCase at line 245, column 37.  (no explanation).  (Severity: 5)
#   Variable, subroutine, and package names have to be in CamelCase at line 245, column 48.  (no explanation).  (Severity: 5)
#   Variable, subroutine, and package names have to be in CamelCase at line 247, column 9.  (no explanation).  (Severity: 5)
#   Variable, subroutine, and package names have to be in CamelCase at line 247, column 28.  (no explanation).  (Severity: 5)
#   Variable, subroutine, and package names have to be in CamelCase at line 249, column 1.  (no explanation).  (Severity: 5)
#   Variable, subroutine, and package names have to be in CamelCase at line 250, column 5.  (no explanation).  (Severity: 5)
#   Variable, subroutine, and package names have to be in CamelCase at line 251, column 5.  (no explanation).  (Severity: 5)
#   Variable, subroutine, and package names have to be in CamelCase at line 252, column 5.  (no explanation).  (Severity: 5)
#   Variable, subroutine, and package names have to be in CamelCase at line 253, column 9.  (no explanation).  (Severity: 5)
#   Variable, subroutine, and package names have to be in CamelCase at line 253, column 19.  (no explanation).  (Severity: 5)
#   Variable, subroutine, and package names have to be in CamelCase at line 253, column 41.  (no explanation).  (Severity: 5)
#   Variable, subroutine, and package names have to be in CamelCase at line 253, column 49.  (no explanation).  (Severity: 5)
#   Variable, subroutine, and package names have to be in CamelCase at line 254, column 3.  (no explanation).  (Severity: 5)
#   Variable, subroutine, and package names have to be in CamelCase at line 254, column 26.  (no explanation).  (Severity: 5)
#   Variable, subroutine, and package names have to be in CamelCase at line 255, column 3.  (no explanation).  (Severity: 5)
#   Variable, subroutine, and package names have to be in CamelCase at line 257, column 9.  (no explanation).  (Severity: 5)
#   Perlsecret risk. Bang Bang  at line 262, column 1.  Perlsecret detected: %s.  (Severity: 5)
t/98_perlcritic.t .... 
Dubious, test returned 1 (wstat 256, 0x100)
Failed 1/1 subtests 

#   Failed test 'Pod coverage on HTML::Template::Associate::FormField'
#   at /opt/perl-5.22.0/lib/site_perl/5.22.0/Test/Pod/Coverage.pm line 133.
# HTML::Template::Associate::FormField: requiring 'HTML::Template::Associate::FormField' failed
# Looks like you failed 1 test of 1.
t/99_pod_coverage.t .. 
Dubious, test returned 1 (wstat 256, 0x100)
Failed 1/1 subtests 

Test Summary Report
-------------------
t/00_use.t         (Wstat: 256 Tests: 1 Failed: 1)
  Failed test:  1
  Non-zero exit status: 1
t/01_param.t       (Wstat: 65280 Tests: 0 Failed: 0)
  Non-zero exit status: 255
  Parse errors: Bad plan.  You planned 4 tests but ran 0.
t/02_hidden.t      (Wstat: 65280 Tests: 0 Failed: 0)
  Non-zero exit status: 255
  Parse errors: Bad plan.  You planned 8 tests but ran 0.
t/03_output.t      (Wstat: 65280 Tests: 0 Failed: 0)
  Non-zero exit status: 255
  Parse errors: Bad plan.  You planned 18 tests but ran 0.
t/89_pod.t         (Wstat: 256 Tests: 1 Failed: 1)
  Failed test:  1
  Non-zero exit status: 1
t/98_perlcritic.t  (Wstat: 256 Tests: 1 Failed: 1)
  Failed test:  1
  Non-zero exit status: 1
t/99_pod_coverage.t (Wstat: 256 Tests: 1 Failed: 1)
  Failed test:  1
  Non-zero exit status: 1
Files=7, Tests=4,  3 wallclock secs ( 0.04 usr  0.04 sys +  1.56 cusr  0.67 csys =  2.31 CPU)
Result: FAIL
Failed 7/7 test programs. 4/4 subtests failed.

------------------------------
PREREQUISITES
------------------------------

Prerequisite modules loaded:

requires:

    Module              Need Have    
    ------------------- ---- --------
    HTML::Template      2.9  2.95    
    Test::More          0    1.001014
    Test::Perl::Critic  0    1.03    
    Test::Pod           0    1.51    
    Test::Pod::Coverage 0    1.10    


------------------------------
ENVIRONMENT AND OTHER CONTEXT
------------------------------

Environment variables:

    LANG = C
    PATH = /usr/local/bin:/usr/bin:/bin:/usr/local/sbin:/usr/sbin:/sbin:/home/eserte/bin/linux-gnu:/home/eserte/bin/sh:/home/eserte/bin:/usr/games:/home/eserte/devel:/home/eserte/src/srezic-misc/scripts
    PERL5LIB = /home/eserte/.cpan/build/2015112212/Tie-Persistent-1.00-0vIkpL/blib/arch:/home/eserte/.cpan/build/2015112212/Tie-Persistent-1.00-0vIkpL/blib/lib:/home/eserte/.cpan/build/2015112212/Device-VFD-GP1022-0.01-XwMX0J/blib/arch:/home/eserte/.cpan/build/2015112212/Device-VFD-GP1022-0.01-XwMX0J/blib/lib:/home/eserte/.cpan/build/2015112212/File-MMagic-XS-0.09008-ahA5hb/blib/arch:/home/eserte/.cpan/build/2015112212/File-MMagic-XS-0.09008-ahA5hb/blib/lib:/home/eserte/.cpan/build/2015112212/RTF-HTMLConverter-0.05-w39H0V/blib/arch:/home/eserte/.cpan/build/2015112212/RTF-HTMLConverter-0.05-w39H0V/blib/lib:/home/eserte/.cpan/build/2015112212/HTML-Location-1.03-1R9Xen/blib/arch:/home/eserte/.cpan/build/2015112212/HTML-Location-1.03-1R9Xen/blib/lib:/home/eserte/.cpan/build/2015112212/Digest-TransformPath-1.00-oB0pCq/blib/arch:/home/eserte/.cpan/build/2015112212/Digest-TransformPath-1.00-oB0pCq/blib/lib
    PERL5OPT = 
    PERL5_CPANPLUS_IS_RUNNING = 16401
    PERL5_CPAN_IS_RUNNING = 16401
    PERL5_CPAN_IS_RUNNING_IN_RECURSION = 27082,16401
    PERLDOC = -MPod::Perldoc::ToTextOverstrike
    PERL_BATCH = yes
    PERL_CANARY_STABILITY_NOPROMPT = 1
    PERL_CPAN_REPORTER_CONFIG = /var/tmp/cpansmoker-1001/2015112212/cpanreporter_001_config.ini
    PERL_EXTUTILS_AUTOINSTALL = --defaultdeps
    SHELL = /bin/zsh
    TERM = screen
    TMPDIR = /var/tmp/cpansmoker-1001/2015112212

Perl special variables (and OS-specific diagnostics, for MSWin32):

    $^X = /bbbike/perl-5.22.0/bin/perl
    $UID/$EUID = 1001 / 1001
    $GID = 1001 109 1001
    $EGID = 1001 109 1001

Perl module toolchain versions installed:

    Module              Have    
    ------------------- --------
    CPAN                2.10    
    CPAN::Meta          2.150005
    Cwd                 3.60    
    ExtUtils::CBuilder  0.280221
    ExtUtils::Command   1.20    
    ExtUtils::Install   2.04    
    ExtUtils::MakeMaker 7.04    
    ExtUtils::Manifest  1.70    
    ExtUtils::ParseXS   3.28    
    File::Spec          3.60    
    JSON                2.90    
    JSON::PP            2.27300 
    Module::Build       0.4214  
    Module::Signature   0.79    
    Parse::CPAN::Meta   1.4414  
    Test::Harness       3.35    
    Test::More          1.001014
    YAML                1.15    
    YAML::Syck          1.29    
    version             0.9912  


--

Summary of my perl5 (revision 5 version 22 subversion 0) configuration:
   
  Platform:
    osname=linux, osvers=3.2.0-4-amd64, archname=x86_64-linux
    uname='linux eserte 3.2.0-4-amd64 #1 smp debian 3.2.68-1+deb7u1 x86_64 gnulinux '
    config_args='-ds -e -Dprefix=/opt/perl-5.22.0 -Dcf_email=srezic@cpan.org'
    hint=recommended, useposix=true, d_sigaction=define
    useithreads=undef, usemultiplicity=undef
    use64bitint=define, use64bitall=define, uselongdouble=undef
    usemymalloc=n, bincompat5005=undef
  Compiler:
    cc='cc', ccflags ='-fwrapv -fno-strict-aliasing -pipe -fstack-protector -I/usr/local/include -D_LARGEFILE_SOURCE -D_FILE_OFFSET_BITS=64 -D_FORTIFY_SOURCE=2',
    optimize='-O2',
    cppflags='-fwrapv -fno-strict-aliasing -pipe -fstack-protector -I/usr/local/include'
    ccversion='', gccversion='4.7.2', gccosandvers=''
    intsize=4, longsize=8, ptrsize=8, doublesize=8, byteorder=12345678, doublekind=3
    d_longlong=define, longlongsize=8, d_longdbl=define, longdblsize=16, longdblkind=3
    ivtype='long', ivsize=8, nvtype='double', nvsize=8, Off_t='off_t', lseeksize=8
    alignbytes=8, prototype=define
  Linker and Libraries:
    ld='cc', ldflags =' -fstack-protector -L/usr/local/lib'
    libpth=/usr/local/lib /usr/lib/gcc/x86_64-linux-gnu/4.7/include-fixed /usr/include/x86_64-linux-gnu /usr/lib /lib/x86_64-linux-gnu /lib/../lib /usr/lib/x86_64-linux-gnu /usr/lib/../lib /lib
    libs=-lpthread -lnsl -ldb -ldl -lm -lcrypt -lutil -lc
    perllibs=-lpthread -lnsl -ldl -lm -lcrypt -lutil -lc
    libc=libc-2.13.so, so=so, useshrplib=false, libperl=libperl.a
    gnulibc_version='2.13'
  Dynamic Linking:
    dlsrc=dl_dlopen.xs, dlext=so, d_dlsymun=undef, ccdlflags='-Wl,-E'
    cccdlflags='-fPIC', lddlflags='-shared -O2 -L/usr/local/lib -fstack-protector'


Characteristics of this binary (from libperl): 
  Compile-time options: HAS_TIMES PERLIO_LAYERS PERL_DONT_CREATE_GVSV
                        PERL_HASH_FUNC_ONE_AT_A_TIME_HARD PERL_MALLOC_WRAP
                        PERL_NEW_COPY_ON_WRITE PERL_PRESERVE_IVUV
                        USE_64_BIT_ALL USE_64_BIT_INT USE_LARGE_FILES
                        USE_LOCALE USE_LOCALE_COLLATE USE_LOCALE_CTYPE
                        USE_LOCALE_NUMERIC USE_LOCALE_TIME USE_PERLIO
                        USE_PERL_ATOF
  Built under linux
  Compiled at Jun  1 2015 18:17:49
  %ENV:
    PERL5LIB="/home/eserte/.cpan/build/2015112212/Tie-Persistent-1.00-0vIkpL/blib/arch:/home/eserte/.cpan/build/2015112212/Tie-Persistent-1.00-0vIkpL/blib/lib:/home/eserte/.cpan/build/2015112212/Device-VFD-GP1022-0.01-XwMX0J/blib/arch:/home/eserte/.cpan/build/2015112212/Device-VFD-GP1022-0.01-XwMX0J/blib/lib:/home/eserte/.cpan/build/2015112212/File-MMagic-XS-0.09008-ahA5hb/blib/arch:/home/eserte/.cpan/build/2015112212/File-MMagic-XS-0.09008-ahA5hb/blib/lib:/home/eserte/.cpan/build/2015112212/RTF-HTMLConverter-0.05-w39H0V/blib/arch:/home/eserte/.cpan/build/2015112212/RTF-HTMLConverter-0.05-w39H0V/blib/lib:/home/eserte/.cpan/build/2015112212/HTML-Location-1.03-1R9Xen/blib/arch:/home/eserte/.cpan/build/2015112212/HTML-Location-1.03-1R9Xen/blib/lib:/home/eserte/.cpan/build/2015112212/Digest-TransformPath-1.00-oB0pCq/blib/arch:/home/eserte/.cpan/build/2015112212/Digest-TransformPath-1.00-oB0pCq/blib/lib"
    PERL5OPT=""
    PERL5_CPANPLUS_IS_RUNNING="16401"
    PERL5_CPAN_IS_RUNNING="16401"
    PERL5_CPAN_IS_RUNNING_IN_RECURSION="27082,16401"
    PERLDOC="-MPod::Perldoc::ToTextOverstrike"
    PERL_BATCH="yes"
    PERL_CANARY_STABILITY_NOPROMPT="1"
    PERL_CPAN_REPORTER_CONFIG="/var/tmp/cpansmoker-1001/2015112212/cpanreporter_001_config.ini"
    PERL_EXTUTILS_AUTOINSTALL="--defaultdeps"
  @INC:
    /home/eserte/.cpan/build/2015112212/Tie-Persistent-1.00-0vIkpL/blib/arch
    /home/eserte/.cpan/build/2015112212/Tie-Persistent-1.00-0vIkpL/blib/lib
    /home/eserte/.cpan/build/2015112212/Device-VFD-GP1022-0.01-XwMX0J/blib/arch
    /home/eserte/.cpan/build/2015112212/Device-VFD-GP1022-0.01-XwMX0J/blib/lib
    /home/eserte/.cpan/build/2015112212/File-MMagic-XS-0.09008-ahA5hb/blib/arch
    /home/eserte/.cpan/build/2015112212/File-MMagic-XS-0.09008-ahA5hb/blib/lib
    /home/eserte/.cpan/build/2015112212/RTF-HTMLConverter-0.05-w39H0V/blib/arch
    /home/eserte/.cpan/build/2015112212/RTF-HTMLConverter-0.05-w39H0V/blib/lib
    /home/eserte/.cpan/build/2015112212/HTML-Location-1.03-1R9Xen/blib/arch
    /home/eserte/.cpan/build/2015112212/HTML-Location-1.03-1R9Xen/blib/lib
    /home/eserte/.cpan/build/2015112212/Digest-TransformPath-1.00-oB0pCq/blib/arch
    /home/eserte/.cpan/build/2015112212/Digest-TransformPath-1.00-oB0pCq/blib/lib
    /opt/perl-5.22.0/lib/site_perl/5.22.0/x86_64-linux
    /opt/perl-5.22.0/lib/site_perl/5.22.0
    /opt/perl-5.22.0/lib/5.22.0/x86_64-linux
    /opt/perl-5.22.0/lib/5.22.0
    .