Report for Config-DB-0.2

Back
From: metabase:user:d2c9f356-b46f-11df-9a90-20a83c0b7757
Subject: FAIL Config-DB-0.2 v5.15.6 SunOS/Solaris
Date: 2012-01-08T18:02:45Z

This distribution has been tested as part of the CPAN Testers
project, supporting the Perl programming language.  See
http://wiki.cpantesters.org/ for more information or email
questions to cpan-testers-discuss@perl.org


--
Dear Daniele Ricci,

This is a computer-generated report for Config-DB-0.2
on perl 5.15.6, created by CPAN-Reporter-1.2003.

Thank you for uploading your work to CPAN.  However, there was a problem
testing your distribution.

If you think this report is invalid, please consult the CPAN Testers Wiki
for suggestions on how to avoid getting FAIL reports for missing library
or binary dependencies, unsupported operating systems, and so on:

http://wiki.cpantesters.org/wiki/CPANAuthorNotes

Sections of this report:

    * Tester comments
    * Program output
    * Prerequisites
    * Environment and other context

------------------------------
TESTER COMMENTS
------------------------------

Additional comments from tester:

this report is from an automated smoke testing program
and was not reviewed by a human for accuracy

------------------------------
PROGRAM OUTPUT
------------------------------

Output from '/usr/local/bin/make test':

PERL_DL_NONLAZY=1 /export/home/cpant4/perl5/bin/perl5.15.6 "-MExtUtils::Command::MM" "-e" "test_harness(0, 'blib/lib', 'blib/arch')" t/*.t
t/01_new.t ..... ok
DBD::DBM::db do failed: Cannot open /export/home/cpant4/.cpan/build/Config-DB-0.2-Febymh/notable.lck: No such file or directory (2) at /export/home/cpant4/perl5/lib/site_perl/5.15.6/i86pc-solaris-64int/DBD/File.pm line 730 at /export/home/cpant4/perl5/lib/site_perl/5.15.6/i86pc-solaris-64int/DBI/DBD/SqlEngine.pm line 795
 at /export/home/cpant4/perl5/lib/site_perl/5.15.6/i86pc-solaris-64int/DBI/DBD/SqlEngine.pm line 795
 [for Statement "DROP TABLE notable"] at t/02_params.t line 5.

#   Failed test 'ok call'
#   at t/02_params.t line 53.
#          got: 'DBD::DBM::db selectall_hashref failed: No such column 'nofield AS dbcfg_key' at /export/home/cpant4/perl5/lib/site_perl/5.15.6/i86pc-solaris-64int/DBI/DBD/SqlEngine.pm line 795
#  [for Statement "SELECT nofield AS dbcfg_key, notable.* FROM notable"] at /export/home/cpant4/.cpan/build/Config-DB-0.2-Febymh/blib/lib/Config/DB.pm line 107.
# 
# Config::DB::read: reading 'notable' table at t/02_params.t line 52
# '
#     expected: ''
# Looks like you failed 1 test of 6.
t/02_params.t .. 
Dubious, test returned 1 (wstat 256, 0x100)
Failed 1/6 subtests 
DBD::DBM::db do failed: Cannot open /export/home/cpant4/.cpan/build/Config-DB-0.2-Febymh/cfg.lck: No such file or directory (2) at /export/home/cpant4/perl5/lib/site_perl/5.15.6/i86pc-solaris-64int/DBD/File.pm line 730 at /export/home/cpant4/perl5/lib/site_perl/5.15.6/i86pc-solaris-64int/DBI/DBD/SqlEngine.pm line 795
 at /export/home/cpant4/perl5/lib/site_perl/5.15.6/i86pc-solaris-64int/DBI/DBD/SqlEngine.pm line 795
 [for Statement "DROP TABLE cfg"] at t/03_get.t line 5.

#   Failed test 'ok call'
#   at t/03_get.t line 20.
#          got: 'DBD::DBM::db selectall_hashref failed: No such column 'ckey AS dbcfg_key' at /export/home/cpant4/perl5/lib/site_perl/5.15.6/i86pc-solaris-64int/DBI/DBD/SqlEngine.pm line 795
#  [for Statement "SELECT ckey AS dbcfg_key, cfg.* FROM cfg"] at /export/home/cpant4/.cpan/build/Config-DB-0.2-Febymh/blib/lib/Config/DB.pm line 107.
# 
# Config::DB::read: reading 'cfg' table at t/03_get.t line 19
# '
#     expected: ''

#   Failed test 'missing table parameter'
#   at t/03_get.t line 23.
#                   'DBD::DBM::db selectall_hashref failed: No such column 'ckey AS dbcfg_key' at /export/home/cpant4/perl5/lib/site_perl/5.15.6/i86pc-solaris-64int/DBI/DBD/SqlEngine.pm line 795
#  [for Statement "SELECT ckey AS dbcfg_key, cfg.* FROM cfg"] at /export/home/cpant4/.cpan/build/Config-DB-0.2-Febymh/blib/lib/Config/DB.pm line 107.
# 
# Config::DB::read: reading 'cfg' table at t/03_get.t line 22
# '
#     doesn't match '(?^:^Config::DB::get: missing table parameter at t/03_get.t line \d+$)'
DBD::DBM::db selectall_hashref failed: No such column 'ckey AS dbcfg_key' at /export/home/cpant4/perl5/lib/site_perl/5.15.6/i86pc-solaris-64int/DBI/DBD/SqlEngine.pm line 795
 [for Statement "SELECT ckey AS dbcfg_key, cfg.* FROM cfg"] at /export/home/cpant4/.cpan/build/Config-DB-0.2-Febymh/blib/lib/Config/DB.pm line 107.

Config::DB::read: reading 'cfg' table at t/03_get.t line 29
# Looks like you planned 28 tests but ran 4.
# Looks like you failed 2 tests of 4 run.
# Looks like your test exited with 2 just after 4.
t/03_get.t ..... 
Dubious, test returned 2 (wstat 512, 0x200)
Failed 26/28 subtests 

Test Summary Report
-------------------
t/02_params.t (Wstat: 256 Tests: 6 Failed: 1)
  Failed test:  6
  Non-zero exit status: 1
t/03_get.t   (Wstat: 512 Tests: 4 Failed: 2)
  Failed tests:  3-4
  Non-zero exit status: 2
  Parse errors: Bad plan.  You planned 28 tests but ran 4.
Files=3, Tests=23,  1 wallclock secs ( 0.03 usr  0.01 sys +  0.20 cusr  0.02 csys =  0.26 CPU)
Result: FAIL
Failed 2/3 test programs. 3/23 subtests failed.
make: *** [test_dynamic] Error 2

------------------------------
PREREQUISITES
------------------------------

Prerequisite modules loaded:

requires:

    Module              Need  Have   
    ------------------- ----- -------
    DBI                 1.616 1.616  

build_requires:

    Module              Need  Have   
    ------------------- ----- -------
    ExtUtils::MakeMaker 0     6.63_02

configure_requires:

    Module              Need  Have   
    ------------------- ----- -------
    ExtUtils::MakeMaker 0     6.63_02


------------------------------
ENVIRONMENT AND OTHER CONTEXT
------------------------------

Environment variables:

    AUTOMATED_TESTING = 1
    LANG = C
    LD_LIBRARY_PATH = /usr/local/lib:
    PATH = /export/home/cpant4/perl5/bin:/usr/local/bin:/usr/bin
    PERL5LIB = 
    PERL5OPT = 
    PERL5_CPANPLUS_IS_RUNNING = 29024
    PERL5_CPAN_IS_RUNNING = 29024
    PERL5_CPAN_IS_RUNNING_IN_RECURSION = 18508,29024
    PERL_CR_SMOKER_CURRENT = Config-DB-0.2
    PERL_EXTUTILS_AUTOINSTALL = --defaultdeps
    PERL_MM_USE_DEFAULT = 1
    SHELL = /bin/bash
    TERM = xterm

Perl special variables (and OS-specific diagnostics, for MSWin32):

    $^X = /export/home/cpant4/perl5/bin/perl5.15.6
    $UID/$EUID = 104 / 104
    $GID = 1 1
    $EGID = 1 1

Perl module toolchain versions installed:

    Module              Have    
    ------------------- --------
    CPAN                1.9800  
    CPAN::Meta          2.113640
    Cwd                 3.38    
    ExtUtils::CBuilder  0.280205
    ExtUtils::Command   1.17    
    ExtUtils::Install   1.57    
    ExtUtils::MakeMaker 6.63_02 
    ExtUtils::Manifest  1.60    
    ExtUtils::ParseXS   3.11    
    File::Spec          3.34    
    JSON                2.53    
    JSON::PP            2.27200 
    Module::Build       0.39_01 
    Module::Signature   n/a     
    Parse::CPAN::Meta   1.4401  
    Test::Harness       3.23    
    Test::More          0.98    
    YAML                0.78    
    YAML::Syck          1.19    
    version             0.95    


--

Summary of my perl5 (revision 5 version 15 subversion 6) configuration:
   
  Platform:
    osname=solaris, osvers=2.10, archname=i86pc-solaris-64int
    uname='sunos vmrz0046 5.10 generic_141445-09 i86pc i386 i86pc solaris '
    config_args='-Dcc=gcc -Dprefix=~/perl5 -Duse64bitint -Dusedevel -d'
    hint=recommended, useposix=true, d_sigaction=define
    useithreads=undef, usemultiplicity=undef
    useperlio=define, d_sfio=undef, uselargefiles=define, usesocks=undef
    use64bitint=define, use64bitall=undef, uselongdouble=undef
    usemymalloc=n, bincompat5005=undef
  Compiler:
    cc='gcc', ccflags ='-DPTR_IS_LONG -fno-strict-aliasing -pipe -I/usr/local/include -D_LARGEFILE_SOURCE -D_FILE_OFFSET_BITS=64 -DPERL_USE_SAFE_PUTENV',
    optimize='-O',
    cppflags='-DPTR_IS_LONG -fno-strict-aliasing -pipe -I/usr/local/include'
    ccversion='', gccversion='3.4.6', gccosandvers='solaris2.10'
    intsize=4, longsize=4, ptrsize=4, doublesize=8, byteorder=12345678
    d_longlong=define, longlongsize=8, d_longdbl=define, longdblsize=12
    ivtype='long long', ivsize=8, nvtype='double', nvsize=8, Off_t='off_t', lseeksize=8
    alignbytes=4, prototype=define
  Linker and Libraries:
    ld='gcc', ldflags =' -L/usr/local/lib '
    libpth=/usr/local/lib /usr/lib /usr/ccs/lib
    libs=-lsocket -lnsl -lgdbm -ldl -lm -lc
    perllibs=-lsocket -lnsl -ldl -lm -lc
    libc=/lib/libc.so, so=so, useshrplib=false, libperl=libperl.a
    gnulibc_version=''
  Dynamic Linking:
    dlsrc=dl_dlopen.xs, dlext=so, d_dlsymun=undef, ccdlflags=' '
    cccdlflags='-fPIC', lddlflags='-G -L/usr/local/lib'


Characteristics of this binary (from libperl): 
  Compile-time options: HAS_TIMES PERLIO_LAYERS PERL_DONT_CREATE_GVSV
                        PERL_MALLOC_WRAP PERL_PRESERVE_IVUV PERL_USE_DEVEL
                        PERL_USE_SAFE_PUTENV USE_64_BIT_INT USE_LARGE_FILES
                        USE_LOCALE USE_LOCALE_COLLATE USE_LOCALE_CTYPE
                        USE_LOCALE_NUMERIC USE_PERLIO USE_PERL_ATOF
  Built under solaris
  Compiled at Jan  2 2012 15:02:15
  %ENV:
    PERL5LIB=""
    PERL5OPT=""
    PERL5_CPANPLUS_IS_RUNNING="29024"
    PERL5_CPAN_IS_RUNNING="29024"
    PERL5_CPAN_IS_RUNNING_IN_RECURSION="18508,29024"
    PERL_CR_SMOKER_CURRENT="Config-DB-0.2"
    PERL_EXTUTILS_AUTOINSTALL="--defaultdeps"
    PERL_MM_USE_DEFAULT="1"
  @INC:
    /export/home/cpant4/perl5/lib/site_perl/5.15.6/i86pc-solaris-64int
    /export/home/cpant4/perl5/lib/site_perl/5.15.6
    /export/home/cpant4/perl5/lib/5.15.6/i86pc-solaris-64int
    /export/home/cpant4/perl5/lib/5.15.6
    /export/home/cpant4/perl5/lib/site_perl
    .