Report for Archive-Tar-Wrapper-IPC-Cmd-0.22

Back
From: metabase:user:322078bc-2aae-11df-837a-5e0a49663a4f
Subject: FAIL Archive-Tar-Wrapper-IPC-Cmd-0.22 v5.14.2 OpenBSD
Date: 2012-07-18T02:19:13Z

This distribution has been tested as part of the CPAN Testers
project, supporting the Perl programming language.  See
http://wiki.cpantesters.org/ for more information or email
questions to cpan-testers-discuss@perl.org


--

Dear BIESZCZAD,

This is a computer-generated error report created automatically by
CPANPLUS, version 0.9130. Testers personal comments may appear
at the end of this report.


Thank you for uploading your work to CPAN.  However, it appears that
there were some problems testing your distribution.

TEST RESULTS:

Below is the error stack from stage 'make test':

PERL_DL_NONLAZY=1 /home/cpan/pit/thr/perl-5.14.2/bin/perl "-MExtUtils::Command::MM" "-e" "test_harness(0, 'blib/lib', 'blib/arch')" t/*.t
2012/07/18 03:19:12 /bin/tar zx -f /home/cpan/pit/thr/conf/perl-5.14.2/.cpanplus/5.14.2/build/Archive-Tar-Wrapper-IPC-Cmd-0.22/t/data/foo.tgz failed: ARRAY(0xd25920)

#   Failed test 'opening compressed tarfile'
#   at t/001Basic.t line 22.

#   Failed test 'find 001Basic.t'
#   at t/001Basic.t line 24.

#   Failed test 'find ./001Basic.t'
#   at t/001Basic.t line 25.
fileparse(): need a valid pathname at /home/cpan/pit/thr/conf/perl-5.14.2/.cpanplus/5.14.2/build/Archive-Tar-Wrapper-IPC-Cmd-0.22/blib/lib/Archive/Tar/Wrapper/IPC/Cmd.pm line 169
# Looks like you planned 23 tests but ran 5.
# Looks like you failed 3 tests of 5 run.
# Looks like your test exited with 2 just after 5.
t/001Basic.t ..... 
Dubious, test returned 2 (wstat 512, 0x200)
Failed 21/23 subtests 

#   Failed test 'opening compressed tarfile'
#   at t/002Mult.t line 25.

#   Failed test 'opening uncompressed'
#   at t/002Mult.t line 26.

#   Failed test 'file check'
#   at t/002Mult.t line 30.
#          got: ''
#     expected: '001Basic.t bar/bar.dat bar/foo.dat'

#   Failed test 'file check via iterator'
#   at t/002Mult.t line 39.
#          got: ''
#     expected: '001Basic.t bar/bar.dat bar/foo.dat'
# Looks like you failed 4 tests of 5.
t/002Mult.t ...... 
Dubious, test returned 4 (wstat 1024, 0x400)
Failed 4/5 subtests 

#   Failed test 'opening compressed tarfile'
#   at t/003Dirs.t line 25.

#   Failed test 'list all dirs'
#   at t/003Dirs.t line 29.
#          got: '.'
#     expected: '. bar bar/bar.dat bar/foo.dat'

#   Failed test 'dirs only'
#   at t/003Dirs.t line 32.
#          got: '.'
#     expected: '. bar'
# Looks like you failed 3 tests of 4.
t/003Dirs.t ...... 
Dubious, test returned 3 (wstat 768, 0x300)
Failed 3/4 subtests 
2012/07/18 03:19:12 /bin/tar zx -f /home/cpan/pit/thr/conf/perl-5.14.2/.cpanplus/5.14.2/build/Archive-Tar-Wrapper-IPC-Cmd-0.22/t/data/foo.tgz failed: ARRAY(0xd25120)

#   Failed test 'opening compressed tarfile'
#   at t/004Utf8.t line 26.
2012/07/18 03:19:12 /bin/tar x -f /tmp/GS7uEgySNc failed: ARRAY(0xd4e2f0)

#   Failed test 'Reading in new tarball'
#   at t/004Utf8.t line 39.
Use of uninitialized value $f1 in open at t/004Utf8.t line 42.
Use of uninitialized value $f1 in concatenation (.) or string at t/004Utf8.t line 42.
Cannot open  at t/004Utf8.t line 42.
# Looks like you planned 6 tests but ran 5.
# Looks like you failed 2 tests of 5 run.
# Looks like your test exited with 2 just after 5.
t/004Utf8.t ...... 
Dubious, test returned 2 (wstat 512, 0x200)
Failed 3/6 subtests 
t/005Cwd.t ....... ok
2012/07/18 03:19:13 /bin/tar x -f /tmp/KKEEeZREmW failed: ARRAY(0x983f40)
Use of uninitialized value $loc in stat at t/006DirPerms.t line 43.
Use of uninitialized value in bitwise and (&) at t/006DirPerms.t line 43.

#   Failed test 'check dir mode'
#   at t/006DirPerms.t line 45.
#          got: '0'
#     expected: '456'
# Looks like you failed 1 test of 4.
t/006DirPerms.t .. 
Dubious, test returned 1 (wstat 256, 0x100)
Failed 1/4 subtests 

Test Summary Report
-------------------
t/001Basic.t   (Wstat: 512 Tests: 5 Failed: 3)
  Failed tests:  2-4
  Non-zero exit status: 2
  Parse errors: Bad plan.  You planned 23 tests but ran 5.
t/002Mult.t    (Wstat: 1024 Tests: 5 Failed: 4)
  Failed tests:  2-5
  Non-zero exit status: 4
t/003Dirs.t    (Wstat: 768 Tests: 4 Failed: 3)
  Failed tests:  2-4
  Non-zero exit status: 3
t/004Utf8.t    (Wstat: 512 Tests: 5 Failed: 2)
  Failed tests:  2, 5
  Non-zero exit status: 2
  Parse errors: Bad plan.  You planned 6 tests but ran 5.
t/006DirPerms.t (Wstat: 256 Tests: 4 Failed: 1)
  Failed test:  4
  Non-zero exit status: 1
Files=6, Tests=27,  2 wallclock secs ( 0.02 usr  0.05 sys +  0.71 cusr  0.29 csys =  1.07 CPU)
Result: FAIL
Failed 5/6 test programs. 13/27 subtests failed.
*** Error code 1

Stop in /home/cpan/pit/thr/conf/perl-5.14.2/.cpanplus/5.14.2/build/Archive-Tar-Wrapper-IPC-Cmd-0.22 (line 841 of Makefile).


PREREQUISITES:

Here is a list of prerequisites you specified and versions we
managed to load:

	  Module Name                        Have     Want
	  Cwd                                3.36        0
	  File::Basename                     2.82        0
	  File::Copy                         2.21        0
	  File::Find                         1.19        0
	  File::Path                      2.08_01        0
	  File::Spec                         3.33        0
	  File::Spec::Functions              3.33        0
	  File::Temp                         0.22        0
	  IPC::Cmd                           0.78        0
	  Log::Log4perl                      1.37        0

Perl module toolchain versions installed:
	Module Name                        Have
	CPANPLUS                         0.9130
	CPANPLUS::Dist::Build              0.62
	Cwd                                3.36
	ExtUtils::CBuilder             0.280205
	ExtUtils::Command                  1.17
	ExtUtils::Install                  1.56
	ExtUtils::MakeMaker                6.62
	ExtUtils::Manifest                 1.60
	ExtUtils::ParseXS                  3.15
	File::Spec                         3.33
	Module::Build                    0.4001
	Test::Harness                      3.25
	Test::More                         0.98
	version                            0.99

******************************** NOTE ********************************
The comments above are created mechanically, possibly without manual
checking by the sender.  As there are many people performing automatic
tests on each upload to CPAN, it is likely that you will receive
identical messages about the same problem.

If you believe that the message is mistaken, please reply to the first
one with correction and/or additional informations, and do not take
it personally.  We appreciate your patience. :)
**********************************************************************

Additional comments:


This report was machine-generated by CPANPLUS::Dist::YACSmoke 0.82.
Powered by minismokebox version 0.54

------------------------------
ENVIRONMENT AND OTHER CONTEXT
------------------------------

Environment variables:

    AUTOMATED_TESTING = 1
    PATH = /home/cpan/pit/thr/conf/perl-5.14.2/.cpanplus/5.14.2/build/Log-Log4perl-1.37/blib/script:/home/cpan/bin:/bin:/sbin:/usr/bin:/usr/sbin:/usr/X11R6/bin:/usr/local/bin:/usr/local/sbin:/usr/games:.
    PERL5LIB = :/home/cpan/pit/thr/conf/perl-5.14.2/.cpanplus/5.14.2/build/Log-Log4perl-1.37/blib/lib:/home/cpan/pit/thr/conf/perl-5.14.2/.cpanplus/5.14.2/build/Log-Log4perl-1.37/blib/arch:/home/cpan/pit/thr/conf/perl-5.14.2/.cpanplus/5.14.2/build/Archive-Tar-Wrapper-IPC-Cmd-0.22/blib/lib:/home/cpan/pit/thr/conf/perl-5.14.2/.cpanplus/5.14.2/build/Archive-Tar-Wrapper-IPC-Cmd-0.22/blib/arch
    PERL5_CPANPLUS_IS_RUNNING = 13678
    PERL5_CPANPLUS_IS_VERSION = 0.9130
    PERL5_MINISMOKEBOX = 0.54
    PERL5_YACSMOKE_BASE = /home/cpan/pit/thr/conf/perl-5.14.2
    PERL_EXTUTILS_AUTOINSTALL = --defaultdeps
    PERL_MM_USE_DEFAULT = 1
    SHELL = /usr/local/bin/bash
    TERM = screen

Perl special variables (and OS-specific diagnostics, for MSWin32):

    Perl: $^X = /home/cpan/pit/thr/perl-5.14.2/bin/perl
    UID:  $<  = 1001
    EUID: $>  = 1001
    GID:  $(  = 1001 1001
    EGID: $)  = 1001 1001


-------------------------------


--

Summary of my perl5 (revision 5 version 14 subversion 2) configuration:
   
  Platform:
    osname=openbsd, osvers=5.1, archname=OpenBSD.amd64-openbsd-thread-multi
    uname='openbsd oliphant.bingosnet.co.uk 5.1 generic#181 amd64 '
    config_args='-des -Dprefix=/home/cpan/pit/thr/perl-5.14.2 -Dusethreads'
    hint=recommended, useposix=true, d_sigaction=define
    useithreads=define, usemultiplicity=define
    useperlio=define, d_sfio=undef, uselargefiles=define, usesocks=undef
    use64bitint=define, use64bitall=define, uselongdouble=undef
    usemymalloc=y, bincompat5005=undef
  Compiler:
    cc='cc', ccflags ='-pthread -fno-strict-aliasing -pipe -fstack-protector -I/usr/local/include',
    optimize='-O2',
    cppflags='-pthread -fno-strict-aliasing -pipe -fstack-protector -I/usr/local/include'
    ccversion='', gccversion='4.2.1 20070719 ', gccosandvers='openbsd5.1'
    intsize=4, longsize=8, ptrsize=8, doublesize=8, byteorder=12345678
    d_longlong=define, longlongsize=8, d_longdbl=define, longdblsize=16
    ivtype='long', ivsize=8, nvtype='double', nvsize=8, Off_t='off_t', lseeksize=8
    alignbytes=8, prototype=define
  Linker and Libraries:
    ld='cc', ldflags ='-pthread -Wl,-E  -fstack-protector -L/usr/local/lib'
    libpth=/usr/local/lib /usr/lib
    libs=-lgdbm -lm -lutil -lc
    perllibs=-lm -lutil -lc
    libc=/usr/lib/libc.so.62.0, so=so, useshrplib=false, libperl=libperl.a
    gnulibc_version=''
  Dynamic Linking:
    dlsrc=dl_dlopen.xs, dlext=so, d_dlsymun=undef, ccdlflags=' '
    cccdlflags='-DPIC -fPIC ', lddlflags='-shared -fPIC  -L/usr/local/lib -fstack-protector'


Characteristics of this binary (from libperl): 
  Compile-time options: MULTIPLICITY MYMALLOC PERL_DONT_CREATE_GVSV
                        PERL_IMPLICIT_CONTEXT PERL_MALLOC_WRAP
                        PERL_PRESERVE_IVUV USE_64_BIT_ALL USE_64_BIT_INT
                        USE_ITHREADS USE_LARGE_FILES USE_PERLIO USE_PERL_ATOF
                        USE_REENTRANT_API
  Built under openbsd
  Compiled at May  5 2012 05:08:07
  %ENV:
    PERL5LIB=":/home/cpan/pit/thr/conf/perl-5.14.2/.cpanplus/5.14.2/build/Log-Log4perl-1.37/blib/lib:/home/cpan/pit/thr/conf/perl-5.14.2/.cpanplus/5.14.2/build/Log-Log4perl-1.37/blib/arch:/home/cpan/pit/thr/conf/perl-5.14.2/.cpanplus/5.14.2/build/Archive-Tar-Wrapper-IPC-Cmd-0.22/blib/lib:/home/cpan/pit/thr/conf/perl-5.14.2/.cpanplus/5.14.2/build/Archive-Tar-Wrapper-IPC-Cmd-0.22/blib/arch"
    PERL5_CPANPLUS_IS_RUNNING="13678"
    PERL5_CPANPLUS_IS_VERSION="0.9130"
    PERL5_MINISMOKEBOX="0.54"
    PERL5_YACSMOKE_BASE="/home/cpan/pit/thr/conf/perl-5.14.2"
    PERL_EXTUTILS_AUTOINSTALL="--defaultdeps"
    PERL_MM_USE_DEFAULT="1"
  @INC:
    /home/cpan/pit/thr/conf/perl-5.14.2/.cpanplus/5.14.2/build/Log-Log4perl-1.37/blib/lib
    /home/cpan/pit/thr/conf/perl-5.14.2/.cpanplus/5.14.2/build/Log-Log4perl-1.37/blib/arch
    /home/cpan/pit/thr/conf/perl-5.14.2/.cpanplus/5.14.2/build/Archive-Tar-Wrapper-IPC-Cmd-0.22/blib/lib
    /home/cpan/pit/thr/conf/perl-5.14.2/.cpanplus/5.14.2/build/Archive-Tar-Wrapper-IPC-Cmd-0.22/blib/arch
    /home/cpan/pit/thr/perl-5.14.2/lib/site_perl/5.14.2/OpenBSD.amd64-openbsd-thread-multi
    /home/cpan/pit/thr/perl-5.14.2/lib/site_perl/5.14.2
    /home/cpan/pit/thr/perl-5.14.2/lib/5.14.2/OpenBSD.amd64-openbsd-thread-multi
    /home/cpan/pit/thr/perl-5.14.2/lib/5.14.2
    .