Report for NetPacket-1.4.0

Back
From: metabase:user:314402c4-2aae-11df-837a-5e0a49663a4f
Subject: FAIL NetPacket-1.4.0 v5.14.0 FreeBSD
Date: 2013-08-27T05:53:16Z

This distribution has been tested as part of the CPAN Testers
project, supporting the Perl programming language.  See
http://wiki.cpantesters.org/ for more information or email
questions to cpan-testers-discuss@perl.org


--
Dear Yanick Champoux,

This is a computer-generated report for NetPacket-1.4.0
on perl 5.14.0, created by CPAN-Reporter-1.2007.

Thank you for uploading your work to CPAN.  However, there was a problem
testing your distribution.

If you think this report is invalid, please consult the CPAN Testers Wiki
for suggestions on how to avoid getting FAIL reports for missing library
or binary dependencies, unsupported operating systems, and so on:

http://wiki.cpantesters.org/wiki/CPANAuthorNotes

Sections of this report:

    * Tester comments
    * Program output
    * Prerequisites
    * Environment and other context

------------------------------
TESTER COMMENTS
------------------------------

Additional comments from tester:

none provided

------------------------------
PROGRAM OUTPUT
------------------------------

Output from './Build test':

t/00-compile.t ................ ok
# 
# 
# Generated by Dist::Zilla::Plugin::ReportVersions::Tiny v1.08
# perl: 5.014000 (wanted any version) on freebsd from /home2/cpansand/var/ctps/5140_1/install/perl-5.14.0/bin/perl5.14.0
# 
# Errno                                         => 1.13       (want any version)
# File::Spec                                    => 3.40       (want any version)
# IO::Handle                                    => 1.31       (want any version)
# IPC::Open3                                    => 1.09       (want any version)
# Module::Build                                 => 0.4007     (want 0.3601) 
# Test::More                                    => 0.98       (want 0.88)   
# constant                                      => 1.27       (want any version)
# strict                                        => 1.04       (want any version)
# vars                                          => 1.02       (want any version)
# version                                       => 0.9902     (want 0.9901) 
# warnings                                      => 1.12       (want any version)
# 
# Thanks for using my code.  I hope it works for you.
# If not, please try and include this output in the bug report.
# That will help me reproduce the issue and solve your problem.
# 
t/000-report-versions-tiny.t .. ok
t/bug-37931.t ................. ok
t/checksum.t .................. ok
t/ethernet.t .................. ok
t/general.t ................... ok
t/icmp.t ...................... ok
t/ip_encode.t ................. ok
t/ip_trailing.t ............... ok
t/tcp.t ....................... ok
t/udp-checksum.t .............. ok
t/udp.t ....................... ok

#   Failed test at t/usbmon.t line 32.
#          got: '-115'
#     expected: '-36'

#   Failed test at t/usbmon.t line 82.
#          got: '-115'
#     expected: '-36'

#   Failed test at t/usbmon.t line 135.
#          got: '-115'
#     expected: '-36'

#   Failed test at t/usbmon.t line 191.
#          got: '-115'
#     expected: '-36'
# Looks like you failed 4 tests of 103.
t/usbmon.t .................... 
Dubious, test returned 4 (wstat 1024, 0x400)
Failed 4/103 subtests 

Test Summary Report
-------------------
t/usbmon.t                  (Wstat: 1024 Tests: 103 Failed: 4)
  Failed tests:  10, 38, 71, 99
  Non-zero exit status: 4
Files=13, Tests=140,  1 wallclock secs ( 0.07 usr  0.02 sys +  0.66 cusr  0.15 csys =  0.90 CPU)
Result: FAIL
Failed 1/13 test programs. 4/140 subtests failed.

------------------------------
PREREQUISITES
------------------------------

Prerequisite modules loaded:

requires:

    Module        Need   Have  
    ------------- ------ ------
    constant      0      1.27  
    strict        0      1.04  
    vars          0      1.02  
    warnings      0      1.12  

build_requires:

    Module        Need   Have  
    ------------- ------ ------
    Errno         0      1.13  
    File::Spec    0      3.40  
    IO::Handle    0      1.31  
    IPC::Open3    0      1.09  
    Module::Build 0.3601 0.4007
    Test::More    0.88   0.98  

configure_requires:

    Module        Need   Have  
    ------------- ------ ------
    Module::Build 0.3601 0.4007


------------------------------
ENVIRONMENT AND OTHER CONTEXT
------------------------------

Environment variables:

    DBIC_NO_WARN_BAD_PERL = 1
    PATH = /usr/local/bin:/usr/X11R6/bin:/usr/X11/bin:/usr/perl5.8.0/bin:/usr/bin:/bin:/usr/local/sbin:/usr/sbin:/sbin:/usr/local/pilot/bin:/home2/cpansand/bin/freebsd8.0:/home2/cpansand/bin/sh:/home2/cpansand/bin:/usr/X386/bin:/usr/games:/home2/cpansand/devel:/usr/home/e/eserte/work/srezic-misc/scripts
    PERL5LIB = 
    PERL5OPT = 
    PERL5_CPANPLUS_IS_RUNNING = 67067
    PERL5_CPAN_IS_RUNNING = 67067
    PERL5_CPAN_IS_RUNNING_IN_RECURSION = 67046,67067
    PERL_BATCH = yes
    PERL_CPAN_REPORTER_CONFIG = /var/tmp/cpansmoker-1023/foN5EGRHDu_config.ini
    PERL_CPAN_REPORTER_DIR = /home/cpansand/var/ctps/5140_1/config/perl-5.14.0/cpanreporter
    PERL_EXTUTILS_AUTOINSTALL = --defaultdeps
    PERL_HTML_DISPLAY_CLASS = HTML::Display::Mozilla
    SHELL = /usr/local/bin/zsh
    TERM = screen
    TMPDIR = /var/tmp/cpansmoker-1023

Perl special variables (and OS-specific diagnostics, for MSWin32):

    $^X = /home2/cpansand/var/ctps/5140_1/install/perl-5.14.0/bin/perl5.14.0
    $UID/$EUID = 1023 / 1023
    $GID = 1023 1023
    $EGID = 1023 1023

Perl module toolchain versions installed:

    Module              Have    
    ------------------- --------
    CPAN                2.00    
    CPAN::Meta          2.131560
    Cwd                 3.40    
    ExtUtils::CBuilder  0.280205
    ExtUtils::Command   1.17    
    ExtUtils::Install   1.56    
    ExtUtils::MakeMaker 6.72    
    ExtUtils::Manifest  1.60    
    ExtUtils::ParseXS   3.18    
    File::Spec          3.40    
    JSON                2.59    
    JSON::PP            2.27200 
    Module::Build       0.4007  
    Module::Signature   0.73    
    Parse::CPAN::Meta   1.4404  
    Test::Harness       3.28    
    Test::More          0.98    
    YAML                0.84    
    YAML::Syck          1.27    
    version             0.9902  


--

Summary of my perl5 (revision 5 version 14 subversion 0) configuration:
   
  Platform:
    osname=freebsd, osvers=8.0-release, archname=i386-freebsd
    uname='freebsd biokovo.herceg.de 8.0-release freebsd 8.0-release #0: sat nov 21 15:48:17 utc 2009 root@almeida.cse.buffalo.edu:usrobjusrsrcsysgeneric i386 '
    config_args='-ds -e -Uversiononly -Dinstallusrbinperl=n -Dusedevel -Dprefix=/home/cpansand/var/ctps/5140_1/install/perl-5.14.0'
    hint=recommended, useposix=true, d_sigaction=define
    useithreads=undef, usemultiplicity=undef
    useperlio=define, d_sfio=undef, uselargefiles=define, usesocks=undef
    use64bitint=undef, use64bitall=undef, uselongdouble=undef
    usemymalloc=n, bincompat5005=undef
  Compiler:
    cc='cc', ccflags ='-DHAS_FPSETMASK -DHAS_FLOATINGPOINT_H -fno-strict-aliasing -pipe -fstack-protector -I/usr/local/include',
    optimize='-O',
    cppflags='-DHAS_FPSETMASK -DHAS_FLOATINGPOINT_H -fno-strict-aliasing -pipe -fstack-protector -I/usr/local/include'
    ccversion='', gccversion='4.2.1 20070719  [FreeBSD]', gccosandvers=''
    intsize=4, longsize=4, ptrsize=4, doublesize=8, byteorder=1234
    d_longlong=define, longlongsize=8, d_longdbl=define, longdblsize=12
    ivtype='long', ivsize=4, nvtype='double', nvsize=8, Off_t='off_t', lseeksize=8
    alignbytes=4, prototype=define
  Linker and Libraries:
    ld='cc', ldflags ='-Wl,-E  -fstack-protector -L/usr/local/lib'
    libpth=/usr/lib /usr/local/lib
    libs=-lgdbm -lm -lcrypt -lutil -lc
    perllibs=-lm -lcrypt -lutil -lc
    libc=, so=so, useshrplib=false, libperl=libperl.a
    gnulibc_version=''
  Dynamic Linking:
    dlsrc=dl_dlopen.xs, dlext=so, d_dlsymun=undef, ccdlflags=' '
    cccdlflags='-DPIC -fPIC', lddlflags='-shared  -L/usr/local/lib -fstack-protector'


Characteristics of this binary (from libperl): 
  Compile-time options: PERL_DONT_CREATE_GVSV PERL_MALLOC_WRAP
                        PERL_PRESERVE_IVUV PERL_USE_DEVEL USE_LARGE_FILES
                        USE_PERLIO USE_PERL_ATOF
  Built under freebsd
  Compiled at May 16 2011 22:19:43
  %ENV:
    PERL5LIB=""
    PERL5OPT=""
    PERL5_CPANPLUS_IS_RUNNING="67067"
    PERL5_CPAN_IS_RUNNING="67067"
    PERL5_CPAN_IS_RUNNING_IN_RECURSION="67046,67067"
    PERL_BATCH="yes"
    PERL_CPAN_REPORTER_CONFIG="/var/tmp/cpansmoker-1023/foN5EGRHDu_config.ini"
    PERL_CPAN_REPORTER_DIR="/home/cpansand/var/ctps/5140_1/config/perl-5.14.0/cpanreporter"
    PERL_EXTUTILS_AUTOINSTALL="--defaultdeps"
    PERL_HTML_DISPLAY_CLASS="HTML::Display::Mozilla"
  @INC:
    /home/cpansand/var/ctps/5140_1/install/perl-5.14.0/lib/site_perl/5.14.0/i386-freebsd
    /home/cpansand/var/ctps/5140_1/install/perl-5.14.0/lib/site_perl/5.14.0
    /home/cpansand/var/ctps/5140_1/install/perl-5.14.0/lib/5.14.0/i386-freebsd
    /home/cpansand/var/ctps/5140_1/install/perl-5.14.0/lib/5.14.0
    .