Report for ParallelUserAgent-2.57

Back
From: metabase:user:30f4dfbe-2aae-11df-837a-5e0a49663a4f
Subject: FAIL ParallelUserAgent-2.57 v5.15.6 SunOS/Solaris
Date: 2012-06-03T21:42:07Z

This distribution has been tested as part of the CPAN Testers
project, supporting the Perl programming language.  See
http://wiki.cpantesters.org/ for more information or email
questions to cpan-testers-discuss@perl.org


--
Dear Marc Langheinrich,

This is a computer-generated report for ParallelUserAgent-2.57
on perl 5.15.6, created by CPAN-Reporter-1.2006.

Thank you for uploading your work to CPAN.  However, there was a problem
testing your distribution.

If you think this report is invalid, please consult the CPAN Testers Wiki
for suggestions on how to avoid getting FAIL reports for missing library
or binary dependencies, unsupported operating systems, and so on:

http://wiki.cpantesters.org/wiki/CPANAuthorNotes

Sections of this report:

    * Tester comments
    * Program output
    * Prerequisites
    * Environment and other context

------------------------------
TESTER COMMENTS
------------------------------

Additional comments from tester:

none provided

------------------------------
PROGRAM OUTPUT
------------------------------

Output from 'make test':

/home/njh/perl5/perlbrew/perls/perl-5.15.6/bin/perl t/TEST 
UNIVERSAL->import is deprecated and will be removed in a future perl at ../blib/lib/LWP/Parallel/UserAgent.pm line 10
defined(%hash) is deprecated at ../blib/lib/LWP/Parallel/UserAgent.pm line 1327, <DAEMON> line 1.
	(Maybe you should just omit the defined()?)
Can't locate object method "parse_head" via package "LWP::Parallel::Protocol::ftp" at ../blib/lib/LWP/Parallel/UserAgent.pm line 1497.
defined(%hash) is deprecated at ../blib/lib/LWP/Parallel/UserAgent.pm line 1327.
	(Maybe you should just omit the defined()?)
Missing base argument at local/compatibility.t line 57
local/compatibility.t .. 
Dubious, test returned 2 (wstat 512, 0x200)
Failed 19/20 subtests 
UNIVERSAL->import is deprecated and will be removed in a future perl at ../blib/lib/LWP/Parallel/UserAgent.pm line 10
defined(%hash) is deprecated at ../blib/lib/LWP/Parallel/UserAgent.pm line 1327.
	(Maybe you should just omit the defined()?)
Can't locate object method "parse_head" via package "LWP::Parallel::Protocol::file" at ../blib/lib/LWP/Parallel/UserAgent.pm line 1497.
local/file.t ........... 
Dubious, test returned 255 (wstat 65280, 0xff00)
Failed 3/4 subtests 
UNIVERSAL->import is deprecated and will be removed in a future perl at ../blib/lib/LWP/Parallel/UserAgent.pm line 10
defined(%hash) is deprecated at ../blib/lib/LWP/Parallel/UserAgent.pm line 1327.
	(Maybe you should just omit the defined()?)
defined(%hash) is deprecated at ../blib/lib/LWP/Parallel/UserAgent.pm line 1327.
	(Maybe you should just omit the defined()?)
Oops: Answer (0) for 'http://openindiana:41387/page2' was 
	501: Attempt to reload LWP/Parallel/Protocol/http.pm aborted.
Compilation failed in require at (eval 24) line 2, <DAEMON> line 1.

 ""
Missing base argument at local/http.t line 85
local/http.t ........... 
Failed 8/15 subtests 
UNIVERSAL->import is deprecated and will be removed in a future perl at ../blib/lib/LWP/Parallel/UserAgent.pm line 10
defined(%hash) is deprecated at ../blib/lib/LWP/Parallel/UserAgent.pm line 1327, <DAEMON> line 1.
	(Maybe you should just omit the defined()?)
local/timeouts.t ....... 
Failed 21/25 subtests 

Test Summary Report
-------------------
local/compatibility.t (Wstat: 512 Tests: 13 Failed: 12)
  Failed tests:  1-6, 8-11, 14-15
  Non-zero exit status: 2
  Parse errors: Tests out of sequence.  Found (14) but expected (12)
                Tests out of sequence.  Found (15) but expected (13)
                Bad plan.  You planned 20 tests but ran 13.
local/file.t         (Wstat: 65280 Tests: 1 Failed: 0)
  Non-zero exit status: 255
  Parse errors: Bad plan.  You planned 4 tests but ran 1.
local/http.t         (Wstat: 0 Tests: 15 Failed: 8)
  Failed tests:  2-3, 5, 7-9, 11, 15
local/timeouts.t     (Wstat: 0 Tests: 25 Failed: 21)
  Failed tests:  2, 4, 6-23, 25
Files=4, Tests=54, 41 wallclock secs ( 0.12 usr  0.12 sys +  1.96 cusr  0.77 csys =  2.97 CPU)
Result: FAIL
Failed 4/4 test programs. 41/54 subtests failed.
*** Error code 255
make: Fatal error: Command failed for target `test'

------------------------------
PREREQUISITES
------------------------------

Prerequisite modules loaded:

build_requires:

    Module              Need Have   
    ------------------- ---- -------
    ExtUtils::MakeMaker 0    6.63_02


------------------------------
ENVIRONMENT AND OTHER CONTEXT
------------------------------

Environment variables:

    LANG = 
    MANPATH_WITHOUT_PERLBREW = 
    PATH = /home/njh/perl5/perlbrew/bin:/home/njh/perl5/perlbrew/perls/perl-5.15.6/bin:/home/njh/perl5/perlbrew/bin:/usr/bin:/bin:/home/njh/bin:/usr/perl5/bin
    PATH_WITHOUT_PERLBREW = /usr/bin:/bin:/home/njh/bin
    PERL5LIB = 
    PERL5OPT = 
    PERL5_CPANPLUS_IS_RUNNING = 5328
    PERL5_CPAN_IS_RUNNING = 5328
    PERLBREW_BASHRC_VERSION = 0.43
    PERLBREW_HOME = /home/njh/.perlbrew
    PERLBREW_MANPATH = /home/njh/perl5/perlbrew/perls/perl-5.15.6/man
    PERLBREW_PATH = /home/njh/perl5/perlbrew/bin:/home/njh/perl5/perlbrew/perls/perl-5.15.6/bin
    PERLBREW_PERL = perl-5.15.6
    PERLBREW_ROOT = /home/njh/perl5/perlbrew
    PERLBREW_VERSION = 0.43
    SHELL = /bin/bash
    TERM = xterm
    TMPDIR = /tmp

Perl special variables (and OS-specific diagnostics, for MSWin32):

    $^X = /home/njh/perl5/perlbrew/perls/perl-5.15.6/bin/perl
    $UID/$EUID = 101 / 101
    $GID = 10 10
    $EGID = 10 10

Perl module toolchain versions installed:

    Module              Have    
    ------------------- --------
    CPAN                1.9800  
    CPAN::Meta          2.112621
    Cwd                 3.38    
    ExtUtils::CBuilder  0.280205
    ExtUtils::Command   1.17    
    ExtUtils::Install   1.57    
    ExtUtils::MakeMaker 6.63_02 
    ExtUtils::Manifest  1.60    
    ExtUtils::ParseXS   3.08    
    File::Spec          3.34    
    JSON                2.53    
    JSON::PP            2.27200 
    Module::Build       0.40    
    Module::Signature   n/a     
    Parse::CPAN::Meta   1.4404  
    Test::Harness       3.23    
    Test::More          0.98    
    YAML                n/a     
    YAML::Syck          1.20    
    version             0.96    


--

Summary of my perl5 (revision 5 version 15 subversion 6) configuration:
   
  Platform:
    osname=solaris, osvers=2.11, archname=i86pc-solaris
    uname='sunos openindiana 5.11 oi_151a3 i86pc i386 i86pc '
    config_args='-de -Dprefix=/home/njh/perl5/perlbrew/perls/perl-5.15.6 -Dusedevel -Acc=gcc -Accflags=-O2 -Wall -mmmx -pedantic'
    hint=recommended, useposix=true, d_sigaction=define
    useithreads=undef, usemultiplicity=undef
    useperlio=define, d_sfio=undef, uselargefiles=define, usesocks=undef
    use64bitint=undef, use64bitall=undef, uselongdouble=undef
    usemymalloc=n, bincompat5005=undef
  Compiler:
    cc=' gcc', ccflags ='-O2 -Wall -mmmx -pedantic -fno-strict-aliasing -pipe -D_LARGEFILE_SOURCE -D_FILE_OFFSET_BITS=64 -DPERL_USE_SAFE_PUTENV',
    optimize='-O',
    cppflags='-O2 -Wall -mmmx -pedantic -fno-strict-aliasing -pipe'
    ccversion='', gccversion='3.4.3 (csl-sol210-3_4-20050802)', gccosandvers='solaris2.11'
    intsize=4, longsize=4, ptrsize=4, doublesize=8, byteorder=1234
    d_longlong=define, longlongsize=8, d_longdbl=define, longdblsize=12
    ivtype='long', ivsize=4, nvtype='double', nvsize=8, Off_t='off_t', lseeksize=8
    alignbytes=4, prototype=define
  Linker and Libraries:
    ld=' gcc', ldflags =' -L/usr/gnu/lib '
    libpth=/usr/gnu/lib /usr/lib /usr/ccs/lib
    libs=-lsocket -lnsl -ldl -lm -lc
    perllibs=-lsocket -lnsl -ldl -lm -lc
    libc=/lib/libc.so, so=so, useshrplib=false, libperl=libperl.a
    gnulibc_version=''
  Dynamic Linking:
    dlsrc=dl_dlopen.xs, dlext=so, d_dlsymun=undef, ccdlflags=' '
    cccdlflags='-fPIC', lddlflags='-G -L/usr/gnu/lib'


Characteristics of this binary (from libperl): 
  Compile-time options: HAS_TIMES PERLIO_LAYERS PERL_DONT_CREATE_GVSV
                        PERL_MALLOC_WRAP PERL_PRESERVE_IVUV PERL_USE_DEVEL
                        PERL_USE_SAFE_PUTENV USE_LARGE_FILES USE_LOCALE
                        USE_LOCALE_COLLATE USE_LOCALE_CTYPE
                        USE_LOCALE_NUMERIC USE_PERLIO USE_PERL_ATOF
  Built under solaris
  Compiled at May  3 2012 19:11:02
  %ENV:
    PERL5LIB=""
    PERL5OPT=""
    PERL5_CPANPLUS_IS_RUNNING="5328"
    PERL5_CPAN_IS_RUNNING="5328"
    PERLBREW_BASHRC_VERSION="0.43"
    PERLBREW_HOME="/home/njh/.perlbrew"
    PERLBREW_MANPATH="/home/njh/perl5/perlbrew/perls/perl-5.15.6/man"
    PERLBREW_PATH="/home/njh/perl5/perlbrew/bin:/home/njh/perl5/perlbrew/perls/perl-5.15.6/bin"
    PERLBREW_PERL="perl-5.15.6"
    PERLBREW_ROOT="/home/njh/perl5/perlbrew"
    PERLBREW_VERSION="0.43"
  @INC:
    /home/njh/perl5/perlbrew/perls/perl-5.15.6/lib/site_perl/5.15.6/i86pc-solaris
    /home/njh/perl5/perlbrew/perls/perl-5.15.6/lib/site_perl/5.15.6
    /home/njh/perl5/perlbrew/perls/perl-5.15.6/lib/5.15.6/i86pc-solaris
    /home/njh/perl5/perlbrew/perls/perl-5.15.6/lib/5.15.6
    .