Unicode-Digits v20090607 Perl 5 v5.13.0 i686-linux-thread-multi

Status
Fail
From
Serguei Trouchelle (STRO)
Dist
Unicode-Digits v20090607
Platform
Perl 5 v5.13.0 i686-linux-thread-multi
Date
2010-04-30 15:20:54
ID
f7f35c1c-546b-11df-b329-a8abca64c448
This distribution has been tested as part of the CPAN Testers
project, supporting the Perl programming language.  See
http://wiki.cpantesters.org/ for more information or email
questions to cpan-testers-discuss@perl.org


--
Dear Chas. J. Owens IV,

This is a computer-generated report for Unicode-Digits-20090607
on perl 5.13.0, created by CPAN-Reporter-1.1711.

Thank you for uploading your work to CPAN.  However, there was a problem
testing your distribution.

If you think this report is invalid, please consult the CPAN Testers Wiki
for suggestions on how to avoid getting FAIL reports for missing library
or binary dependencies, unsupported operating systems, and so on:

http://wiki.cpantesters.org/wiki/CPANAuthorNotes

Sections of this report:

    * Tester comments
    * Program output
    * Prerequisites
    * Environment and other context

------------------------------
TESTER COMMENTS
------------------------------

Additional comments from tester:

this report is from an automated smoke testing program
and was not reviewed by a human for accuracy

------------------------------
PROGRAM OUTPUT
------------------------------

Output from 'C:\home\stro\perl5130\bin\perl.exe ./Build test':

# Testing Unicode::Digits 20090607, Perl 5.013000, C:\home\stro\perl5130\bin\perl.exe
t\00-load.t ........... ok

#   Failed test at t\01-digits_to_int.t line 12.
#          got: 'string '4᠒' contains digits from different ranges at t\01-digits_to_int.t line 30
# '
#     expected: 'string '4᠒' contains digits from different ranges at t/01-digits_to_int.t line 30
# '

#   Failed test at t\01-digits_to_int.t line 12.
#          got: 'string 'a is Û´Û²' contains non-digit characters at t\01-digits_to_int.t line 31
# '
#     expected: 'string 'a is Û´Û²' contains non-digit characters at t/01-digits_to_int.t line 31
# '

#   Failed test at t\01-digits_to_int.t line 12.
#          got: 'string '4᠒' contains digits from different ranges at t\01-digits_to_int.t line 35
# '
#     expected: 'string '4᠒' contains digits from different ranges at t/01-digits_to_int.t line 35
# '

#   Failed test at t\01-digits_to_int.t line 37.
#          got: 'string 'a is Û´Û²' contains non-digit characters at t\01-digits_to_int.t line 36
# '
#     expected: 'string 'a is Û´Û²' contains non-digit characters at t/01-digits_to_int.t line 36
# '

#   Failed test at t\01-digits_to_int.t line 12.
#          got: 'Wide character in print at C:/home/stro/perl5130/lib/Test/Builder.pm line 1698, <_GEN_1> line 4914.
# '
#     expected: ''

#   Failed test at t\01-digits_to_int.t line 42.
#          got: 'string '4᠒' contains digits from different ranges at t\01-digits_to_int.t line 41
# '
#     expected: 'string '4᠒' contains digits from different ranges at t/01-digits_to_int.t line 41
# '

#   Failed test at t\01-digits_to_int.t line 44.
#          got: 'string 'a is Û´Û²' contains non-digit characters at t\01-digits_to_int.t line 43
# '
#     expected: 'string 'a is Û´Û²' contains non-digit characters at t/01-digits_to_int.t line 43
# '
# Looks like you failed 7 tests of 37.
t\01-digits_to_int.t .. 
Dubious, test returned 7 (wstat 1792, 0x700)
Failed 7/37 subtests 
t\boilerplate.t ....... ok
t\pod-coverage.t ...... ok
t\pod.t ............... ok

Test Summary Report
-------------------
t\01-digits_to_int.t (Wstat: 1792 Tests: 37 Failed: 7)
  Failed tests:  22, 24, 30-31, 33, 36-37
  Non-zero exit status: 7
Files=5, Tests=43,  1 wallclock secs ( 0.02 usr +  0.02 sys =  0.03 CPU)
Result: FAIL
Failed 1/5 test programs. 7/43 subtests failed.

------------------------------
PREREQUISITES
------------------------------

Prerequisite modules loaded:

build_requires:

    Module       Need Have   
    ------------ ---- -------
    Carp         0    1.15   
    Exporter     0    5.64_01
    strict       0    1.04   
    Test::More   0    0.94   
    Unicode::UCD 0    0.27   
    warnings     0    1.09   


------------------------------
ENVIRONMENT AND OTHER CONTEXT
------------------------------

Environment variables:

    ACTIVEPERL_CONFIG_SILENT = 1
    AUTOMATED_TESTING = 1
    COMSPEC = C:\WINDOWS\system32\cmd.exe
    NUMBER_OF_PROCESSORS = 2
    PATH = C:\bin\apps\far\;C:\bin\dev\python\;C:\bin\dev\svn;C:\Program Files\Common Files\Microsoft Shared\Windows Live;C:\bin\dev\perl\site\bin;C:\bin\dev\perl\bin;C:\WINDOWS\system32;C:\WINDOWS;C:\WINDOWS\System32\Wbem;C:\WINDOWS\system32\WindowsPowerShell\v1.0;C:\bin\arc;C:\bin\dev\TortoiseSVN\bin;C:\bin\dev\Mercurial;C:\bin\dev\TortoiseHg;c:\bin\sys\gnuwin32\bin;C:\bin\dev\oracle\instantclient_11_1;C:\Program Files\Common Files\Microsoft Shared\Windows Live
    PERL5LIB = 
    PERL5OPT = 
    PERL5_CPANPLUS_IS_RUNNING = 4188
    PERL5_CPAN_IS_RUNNING = 4188
    PERL5_CPAN_IS_RUNNING_IN_RECURSION = 5896,4188
    PERL_CR_SMOKER_CURRENT = Unicode-Digits-20090607
    PERL_EXTUTILS_AUTOINSTALL = --defaultdeps
    PERL_MM_USE_DEFAULT = 1
    PROCESSOR_IDENTIFIER = x86 Family 6 Model 15 Stepping 11, GenuineIntel
    TEMP = C:\WINDOWS\Temp

Perl special variables (and OS-specific diagnostics, for MSWin32):

    $^X = C:\home\stro\perl5130\bin\perl.exe
    $UID/$EUID = 0 / 0
    $GID = 0
    $EGID = 0
    Win32::GetOSName = WinXP/.Net
    Win32::GetOSVersion = Service Pack 3, 5, 1, 2600, 2, 3, 0, 256, 1
    Win32::FsType = NTFS
    Win32::IsAdminUser = 1

Perl module toolchain versions installed:

    Module              Have  
    ------------------- ------
    CPAN                1.9402
    Cwd                 3.31  
    ExtUtils::CBuilder  0.2703
    ExtUtils::Command   1.16  
    ExtUtils::Install   1.54  
    ExtUtils::MakeMaker 6.56  
    ExtUtils::Manifest  1.58  
    ExtUtils::ParseXS   2.2205
    File::Spec          3.31  
    Module::Build       0.3607
    Module::Signature   0.63  
    Test::Harness       3.21  
    Test::More          0.94  
    YAML                0.71  
    YAML::Syck          1.07  
    version             0.82  


--

Summary of my perl5 (revision 5 version 13 subversion 0) configuration:
   
  Platform:
    osname=MSWin32, osvers=5.1, archname=MSWin32-x86-multi-thread
    uname=''
    config_args='undef'
    hint=recommended, useposix=true, d_sigaction=undef
    useithreads=define, usemultiplicity=define
    useperlio=define, d_sfio=undef, uselargefiles=define, usesocks=undef
    use64bitint=undef, use64bitall=undef, uselongdouble=undef
    usemymalloc=n, bincompat5005=undef
  Compiler:
    cc='gcc', ccflags =' -s -O2 -DWIN32 -DHAVE_DES_FCRYPT  -DPERL_IMPLICIT_CONTEXT -DPERL_IMPLICIT_SYS -fno-strict-aliasing -mms-bitfields -DPERL_MSVCRT_READFIX',
    optimize='-s -O2',
    cppflags='-DWIN32'
    ccversion='', gccversion='3.4.5', gccosandvers=''
    intsize=4, longsize=4, ptrsize=4, doublesize=8, byteorder=1234
    d_longlong=undef, longlongsize=8, d_longdbl=define, longdblsize=12
    ivtype='long', ivsize=4, nvtype='double', nvsize=8, Off_t='long long', lseeksize=8
    alignbytes=8, prototype=define
  Linker and Libraries:
    ld='g++', ldflags ='-s -L"c:\home\stro\perl5130\lib\CORE" -L"C:\MinGW\lib"'
    libpth=C:\MinGW\lib
    libs=-lmoldname -lkernel32 -luser32 -lgdi32 -lwinspool -lcomdlg32 -ladvapi32 -lshell32 -lole32 -loleaut32 -lnetapi32 -luuid -lws2_32 -lmpr -lwinmm -lversion -lodbc32 -lodbccp32 -lcomctl32
    perllibs=-lmoldname -lkernel32 -luser32 -lgdi32 -lwinspool -lcomdlg32 -ladvapi32 -lshell32 -lole32 -loleaut32 -lnetapi32 -luuid -lws2_32 -lmpr -lwinmm -lversion -lodbc32 -lodbccp32 -lcomctl32
    libc=, so=dll, useshrplib=true, libperl=libperl511.a
    gnulibc_version=''
  Dynamic Linking:
    dlsrc=dl_win32.xs, dlext=dll, d_dlsymun=undef, ccdlflags=' '
    cccdlflags=' ', lddlflags='-mdll -s -L"c:\home\stro\perl5130\lib\CORE" -L"C:\MinGW\lib"'


Characteristics of this binary (from libperl): 
  Compile-time options: MULTIPLICITY PERL_DONT_CREATE_GVSV
                        PERL_IMPLICIT_CONTEXT PERL_IMPLICIT_SYS
                        PERL_MALLOC_WRAP PL_OP_SLAB_ALLOC USE_ITHREADS
                        USE_LARGE_FILES USE_PERLIO USE_PERL_ATOF
  Built under MSWin32
  Compiled at Apr 22 2010 14:51:29
  %ENV:
    PERL5_CPANPLUS_IS_RUNNING="4188"
    PERL5_CPAN_IS_RUNNING="4188"
    PERL5_CPAN_IS_RUNNING_IN_RECURSION="5896,4188"
    PERL_CR_SMOKER_CURRENT="Unicode-Digits-20090607"
    PERL_EXTUTILS_AUTOINSTALL="--defaultdeps"
    PERL_MM_USE_DEFAULT="1"
  @INC:
    C:/home/stro/perl5130/site/lib
    C:/home/stro/perl5130/lib
    .