Report for Gtk2-1.245

Back
From: metabase:user:32904986-c427-11df-a07f-b497e104d833
Subject: FAIL Gtk2-1.245 v5.8.8 GNU/Linux
Date: 2012-10-20T20:30:21Z

This distribution has been tested as part of the CPAN Testers
project, supporting the Perl programming language.  See
http://wiki.cpantesters.org/ for more information or email
questions to cpan-testers-discuss@perl.org


--
Dear Torsten Schoenfeld,

This is a computer-generated report for Gtk2-1.245
on perl 5.8.8, created by CPAN-Reporter-1.2006.

Thank you for uploading your work to CPAN.  However, there was a problem
testing your distribution.

If you think this report is invalid, please consult the CPAN Testers Wiki
for suggestions on how to avoid getting FAIL reports for missing library
or binary dependencies, unsupported operating systems, and so on:

http://wiki.cpantesters.org/wiki/CPANAuthorNotes

Sections of this report:

    * Tester comments
    * Program output
    * Prerequisites
    * Environment and other context

------------------------------
TESTER COMMENTS
------------------------------

Additional comments from tester:

none provided

------------------------------
PROGRAM OUTPUT
------------------------------

Output from '/usr/bin/make test':

PERL_DL_NONLAZY=1 /usr/bin/perl "-MExtUtils::Command::MM" "-e" "test_harness(0, 'blib/lib', 'blib/arch')" t/*.t
# Testing Gtk2 1.245
#    Running against gtk+ 2.8.10
#   Compiled against gtk+ 2.8.10
#               and pango 1.10.2
t/00.Gtk2.t ........................ ok
t/01.GtkWindow.t ................... ok
t/02.GtkContainer.t ................ ok
t/Gdk.t ............................ ok
t/GdkCairo.t ....................... ok
t/GdkColor.t ....................... ok
t/GdkCursor.t ...................... ok
t/GdkDisplay.t ..................... ok
t/GdkDisplayManager.t .............. ok
t/GdkDnd.t ......................... ok
t/GdkDrawable.t .................... ok
t/GdkEvent.t ....................... ok
t/GdkGC.t .......................... ok
t/GdkImage.t ....................... ok
t/GdkInput.t ....................... ok
t/GdkKeys.t ........................ ok
t/GdkPango.t ....................... ok
t/GdkPixbuf.t ...................... ok
t/GdkPixbufLoader.t ................ ok
t/GdkPixbufSimpleAnim.t ............ ok
t/GdkPixmap.t ...................... ok
t/GdkProperty.t .................... ok
t/GdkRegion.t ...................... ok
t/GdkRgb.t ......................... ok
t/GdkScreen.t ...................... ok
t/GdkSelection.t ................... ok
t/GdkVisual.t ...................... ok
t/GdkWindow.t ...................... 
Failed 23/58 subtests 
	(less 1 skipped subtest: 34 okay)
t/GdkX11.t ......................... ok
t/GtkAboutDialog.t ................. ok
t/GtkAccelGroup.t .................. ok
t/GtkAccelLabel.t .................. ok
t/GtkAccelMap.t .................... ok
t/GtkAction.t ...................... ok
t/GtkActionGroup.t ................. ok
t/GtkActivatable.t ................. skipped: Gtk2::Activatable is new in 2.16
t/GtkAdjustment.t .................. ok
t/GtkAlignment.t ................... ok
t/GtkArrow.t ....................... ok
t/GtkAspectFrame.t ................. ok
t/GtkAssistant.t ................... skipped: GtkAssistant is new in 2.10
t/GtkBin.t ......................... ok
t/GtkBindings.t .................... ok
t/GtkBox.t ......................... ok
t/GtkBuildable.t ................... skipped: GtkBuildable: it appeared in 2.12
t/GtkBuildableIface.t .............. skipped: GtkBuildable appeared in 2.12
t/GtkBuilder.t ..................... skipped: GtkBuildable: it appeared in 2.12
t/GtkButton.t ...................... ok
t/GtkButtonBox.t ................... ok
t/GtkCalendar.t .................... ok
t/GtkCellEditable.t ................ ok
t/GtkCellLayout.t .................. ok
t/GtkCellLayoutIface.t ............. ok
Argument "\x{66}\x{6f}..." isn't numeric in subroutine entry at t/GtkCellRenderer.t line 122.
t/GtkCellRenderer.t ................ ok
t/GtkCellRendererAccel.t ........... skipped: Gtk2::CellRendererAccel is new in 2.10
t/GtkCellRendererCombo.t ........... ok
t/GtkCellRendererIface-Chaining.t .. ok
t/GtkCellRendererPixbuf.t .......... ok
t/GtkCellRendererProgress.t ........ ok
t/GtkCellRendererSpin.t ............ skipped: Gtk2::CellRendererSpin is new in 2.10
t/GtkCellRendererSpinner.t ......... skipped: Gtk2::CellRendererSpinner is new in 2.20
t/GtkCellRendererText.t ............ ok
t/GtkCellRendererToggle.t .......... ok
Gtk-CRITICAL **: gtk_cell_view_set_model: assertion `GTK_IS_TREE_MODEL (model)' failed at t/GtkCellView.t line 44.
t/GtkCellView.t .................... ok
t/GtkCheckButton.t ................. ok
t/GtkCheckMenuItem.t ............... ok
t/GtkClipboard.t ................... ok
t/GtkColorButton.t ................. ok
t/GtkColorSelection.t .............. ok
t/GtkColorSelectionDialog.t ........ ok
t/GtkCombo.t ....................... ok
Gtk-CRITICAL **: gtk_tree_model_get_path: assertion `iter != NULL' failed at t/GtkComboBox.t line 38.
t/GtkComboBox.t .................... ok
t/GtkComboBoxEntry.t ............... ok
t/GtkCurve.t ....................... ok
t/GtkDialog.t ...................... ok
t/GtkDnd.t ......................... ok
t/GtkDrawingArea.t ................. ok
t/GtkEditable.t .................... ok
t/GtkEntry.t ....................... ok
t/GtkEntryBuffer.t ................. skipped: (no reason given)
t/GtkEntryCompletion.t ............. ok
t/GtkEventBox.t .................... ok
t/GtkExpander.t .................... ok
t/GtkFileChooser.t ................. skipped: this test is unreliable
t/GtkFileChooserButton.t ........... ok
t/GtkFileChooserDialog.t ........... ok
t/GtkFileChooserWidget.t ........... ok
t/GtkFileFilter.t .................. ok
t/GtkFileSelection.t ............... ok
t/GtkFixed.t ....................... ok
t/GtkFontButton.t .................. ok
t/GtkFontSelection.t ............... ok
t/GtkFrame.t ....................... ok
t/GtkGammaCurve.t .................. ok
t/GtkGC.t .......................... ok
t/GtkHandleBox.t ................... ok
t/GtkHBox.t ........................ ok
t/GtkHButtonBox.t .................. ok
t/GtkHPaned.t ...................... ok
t/GtkHRuler.t ...................... ok
t/GtkHScale.t ...................... ok
t/GtkHScrollbar.t .................. ok
t/GtkHSeparator.t .................. ok
t/GtkHSV.t ......................... skipped: Gtk2::HSV is new in 2.14
t/GtkIconFactory.t ................. ok
t/GtkIconTheme.t ................... ok
t/GtkIconView.t .................... ok
t/GtkImage.t ....................... ok
t/GtkImageMenuItem.t ............... ok
t/GtkIMContext.t ................... ok
t/GtkInfoBar.t ..................... skipped: (no reason given)
t/GtkInputDialog.t ................. ok
t/GtkInvisible.t ................... ok
t/GtkItemFactory.t ................. ok
t/GtkLabel.t ....................... ok
t/GtkLayout.t ...................... ok
t/GtkLinkButton.t .................. skipped: GtkLinkButton is new in 2.10
t/GtkListStore.t ................... ok
t/GtkMenu.t ........................ ok
t/GtkMenuBar.t ..................... ok
t/GtkMenuItem.t .................... ok
t/GtkMenuShell.t ................... ok
t/GtkMenuToolButton.t .............. ok
t/GtkMessageDialog.t ............... ok
t/GtkMisc.t ........................ ok
t/GtkNotebook.t .................... ok
t/GtkObject.t ...................... ok
t/GtkOffscreenWindow.t ............. skipped: Gtk2::OffscreenWindow is new in 2.20
t/GtkOptionMenu.t .................. ok
t/GtkOrientable.t .................. skipped: GtkOrientable: it appeared in 2.16
t/GtkPageSetup.t ................... skipped: GtkPageSetup is new in 2.10
t/GtkPaned.t ....................... ok
t/GtkPaperSize.t ................... skipped: GtkPaperSize is new in 2.10
t/GtkPrintContext.t ................ skipped: GtkPrintContext is new in 2.10
t/GtkPrintOperation.t .............. skipped: GtkPrintOperation is new in 2.10
t/GtkPrintOperationPreview.t ....... skipped: GtkPrintOperationPreview is new in 2.10
t/GtkPrintSettings.t ............... skipped: GtkPrintSettings: it is new in 2.10
t/GtkProgressBar.t ................. ok
t/GtkRadioAction.t ................. ok
t/GtkRadioButton.t ................. ok
t/GtkRadioMenuItem.t ............... ok
t/GtkRadioToolButton.t ............. ok
t/GtkRange.t ....................... ok
t/GtkRc.t .......................... ok
t/GtkRecentAction.t ................ skipped: GtkRecentAtionc: new in 2.12
t/GtkRecentChooser.t ............... skipped: GtkRecentChooser
t/GtkRecentChooserDialog.t ......... skipped: GtkRecentChooserDialog
t/GtkRecentChooserMenu.t ........... skipped: GtkRecentChooserMenu
t/GtkRecentChooserWidget.t ......... skipped: GtkRecentChooserWidget
t/GtkRecentFilter.t ................ skipped: GtkRecentFilter
t/GtkRecentManager.t ............... skipped: GtkRecentManager is new in 2.10
t/GtkRuler.t ....................... ok
t/GtkScale.t ....................... ok
t/GtkScaleButton.t ................. skipped: GtkScaleButton appeared in 2.12
t/GtkScrolledWindow.t .............. ok
t/GtkSelection.t ................... ok
t/GtkSeparatorMenuItem.t ........... ok
t/GtkSeparatorToolItem.t ........... ok
t/GtkShow.t ........................ skipped: can only test interactively
t/GtkSimpleList.t .................. ok
t/GtkSimpleMenu.t .................. ok
t/GtkSizeGroup.t ................... ok
t/GtkSocket-GtkPlug.t .............. ok
t/GtkSpinButton.t .................. ok
t/GtkSpinner.t ..................... skipped: Gtk2::Spinner is new in 2.20
t/GtkStatusbar.t ................... ok
t/GtkStatusIcon.t .................. skipped: Gtk2::StatusIcon is new in 2.10
t/GtkStock.t ....................... ok
t/GtkStyle.t ....................... ok
t/GtkTable.t ....................... ok
t/GtkTearoffMenuItem.t ............. ok
t/GtkTextBuffer.t .................. ok
t/GtkTextBufferRichText.t .......... skipped: GtkTextBufferRichText is new in 2.10
t/GtkTextChildAnchor.t ............. ok
t/GtkTextIter.t .................... ok
t/GtkTextMark.t .................... ok
t/GtkTextTag.t ..................... ok
t/GtkTextTagTable.t ................ ok
t/GtkTextView.t .................... ok
t/GtkToggleAction.t ................ ok
t/GtkToggleButton.t ................ ok
t/GtkToggleToolButton.t ............ ok
t/GtkToolbar.t ..................... ok
t/GtkToolButton.t .................. ok
t/GtkToolItem.t .................... ok
t/GtkToolItemGroup.t ............... skipped: Gtk2::ToolItemGroup is new in 2.20
t/GtkToolPalette.t ................. skipped: Gtk2::ToolPalette is new in 2.20
t/GtkToolShell.t ................... skipped: GtkToolShell is new in 2.14
t/GtkTooltip.t ..................... skipped: GtkTooltip appeared in 2.12
t/GtkTooltips.t .................... ok
t/GtkTreeDnd.t ..................... ok
t/GtkTreeModel.t ................... ok
t/GtkTreeModelFilter.t ............. ok
t/GtkTreeModelIface.t .............. ok
t/GtkTreeModelSort.t ............... ok
t/GtkTreeSelection.t ............... ok
t/GtkTreeSortable.t ................ ok
t/GtkTreeStore.t ................... ok
t/GtkTreeView-Dnd.t ................ skipped: this test is interactive
t/GtkTreeView.t .................... ok
t/GtkUIManager.t ................... ok
t/GtkVBox.t ........................ ok
t/GtkVButtonBox.t .................. ok
t/GtkViewport.t .................... ok
t/GtkVolumeButton.t ................ skipped: GtkVolumeButton appeared in 2.12
t/GtkVPaned.t ...................... ok
t/GtkVRuler.t ...................... ok
t/GtkVScale.t ...................... ok
t/GtkVScrollbar.t .................. ok
t/GtkVSeparator.t .................. ok
t/GtkWidget.t ...................... ok
t/pango-compat.t ................... ok
t/PangoAttributes.t ................ ok
t/PangoCairo.t ..................... ok
t/PangoContext.t ................... ok
t/PangoFont.t ...................... ok
t/PangoFontMap.t ................... ok
t/PangoFontset.t ................... ok
t/PangoGravity.t ................... ok
t/PangoLayout.t .................... ok
t/PangoMatrix.t .................... ok
t/PangoRenderer.t .................. ok
t/PangoScript.t .................... ok
t/PangoTabs.t ...................... ok
t/PangoTypes.t ..................... ok
t/set-scroll-adjustments-signal.t .. ok
t/signal-chaining.t ................ ok
t/tied-objects.t ................... ok
t/version-checks.t ................. ok

Test Summary Report
-------------------
t/GdkWindow.t                    (Wstat: 11 Tests: 35 Failed: 0)
  Non-zero wait status: 11
  Parse errors: Bad plan.  You planned 58 tests but ran 35.
Files=229, Tests=4487, 46 wallclock secs ( 1.41 usr  0.22 sys + 31.15 cusr  3.22 csys = 36.00 CPU)
Result: FAIL
Failed 1/229 test programs. 0/4487 subtests failed.
make: *** [test_dynamic] Error 255

------------------------------
PREREQUISITES
------------------------------

Prerequisite modules loaded:

requires:

    Module              Need  Have 
    ------------------- ----- -----
    Cairo               1.000 1.101
    ExtUtils::Depends   0.300 0.304
    ExtUtils::PkgConfig 1.030 1.13 
    Glib                1.240 1.262
    Pango               1.220 1.223

build_requires:

    Module              Need  Have 
    ------------------- ----- -----
    ExtUtils::MakeMaker 0     6.62 

configure_requires:

    Module              Need  Have 
    ------------------- ----- -----
    Cairo               1.000 1.101
    ExtUtils::Depends   0.300 0.304
    ExtUtils::MakeMaker 0     6.62 
    ExtUtils::PkgConfig 1.030 1.13 
    Glib                1.240 1.262
    Pango               1.220 1.223


------------------------------
ENVIRONMENT AND OTHER CONTEXT
------------------------------

Environment variables:

    LANG = POSIX
    LC_CTYPE = en_US.UTF-8
    PATH = /sbin:/usr/sbin:/usr/local/sbin:/opt/kde3/sbin:/opt/gnome/sbin:/usr/local/bin:/usr/bin:/usr/X11R6/bin:/bin:/usr/games:/opt/gnome/bin:/opt/kde3/bin:/usr/lib/mit/bin:/usr/lib/mit/sbin:/usr/lib/qt3/bin
    PERL5LIB = 
    PERL5OPT = 
    PERL5_CPANPLUS_IS_RUNNING = 9806
    PERL5_CPAN_IS_RUNNING = 9806
    PERL_LWP_SSL_VERIFY_HOSTNAME = 0
    SHELL = /bin/bash
    TERM = xterm
    TMPDIR = /tmp

Perl special variables (and OS-specific diagnostics, for MSWin32):

    $^X = /usr/bin/perl
    $UID/$EUID = 0 / 0
    $GID = 0 0
    $EGID = 0 0

Perl module toolchain versions installed:

    Module              Have    
    ------------------- --------
    CPAN                1.9800  
    CPAN::Meta          2.120921
    Cwd                 3.33    
    ExtUtils::CBuilder  0.280205
    ExtUtils::Command   1.17    
    ExtUtils::Install   1.54    
    ExtUtils::MakeMaker 6.62    
    ExtUtils::Manifest  1.60    
    ExtUtils::ParseXS   3.15    
    File::Spec          3.33    
    JSON                2.53    
    JSON::PP            2.27200 
    Module::Build       0.4003  
    Module::Signature   0.68    
    Parse::CPAN::Meta   1.4404  
    Test::Harness       3.25    
    Test::More          0.98    
    YAML                0.84    
    YAML::Syck          1.21    
    version             0.9901  


--

Summary of my perl5 (revision 5 version 8 subversion 8) configuration:
  Platform:
    osname=linux, osvers=2.6.16, archname=i586-linux-thread-multi
    uname='linux balfe 2.6.16 #68 smp preempt tue oct 9 10:06:41 cest 2007 i686 athlon i386 gnulinux '
    config_args='-ds -e -Dprefix=/usr -Dvendorprefix=/usr -Dinstallusrbinperl -Dusethreads -Di_db -Di_dbm -Di_ndbm -Di_gdbm -Duseshrplib=true -Doptimize=-O2 -march=i586 -mtune=i686 -fmessage-length=0 -Wall -D_FORTIFY_SOURCE=2 -g -Wall -pipe'
    hint=recommended, useposix=true, d_sigaction=define
    usethreads=define use5005threads=undef useithreads=define usemultiplicity=define
    useperlio=define d_sfio=undef uselargefiles=define usesocks=undef
    use64bitint=undef use64bitall=undef uselongdouble=undef
    usemymalloc=n, bincompat5005=undef
  Compiler:
    cc='cc', ccflags ='-D_REENTRANT -D_GNU_SOURCE -DTHREADS_HAVE_PIDS -DDEBUGGING -fno-strict-aliasing -pipe -Wdeclaration-after-statement -D_LARGEFILE_SOURCE -D_FILE_OFFSET_BITS=64',
    optimize='-O2 -march=i586 -mtune=i686 -fmessage-length=0 -Wall -D_FORTIFY_SOURCE=2 -g -Wall -pipe',
    cppflags='-D_REENTRANT -D_GNU_SOURCE -DTHREADS_HAVE_PIDS -DDEBUGGING -fno-strict-aliasing -pipe -Wdeclaration-after-statement'
    ccversion='', gccversion='4.1.2 20070115 (prerelease) (SUSE Linux)', gccosandvers=''
    intsize=4, longsize=4, ptrsize=4, doublesize=8, byteorder=1234
    d_longlong=define, longlongsize=8, d_longdbl=define, longdblsize=12
    ivtype='long', ivsize=4, nvtype='double', nvsize=8, Off_t='off_t', lseeksize=8
    alignbytes=4, prototype=define
  Linker and Libraries:
    ld='cc', ldflags =''
    libpth=/lib /usr/lib /usr/local/lib
    libs=-lnsl -ldl -lm -lcrypt -lutil -lpthread -lc
    perllibs=-lnsl -ldl -lm -lcrypt -lutil -lpthread -lc
    libc=/lib/libc-2.4.so, so=so, useshrplib=true, libperl=libperl.so
    gnulibc_version='2.4'
  Dynamic Linking:
    dlsrc=dl_dlopen.xs, dlext=so, d_dlsymun=undef, ccdlflags='-Wl,-E -Wl,-rpath,/usr/lib/perl5/5.8.8/i586-linux-thread-multi/CORE'
    cccdlflags='-fPIC', lddlflags='-shared'


Characteristics of this binary (from libperl): 
  Compile-time options: DEBUGGING MULTIPLICITY PERL_IMPLICIT_CONTEXT
                        PERL_MALLOC_WRAP THREADS_HAVE_PIDS USE_ITHREADS
                        USE_LARGE_FILES USE_PERLIO USE_REENTRANT_API
  Built under linux
  Compiled at Nov  9 2007 13:30:10
  %ENV:
    PERL5LIB=""
    PERL5OPT=""
    PERL5_CPANPLUS_IS_RUNNING="9806"
    PERL5_CPAN_IS_RUNNING="9806"
    PERL_LWP_SSL_VERIFY_HOSTNAME="0"
  @INC:
    /usr/lib/perl5/5.8.8/i586-linux-thread-multi
    /usr/lib/perl5/5.8.8
    /usr/lib/perl5/site_perl/5.8.8/i586-linux-thread-multi
    /usr/lib/perl5/site_perl/5.8.8
    /usr/lib/perl5/site_perl
    /usr/lib/perl5/vendor_perl/5.8.8/i586-linux-thread-multi
    /usr/lib/perl5/vendor_perl/5.8.8
    /usr/lib/perl5/vendor_perl
    .