HTTP-Command-Wrapper v0.08 Perl 5 v5.8.9 x86_64-linux

Status
Fail
From
Andreas J. König (ANDK)
Dist
HTTP-Command-Wrapper v0.08
Platform
Perl 5 v5.8.9 x86_64-linux
Date
2017-12-05 12:15:23
ID
f85b4cc8-d9b5-11e7-a9f8-f9503af7396f
This distribution has been tested as part of the CPAN Testers
project, supporting the Perl programming language.  See
http://wiki.cpantesters.org/ for more information or email
questions to cpan-testers-discuss@perl.org


--
Dear Pine Mizune,

This is a computer-generated report for HTTP-Command-Wrapper-0.08
on perl 5.8.9, created by CPAN-Reporter-1.2018.

Thank you for uploading your work to CPAN.  However, there was a problem
testing your distribution.

If you think this report is invalid, please consult the CPAN Testers Wiki
for suggestions on how to avoid getting FAIL reports for missing library
or binary dependencies, unsupported operating systems, and so on:

http://wiki.cpantesters.org/wiki/CPANAuthorNotes

Sections of this report:

    * Tester comments
    * Program output
    * Prerequisites
    * Environment and other context

------------------------------
TESTER COMMENTS
------------------------------

Additional comments from tester:

this report is from an automated smoke testing program
and was not reviewed by a human for accuracy

------------------------------
PROGRAM OUTPUT
------------------------------

Output from './Build test':

t/00_compile.t ............................ ok
t/http/command/wrapper/_detect_type.t ..... ok
t/http/command/wrapper/_which.t ........... ok
t/http/command/wrapper/create.t ........... ok
t/http/command/wrapper/curl/_build.t ...... ok
t/http/command/wrapper/curl/_headers.t .... ok
Subroutine File::Slurp::O_CREAT redefined at /home/sand/src/perl/repoperls/installed-perls/host/k93msid/perl-5.8.9/89ad/lib/site_perl/5.8.9/File/Slurp.pm line 84.
Subroutine File::Slurp::O_EXCL redefined at /home/sand/src/perl/repoperls/installed-perls/host/k93msid/perl-5.8.9/89ad/lib/site_perl/5.8.9/File/Slurp.pm line 85.
  % Total    % Received % Xferd  Average Speed   Time    Time     Time  Current
                                 Dload  Upload   Total   Spent    Left  Speed

  0     0    0     0    0     0      0      0 --:--:-- --:--:-- --:--:--     0
100     5  100     5    0     0      5      0  0:00:01 --:--:--  0:00:01   128
t/http/command/wrapper/curl/download.t .... ok
t/http/command/wrapper/curl/fetch.t ....... ok
t/http/command/wrapper/curl/fetch_able.t .. ok
t/http/command/wrapper/wget/_build.t ...... ok
t/http/command/wrapper/wget/_headers.t .... ok
Subroutine File::Slurp::O_CREAT redefined at /home/sand/src/perl/repoperls/installed-perls/host/k93msid/perl-5.8.9/89ad/lib/site_perl/5.8.9/File/Slurp.pm line 84.
Subroutine File::Slurp::O_EXCL redefined at /home/sand/src/perl/repoperls/installed-perls/host/k93msid/perl-5.8.9/89ad/lib/site_perl/5.8.9/File/Slurp.pm line 85.

Redirecting output to ‘wget-log’.
t/http/command/wrapper/wget/download.t .... ok

Redirecting output to ‘wget-log.1’.
t/http/command/wrapper/wget/fetch.t ....... ok

    #   Failed test at t/http/command/wrapper/wget/fetch_able.t line 30.
    # Looks like you failed 1 test of 2.

#   Failed test 'basic'
#   at t/http/command/wrapper/wget/fetch_able.t line 33.
# Looks like you failed 1 test of 2.
t/http/command/wrapper/wget/fetch_able.t .. 
Dubious, test returned 1 (wstat 256, 0x100)
Failed 1/2 subtests 

Test Summary Report
-------------------
t/http/command/wrapper/wget/fetch_able.t (Wstat: 256 Tests: 2 Failed: 1)
  Failed test:  2
  Non-zero exit status: 1
Files=14, Tests=31, 13 wallclock secs ( 0.05 usr  0.13 sys +  1.37 cusr  0.81 csys =  2.36 CPU)
Result: FAIL

------------------------------
PREREQUISITES
------------------------------

Prerequisite modules loaded:

requires:

    Module                Need     Have    
    --------------------- -------- --------
    File::Which           1.19     1.22    
    perl                  5.008008 5.008009

build_requires:

    Module                Need     Have    
    --------------------- -------- --------
    Capture::Tiny         0.30     0.46    
    Data::Section::Simple 0.07     0.07    
    File::Slurp           9999.19  9999.19 
    File::Temp            0.2304   0.2304  
    Module::Find          0.13     0.13    
    Perl::Critic          1.126    1.130   
    Plack                 1.0037   1.0044  
    Sys::Info             0.78     0.78    
    Test::Deep            1.120    1.127   
    Test::Exception       0.40     0.43    
    Test::Mock::Guard     0.10     0.10    
    Test::More            0.98     1.302120
    Test::Perl::Critic    1.03     1.03    
    Test::TCP             2.12     2.19    

configure_requires:

    Module                Need     Have    
    --------------------- -------- --------
    Module::Build::Tiny   0.035    0.039   


------------------------------
ENVIRONMENT AND OTHER CONTEXT
------------------------------

Environment variables:

    AUTOMATED_TESTING = 1
    LANG = en_US.UTF-8
    PATH = /home/sand/bin:/usr/local/bin:/usr/bin:/bin:/usr/games:/usr/local/perl/bin:/usr/X11/bin:/sbin:/usr/sbin
    PERL5LIB = /tmp/loop_over_bdir-14771-AmhUJC/Test-Mock-Guard-0.10-0/blib/arch:/tmp/loop_over_bdir-14771-AmhUJC/Test-Mock-Guard-0.10-0/blib/lib:/tmp/loop_over_bdir-14771-AmhUJC/Sys-Info-0.78-0/blib/arch:/tmp/loop_over_bdir-14771-AmhUJC/Sys-Info-0.78-0/blib/lib:/tmp/loop_over_bdir-14771-AmhUJC/Sys-Info-Driver-Linux-0.7903-0/blib/arch:/tmp/loop_over_bdir-14771-AmhUJC/Sys-Info-Driver-Linux-0.7903-0/blib/lib:/tmp/loop_over_bdir-14771-AmhUJC/Unix-Processors-2.046-0/blib/arch:/tmp/loop_over_bdir-14771-AmhUJC/Unix-Processors-2.046-0/blib/lib:/tmp/loop_over_bdir-14771-AmhUJC/Test-Sys-Info-0.21-0/blib/arch:/tmp/loop_over_bdir-14771-AmhUJC/Test-Sys-Info-0.21-0/blib/lib:/tmp/loop_over_bdir-14771-AmhUJC/Sys-Info-Base-0.7804-0/blib/arch:/tmp/loop_over_bdir-14771-AmhUJC/Sys-Info-Base-0.7804-0/blib/lib:/tmp/loop_over_bdir-14771-AmhUJC/Data-Section-Simple-0.07-0/blib/arch:/tmp/loop_over_bdir-14771-AmhUJC/Data-Section-Simple-0.07-0/blib/lib
    PERL5OPT = 
    PERL5_CPANPLUS_IS_RUNNING = 14804
    PERL5_CPAN_IS_RUNNING = 14804
    PERL5_CPAN_IS_RUNNING_IN_RECURSION = 8141,14804
    PERL_CANARY_STABILITY_NOPROMPT = 1
    PERL_MM_USE_DEFAULT = 1
    PERL_USE_UNSAFE_INC = 1
    SHELL = /usr/bin/zsh
    TERM = screen

Perl special variables (and OS-specific diagnostics, for MSWin32):

    $^X = /home/sand/src/perl/repoperls/installed-perls/host/k93msid/perl-5.8.9/89ad/bin/perl
    $UID/$EUID = 1005 / 1005
    $GID = 1005 1005
    $EGID = 1005 1005

Perl module toolchain versions installed:

    Module              Have    
    ------------------- --------
    CPAN                2.19    
    CPAN::Meta          2.150010
    Cwd                 3.62    
    ExtUtils::CBuilder  0.280230
    ExtUtils::Command   7.31_05 
    ExtUtils::Install   2.06    
    ExtUtils::MakeMaker 7.31_05 
    ExtUtils::Manifest  1.70    
    ExtUtils::ParseXS   3.35    
    File::Spec          3.62    
    JSON                2.94    
    JSON::PP            2.94    
    Module::Build       0.4224  
    Module::Signature   0.81    
    Parse::CPAN::Meta   2.150010
    Test::Harness       3.39    
    Test::More          1.302120
    YAML                1.24    
    YAML::Syck          1.30    
    version             0.9918  


--

Summary of my perl5 (revision 5 version 8 subversion 9) configuration:
  Platform:
    osname=linux, osvers=4.12.0-2-amd64, archname=x86_64-linux
    uname='linux k93msid 4.12.0-2-amd64 #1 smp debian 4.12.13-1 (2017-09-19) x86_64 gnulinux '
    config_args='-Dprefix=/home/sand/src/perl/repoperls/installed-perls/host/k93msid/perl-5.8.9/89ad -Dmyhostname=k93msid -Dinstallusrbinperl=n -Uversiononly -Dusedevel -des -Ui_db -Dlibswanted=cl pthread socket inet nsl gdbm dbm malloc dl ld sun m crypt sec util c cposix posix ucb BSD gdbm_compat -Uuseithreads -Uuselongdouble -DDEBUGGING=-g'
    hint=recommended, useposix=true, d_sigaction=define
    usethreads=undef use5005threads=undef useithreads=undef usemultiplicity=undef
    useperlio=define d_sfio=undef uselargefiles=define usesocks=undef
    use64bitint=define use64bitall=define uselongdouble=undef
    usemymalloc=n, bincompat5005=undef
  Compiler:
    cc='cc', ccflags ='-fno-strict-aliasing -pipe -I/usr/local/include -D_LARGEFILE_SOURCE -D_FILE_OFFSET_BITS=64',
    optimize='-O2 -g',
    cppflags='-fno-strict-aliasing -pipe -I/usr/local/include'
    ccversion='', gccversion='7.2.0', gccosandvers=''
    intsize=4, longsize=8, ptrsize=8, doublesize=8, byteorder=12345678
    d_longlong=define, longlongsize=8, d_longdbl=define, longdblsize=16
    ivtype='long', ivsize=8, nvtype='double', nvsize=8, Off_t='off_t', lseeksize=8
    alignbytes=8, prototype=define
  Linker and Libraries:
    ld='cc', ldflags =' -L/usr/local/lib'
    libpth=/usr/local/lib /lib/x86_64-linux-gnu /lib/../lib /usr/lib/x86_64-linux-gnu /usr/lib/../lib /lib /usr/lib
    libs=-lpthread -lnsl -ldl -lm -lcrypt -lutil -lc
    perllibs=-lpthread -lnsl -ldl -lm -lcrypt -lutil -lc
    libc=libc-2.24.so, so=so, useshrplib=false, libperl=libperl.a
    gnulibc_version='2.24'
  Dynamic Linking:
    dlsrc=dl_dlopen.xs, dlext=so, d_dlsymun=undef, ccdlflags='-Wl,-E'
    cccdlflags='-fPIC', lddlflags='-shared -O2 -g -L/usr/local/lib'


Characteristics of this binary (from libperl): 
  Compile-time options: PERL_MALLOC_WRAP USE_64_BIT_ALL USE_64_BIT_INT
                        USE_FAST_STDIO USE_LARGE_FILES USE_PERLIO
  Built under linux
  Compiled at Oct  3 2017 21:29:46
  %ENV:
    PERL5LIB="/tmp/loop_over_bdir-14771-AmhUJC/Test-Mock-Guard-0.10-0/blib/arch:/tmp/loop_over_bdir-14771-AmhUJC/Test-Mock-Guard-0.10-0/blib/lib:/tmp/loop_over_bdir-14771-AmhUJC/Sys-Info-0.78-0/blib/arch:/tmp/loop_over_bdir-14771-AmhUJC/Sys-Info-0.78-0/blib/lib:/tmp/loop_over_bdir-14771-AmhUJC/Sys-Info-Driver-Linux-0.7903-0/blib/arch:/tmp/loop_over_bdir-14771-AmhUJC/Sys-Info-Driver-Linux-0.7903-0/blib/lib:/tmp/loop_over_bdir-14771-AmhUJC/Unix-Processors-2.046-0/blib/arch:/tmp/loop_over_bdir-14771-AmhUJC/Unix-Processors-2.046-0/blib/lib:/tmp/loop_over_bdir-14771-AmhUJC/Test-Sys-Info-0.21-0/blib/arch:/tmp/loop_over_bdir-14771-AmhUJC/Test-Sys-Info-0.21-0/blib/lib:/tmp/loop_over_bdir-14771-AmhUJC/Sys-Info-Base-0.7804-0/blib/arch:/tmp/loop_over_bdir-14771-AmhUJC/Sys-Info-Base-0.7804-0/blib/lib:/tmp/loop_over_bdir-14771-AmhUJC/Data-Section-Simple-0.07-0/blib/arch:/tmp/loop_over_bdir-14771-AmhUJC/Data-Section-Simple-0.07-0/blib/lib"
    PERL5OPT=""
    PERL5_CPANPLUS_IS_RUNNING="14804"
    PERL5_CPAN_IS_RUNNING="14804"
    PERL5_CPAN_IS_RUNNING_IN_RECURSION="8141,14804"
    PERL_CANARY_STABILITY_NOPROMPT="1"
    PERL_MM_USE_DEFAULT="1"
    PERL_USE_UNSAFE_INC="1"
  @INC:
    /tmp/loop_over_bdir-14771-AmhUJC/Test-Mock-Guard-0.10-0/blib/arch
    /tmp/loop_over_bdir-14771-AmhUJC/Test-Mock-Guard-0.10-0/blib/lib
    /tmp/loop_over_bdir-14771-AmhUJC/Sys-Info-0.78-0/blib/arch
    /tmp/loop_over_bdir-14771-AmhUJC/Sys-Info-0.78-0/blib/lib
    /tmp/loop_over_bdir-14771-AmhUJC/Sys-Info-Driver-Linux-0.7903-0/blib/arch
    /tmp/loop_over_bdir-14771-AmhUJC/Sys-Info-Driver-Linux-0.7903-0/blib/lib
    /tmp/loop_over_bdir-14771-AmhUJC/Unix-Processors-2.046-0/blib/arch
    /tmp/loop_over_bdir-14771-AmhUJC/Unix-Processors-2.046-0/blib/lib
    /tmp/loop_over_bdir-14771-AmhUJC/Test-Sys-Info-0.21-0/blib/arch
    /tmp/loop_over_bdir-14771-AmhUJC/Test-Sys-Info-0.21-0/blib/lib
    /tmp/loop_over_bdir-14771-AmhUJC/Sys-Info-Base-0.7804-0/blib/arch
    /tmp/loop_over_bdir-14771-AmhUJC/Sys-Info-Base-0.7804-0/blib/lib
    /tmp/loop_over_bdir-14771-AmhUJC/Data-Section-Simple-0.07-0/blib/arch
    /tmp/loop_over_bdir-14771-AmhUJC/Data-Section-Simple-0.07-0/blib/lib
    /home/sand/src/perl/repoperls/installed-perls/host/k93msid/perl-5.8.9/89ad/lib/5.8.9/x86_64-linux
    /home/sand/src/perl/repoperls/installed-perls/host/k93msid/perl-5.8.9/89ad/lib/5.8.9
    /home/sand/src/perl/repoperls/installed-perls/host/k93msid/perl-5.8.9/89ad/lib/site_perl/5.8.9/x86_64-linux
    /home/sand/src/perl/repoperls/installed-perls/host/k93msid/perl-5.8.9/89ad/lib/site_perl/5.8.9
    .