Report for Data-Model-0.00008

Back
From: metabase:user:320bfe00-2aae-11df-837a-5e0a49663a4f
Subject: FAIL Data-Model-0.00008 v5.23.7 GNU/Linux
Date: 2016-01-11T04:29:57Z

This distribution has been tested as part of the CPAN Testers
project, supporting the Perl programming language.  See
http://wiki.cpantesters.org/ for more information or email
questions to cpan-testers-discuss@perl.org


--
Dear Kazuhiro Osawa,

This is a computer-generated report for Data-Model-0.00008
on perl 5.23.7, created by CPAN-Reporter-1.2015.

Thank you for uploading your work to CPAN.  However, there was a problem
testing your distribution.

If you think this report is invalid, please consult the CPAN Testers Wiki
for suggestions on how to avoid getting FAIL reports for missing library
or binary dependencies, unsupported operating systems, and so on:

http://wiki.cpantesters.org/wiki/CPANAuthorNotes

Sections of this report:

    * Tester comments
    * Program output
    * Prerequisites
    * Environment and other context

------------------------------
TESTER COMMENTS
------------------------------

Additional comments from tester:

this report is from an automated smoke testing program
and was not reviewed by a human for accuracy

------------------------------
PROGRAM OUTPUT
------------------------------

Output from './Build test':

t/00_compile.t ...................................................................................... ok
t/010_core/add_method.t ............................................................................. ok
t/010_core/iterator.t ............................................................................... ok
t/010_core/set_base_driver.t ........................................................................ ok
Redundant argument in sprintf at /tmp/loop_over_bdir-17132-7viVZn/Data-Model-0.00008-F_NFW2/blib/lib/Data/Model/SQL.pm line 172.
t/010_core/sql.t .................................................................................... ok
t/010_core/validate_column_options-pp.t ............................................................. ok
t/010_core/validate_column_options.t ................................................................ ok
t/010_core/validate_query_param-pp.t ................................................................ ok
t/010_core/validate_query_param.t ................................................................... ok
t/020_mock/cache-driver-memcached.t ................................................................. skipped: Set TEST_MEMCACHED_ADDRESS or TEST_MEMCACHED_BIN environment variable to run this test
t/020_mock/create-mysql-sql.t ....................................................................... skipped: Set TEST_MYSQL environment variable to run this test
t/020_mock/create-sql.t ............................................................................. ok
t/020_mock/dbi-mysql-OnDuplicateKeyUpdate.t ......................................................... skipped: Set TEST_MYSQL environment variable to run this test
t/020_mock/dbi-mysql/alias_column-suger-rename.t .................................................... skipped: Set TEST_MYSQL environment variable to run this test
t/020_mock/dbi-mysql/alias_column-suger.t ........................................................... skipped: Set TEST_MYSQL environment variable to run this test
t/020_mock/dbi-mysql/alias_column.t ................................................................. skipped: Set TEST_MYSQL environment variable to run this test
t/020_mock/dbi-mysql/basic.t ........................................................................ skipped: Set TEST_MYSQL environment variable to run this test
t/020_mock/dbi-mysql/bigint.t ....................................................................... skipped: Set TEST_MYSQL environment variable to run this test
t/020_mock/dbi-mysql/binary.t ....................................................................... skipped: Set TEST_MYSQL environment variable to run this test
t/020_mock/dbi-mysql/cache-alias_column-suger-rename.t .............................................. skipped: Set TEST_MYSQL environment variable to run this test
t/020_mock/dbi-mysql/cache-alias_column-suger.t ..................................................... skipped: Set TEST_MYSQL environment variable to run this test
t/020_mock/dbi-mysql/cache-alias_column.t ........................................................... skipped: Set TEST_MYSQL environment variable to run this test
t/020_mock/dbi-mysql/cache-basic.t .................................................................. skipped: Set TEST_MYSQL environment variable to run this test
t/020_mock/dbi-mysql/cache-bigint.t ................................................................. skipped: Set TEST_MYSQL environment variable to run this test
t/020_mock/dbi-mysql/cache-binary.t ................................................................. skipped: Set TEST_MYSQL environment variable to run this test
t/020_mock/dbi-mysql/cache-default.t ................................................................ skipped: Set TEST_MYSQL environment variable to run this test
t/020_mock/dbi-mysql/cache-for_cache.t .............................................................. skipped: Set TEST_MYSQL environment variable to run this test
t/020_mock/dbi-mysql/cache-index.t .................................................................. skipped: Set TEST_MYSQL environment variable to run this test
t/020_mock/dbi-mysql/cache-inflate.t ................................................................ skipped: Set TEST_MYSQL environment variable to run this test
t/020_mock/dbi-mysql/cache-inflate_column-suger.t ................................................... skipped: Set TEST_MYSQL environment variable to run this test
t/020_mock/dbi-mysql/cache-iterator.t ............................................................... skipped: Set TEST_MYSQL environment variable to run this test
t/020_mock/dbi-mysql/cache-memcached-alias_column-suger-rename.t .................................... skipped: Set TEST_MYSQL environment variable to run this test
t/020_mock/dbi-mysql/cache-memcached-alias_column-suger.t ........................................... skipped: Set TEST_MYSQL environment variable to run this test
t/020_mock/dbi-mysql/cache-memcached-alias_column.t ................................................. skipped: Set TEST_MYSQL environment variable to run this test
t/020_mock/dbi-mysql/cache-memcached-basic.t ........................................................ skipped: Set TEST_MYSQL environment variable to run this test
t/020_mock/dbi-mysql/cache-memcached-bigint.t ....................................................... skipped: Set TEST_MYSQL environment variable to run this test
t/020_mock/dbi-mysql/cache-memcached-binary.t ....................................................... skipped: Set TEST_MYSQL environment variable to run this test
t/020_mock/dbi-mysql/cache-memcached-default.t ...................................................... skipped: Set TEST_MYSQL environment variable to run this test
t/020_mock/dbi-mysql/cache-memcached-for_cache.t .................................................... skipped: Set TEST_MYSQL environment variable to run this test
t/020_mock/dbi-mysql/cache-memcached-index.t ........................................................ skipped: Set TEST_MYSQL environment variable to run this test
t/020_mock/dbi-mysql/cache-memcached-inflate.t ...................................................... skipped: Set TEST_MYSQL environment variable to run this test
t/020_mock/dbi-mysql/cache-memcached-inflate_column-suger.t ......................................... skipped: Set TEST_MYSQL environment variable to run this test
t/020_mock/dbi-mysql/cache-memcached-iterator.t ..................................................... skipped: Set TEST_MYSQL environment variable to run this test
t/020_mock/dbi-mysql/cache-memcached-no_key.t ....................................................... skipped: Set TEST_MYSQL environment variable to run this test
t/020_mock/dbi-mysql/cache-memcached-transaction.t .................................................. skipped: Set TEST_MYSQL environment variable to run this test
t/020_mock/dbi-mysql/cache-no_key.t ................................................................. skipped: Set TEST_MYSQL environment variable to run this test
t/020_mock/dbi-mysql/cache-transaction.t ............................................................ skipped: Set TEST_MYSQL environment variable to run this test
t/020_mock/dbi-mysql/default.t ...................................................................... skipped: Set TEST_MYSQL environment variable to run this test
t/020_mock/dbi-mysql/for_cache.t .................................................................... skipped: Set TEST_MYSQL environment variable to run this test
t/020_mock/dbi-mysql/index.t ........................................................................ skipped: Set TEST_MYSQL environment variable to run this test
t/020_mock/dbi-mysql/inflate.t ...................................................................... skipped: Set TEST_MYSQL environment variable to run this test
t/020_mock/dbi-mysql/inflate_column-suger.t ......................................................... skipped: Set TEST_MYSQL environment variable to run this test
t/020_mock/dbi-mysql/iterator.t ..................................................................... skipped: Set TEST_MYSQL environment variable to run this test
t/020_mock/dbi-mysql/no_key.t ....................................................................... skipped: Set TEST_MYSQL environment variable to run this test
t/020_mock/dbi-mysql/transaction.t .................................................................. skipped: Set TEST_MYSQL environment variable to run this test
t/020_mock/dbi/alias_column-suger-rename.t .......................................................... ok
t/020_mock/dbi/alias_column-suger.t ................................................................. ok
t/020_mock/dbi/alias_column.t ....................................................................... ok
t/020_mock/dbi/basic.t .............................................................................. ok
t/020_mock/dbi/bigint.t ............................................................................. ok
t/020_mock/dbi/binary.t ............................................................................. ok
t/020_mock/dbi/cache-alias_column-suger-rename.t .................................................... ok
t/020_mock/dbi/cache-alias_column-suger.t ........................................................... ok
t/020_mock/dbi/cache-alias_column.t ................................................................. ok
t/020_mock/dbi/cache-basic.t ........................................................................ ok
t/020_mock/dbi/cache-bigint.t ....................................................................... ok
t/020_mock/dbi/cache-binary.t ....................................................................... ok
t/020_mock/dbi/cache-default.t ...................................................................... ok
t/020_mock/dbi/cache-for_cache.t .................................................................... ok

#   Failed test 't 09 duped primary key'
#   at t/lib/Mock/Tests/Index.pm line 210.
#   (in Mock::Tests::Index->t_09_duped_primary_key)
#                   '    **** { Data::Model::Driver::DBI 's Exception ****
# Reason : DBD::SQLite::st execute failed: UNIQUE constraint failed: multi_keys.key1, multi_keys.key2, multi_keys.key3 at /tmp/loop_over_bdir-17132-7viVZn/Data-Model-0.00008-F_NFW2/blib/lib/Data/Model/Driver/DBI.pm line 323.
# 
# SQL     : INSERT INTO multi_keys
#           (key3, key1, key2)
#           VALUES (?, ?, ?)
#           
#     **** BINDS DUMP ****
# $VAR1 = [
#           [
#             'key3',
#             'c001'
#           ],
#           [
#             'key1',
#             'a001'
#           ],
#           [
#             'key2',
#             'b001'
#           ]
#         ];
# 
#     **** Data::Model::Driver::DBI 's Exception } ****
#  at t/lib/Mock/Tests/Index.pm line 209.
# '
#     doesn't match '(?^:(?:columns key1, key2, key3 are not unique|not unique columns|Duplicate entry 'a001-b001-c001' for key 'PRIMARY'))'

#   Failed test 't 09 duped unique'
#   at t/lib/Mock/Tests/Index.pm line 215.
#   (in Mock::Tests::Index->t_09_duped_unique)
#                   '    **** { Data::Model::Driver::DBI 's Exception ****
# Reason : DBD::SQLite::st execute failed: UNIQUE constraint failed: multi_unique.unq1, multi_unique.unq2, multi_unique.unq3 at /tmp/loop_over_bdir-17132-7viVZn/Data-Model-0.00008-F_NFW2/blib/lib/Data/Model/Driver/DBI.pm line 323.
# 
# SQL     : INSERT INTO multi_unique
#           (unq1, unq2, unq3)
#           VALUES (?, ?, ?)
#           
#     **** BINDS DUMP ****
# $VAR1 = [
#           [
#             'unq1',
#             'a001'
#           ],
#           [
#             'unq2',
#             'b001'
#           ],
#           [
#             'unq3',
#             'c001'
#           ]
#         ];
# 
#     **** Data::Model::Driver::DBI 's Exception } ****
#  at t/lib/Mock/Tests/Index.pm line 214.
# '
#     doesn't match '(?^:(?:columns unq1, unq2, unq3|not unique columns|Duplicate entry 'a001-b001-c001' for key 'unq'))'
# Looks like you failed 2 tests of 160.
t/020_mock/dbi/cache-index.t ........................................................................ 
Dubious, test returned 2 (wstat 512, 0x200)
Failed 2/160 subtests 
t/020_mock/dbi/cache-inflate.t ...................................................................... ok
t/020_mock/dbi/cache-inflate_column-suger.t ......................................................... ok
t/020_mock/dbi/cache-iterator.t ..................................................................... ok
t/020_mock/dbi/cache-memcached-alias_column-suger-rename.t .......................................... skipped: Set TEST_MEMCACHED_BIN environment variable to run this test
t/020_mock/dbi/cache-memcached-alias_column-suger.t ................................................. skipped: Set TEST_MEMCACHED_BIN environment variable to run this test
t/020_mock/dbi/cache-memcached-alias_column.t ....................................................... skipped: Set TEST_MEMCACHED_BIN environment variable to run this test
t/020_mock/dbi/cache-memcached-basic.t .............................................................. skipped: Set TEST_MEMCACHED_BIN environment variable to run this test
t/020_mock/dbi/cache-memcached-bigint.t ............................................................. skipped: Set TEST_MEMCACHED_BIN environment variable to run this test
t/020_mock/dbi/cache-memcached-binary.t ............................................................. skipped: Set TEST_MEMCACHED_BIN environment variable to run this test
t/020_mock/dbi/cache-memcached-default.t ............................................................ skipped: Set TEST_MEMCACHED_BIN environment variable to run this test
t/020_mock/dbi/cache-memcached-for_cache.t .......................................................... skipped: Set TEST_MEMCACHED_BIN environment variable to run this test
t/020_mock/dbi/cache-memcached-index.t .............................................................. skipped: Set TEST_MEMCACHED_BIN environment variable to run this test
t/020_mock/dbi/cache-memcached-inflate.t ............................................................ skipped: Set TEST_MEMCACHED_BIN environment variable to run this test
t/020_mock/dbi/cache-memcached-inflate_column-suger.t ............................................... skipped: Set TEST_MEMCACHED_BIN environment variable to run this test
t/020_mock/dbi/cache-memcached-iterator.t ........................................................... skipped: Set TEST_MEMCACHED_BIN environment variable to run this test
t/020_mock/dbi/cache-memcached-no_key.t ............................................................. skipped: Set TEST_MEMCACHED_BIN environment variable to run this test
t/020_mock/dbi/cache-memcached-transaction.t ........................................................ skipped: Set TEST_MEMCACHED_BIN environment variable to run this test
t/020_mock/dbi/cache-no_key.t ....................................................................... ok
t/020_mock/dbi/cache-transaction.t .................................................................. ok
t/020_mock/dbi/default.t ............................................................................ ok
t/020_mock/dbi/for_cache.t .......................................................................... ok

#   Failed test 't 09 duped primary key'
#   at t/lib/Mock/Tests/Index.pm line 210.
#   (in Mock::Tests::Index->t_09_duped_primary_key)
#                   '    **** { Data::Model::Driver::DBI 's Exception ****
# Reason : DBD::SQLite::st execute failed: UNIQUE constraint failed: multi_keys.key1, multi_keys.key2, multi_keys.key3 at /tmp/loop_over_bdir-17132-7viVZn/Data-Model-0.00008-F_NFW2/blib/lib/Data/Model/Driver/DBI.pm line 323.
# 
# SQL     : INSERT INTO multi_keys
#           (key1, key3, key2)
#           VALUES (?, ?, ?)
#           
#     **** BINDS DUMP ****
# $VAR1 = [
#           [
#             'key1',
#             'a001'
#           ],
#           [
#             'key3',
#             'c001'
#           ],
#           [
#             'key2',
#             'b001'
#           ]
#         ];
# 
#     **** Data::Model::Driver::DBI 's Exception } ****
#  at t/lib/Mock/Tests/Index.pm line 209.
# '
#     doesn't match '(?^:(?:columns key1, key2, key3 are not unique|not unique columns|Duplicate entry 'a001-b001-c001' for key 'PRIMARY'))'

#   Failed test 't 09 duped unique'
#   at t/lib/Mock/Tests/Index.pm line 215.
#   (in Mock::Tests::Index->t_09_duped_unique)
#                   '    **** { Data::Model::Driver::DBI 's Exception ****
# Reason : DBD::SQLite::st execute failed: UNIQUE constraint failed: multi_unique.unq1, multi_unique.unq2, multi_unique.unq3 at /tmp/loop_over_bdir-17132-7viVZn/Data-Model-0.00008-F_NFW2/blib/lib/Data/Model/Driver/DBI.pm line 323.
# 
# SQL     : INSERT INTO multi_unique
#           (unq3, unq2, unq1)
#           VALUES (?, ?, ?)
#           
#     **** BINDS DUMP ****
# $VAR1 = [
#           [
#             'unq3',
#             'c001'
#           ],
#           [
#             'unq2',
#             'b001'
#           ],
#           [
#             'unq1',
#             'a001'
#           ]
#         ];
# 
#     **** Data::Model::Driver::DBI 's Exception } ****
#  at t/lib/Mock/Tests/Index.pm line 214.
# '
#     doesn't match '(?^:(?:columns unq1, unq2, unq3|not unique columns|Duplicate entry 'a001-b001-c001' for key 'unq'))'
# Looks like you failed 2 tests of 160.
t/020_mock/dbi/index.t .............................................................................. 
Dubious, test returned 2 (wstat 512, 0x200)
Failed 2/160 subtests 
t/020_mock/dbi/inflate.t ............................................................................ ok
t/020_mock/dbi/inflate_column-suger.t ............................................................... ok
t/020_mock/dbi/iterator.t ........................................................................... ok
t/020_mock/dbi/no_key.t ............................................................................. ok
t/020_mock/dbi/transaction.t ........................................................................ ok
t/020_mock/driver-memcached/basic.t ................................................................. skipped: Set TEST_MEMCACHED_ADDRESS or TEST_MEMCACHED_BIN environment variable to run this test
t/020_mock/driver-memcached/changed-serializer-with-ignore_undef_value.t ............................ skipped: Set TEST_MEMCACHED_ADDRESS or TEST_MEMCACHED_BIN environment variable to run this test
t/020_mock/driver-memcached/changed-serializer-with-strip-ignore_undef_value.t ...................... skipped: Set TEST_MEMCACHED_ADDRESS or TEST_MEMCACHED_BIN environment variable to run this test
t/020_mock/driver-memcached/changed-serializer-with-strip.t ......................................... skipped: Set TEST_MEMCACHED_ADDRESS or TEST_MEMCACHED_BIN environment variable to run this test
t/020_mock/driver-memcached/changed-serializer.t .................................................... skipped: Set TEST_MEMCACHED_ADDRESS or TEST_MEMCACHED_BIN environment variable to run this test
t/020_mock/driver-memcached/column_model_rename-changed-serializer-with-ignore_undef_value.t ........ skipped: Set TEST_MEMCACHED_ADDRESS or TEST_MEMCACHED_BIN environment variable to run this test
t/020_mock/driver-memcached/column_model_rename-changed-serializer-with-strip-ignore_undef_value.t .. skipped: Set TEST_MEMCACHED_ADDRESS or TEST_MEMCACHED_BIN environment variable to run this test
t/020_mock/driver-memcached/column_model_rename-changed-serializer-with-strip.t ..................... skipped: Set TEST_MEMCACHED_ADDRESS or TEST_MEMCACHED_BIN environment variable to run this test
t/020_mock/driver-memcached/column_model_rename-changed-serializer.t ................................ skipped: Set TEST_MEMCACHED_ADDRESS or TEST_MEMCACHED_BIN environment variable to run this test
t/020_mock/driver-memcached/column_model_rename-ignore_undef_value.t ................................ skipped: Set TEST_MEMCACHED_ADDRESS or TEST_MEMCACHED_BIN environment variable to run this test
t/020_mock/driver-memcached/column_model_rename-strip-ignore_undef_value.t .......................... skipped: Set TEST_MEMCACHED_ADDRESS or TEST_MEMCACHED_BIN environment variable to run this test
t/020_mock/driver-memcached/column_model_rename-strip.t ............................................. skipped: Set TEST_MEMCACHED_ADDRESS or TEST_MEMCACHED_BIN environment variable to run this test
t/020_mock/driver-memcached/column_model_rename.t ................................................... skipped: Set TEST_MEMCACHED_ADDRESS or TEST_MEMCACHED_BIN environment variable to run this test
t/020_mock/driver-memcached/column_rename-changed-serializer-with-ignore_undef_value.t .............. skipped: Set TEST_MEMCACHED_ADDRESS or TEST_MEMCACHED_BIN environment variable to run this test
t/020_mock/driver-memcached/column_rename-changed-serializer-with-strip-ignore_undef_value.t ........ skipped: Set TEST_MEMCACHED_ADDRESS or TEST_MEMCACHED_BIN environment variable to run this test
t/020_mock/driver-memcached/column_rename-changed-serializer-with-strip.t ........................... skipped: Set TEST_MEMCACHED_ADDRESS or TEST_MEMCACHED_BIN environment variable to run this test
t/020_mock/driver-memcached/column_rename-changed-serializer.t ...................................... skipped: Set TEST_MEMCACHED_ADDRESS or TEST_MEMCACHED_BIN environment variable to run this test
t/020_mock/driver-memcached/column_rename-ignore_undef_value.t ...................................... skipped: Set TEST_MEMCACHED_ADDRESS or TEST_MEMCACHED_BIN environment variable to run this test
t/020_mock/driver-memcached/column_rename-strip-ignore_undef_value.t ................................ skipped: Set TEST_MEMCACHED_ADDRESS or TEST_MEMCACHED_BIN environment variable to run this test
t/020_mock/driver-memcached/column_rename-strip.t ................................................... skipped: Set TEST_MEMCACHED_ADDRESS or TEST_MEMCACHED_BIN environment variable to run this test
t/020_mock/driver-memcached/column_rename.t ......................................................... skipped: Set TEST_MEMCACHED_ADDRESS or TEST_MEMCACHED_BIN environment variable to run this test
t/020_mock/driver-memcached/ignore_undef_value.t .................................................... skipped: Set TEST_MEMCACHED_ADDRESS or TEST_MEMCACHED_BIN environment variable to run this test
t/020_mock/driver-memcached/model_rename-changed-serializer-with-ignore_undef_value.t ............... skipped: Set TEST_MEMCACHED_ADDRESS or TEST_MEMCACHED_BIN environment variable to run this test
t/020_mock/driver-memcached/model_rename-changed-serializer-with-strip-ignore_undef_value.t ......... skipped: Set TEST_MEMCACHED_ADDRESS or TEST_MEMCACHED_BIN environment variable to run this test
t/020_mock/driver-memcached/model_rename-changed-serializer-with-strip.t ............................ skipped: Set TEST_MEMCACHED_ADDRESS or TEST_MEMCACHED_BIN environment variable to run this test
t/020_mock/driver-memcached/model_rename-changed-serializer.t ....................................... skipped: Set TEST_MEMCACHED_ADDRESS or TEST_MEMCACHED_BIN environment variable to run this test
t/020_mock/driver-memcached/model_rename-ignore_undef_value.t ....................................... skipped: Set TEST_MEMCACHED_ADDRESS or TEST_MEMCACHED_BIN environment variable to run this test
t/020_mock/driver-memcached/model_rename-strip-ignore_undef_value.t ................................. skipped: Set TEST_MEMCACHED_ADDRESS or TEST_MEMCACHED_BIN environment variable to run this test
t/020_mock/driver-memcached/model_rename-strip.t .................................................... skipped: Set TEST_MEMCACHED_ADDRESS or TEST_MEMCACHED_BIN environment variable to run this test
t/020_mock/driver-memcached/model_rename.t .......................................................... skipped: Set TEST_MEMCACHED_ADDRESS or TEST_MEMCACHED_BIN environment variable to run this test
t/020_mock/driver-memcached/strip-ignore_undef_value.t .............................................. skipped: Set TEST_MEMCACHED_ADDRESS or TEST_MEMCACHED_BIN environment variable to run this test
t/020_mock/driver-memcached/strip.t ................................................................. skipped: Set TEST_MEMCACHED_ADDRESS or TEST_MEMCACHED_BIN environment variable to run this test
t/020_mock/instance.t ............................................................................... ok
t/020_mock/logic-simple.t ........................................................................... ok
t/020_mock/memcached/bigint.t ....................................................................... skipped: Set TEST_MEMCACHED_ADDRESS or TEST_MEMCACHED_BIN environment variable to run this test
t/020_mock/memcached/cache-bigint.t ................................................................. skipped: Set TEST_MEMCACHED_ADDRESS or TEST_MEMCACHED_BIN environment variable to run this test
t/020_mock/memcached/cache-memcached-bigint.t ....................................................... skipped: Set TEST_MEMCACHED_ADDRESS or TEST_MEMCACHED_BIN environment variable to run this test
t/020_mock/memory/alias_column-suger-rename.t ....................................................... ok
t/020_mock/memory/alias_column-suger.t .............................................................. ok
t/020_mock/memory/alias_column.t .................................................................... ok
t/020_mock/memory/basic.t ........................................................................... ok
t/020_mock/memory/bigint.t .......................................................................... ok
t/020_mock/memory/binary.t .......................................................................... ok
t/020_mock/memory/cache-alias_column-suger-rename.t ................................................. ok
t/020_mock/memory/cache-alias_column-suger.t ........................................................ ok
t/020_mock/memory/cache-alias_column.t .............................................................. ok
t/020_mock/memory/cache-basic.t ..................................................................... ok
t/020_mock/memory/cache-bigint.t .................................................................... ok
t/020_mock/memory/cache-binary.t .................................................................... ok
t/020_mock/memory/cache-default.t ................................................................... ok
t/020_mock/memory/cache-for_cache.t ................................................................. ok
t/020_mock/memory/cache-index.t ..................................................................... ok
t/020_mock/memory/cache-inflate.t ................................................................... ok
t/020_mock/memory/cache-inflate_column-suger.t ...................................................... ok
t/020_mock/memory/cache-iterator.t .................................................................. ok
t/020_mock/memory/cache-memcached-alias_column-suger-rename.t ....................................... skipped: Set TEST_MEMCACHED_BIN environment variable to run this test
t/020_mock/memory/cache-memcached-alias_column-suger.t .............................................. skipped: Set TEST_MEMCACHED_BIN environment variable to run this test
t/020_mock/memory/cache-memcached-alias_column.t .................................................... skipped: Set TEST_MEMCACHED_BIN environment variable to run this test
t/020_mock/memory/cache-memcached-basic.t ........................................................... skipped: Set TEST_MEMCACHED_BIN environment variable to run this test
t/020_mock/memory/cache-memcached-bigint.t .......................................................... skipped: Set TEST_MEMCACHED_BIN environment variable to run this test
t/020_mock/memory/cache-memcached-binary.t .......................................................... skipped: Set TEST_MEMCACHED_BIN environment variable to run this test
t/020_mock/memory/cache-memcached-default.t ......................................................... skipped: Set TEST_MEMCACHED_BIN environment variable to run this test
t/020_mock/memory/cache-memcached-for_cache.t ....................................................... skipped: Set TEST_MEMCACHED_BIN environment variable to run this test
t/020_mock/memory/cache-memcached-index.t ........................................................... skipped: Set TEST_MEMCACHED_BIN environment variable to run this test
t/020_mock/memory/cache-memcached-inflate.t ......................................................... skipped: Set TEST_MEMCACHED_BIN environment variable to run this test
t/020_mock/memory/cache-memcached-inflate_column-suger.t ............................................ skipped: Set TEST_MEMCACHED_BIN environment variable to run this test
t/020_mock/memory/cache-memcached-iterator.t ........................................................ skipped: Set TEST_MEMCACHED_BIN environment variable to run this test
t/020_mock/memory/cache-memcached-no_key.t .......................................................... skipped: Set TEST_MEMCACHED_BIN environment variable to run this test
t/020_mock/memory/cache-no_key.t .................................................................... ok
t/020_mock/memory/default.t ......................................................................... ok
t/020_mock/memory/for_cache.t ....................................................................... ok
t/020_mock/memory/index.t ........................................................................... ok
t/020_mock/memory/inflate.t ......................................................................... ok
t/020_mock/memory/inflate_column-suger.t ............................................................ ok
t/020_mock/memory/iterator.t ........................................................................ ok
t/020_mock/memory/no_key.t .......................................................................... ok
t/030_dbi/master_slave.t ............................................................................ ok
t/030_dbi/q4m.t ..................................................................................... skipped: Set TEST_Q4M environment variable to run this test
t/030_dbi/reuse_dbh-with-mysql_auto_reconnect.t ..................................................... skipped: Set TEST_MYSQL environment variable to run this test
t/030_dbi/reuse_dbh.t ............................................................................... ok
t/030_dbi/sqlite_collate_binary.t ................................................................... ok
t/030_dbi/stack_trace.t ............................................................................. ok
t/030_dbi/update-scalarref.t ........................................................................ ok
t/040_inflate/uuid.t ................................................................................ ok
t/050_mixin/base.t .................................................................................. ok
t/050_mixin/find_or_create.t ........................................................................ ok
t/060_driver/memcached/column_name-rename.t ......................................................... skipped: Set TEST_MEMCACHED_BIN environment variable to run this test
t/060_driver/memcached/ignore_undef_value.t ......................................................... ok
t/060_driver/memcached/model_name-rename.t .......................................................... skipped: Set TEST_MEMCACHED_BIN environment variable to run this test
t/060_driver/memcached/serializer.t ................................................................. ok
t/060_driver/memcached/strip_keys.t ................................................................. ok
t/060_driver/memcached/with_server.t ................................................................ skipped: Set TEST_MEMCACHED_BIN environment variable to run this test
t/release-pod-syntax.t .............................................................................. skipped: these tests are for release candidate testing

Test Summary Report
-------------------
t/020_mock/dbi/cache-index.t                                                                      (Wstat: 512 Tests: 160 Failed: 2)
  Failed tests:  159-160
  Non-zero exit status: 2
t/020_mock/dbi/index.t                                                                            (Wstat: 512 Tests: 160 Failed: 2)
  Failed tests:  159-160
  Non-zero exit status: 2
Files=190, Tests=5425, 31 wallclock secs ( 0.82 usr  1.47 sys + 23.92 cusr  5.05 csys = 31.26 CPU)
Result: FAIL

------------------------------
PREREQUISITES
------------------------------

Prerequisite modules loaded:

requires:

    Module              Need     Have    
    ------------------- -------- --------
    Carp                0        1.38    
    Class::Trigger      0        0.14    
    DBD::SQLite         0        1.48    
    DBI                 0        1.634   
    Encode              0        2.78    
    Params::Validate    0        1.21    
    perl                5.008005 5.023007
    Storable            0        2.54    
    URI                 0        1.71    

build_requires:

    Module              Need     Have    
    ------------------- -------- --------
    IO::Socket::INET    0        1.35    
    Path::Class         0        0.35    
    Test::Class         0.34     0.50    
    Test::Exception     0        0.43    
    Test::More          0        1.001014

configure_requires:

    Module              Need     Have    
    ------------------- -------- --------
    Module::Build::Tiny 0.020    0.039   


------------------------------
ENVIRONMENT AND OTHER CONTEXT
------------------------------

Environment variables:

    AUTOMATED_TESTING = 1
    LANG = en_US.UTF-8
    LANGUAGE = en_US:en
    PATH = /home/sand/bin:/usr/local/bin:/usr/bin:/bin:/usr/games:/usr/local/perl/bin:/usr/X11/bin:/sbin:/usr/sbin
    PERL5LIB = /tmp/loop_over_bdir-17132-7viVZn/FusionInventory-Agent-2.3.17-Vmgkcw/blib/arch:/tmp/loop_over_bdir-17132-7viVZn/FusionInventory-Agent-2.3.17-Vmgkcw/blib/lib:/tmp/loop_over_bdir-17132-7viVZn/Alien-ActiveMQ-0.00005-cuzQFK/blib/arch:/tmp/loop_over_bdir-17132-7viVZn/Alien-ActiveMQ-0.00005-cuzQFK/blib/lib
    PERL5OPT = 
    PERL5_CPANPLUS_IS_RUNNING = 4658
    PERL5_CPAN_IS_RUNNING = 4658
    PERL_MM_USE_DEFAULT = 1
    SHELL = /usr/bin/zsh
    TERM = screen

Perl special variables (and OS-specific diagnostics, for MSWin32):

    $^X = /tmp/basesmoker-reloperl-lxxh/bin/perl
    $UID/$EUID = 1005 / 1005
    $GID = 1005 1005
    $EGID = 1005 1005

Perl module toolchain versions installed:

    Module              Have    
    ------------------- --------
    CPAN                2.10    
    CPAN::Meta          2.150005
    Cwd                 3.61    
    ExtUtils::CBuilder  0.280224
    ExtUtils::Command   7.10    
    ExtUtils::Install   2.04    
    ExtUtils::MakeMaker 7.10    
    ExtUtils::Manifest  1.70    
    ExtUtils::ParseXS   3.31    
    File::Spec          3.61    
    JSON                2.90    
    JSON::PP            2.27300 
    Module::Build       0.4214  
    Module::Signature   0.79    
    Parse::CPAN::Meta   1.4417  
    Test::Harness       3.36    
    Test::More          1.001014
    YAML                1.15    
    YAML::Syck          1.29    
    version             0.9909  


--

Summary of my perl5 (revision 5 version 23 subversion 7) configuration:
  Derived from: f1f6961f5a6fd77a3e3c36f242f1b72ce5dfe205
  Platform:
    osname=linux, osvers=4.3.0-1-amd64, archname=x86_64-linux
    uname='linux k83 4.3.0-1-amd64 #1 smp debian 4.3.3-2 (2015-12-17) x86_64 gnulinux '
    config_args='-Dprefix=/home/sand/src/perl/repoperls/installed-perls/perl/v5.23.6-84-gf1f6961/79cc -Dmyhostname=k83 -Dinstallusrbinperl=n -Uversiononly -Dusedevel -des -Ui_db -Dlibswanted=cl pthread socket inet nsl gdbm dbm malloc dl ld sun m crypt sec util c cposix posix ucb BSD gdbm_compat -Uuseithreads -Uuselongdouble -DDEBUGGING=-g'
    hint=recommended, useposix=true, d_sigaction=define
    useithreads=undef, usemultiplicity=undef
    use64bitint=define, use64bitall=define, uselongdouble=undef
    usemymalloc=n, bincompat5005=undef
  Compiler:
    cc='cc', ccflags ='-fwrapv -fno-strict-aliasing -pipe -fstack-protector-strong -I/usr/local/include -D_LARGEFILE_SOURCE -D_FILE_OFFSET_BITS=64 -D_FORTIFY_SOURCE=2',
    optimize='-O2 -g',
    cppflags='-fwrapv -fno-strict-aliasing -pipe -fstack-protector-strong -I/usr/local/include'
    ccversion='', gccversion='5.3.1 20160101', gccosandvers=''
    intsize=4, longsize=8, ptrsize=8, doublesize=8, byteorder=12345678, doublekind=3
    d_longlong=define, longlongsize=8, d_longdbl=define, longdblsize=16, longdblkind=3
    ivtype='long', ivsize=8, nvtype='double', nvsize=8, Off_t='off_t', lseeksize=8
    alignbytes=8, prototype=define
  Linker and Libraries:
    ld='cc', ldflags =' -fstack-protector-strong -L/usr/local/lib'
    libpth=/usr/local/lib /usr/lib/gcc/x86_64-linux-gnu/5/include-fixed /usr/include/x86_64-linux-gnu /usr/lib /lib/x86_64-linux-gnu /lib/../lib /usr/lib/x86_64-linux-gnu /usr/lib/../lib /lib
    libs=-lpthread -lnsl -lgdbm -ldl -lm -lcrypt -lutil -lc -lgdbm_compat
    perllibs=-lpthread -lnsl -ldl -lm -lcrypt -lutil -lc
    libc=libc-2.21.so, so=so, useshrplib=false, libperl=libperl.a
    gnulibc_version='2.21'
  Dynamic Linking:
    dlsrc=dl_dlopen.xs, dlext=so, d_dlsymun=undef, ccdlflags='-Wl,-E'
    cccdlflags='-fPIC', lddlflags='-shared -O2 -g -L/usr/local/lib -fstack-protector-strong'


Characteristics of this binary (from libperl): 
  Compile-time options: HAS_TIMES PERLIO_LAYERS PERL_COPY_ON_WRITE
                        PERL_DONT_CREATE_GVSV
                        PERL_HASH_FUNC_ONE_AT_A_TIME_HARD PERL_MALLOC_WRAP
                        PERL_PRESERVE_IVUV PERL_USE_DEVEL USE_64_BIT_ALL
                        USE_64_BIT_INT USE_LARGE_FILES USE_LOCALE
                        USE_LOCALE_COLLATE USE_LOCALE_CTYPE
                        USE_LOCALE_NUMERIC USE_LOCALE_TIME USE_PERLIO
                        USE_PERL_ATOF
  Locally applied patches:
	uncommitted-changes
	Devel::PatchPerl 1.38
  Built under linux
  Compiled at Jan  8 2016 22:24:08
  %ENV:
    PERL5LIB="/tmp/loop_over_bdir-17132-7viVZn/FusionInventory-Agent-2.3.17-Vmgkcw/blib/arch:/tmp/loop_over_bdir-17132-7viVZn/FusionInventory-Agent-2.3.17-Vmgkcw/blib/lib:/tmp/loop_over_bdir-17132-7viVZn/Alien-ActiveMQ-0.00005-cuzQFK/blib/arch:/tmp/loop_over_bdir-17132-7viVZn/Alien-ActiveMQ-0.00005-cuzQFK/blib/lib"
    PERL5OPT=""
    PERL5_CPANPLUS_IS_RUNNING="4658"
    PERL5_CPAN_IS_RUNNING="4658"
    PERL_MM_USE_DEFAULT="1"
  @INC:
    /tmp/loop_over_bdir-17132-7viVZn/FusionInventory-Agent-2.3.17-Vmgkcw/blib/arch
    /tmp/loop_over_bdir-17132-7viVZn/FusionInventory-Agent-2.3.17-Vmgkcw/blib/lib
    /tmp/loop_over_bdir-17132-7viVZn/Alien-ActiveMQ-0.00005-cuzQFK/blib/arch
    /tmp/loop_over_bdir-17132-7viVZn/Alien-ActiveMQ-0.00005-cuzQFK/blib/lib
    /home/sand/src/perl/repoperls/installed-perls/perl/v5.23.6-84-gf1f6961/79cc/lib/site_perl/5.23.7/x86_64-linux
    /home/sand/src/perl/repoperls/installed-perls/perl/v5.23.6-84-gf1f6961/79cc/lib/site_perl/5.23.7
    /home/sand/src/perl/repoperls/installed-perls/perl/v5.23.6-84-gf1f6961/79cc/lib/5.23.7/x86_64-linux
    /home/sand/src/perl/repoperls/installed-perls/perl/v5.23.6-84-gf1f6961/79cc/lib/5.23.7
    .