Report for Pod-Extract-URI-0.3

Back
From: metabase:user:d2c9f356-b46f-11df-9a90-20a83c0b7757
Subject: FAIL Pod-Extract-URI-0.3 v5.16.2 SunOS/Solaris
Date: 2013-03-02T04:45:13Z

This distribution has been tested as part of the CPAN Testers
project, supporting the Perl programming language.  See
http://wiki.cpantesters.org/ for more information or email
questions to cpan-testers-discuss@perl.org


--
Dear Ian Malpass,

This is a computer-generated report for Pod-Extract-URI-0.3
on perl 5.16.2, created by CPAN-Reporter-1.2009.

Thank you for uploading your work to CPAN.  However, there was a problem
testing your distribution.

If you think this report is invalid, please consult the CPAN Testers Wiki
for suggestions on how to avoid getting FAIL reports for missing library
or binary dependencies, unsupported operating systems, and so on:

http://wiki.cpantesters.org/wiki/CPANAuthorNotes

Sections of this report:

    * Tester comments
    * Program output
    * Prerequisites
    * Environment and other context

------------------------------
TESTER COMMENTS
------------------------------

Additional comments from tester:

this report is from an automated smoke testing program
and was not reviewed by a human for accuracy

------------------------------
PROGRAM OUTPUT
------------------------------

Output from './Build test':

t/command.t ....... ok
t/int_seq.t ....... ok
t/new.t ........... ok
t/pod-coverage.t .. ok
t/pod.t ........... ok
t/schemes.t ....... ok
t/setter.t ........ ok
t/stop_sub.t ...... ok
t/stop_uris.t ..... ok
t/synopsis.t ...... ok
t/textblock.t ..... ok

#   Failed test at t/uri_details.t line 41.
#          got: 'http://www.google.com/'
#     expected: '<URL:http://www.google.com/>'

#   Failed test at t/uri_details.t line 48.
#          got: '3'
#     expected: '4'

#   Failed test at t/uri_details.t line 50.
#          got: undef
#     expected: '<URL:http://www.google.com/>'

#   Failed test at t/uri_details.t line 51.
#          got: undef
#     expected: '<URL:http://www.google.com/>'
# Looks like you failed 4 tests of 19.
t/uri_details.t ... 
Dubious, test returned 4 (wstat 1024, 0x400)
Failed 4/19 subtests 
t/verbatim.t ...... ok

Test Summary Report
-------------------
t/uri_details.t (Wstat: 1024 Tests: 19 Failed: 4)
  Failed tests:  16-19
  Non-zero exit status: 4
Files=13, Tests=94,  2 wallclock secs ( 0.14 usr  0.09 sys +  1.13 cusr  0.26 csys =  1.62 CPU)
Result: FAIL
Failed 1/13 test programs. 4/94 subtests failed.

------------------------------
PREREQUISITES
------------------------------

Prerequisite modules loaded:

requires:

    Module                Need Have    
    --------------------- ---- --------
    Carp                  0    1.26    
    Pod::Escapes          0    1.04    
    Pod::Parser           0    1.60    
    URI::Find             0    20111103
    URI::Find::Schemeless 0    20111103

build_requires:

    Module                Need Have    
    --------------------- ---- --------
    Module::Build         0    0.4003  
    Test::More            0    0.98    


------------------------------
ENVIRONMENT AND OTHER CONTEXT
------------------------------

Environment variables:

    AUTOMATED_TESTING = 1
    LANG = C
    LD_LIBRARY_PATH = /usr/local/lib:
    PATH = /export/home/cpant4/perl5/perlbrew/bin:/export/home/cpant4/perl5/perlbrew/perls/perl-5.16.2/bin:/export/home/cpant4/perl5/bin:/usr/local/bin:/usr/bin
    PERL5LIB = /export/home/cpant4/.cpan/build/URI-Find-20111103-pJh4o6/blib/arch:/export/home/cpant4/.cpan/build/URI-Find-20111103-pJh4o6/blib/lib
    PERL5OPT = 
    PERL5_CPANPLUS_IS_RUNNING = 23425
    PERL5_CPAN_IS_RUNNING = 23425
    PERL5_CPAN_IS_RUNNING_IN_RECURSION = 12805,23425
    PERLBREW_BASHRC_VERSION = 0.56
    PERLBREW_HOME = /export/home/cpant4/.perlbrew
    PERLBREW_MANPATH = /export/home/cpant4/perl5/perlbrew/perls/perl-5.16.2/man
    PERLBREW_PATH = /export/home/cpant4/perl5/perlbrew/bin:/export/home/cpant4/perl5/perlbrew/perls/perl-5.16.2/bin
    PERLBREW_PERL = perl-5.16.2
    PERLBREW_ROOT = /export/home/cpant4/perl5/perlbrew
    PERLBREW_SKIP_INIT = 1
    PERLBREW_VERSION = 0.56
    PERL_CR_SMOKER_CURRENT = Pod-Extract-URI-0.3
    PERL_EXTUTILS_AUTOINSTALL = --defaultdeps
    PERL_MM_USE_DEFAULT = 1
    SHELL = /bin/bash
    TERM = xterm

Perl special variables (and OS-specific diagnostics, for MSWin32):

    $^X = /export/home/cpant4/perl5/perlbrew/perls/perl-5.16.2/bin/perl5.16.2
    $UID/$EUID = 104 / 104
    $GID = 1 1
    $EGID = 1 1

Perl module toolchain versions installed:

    Module              Have    
    ------------------- --------
    CPAN                1.9800  
    CPAN::Meta          2.120921
    Cwd                 3.40    
    ExtUtils::CBuilder  0.280206
    ExtUtils::Command   1.17    
    ExtUtils::Install   1.58    
    ExtUtils::MakeMaker 6.64    
    ExtUtils::Manifest  1.61    
    ExtUtils::ParseXS   3.18    
    File::Spec          3.40    
    JSON                2.53    
    JSON::PP            2.27200 
    Module::Build       0.4003  
    Module::Signature   n/a     
    Parse::CPAN::Meta   1.4404  
    Test::Harness       3.26    
    Test::More          0.98    
    YAML                0.84    
    YAML::Syck          1.22    
    version             0.9901  


--

Summary of my perl5 (revision 5 version 16 subversion 2) configuration:
   
  Platform:
    osname=solaris, osvers=2.10, archname=i86pc-solaris-64int
    uname='sunos vmrz0046 5.10 generic_141445-09 i86pc i386 i86pc solaris '
    config_args='-de -Dprefix=/export/home/cpant4/perl5/perlbrew/perls/perl-5.16.2 -Dcc=gcc -Duse64bitint -Dusedevel -Aeval:scriptdir=/export/home/cpant4/perl5/perlbrew/perls/perl-5.16.2/bin'
    hint=recommended, useposix=true, d_sigaction=define
    useithreads=undef, usemultiplicity=undef
    useperlio=define, d_sfio=undef, uselargefiles=define, usesocks=undef
    use64bitint=define, use64bitall=undef, uselongdouble=undef
    usemymalloc=n, bincompat5005=undef
  Compiler:
    cc='gcc', ccflags ='-DPTR_IS_LONG -fno-strict-aliasing -pipe -I/usr/local/include -D_LARGEFILE_SOURCE -D_FILE_OFFSET_BITS=64 -DPERL_USE_SAFE_PUTENV',
    optimize='-O',
    cppflags='-DPTR_IS_LONG -fno-strict-aliasing -pipe -I/usr/local/include'
    ccversion='', gccversion='3.4.6', gccosandvers='solaris2.10'
    intsize=4, longsize=4, ptrsize=4, doublesize=8, byteorder=12345678
    d_longlong=define, longlongsize=8, d_longdbl=define, longdblsize=12
    ivtype='long long', ivsize=8, nvtype='double', nvsize=8, Off_t='off_t', lseeksize=8
    alignbytes=4, prototype=define
  Linker and Libraries:
    ld='gcc', ldflags =' -L/usr/local/lib '
    libpth=/usr/local/lib /usr/lib /usr/ccs/lib
    libs=-lsocket -lnsl -lgdbm -ldl -lm -lc
    perllibs=-lsocket -lnsl -ldl -lm -lc
    libc=/lib/libc.so, so=so, useshrplib=false, libperl=libperl.a
    gnulibc_version=''
  Dynamic Linking:
    dlsrc=dl_dlopen.xs, dlext=so, d_dlsymun=undef, ccdlflags=' '
    cccdlflags='-fPIC', lddlflags='-G -L/usr/local/lib'


Characteristics of this binary (from libperl): 
  Compile-time options: HAS_TIMES PERLIO_LAYERS PERL_DONT_CREATE_GVSV
                        PERL_MALLOC_WRAP PERL_PRESERVE_IVUV PERL_USE_DEVEL
                        PERL_USE_SAFE_PUTENV USE_64_BIT_INT USE_LARGE_FILES
                        USE_LOCALE USE_LOCALE_COLLATE USE_LOCALE_CTYPE
                        USE_LOCALE_NUMERIC USE_PERLIO USE_PERL_ATOF
  Built under solaris
  Compiled at Nov 14 2012 20:00:07
  %ENV:
    PERL5LIB="/export/home/cpant4/.cpan/build/URI-Find-20111103-pJh4o6/blib/arch:/export/home/cpant4/.cpan/build/URI-Find-20111103-pJh4o6/blib/lib"
    PERL5OPT=""
    PERL5_CPANPLUS_IS_RUNNING="23425"
    PERL5_CPAN_IS_RUNNING="23425"
    PERL5_CPAN_IS_RUNNING_IN_RECURSION="12805,23425"
    PERLBREW_BASHRC_VERSION="0.56"
    PERLBREW_HOME="/export/home/cpant4/.perlbrew"
    PERLBREW_MANPATH="/export/home/cpant4/perl5/perlbrew/perls/perl-5.16.2/man"
    PERLBREW_PATH="/export/home/cpant4/perl5/perlbrew/bin:/export/home/cpant4/perl5/perlbrew/perls/perl-5.16.2/bin"
    PERLBREW_PERL="perl-5.16.2"
    PERLBREW_ROOT="/export/home/cpant4/perl5/perlbrew"
    PERLBREW_SKIP_INIT="1"
    PERLBREW_VERSION="0.56"
    PERL_CR_SMOKER_CURRENT="Pod-Extract-URI-0.3"
    PERL_EXTUTILS_AUTOINSTALL="--defaultdeps"
    PERL_MM_USE_DEFAULT="1"
  @INC:
    /export/home/cpant4/.cpan/build/URI-Find-20111103-pJh4o6/blib/arch
    /export/home/cpant4/.cpan/build/URI-Find-20111103-pJh4o6/blib/lib
    /export/home/cpant4/perl5/perlbrew/perls/perl-5.16.2/lib/site_perl/5.16.2/i86pc-solaris-64int
    /export/home/cpant4/perl5/perlbrew/perls/perl-5.16.2/lib/site_perl/5.16.2
    /export/home/cpant4/perl5/perlbrew/perls/perl-5.16.2/lib/5.16.2/i86pc-solaris-64int
    /export/home/cpant4/perl5/perlbrew/perls/perl-5.16.2/lib/5.16.2
    .