Report for App-Prove-Plugin-Cluster-0.02

Back
From: metabase:user:9820532a-708b-1014-9a05-b18a96298da1
Subject: FAIL App-Prove-Plugin-Cluster-0.02 v5.23.8 GNU/Linux
Date: 2016-03-07T14:07:47Z

This distribution has been tested as part of the CPAN Testers
project, supporting the Perl programming language.  See
http://wiki.cpantesters.org/ for more information or email
questions to cpan-testers-discuss@perl.org


--
Dear Anthony Brummett,

This is a computer-generated report for App-Prove-Plugin-Cluster-0.02
on perl 5.23.8, created by CPAN-Reporter-1.2016.

Thank you for uploading your work to CPAN.  However, there was a problem
testing your distribution.

If you think this report is invalid, please consult the CPAN Testers Wiki
for suggestions on how to avoid getting FAIL reports for missing library
or binary dependencies, unsupported operating systems, and so on:

http://wiki.cpantesters.org/wiki/CPANAuthorNotes

Sections of this report:

    * Tester comments
    * Program output
    * Prerequisites
    * Environment and other context

------------------------------
TESTER COMMENTS
------------------------------

Additional comments from tester:

this report is from an automated smoke testing program
and was not reviewed by a human for accuracy

------------------------------
PROGRAM OUTPUT
------------------------------

Output from '/usr/bin/make test':

PERL_DL_NONLAZY=1 "/opt/perlbrew/perls/perl-5.23.8-thread-multi-ld/bin/perl5.23.8" "-MExtUtils::Command::MM" "-MTest::Harness" "-e" "undef *Test::Harness::Switches; test_harness(0, 'blib/lib', 'blib/arch')" t/*.t t/fake_t/*.t
t/fake_t/01-test.t ............... ok
t/fake_t/02-test.t ............... ok
t/fake_t/03-test.t ............... ok
t/fake_t/04-test.t ............... ok
t/fake_t/05-test.t ............... ok
t/fake_t/06-test.t ............... ok
t/fake_t/07-test.t ............... ok
t/fake_t/08-test.t ............... ok
t/fake_t/09-test.t ............... ok
t/fake_t/10-test.t ............... ok

#   Failed test 'Received test message for (number)-test.t'
#   at t/huge_data.t line 63.
#                   '{
#   'switches' => [],
#   'source' => 't/fake_t/01-test.t'
# }
# '
#     doesn't match '(?^:\s*\{
# \s*'source' => 't/fake_t/\d+-test.t',
# \s*'switches' => \[\]
# \s*\}
# )'
# Looks like you failed 1 test of 13.
t/huge_data.t .................... 
Dubious, test returned 1 (wstat 256, 0x100)
Failed 1/13 subtests 

#   Failed test 'Received well-formed test message'
#   at t/multiple_clients.t line 93.
#                   '{
#   'switches' => [],
#   'source' => 't/fake_t/01-test.t'
# }
# '
#     doesn't match '(?^:\s*\{
# \s*'source' => 't/fake_t/(\d+)-test\.t',
# \s*'switches' => \[\]
# \s*\})'
Use of uninitialized value $test_number in concatenation (.) or string at t/multiple_clients.t line 95, <GEN55> line 6.

#   Failed test 'Received well-formed test message'
#   at t/multiple_clients.t line 93.
#                   '{
#   'switches' => [],
#   'source' => 't/fake_t/02-test.t'
# }
# '
#     doesn't match '(?^:\s*\{
# \s*'source' => 't/fake_t/(\d+)-test\.t',
# \s*'switches' => \[\]
# \s*\})'
Use of uninitialized value $test_number in string eq at t/multiple_clients.t line 95, <GEN56> line 6.
Use of uninitialized value $_ in string eq at t/multiple_clients.t line 95, <GEN56> line 6.
Use of uninitialized value $test_number in concatenation (.) or string at t/multiple_clients.t line 95, <GEN56> line 6.

#   Failed test 'Found new test: '
#   at t/multiple_clients.t line 95.

#   Failed test 'Received well-formed test message'
#   at t/multiple_clients.t line 93.
#                   '{
#   'switches' => [],
#   'source' => 't/fake_t/03-test.t'
# }
# '
#     doesn't match '(?^:\s*\{
# \s*'source' => 't/fake_t/(\d+)-test\.t',
# \s*'switches' => \[\]
# \s*\})'
Use of uninitialized value $test_number in string eq at t/multiple_clients.t line 95, <GEN57> line 6.
Use of uninitialized value $_ in string eq at t/multiple_clients.t line 95, <GEN57> line 6.
Use of uninitialized value $test_number in string eq at t/multiple_clients.t line 95, <GEN57> line 6.
Use of uninitialized value $_ in string eq at t/multiple_clients.t line 95, <GEN57> line 6.
Use of uninitialized value $test_number in concatenation (.) or string at t/multiple_clients.t line 95, <GEN57> line 6.

#   Failed test 'Found new test: '
#   at t/multiple_clients.t line 95.
# (1) Finishing sock0 and grabbing new test

#   Failed test 'Received well-formed test message'
#   at t/multiple_clients.t line 93.
#                   '{
#   'switches' => [],
#   'source' => 't/fake_t/04-test.t'
# }
# '
#     doesn't match '(?^:\s*\{
# \s*'source' => 't/fake_t/(\d+)-test\.t',
# \s*'switches' => \[\]
# \s*\})'
Use of uninitialized value $test_number in string eq at t/multiple_clients.t line 95, <GEN55> line 12.
Use of uninitialized value $_ in string eq at t/multiple_clients.t line 95, <GEN55> line 12.
Use of uninitialized value $test_number in string eq at t/multiple_clients.t line 95, <GEN55> line 12.
Use of uninitialized value $_ in string eq at t/multiple_clients.t line 95, <GEN55> line 12.
Use of uninitialized value $test_number in string eq at t/multiple_clients.t line 95, <GEN55> line 12.
Use of uninitialized value $_ in string eq at t/multiple_clients.t line 95, <GEN55> line 12.
Use of uninitialized value $test_number in concatenation (.) or string at t/multiple_clients.t line 95, <GEN55> line 12.

#   Failed test 'Found new test: '
#   at t/multiple_clients.t line 95.
# (2) Finishing sock0 again before other sockets and grabbing new test
Use of uninitialized value $_ in string eq at t/multiple_clients.t line 95, <GEN55> line 18.
Use of uninitialized value $_ in string eq at t/multiple_clients.t line 95, <GEN55> line 18.
Use of uninitialized value $_ in string eq at t/multiple_clients.t line 95, <GEN55> line 18.
Use of uninitialized value $_ in string eq at t/multiple_clients.t line 95, <GEN55> line 18.
# (3) Finishing sock2 and grabbing new test
Use of uninitialized value $_ in string eq at t/multiple_clients.t line 95, <GEN57> line 12.
Use of uninitialized value $_ in string eq at t/multiple_clients.t line 95, <GEN57> line 12.
Use of uninitialized value $_ in string eq at t/multiple_clients.t line 95, <GEN57> line 12.
Use of uninitialized value $_ in string eq at t/multiple_clients.t line 95, <GEN57> line 12.
# (4) Finishing sock1 and grabbing new test

#   Failed test 'Received well-formed test message'
#   at t/multiple_clients.t line 93.
#                   '{
#   'switches' => [],
#   'source' => 't/fake_t/07-test.t'
# }
# '
#     doesn't match '(?^:\s*\{
# \s*'source' => 't/fake_t/(\d+)-test\.t',
# \s*'switches' => \[\]
# \s*\})'
Use of uninitialized value $test_number in string eq at t/multiple_clients.t line 95, <GEN56> line 12.
Use of uninitialized value $_ in string eq at t/multiple_clients.t line 95, <GEN56> line 12.
Use of uninitialized value $test_number in string eq at t/multiple_clients.t line 95, <GEN56> line 12.
Use of uninitialized value $_ in string eq at t/multiple_clients.t line 95, <GEN56> line 12.
Use of uninitialized value $test_number in string eq at t/multiple_clients.t line 95, <GEN56> line 12.
Use of uninitialized value $_ in string eq at t/multiple_clients.t line 95, <GEN56> line 12.
Use of uninitialized value $test_number in string eq at t/multiple_clients.t line 95, <GEN56> line 12.
Use of uninitialized value $_ in string eq at t/multiple_clients.t line 95, <GEN56> line 12.
Use of uninitialized value $test_number in string eq at t/multiple_clients.t line 95, <GEN56> line 12.
Use of uninitialized value $test_number in string eq at t/multiple_clients.t line 95, <GEN56> line 12.
Use of uninitialized value $test_number in concatenation (.) or string at t/multiple_clients.t line 95, <GEN56> line 12.

#   Failed test 'Found new test: '
#   at t/multiple_clients.t line 95.
# (5) Finishing sock0 and grabbing new test

#   Failed test 'Received well-formed test message'
#   at t/multiple_clients.t line 93.
#                   '{
#   'switches' => [],
#   'source' => 't/fake_t/08-test.t'
# }
# '
#     doesn't match '(?^:\s*\{
# \s*'source' => 't/fake_t/(\d+)-test\.t',
# \s*'switches' => \[\]
# \s*\})'
Use of uninitialized value $test_number in string eq at t/multiple_clients.t line 95, <GEN55> line 24.
Use of uninitialized value $_ in string eq at t/multiple_clients.t line 95, <GEN55> line 24.
Use of uninitialized value $test_number in string eq at t/multiple_clients.t line 95, <GEN55> line 24.
Use of uninitialized value $_ in string eq at t/multiple_clients.t line 95, <GEN55> line 24.
Use of uninitialized value $test_number in string eq at t/multiple_clients.t line 95, <GEN55> line 24.
Use of uninitialized value $_ in string eq at t/multiple_clients.t line 95, <GEN55> line 24.
Use of uninitialized value $test_number in string eq at t/multiple_clients.t line 95, <GEN55> line 24.
Use of uninitialized value $_ in string eq at t/multiple_clients.t line 95, <GEN55> line 24.
Use of uninitialized value $test_number in string eq at t/multiple_clients.t line 95, <GEN55> line 24.
Use of uninitialized value $test_number in string eq at t/multiple_clients.t line 95, <GEN55> line 24.
Use of uninitialized value $test_number in string eq at t/multiple_clients.t line 95, <GEN55> line 24.
Use of uninitialized value $_ in string eq at t/multiple_clients.t line 95, <GEN55> line 24.
Use of uninitialized value $test_number in concatenation (.) or string at t/multiple_clients.t line 95, <GEN55> line 24.

#   Failed test 'Found new test: '
#   at t/multiple_clients.t line 95.
# (6) Finishing sock0 again and grabbing new test

#   Failed test 'Received well-formed test message'
#   at t/multiple_clients.t line 93.
#                   '{
#   'switches' => [],
#   'source' => 't/fake_t/09-test.t'
# }
# '
#     doesn't match '(?^:\s*\{
# \s*'source' => 't/fake_t/(\d+)-test\.t',
# \s*'switches' => \[\]
# \s*\})'
Use of uninitialized value $test_number in string eq at t/multiple_clients.t line 95, <GEN55> line 30.
Use of uninitialized value $_ in string eq at t/multiple_clients.t line 95, <GEN55> line 30.
Use of uninitialized value $test_number in string eq at t/multiple_clients.t line 95, <GEN55> line 30.
Use of uninitialized value $_ in string eq at t/multiple_clients.t line 95, <GEN55> line 30.
Use of uninitialized value $test_number in string eq at t/multiple_clients.t line 95, <GEN55> line 30.
Use of uninitialized value $_ in string eq at t/multiple_clients.t line 95, <GEN55> line 30.
Use of uninitialized value $test_number in string eq at t/multiple_clients.t line 95, <GEN55> line 30.
Use of uninitialized value $_ in string eq at t/multiple_clients.t line 95, <GEN55> line 30.
Use of uninitialized value $test_number in string eq at t/multiple_clients.t line 95, <GEN55> line 30.
Use of uninitialized value $test_number in string eq at t/multiple_clients.t line 95, <GEN55> line 30.
Use of uninitialized value $test_number in string eq at t/multiple_clients.t line 95, <GEN55> line 30.
Use of uninitialized value $_ in string eq at t/multiple_clients.t line 95, <GEN55> line 30.
Use of uninitialized value $test_number in string eq at t/multiple_clients.t line 95, <GEN55> line 30.
Use of uninitialized value $_ in string eq at t/multiple_clients.t line 95, <GEN55> line 30.
Use of uninitialized value $test_number in concatenation (.) or string at t/multiple_clients.t line 95, <GEN55> line 30.

#   Failed test 'Found new test: '
#   at t/multiple_clients.t line 95.
# (7) Finishing sock1 and grabbing new test

#   Failed test 'Received well-formed test message'
#   at t/multiple_clients.t line 93.
#                   '{
#   'switches' => [],
#   'source' => 't/fake_t/10-test.t'
# }
# '
#     doesn't match '(?^:\s*\{
# \s*'source' => 't/fake_t/(\d+)-test\.t',
# \s*'switches' => \[\]
# \s*\})'
Use of uninitialized value $test_number in string eq at t/multiple_clients.t line 95, <GEN56> line 18.
Use of uninitialized value $_ in string eq at t/multiple_clients.t line 95, <GEN56> line 18.
Use of uninitialized value $test_number in string eq at t/multiple_clients.t line 95, <GEN56> line 18.
Use of uninitialized value $_ in string eq at t/multiple_clients.t line 95, <GEN56> line 18.
Use of uninitialized value $test_number in string eq at t/multiple_clients.t line 95, <GEN56> line 18.
Use of uninitialized value $_ in string eq at t/multiple_clients.t line 95, <GEN56> line 18.
Use of uninitialized value $test_number in string eq at t/multiple_clients.t line 95, <GEN56> line 18.
Use of uninitialized value $_ in string eq at t/multiple_clients.t line 95, <GEN56> line 18.
Use of uninitialized value $test_number in string eq at t/multiple_clients.t line 95, <GEN56> line 18.
Use of uninitialized value $test_number in string eq at t/multiple_clients.t line 95, <GEN56> line 18.
Use of uninitialized value $test_number in string eq at t/multiple_clients.t line 95, <GEN56> line 18.
Use of uninitialized value $_ in string eq at t/multiple_clients.t line 95, <GEN56> line 18.
Use of uninitialized value $test_number in string eq at t/multiple_clients.t line 95, <GEN56> line 18.
Use of uninitialized value $_ in string eq at t/multiple_clients.t line 95, <GEN56> line 18.
Use of uninitialized value $test_number in string eq at t/multiple_clients.t line 95, <GEN56> line 18.
Use of uninitialized value $_ in string eq at t/multiple_clients.t line 95, <GEN56> line 18.
Use of uninitialized value $test_number in concatenation (.) or string at t/multiple_clients.t line 95, <GEN56> line 18.

#   Failed test 'Found new test: '
#   at t/multiple_clients.t line 95.
# (8) Wrapping up all sockets

#   Failed test 'Received well-formed test message'
#   at t/multiple_clients.t line 93.
#                   '{
#   'switches' => [],
#   'source' => 't/fake_t/01-test.t'
# }
# '
#     doesn't match '(?^:\s*\{
# \s*'source' => 't/fake_t/(\d+)-test\.t',
# \s*'switches' => \[\]
# \s*\})'
Use of uninitialized value $test_number in concatenation (.) or string at t/multiple_clients.t line 95, <GEN138> line 6.
Use of uninitialized value $_ in string eq at t/multiple_clients.t line 95, <GEN139> line 6.

#   Failed test 'Received well-formed test message'
#   at t/multiple_clients.t line 93.
#                   '{
#   'switches' => [],
#   'source' => 't/fake_t/03-test.t'
# }
# '
#     doesn't match '(?^:\s*\{
# \s*'source' => 't/fake_t/(\d+)-test\.t',
# \s*'switches' => \[\]
# \s*\})'
Use of uninitialized value $test_number in string eq at t/multiple_clients.t line 95, <GEN140> line 6.
Use of uninitialized value $_ in string eq at t/multiple_clients.t line 95, <GEN140> line 6.
Use of uninitialized value $test_number in string eq at t/multiple_clients.t line 95, <GEN140> line 6.
Use of uninitialized value $test_number in concatenation (.) or string at t/multiple_clients.t line 95, <GEN140> line 6.

#   Failed test 'Found new test: '
#   at t/multiple_clients.t line 95.
# (1) Finishing sock0 and grabbing new test
Use of uninitialized value $_ in string eq at t/multiple_clients.t line 95, <GEN138> line 12.
Use of uninitialized value $_ in string eq at t/multiple_clients.t line 95, <GEN138> line 12.
# (2) Finishing sock0 again before other sockets and grabbing new test
Use of uninitialized value $_ in string eq at t/multiple_clients.t line 95, <GEN138> line 18.
Use of uninitialized value $_ in string eq at t/multiple_clients.t line 95, <GEN138> line 18.
# (3) Finishing sock2 and grabbing new test

#   Failed test 'Received well-formed test message'
#   at t/multiple_clients.t line 93.
#                   '{
#   'switches' => [],
#   'source' => 't/fake_t/06-test.t'
# }
# '
#     doesn't match '(?^:\s*\{
# \s*'source' => 't/fake_t/(\d+)-test\.t',
# \s*'switches' => \[\]
# \s*\})'
Use of uninitialized value $test_number in string eq at t/multiple_clients.t line 95, <GEN140> line 12.
Use of uninitialized value $_ in string eq at t/multiple_clients.t line 95, <GEN140> line 12.
Use of uninitialized value $test_number in string eq at t/multiple_clients.t line 95, <GEN140> line 12.
Use of uninitialized value $test_number in string eq at t/multiple_clients.t line 95, <GEN140> line 12.
Use of uninitialized value $_ in string eq at t/multiple_clients.t line 95, <GEN140> line 12.
Use of uninitialized value $test_number in string eq at t/multiple_clients.t line 95, <GEN140> line 12.
Use of uninitialized value $test_number in string eq at t/multiple_clients.t line 95, <GEN140> line 12.
Use of uninitialized value $test_number in concatenation (.) or string at t/multiple_clients.t line 95, <GEN140> line 12.

#   Failed test 'Found new test: '
#   at t/multiple_clients.t line 95.
# (4) Finishing sock1 and grabbing new test

#   Failed test 'Received well-formed test message'
#   at t/multiple_clients.t line 93.
#                   '{
#   'switches' => [],
#   'source' => 't/fake_t/07-test.t'
# }
# '
#     doesn't match '(?^:\s*\{
# \s*'source' => 't/fake_t/(\d+)-test\.t',
# \s*'switches' => \[\]
# \s*\})'
Use of uninitialized value $test_number in string eq at t/multiple_clients.t line 95, <GEN139> line 12.
Use of uninitialized value $_ in string eq at t/multiple_clients.t line 95, <GEN139> line 12.
Use of uninitialized value $test_number in string eq at t/multiple_clients.t line 95, <GEN139> line 12.
Use of uninitialized value $test_number in string eq at t/multiple_clients.t line 95, <GEN139> line 12.
Use of uninitialized value $_ in string eq at t/multiple_clients.t line 95, <GEN139> line 12.
Use of uninitialized value $test_number in string eq at t/multiple_clients.t line 95, <GEN139> line 12.
Use of uninitialized value $test_number in string eq at t/multiple_clients.t line 95, <GEN139> line 12.
Use of uninitialized value $test_number in string eq at t/multiple_clients.t line 95, <GEN139> line 12.
Use of uninitialized value $_ in string eq at t/multiple_clients.t line 95, <GEN139> line 12.
Use of uninitialized value $test_number in concatenation (.) or string at t/multiple_clients.t line 95, <GEN139> line 12.

#   Failed test 'Found new test: '
#   at t/multiple_clients.t line 95.
# (5) Finishing sock0 and grabbing new test
Use of uninitialized value $_ in string eq at t/multiple_clients.t line 95, <GEN138> line 24.
Use of uninitialized value $_ in string eq at t/multiple_clients.t line 95, <GEN138> line 24.
Use of uninitialized value $_ in string eq at t/multiple_clients.t line 95, <GEN138> line 24.
Use of uninitialized value $_ in string eq at t/multiple_clients.t line 95, <GEN138> line 24.
# (6) Finishing sock0 again and grabbing new test

#   Failed test 'Received well-formed test message'
#   at t/multiple_clients.t line 93.
#                   '{
#   'switches' => [],
#   'source' => 't/fake_t/09-test.t'
# }
# '
#     doesn't match '(?^:\s*\{
# \s*'source' => 't/fake_t/(\d+)-test\.t',
# \s*'switches' => \[\]
# \s*\})'
Use of uninitialized value $test_number in string eq at t/multiple_clients.t line 95, <GEN138> line 30.
Use of uninitialized value $_ in string eq at t/multiple_clients.t line 95, <GEN138> line 30.
Use of uninitialized value $test_number in string eq at t/multiple_clients.t line 95, <GEN138> line 30.
Use of uninitialized value $test_number in string eq at t/multiple_clients.t line 95, <GEN138> line 30.
Use of uninitialized value $_ in string eq at t/multiple_clients.t line 95, <GEN138> line 30.
Use of uninitialized value $test_number in string eq at t/multiple_clients.t line 95, <GEN138> line 30.
Use of uninitialized value $test_number in string eq at t/multiple_clients.t line 95, <GEN138> line 30.
Use of uninitialized value $test_number in string eq at t/multiple_clients.t line 95, <GEN138> line 30.
Use of uninitialized value $_ in string eq at t/multiple_clients.t line 95, <GEN138> line 30.
Use of uninitialized value $test_number in string eq at t/multiple_clients.t line 95, <GEN138> line 30.
Use of uninitialized value $_ in string eq at t/multiple_clients.t line 95, <GEN138> line 30.
Use of uninitialized value $test_number in string eq at t/multiple_clients.t line 95, <GEN138> line 30.
Use of uninitialized value $test_number in concatenation (.) or string at t/multiple_clients.t line 95, <GEN138> line 30.

#   Failed test 'Found new test: '
#   at t/multiple_clients.t line 95.
# (7) Finishing sock1 and grabbing new test
Use of uninitialized value $_ in string eq at t/multiple_clients.t line 95, <GEN139> line 18.
Use of uninitialized value $_ in string eq at t/multiple_clients.t line 95, <GEN139> line 18.
Use of uninitialized value $_ in string eq at t/multiple_clients.t line 95, <GEN139> line 18.
Use of uninitialized value $_ in string eq at t/multiple_clients.t line 95, <GEN139> line 18.
Use of uninitialized value $_ in string eq at t/multiple_clients.t line 95, <GEN139> line 18.
# (8) Wrapping up all sockets
# Looks like you failed 24 tests of 89.
t/multiple_clients.t ............. 
Dubious, test returned 24 (wstat 6144, 0x1800)
Failed 24/89 subtests 

#   Failed test 'Received well-formed test message'
#   at t/multiple_clients_with_death.t line 101.
#                   '{
#   'switches' => [],
#   'source' => 't/fake_t/02-test.t'
# }
# '
#     doesn't match '(?^:\s*\{
# \s*'source' => 't/fake_t/(\d+)-test\.t',
# \s*'switches' => \[\]
# \s*\})'
Use of uninitialized value $test_number in string eq at t/multiple_clients_with_death.t line 103, <GEN36> line 6.
Use of uninitialized value $test_number in concatenation (.) or string at t/multiple_clients_with_death.t line 103, <GEN36> line 6.
Use of uninitialized value $_ in string eq at t/multiple_clients_with_death.t line 103, <GEN37> line 6.
# (1) Finishing sock0 and grabbing new test

#   Failed test 'Received well-formed test message'
#   at t/multiple_clients_with_death.t line 101.
#                   '{
#   'switches' => [],
#   'source' => 't/fake_t/04-test.t'
# }
# '
#     doesn't match '(?^:\s*\{
# \s*'source' => 't/fake_t/(\d+)-test\.t',
# \s*'switches' => \[\]
# \s*\})'
Use of uninitialized value $test_number in string eq at t/multiple_clients_with_death.t line 103, <GEN35> line 12.
Use of uninitialized value $test_number in string eq at t/multiple_clients_with_death.t line 103, <GEN35> line 12.
Use of uninitialized value $_ in string eq at t/multiple_clients_with_death.t line 103, <GEN35> line 12.
Use of uninitialized value $test_number in string eq at t/multiple_clients_with_death.t line 103, <GEN35> line 12.
Use of uninitialized value $test_number in concatenation (.) or string at t/multiple_clients_with_death.t line 103, <GEN35> line 12.

#   Failed test 'Found new test: '
#   at t/multiple_clients_with_death.t line 103.
# (2) Finishing sock0 again before other sockets and grabbing new test

#   Failed test 'Received well-formed test message'
#   at t/multiple_clients_with_death.t line 101.
#                   '{
#   'switches' => [],
#   'source' => 't/fake_t/05-test.t'
# }
# '
#     doesn't match '(?^:\s*\{
# \s*'source' => 't/fake_t/(\d+)-test\.t',
# \s*'switches' => \[\]
# \s*\})'
Use of uninitialized value $test_number in string eq at t/multiple_clients_with_death.t line 103, <GEN35> line 18.
Use of uninitialized value $test_number in string eq at t/multiple_clients_with_death.t line 103, <GEN35> line 18.
Use of uninitialized value $_ in string eq at t/multiple_clients_with_death.t line 103, <GEN35> line 18.
Use of uninitialized value $test_number in string eq at t/multiple_clients_with_death.t line 103, <GEN35> line 18.
Use of uninitialized value $test_number in string eq at t/multiple_clients_with_death.t line 103, <GEN35> line 18.
Use of uninitialized value $_ in string eq at t/multiple_clients_with_death.t line 103, <GEN35> line 18.
Use of uninitialized value $test_number in concatenation (.) or string at t/multiple_clients_with_death.t line 103, <GEN35> line 18.

#   Failed test 'Found new test: '
#   at t/multiple_clients_with_death.t line 103.
# (3) Finishing sock2 and grabbing new test
Use of uninitialized value $_ in string eq at t/multiple_clients_with_death.t line 103, <GEN37> line 12.
Use of uninitialized value $_ in string eq at t/multiple_clients_with_death.t line 103, <GEN37> line 12.
Use of uninitialized value $_ in string eq at t/multiple_clients_with_death.t line 103, <GEN37> line 12.
# (4) Closing sock1 prematurely
# (5) Finishing sock0 and grabbing new test
Use of uninitialized value $_ in string eq at t/multiple_clients_with_death.t line 103, <GEN35> line 24.
Use of uninitialized value $_ in string eq at t/multiple_clients_with_death.t line 103, <GEN35> line 24.
Use of uninitialized value $_ in string eq at t/multiple_clients_with_death.t line 103, <GEN35> line 24.
# (6a) Finishing sock0 again and grabbing new test

#   Failed test 'Received well-formed test message'
#   at t/multiple_clients_with_death.t line 101.
#                   '{
#   'switches' => [],
#   'source' => 't/fake_t/08-test.t'
# }
# '
#     doesn't match '(?^:\s*\{
# \s*'source' => 't/fake_t/(\d+)-test\.t',
# \s*'switches' => \[\]
# \s*\})'
Use of uninitialized value $test_number in string eq at t/multiple_clients_with_death.t line 103, <GEN35> line 30.
Use of uninitialized value $test_number in string eq at t/multiple_clients_with_death.t line 103, <GEN35> line 30.
Use of uninitialized value $_ in string eq at t/multiple_clients_with_death.t line 103, <GEN35> line 30.
Use of uninitialized value $test_number in string eq at t/multiple_clients_with_death.t line 103, <GEN35> line 30.
Use of uninitialized value $test_number in string eq at t/multiple_clients_with_death.t line 103, <GEN35> line 30.
Use of uninitialized value $_ in string eq at t/multiple_clients_with_death.t line 103, <GEN35> line 30.
Use of uninitialized value $test_number in string eq at t/multiple_clients_with_death.t line 103, <GEN35> line 30.
Use of uninitialized value $_ in string eq at t/multiple_clients_with_death.t line 103, <GEN35> line 30.
Use of uninitialized value $test_number in string eq at t/multiple_clients_with_death.t line 103, <GEN35> line 30.
Use of uninitialized value $test_number in string eq at t/multiple_clients_with_death.t line 103, <GEN35> line 30.
Use of uninitialized value $test_number in concatenation (.) or string at t/multiple_clients_with_death.t line 103, <GEN35> line 30.

#   Failed test 'Found new test: '
#   at t/multiple_clients_with_death.t line 103.
# (7) Finishing sock2 and grabbing new test

#   Failed test 'Received well-formed test message'
#   at t/multiple_clients_with_death.t line 101.
#                   '{
#   'switches' => [],
#   'source' => 't/fake_t/09-test.t'
# }
# '
#     doesn't match '(?^:\s*\{
# \s*'source' => 't/fake_t/(\d+)-test\.t',
# \s*'switches' => \[\]
# \s*\})'
Use of uninitialized value $test_number in string eq at t/multiple_clients_with_death.t line 103, <GEN37> line 18.
Use of uninitialized value $test_number in string eq at t/multiple_clients_with_death.t line 103, <GEN37> line 18.
Use of uninitialized value $_ in string eq at t/multiple_clients_with_death.t line 103, <GEN37> line 18.
Use of uninitialized value $test_number in string eq at t/multiple_clients_with_death.t line 103, <GEN37> line 18.
Use of uninitialized value $test_number in string eq at t/multiple_clients_with_death.t line 103, <GEN37> line 18.
Use of uninitialized value $_ in string eq at t/multiple_clients_with_death.t line 103, <GEN37> line 18.
Use of uninitialized value $test_number in string eq at t/multiple_clients_with_death.t line 103, <GEN37> line 18.
Use of uninitialized value $_ in string eq at t/multiple_clients_with_death.t line 103, <GEN37> line 18.
Use of uninitialized value $test_number in string eq at t/multiple_clients_with_death.t line 103, <GEN37> line 18.
Use of uninitialized value $test_number in string eq at t/multiple_clients_with_death.t line 103, <GEN37> line 18.
Use of uninitialized value $test_number in string eq at t/multiple_clients_with_death.t line 103, <GEN37> line 18.
Use of uninitialized value $_ in string eq at t/multiple_clients_with_death.t line 103, <GEN37> line 18.
Use of uninitialized value $test_number in concatenation (.) or string at t/multiple_clients_with_death.t line 103, <GEN37> line 18.

#   Failed test 'Found new test: '
#   at t/multiple_clients_with_death.t line 103.
# (8) Finishing sock0 and grabbing new test

#   Failed test 'Received well-formed test message'
#   at t/multiple_clients_with_death.t line 101.
#                   '{
#   'switches' => [],
#   'source' => 't/fake_t/10-test.t'
# }
# '
#     doesn't match '(?^:\s*\{
# \s*'source' => 't/fake_t/(\d+)-test\.t',
# \s*'switches' => \[\]
# \s*\})'
Use of uninitialized value $test_number in string eq at t/multiple_clients_with_death.t line 103, <GEN35> line 36.
Use of uninitialized value $test_number in string eq at t/multiple_clients_with_death.t line 103, <GEN35> line 36.
Use of uninitialized value $_ in string eq at t/multiple_clients_with_death.t line 103, <GEN35> line 36.
Use of uninitialized value $test_number in string eq at t/multiple_clients_with_death.t line 103, <GEN35> line 36.
Use of uninitialized value $test_number in string eq at t/multiple_clients_with_death.t line 103, <GEN35> line 36.
Use of uninitialized value $_ in string eq at t/multiple_clients_with_death.t line 103, <GEN35> line 36.
Use of uninitialized value $test_number in string eq at t/multiple_clients_with_death.t line 103, <GEN35> line 36.
Use of uninitialized value $_ in string eq at t/multiple_clients_with_death.t line 103, <GEN35> line 36.
Use of uninitialized value $test_number in string eq at t/multiple_clients_with_death.t line 103, <GEN35> line 36.
Use of uninitialized value $test_number in string eq at t/multiple_clients_with_death.t line 103, <GEN35> line 36.
Use of uninitialized value $test_number in string eq at t/multiple_clients_with_death.t line 103, <GEN35> line 36.
Use of uninitialized value $_ in string eq at t/multiple_clients_with_death.t line 103, <GEN35> line 36.
Use of uninitialized value $test_number in string eq at t/multiple_clients_with_death.t line 103, <GEN35> line 36.
Use of uninitialized value $_ in string eq at t/multiple_clients_with_death.t line 103, <GEN35> line 36.
Use of uninitialized value $test_number in concatenation (.) or string at t/multiple_clients_with_death.t line 103, <GEN35> line 36.

#   Failed test 'Found new test: '
#   at t/multiple_clients_with_death.t line 103.
# (9) Wrapping up all sockets
# (1) Finishing sock0 and grabbing new test
# (2) Finishing sock0 again before other sockets and grabbing new test

#   Failed test 'Received well-formed test message'
#   at t/multiple_clients_with_death.t line 101.
#                   '{
#   'switches' => [],
#   'source' => 't/fake_t/05-test.t'
# }
# '
#     doesn't match '(?^:\s*\{
# \s*'source' => 't/fake_t/(\d+)-test\.t',
# \s*'switches' => \[\]
# \s*\})'
Use of uninitialized value $test_number in string eq at t/multiple_clients_with_death.t line 103, <GEN104> line 18.
Use of uninitialized value $test_number in string eq at t/multiple_clients_with_death.t line 103, <GEN104> line 18.
Use of uninitialized value $test_number in string eq at t/multiple_clients_with_death.t line 103, <GEN104> line 18.
Use of uninitialized value $test_number in string eq at t/multiple_clients_with_death.t line 103, <GEN104> line 18.
Use of uninitialized value $test_number in concatenation (.) or string at t/multiple_clients_with_death.t line 103, <GEN104> line 18.
# (3) Finishing sock2 and grabbing new test

#   Failed test 'Received well-formed test message'
#   at t/multiple_clients_with_death.t line 101.
#                   '{
#   'switches' => [],
#   'source' => 't/fake_t/06-test.t'
# }
# '
#     doesn't match '(?^:\s*\{
# \s*'source' => 't/fake_t/(\d+)-test\.t',
# \s*'switches' => \[\]
# \s*\})'
Use of uninitialized value $test_number in string eq at t/multiple_clients_with_death.t line 103, <GEN106> line 12.
Use of uninitialized value $test_number in string eq at t/multiple_clients_with_death.t line 103, <GEN106> line 12.
Use of uninitialized value $test_number in string eq at t/multiple_clients_with_death.t line 103, <GEN106> line 12.
Use of uninitialized value $test_number in string eq at t/multiple_clients_with_death.t line 103, <GEN106> line 12.
Use of uninitialized value $test_number in string eq at t/multiple_clients_with_death.t line 103, <GEN106> line 12.
Use of uninitialized value $_ in string eq at t/multiple_clients_with_death.t line 103, <GEN106> line 12.
Use of uninitialized value $test_number in concatenation (.) or string at t/multiple_clients_with_death.t line 103, <GEN106> line 12.

#   Failed test 'Found new test: '
#   at t/multiple_clients_with_death.t line 103.
# (4) Closing sock1 prematurely
# (5) Finishing sock0 and grabbing new test
Use of uninitialized value $_ in string eq at t/multiple_clients_with_death.t line 103, <GEN104> line 24.
Use of uninitialized value $_ in string eq at t/multiple_clients_with_death.t line 103, <GEN104> line 24.
# (6a) Finishing sock0 again and grabbing new test
Use of uninitialized value $_ in string eq at t/multiple_clients_with_death.t line 103, <GEN104> line 30.
Use of uninitialized value $_ in string eq at t/multiple_clients_with_death.t line 103, <GEN104> line 30.
# (7) Finishing sock2 and grabbing new test

#   Failed test 'Received well-formed test message'
#   at t/multiple_clients_with_death.t line 101.
#                   '{
#   'switches' => [],
#   'source' => 't/fake_t/09-test.t'
# }
# '
#     doesn't match '(?^:\s*\{
# \s*'source' => 't/fake_t/(\d+)-test\.t',
# \s*'switches' => \[\]
# \s*\})'
Use of uninitialized value $test_number in string eq at t/multiple_clients_with_death.t line 103, <GEN106> line 18.
Use of uninitialized value $test_number in string eq at t/multiple_clients_with_death.t line 103, <GEN106> line 18.
Use of uninitialized value $test_number in string eq at t/multiple_clients_with_death.t line 103, <GEN106> line 18.
Use of uninitialized value $test_number in string eq at t/multiple_clients_with_death.t line 103, <GEN106> line 18.
Use of uninitialized value $test_number in string eq at t/multiple_clients_with_death.t line 103, <GEN106> line 18.
Use of uninitialized value $_ in string eq at t/multiple_clients_with_death.t line 103, <GEN106> line 18.
Use of uninitialized value $test_number in string eq at t/multiple_clients_with_death.t line 103, <GEN106> line 18.
Use of uninitialized value $_ in string eq at t/multiple_clients_with_death.t line 103, <GEN106> line 18.
Use of uninitialized value $test_number in string eq at t/multiple_clients_with_death.t line 103, <GEN106> line 18.
Use of uninitialized value $test_number in string eq at t/multiple_clients_with_death.t line 103, <GEN106> line 18.
Use of uninitialized value $test_number in concatenation (.) or string at t/multiple_clients_with_death.t line 103, <GEN106> line 18.

#   Failed test 'Found new test: '
#   at t/multiple_clients_with_death.t line 103.
# (8) Finishing sock0 and grabbing new test

#   Failed test 'Received well-formed test message'
#   at t/multiple_clients_with_death.t line 101.
#                   '{
#   'switches' => [],
#   'source' => 't/fake_t/10-test.t'
# }
# '
#     doesn't match '(?^:\s*\{
# \s*'source' => 't/fake_t/(\d+)-test\.t',
# \s*'switches' => \[\]
# \s*\})'
Use of uninitialized value $test_number in string eq at t/multiple_clients_with_death.t line 103, <GEN104> line 36.
Use of uninitialized value $test_number in string eq at t/multiple_clients_with_death.t line 103, <GEN104> line 36.
Use of uninitialized value $test_number in string eq at t/multiple_clients_with_death.t line 103, <GEN104> line 36.
Use of uninitialized value $test_number in string eq at t/multiple_clients_with_death.t line 103, <GEN104> line 36.
Use of uninitialized value $test_number in string eq at t/multiple_clients_with_death.t line 103, <GEN104> line 36.
Use of uninitialized value $_ in string eq at t/multiple_clients_with_death.t line 103, <GEN104> line 36.
Use of uninitialized value $test_number in string eq at t/multiple_clients_with_death.t line 103, <GEN104> line 36.
Use of uninitialized value $_ in string eq at t/multiple_clients_with_death.t line 103, <GEN104> line 36.
Use of uninitialized value $test_number in string eq at t/multiple_clients_with_death.t line 103, <GEN104> line 36.
Use of uninitialized value $test_number in string eq at t/multiple_clients_with_death.t line 103, <GEN104> line 36.
Use of uninitialized value $test_number in string eq at t/multiple_clients_with_death.t line 103, <GEN104> line 36.
Use of uninitialized value $_ in string eq at t/multiple_clients_with_death.t line 103, <GEN104> line 36.
Use of uninitialized value $test_number in concatenation (.) or string at t/multiple_clients_with_death.t line 103, <GEN104> line 36.

#   Failed test 'Found new test: '
#   at t/multiple_clients_with_death.t line 103.
# (9) Wrapping up all sockets

#   Failed test 'Received well-formed test message'
#   at t/multiple_clients_with_death.t line 101.
#                   '{
#   'switches' => [],
#   'source' => 't/fake_t/01-test.t'
# }
# '
#     doesn't match '(?^:\s*\{
# \s*'source' => 't/fake_t/(\d+)-test\.t',
# \s*'switches' => \[\]
# \s*\})'
Use of uninitialized value $test_number in concatenation (.) or string at t/multiple_clients_with_death.t line 103, <GEN173> line 6.

#   Failed test 'Received well-formed test message'
#   at t/multiple_clients_with_death.t line 101.
#                   '{
#   'switches' => [],
#   'source' => 't/fake_t/02-test.t'
# }
# '
#     doesn't match '(?^:\s*\{
# \s*'source' => 't/fake_t/(\d+)-test\.t',
# \s*'switches' => \[\]
# \s*\})'
Use of uninitialized value $test_number in string eq at t/multiple_clients_with_death.t line 103, <GEN174> line 6.
Use of uninitialized value $_ in string eq at t/multiple_clients_with_death.t line 103, <GEN174> line 6.
Use of uninitialized value $test_number in concatenation (.) or string at t/multiple_clients_with_death.t line 103, <GEN174> line 6.

#   Failed test 'Found new test: '
#   at t/multiple_clients_with_death.t line 103.

#   Failed test 'Received well-formed test message'
#   at t/multiple_clients_with_death.t line 101.
#                   '{
#   'switches' => [],
#   'source' => 't/fake_t/03-test.t'
# }
# '
#     doesn't match '(?^:\s*\{
# \s*'source' => 't/fake_t/(\d+)-test\.t',
# \s*'switches' => \[\]
# \s*\})'
Use of uninitialized value $test_number in string eq at t/multiple_clients_with_death.t line 103, <GEN175> line 6.
Use of uninitialized value $_ in string eq at t/multiple_clients_with_death.t line 103, <GEN175> line 6.
Use of uninitialized value $test_number in string eq at t/multiple_clients_with_death.t line 103, <GEN175> line 6.
Use of uninitialized value $_ in string eq at t/multiple_clients_with_death.t line 103, <GEN175> line 6.
Use of uninitialized value $test_number in concatenation (.) or string at t/multiple_clients_with_death.t line 103, <GEN175> line 6.

#   Failed test 'Found new test: '
#   at t/multiple_clients_with_death.t line 103.
# (1) Finishing sock0 and grabbing new test

#   Failed test 'Received well-formed test message'
#   at t/multiple_clients_with_death.t line 101.
#                   '{
#   'switches' => [],
#   'source' => 't/fake_t/04-test.t'
# }
# '
#     doesn't match '(?^:\s*\{
# \s*'source' => 't/fake_t/(\d+)-test\.t',
# \s*'switches' => \[\]
# \s*\})'
Use of uninitialized value $test_number in string eq at t/multiple_clients_with_death.t line 103, <GEN173> line 12.
Use of uninitialized value $_ in string eq at t/multiple_clients_with_death.t line 103, <GEN173> line 12.
Use of uninitialized value $test_number in string eq at t/multiple_clients_with_death.t line 103, <GEN173> line 12.
Use of uninitialized value $_ in string eq at t/multiple_clients_with_death.t line 103, <GEN173> line 12.
Use of uninitialized value $test_number in string eq at t/multiple_clients_with_death.t line 103, <GEN173> line 12.
Use of uninitialized value $_ in string eq at t/multiple_clients_with_death.t line 103, <GEN173> line 12.
Use of uninitialized value $test_number in concatenation (.) or string at t/multiple_clients_with_death.t line 103, <GEN173> line 12.

#   Failed test 'Found new test: '
#   at t/multiple_clients_with_death.t line 103.
# (2) Finishing sock0 again before other sockets and grabbing new test

#   Failed test 'Received well-formed test message'
#   at t/multiple_clients_with_death.t line 101.
#                   '{
#   'switches' => [],
#   'source' => 't/fake_t/05-test.t'
# }
# '
#     doesn't match '(?^:\s*\{
# \s*'source' => 't/fake_t/(\d+)-test\.t',
# \s*'switches' => \[\]
# \s*\})'
Use of uninitialized value $test_number in string eq at t/multiple_clients_with_death.t line 103, <GEN173> line 18.
Use of uninitialized value $_ in string eq at t/multiple_clients_with_death.t line 103, <GEN173> line 18.
Use of uninitialized value $test_number in string eq at t/multiple_clients_with_death.t line 103, <GEN173> line 18.
Use of uninitialized value $_ in string eq at t/multiple_clients_with_death.t line 103, <GEN173> line 18.
Use of uninitialized value $test_number in string eq at t/multiple_clients_with_death.t line 103, <GEN173> line 18.
Use of uninitialized value $_ in string eq at t/multiple_clients_with_death.t line 103, <GEN173> line 18.
Use of uninitialized value $test_number in string eq at t/multiple_clients_with_death.t line 103, <GEN173> line 18.
Use of uninitialized value $_ in string eq at t/multiple_clients_with_death.t line 103, <GEN173> line 18.
Use of uninitialized value $test_number in concatenation (.) or string at t/multiple_clients_with_death.t line 103, <GEN173> line 18.

#   Failed test 'Found new test: '
#   at t/multiple_clients_with_death.t line 103.
# (3) Finishing sock2 and grabbing new test

#   Failed test 'Received well-formed test message'
#   at t/multiple_clients_with_death.t line 101.
#                   '{
#   'switches' => [],
#   'source' => 't/fake_t/06-test.t'
# }
# '
#     doesn't match '(?^:\s*\{
# \s*'source' => 't/fake_t/(\d+)-test\.t',
# \s*'switches' => \[\]
# \s*\})'
Use of uninitialized value $test_number in string eq at t/multiple_clients_with_death.t line 103, <GEN175> line 12.
Use of uninitialized value $_ in string eq at t/multiple_clients_with_death.t line 103, <GEN175> line 12.
Use of uninitialized value $test_number in string eq at t/multiple_clients_with_death.t line 103, <GEN175> line 12.
Use of uninitialized value $_ in string eq at t/multiple_clients_with_death.t line 103, <GEN175> line 12.
Use of uninitialized value $test_number in string eq at t/multiple_clients_with_death.t line 103, <GEN175> line 12.
Use of uninitialized value $_ in string eq at t/multiple_clients_with_death.t line 103, <GEN175> line 12.
Use of uninitialized value $test_number in string eq at t/multiple_clients_with_death.t line 103, <GEN175> line 12.
Use of uninitialized value $_ in string eq at t/multiple_clients_with_death.t line 103, <GEN175> line 12.
Use of uninitialized value $test_number in string eq at t/multiple_clients_with_death.t line 103, <GEN175> line 12.
Use of uninitialized value $_ in string eq at t/multiple_clients_with_death.t line 103, <GEN175> line 12.
Use of uninitialized value $test_number in concatenation (.) or string at t/multiple_clients_with_death.t line 103, <GEN175> line 12.

#   Failed test 'Found new test: '
#   at t/multiple_clients_with_death.t line 103.
# (4) Closing sock1 prematurely
# (5) Finishing sock0 and grabbing new test

#   Failed test 'Received well-formed test message'
#   at t/multiple_clients_with_death.t line 101.
#                   '{
#   'switches' => [],
#   'source' => 't/fake_t/07-test.t'
# }
# '
#     doesn't match '(?^:\s*\{
# \s*'source' => 't/fake_t/(\d+)-test\.t',
# \s*'switches' => \[\]
# \s*\})'
Use of uninitialized value $test_number in string eq at t/multiple_clients_with_death.t line 103, <GEN173> line 24.
Use of uninitialized value $_ in string eq at t/multiple_clients_with_death.t line 103, <GEN173> line 24.
Use of uninitialized value $test_number in string eq at t/multiple_clients_with_death.t line 103, <GEN173> line 24.
Use of uninitialized value $_ in string eq at t/multiple_clients_with_death.t line 103, <GEN173> line 24.
Use of uninitialized value $test_number in string eq at t/multiple_clients_with_death.t line 103, <GEN173> line 24.
Use of uninitialized value $_ in string eq at t/multiple_clients_with_death.t line 103, <GEN173> line 24.
Use of uninitialized value $test_number in string eq at t/multiple_clients_with_death.t line 103, <GEN173> line 24.
Use of uninitialized value $_ in string eq at t/multiple_clients_with_death.t line 103, <GEN173> line 24.
Use of uninitialized value $test_number in string eq at t/multiple_clients_with_death.t line 103, <GEN173> line 24.
Use of uninitialized value $_ in string eq at t/multiple_clients_with_death.t line 103, <GEN173> line 24.
Use of uninitialized value $test_number in string eq at t/multiple_clients_with_death.t line 103, <GEN173> line 24.
Use of uninitialized value $_ in string eq at t/multiple_clients_with_death.t line 103, <GEN173> line 24.
Use of uninitialized value $test_number in concatenation (.) or string at t/multiple_clients_with_death.t line 103, <GEN173> line 24.

#   Failed test 'Found new test: '
#   at t/multiple_clients_with_death.t line 103.
# (6b) Closing all sockets

#   Failed test 'Received well-formed test message'
#   at t/multiple_clients_with_death.t line 101.
#                   '{
#   'switches' => [],
#   'source' => 't/fake_t/01-test.t'
# }
# '
#     doesn't match '(?^:\s*\{
# \s*'source' => 't/fake_t/(\d+)-test\.t',
# \s*'switches' => \[\]
# \s*\})'
Use of uninitialized value $test_number in concatenation (.) or string at t/multiple_clients_with_death.t line 103, <GEN221> line 6.

#   Failed test 'Received well-formed test message'
#   at t/multiple_clients_with_death.t line 101.
#                   '{
#   'switches' => [],
#   'source' => 't/fake_t/02-test.t'
# }
# '
#     doesn't match '(?^:\s*\{
# \s*'source' => 't/fake_t/(\d+)-test\.t',
# \s*'switches' => \[\]
# \s*\})'
Use of uninitialized value $test_number in string eq at t/multiple_clients_with_death.t line 103, <GEN222> line 6.
Use of uninitialized value $_ in string eq at t/multiple_clients_with_death.t line 103, <GEN222> line 6.
Use of uninitialized value $test_number in concatenation (.) or string at t/multiple_clients_with_death.t line 103, <GEN222> line 6.

#   Failed test 'Found new test: '
#   at t/multiple_clients_with_death.t line 103.
Use of uninitialized value $_ in string eq at t/multiple_clients_with_death.t line 103, <GEN223> line 6.
Use of uninitialized value $_ in string eq at t/multiple_clients_with_death.t line 103, <GEN223> line 6.
# (1) Finishing sock0 and grabbing new test

#   Failed test 'Received well-formed test message'
#   at t/multiple_clients_with_death.t line 101.
#                   '{
#   'switches' => [],
#   'source' => 't/fake_t/04-test.t'
# }
# '
#     doesn't match '(?^:\s*\{
# \s*'source' => 't/fake_t/(\d+)-test\.t',
# \s*'switches' => \[\]
# \s*\})'
Use of uninitialized value $test_number in string eq at t/multiple_clients_with_death.t line 103, <GEN221> line 12.
Use of uninitialized value $_ in string eq at t/multiple_clients_with_death.t line 103, <GEN221> line 12.
Use of uninitialized value $test_number in string eq at t/multiple_clients_with_death.t line 103, <GEN221> line 12.
Use of uninitialized value $_ in string eq at t/multiple_clients_with_death.t line 103, <GEN221> line 12.
Use of uninitialized value $test_number in string eq at t/multiple_clients_with_death.t line 103, <GEN221> line 12.
Use of uninitialized value $test_number in concatenation (.) or string at t/multiple_clients_with_death.t line 103, <GEN221> line 12.

#   Failed test 'Found new test: '
#   at t/multiple_clients_with_death.t line 103.
# (2) Finishing sock0 again before other sockets and grabbing new test

#   Failed test 'Received well-formed test message'
#   at t/multiple_clients_with_death.t line 101.
#                   '{
#   'switches' => [],
#   'source' => 't/fake_t/05-test.t'
# }
# '
#     doesn't match '(?^:\s*\{
# \s*'source' => 't/fake_t/(\d+)-test\.t',
# \s*'switches' => \[\]
# \s*\})'
Use of uninitialized value $test_number in string eq at t/multiple_clients_with_death.t line 103, <GEN221> line 18.
Use of uninitialized value $_ in string eq at t/multiple_clients_with_death.t line 103, <GEN221> line 18.
Use of uninitialized value $test_number in string eq at t/multiple_clients_with_death.t line 103, <GEN221> line 18.
Use of uninitialized value $_ in string eq at t/multiple_clients_with_death.t line 103, <GEN221> line 18.
Use of uninitialized value $test_number in string eq at t/multiple_clients_with_death.t line 103, <GEN221> line 18.
Use of uninitialized value $test_number in string eq at t/multiple_clients_with_death.t line 103, <GEN221> line 18.
Use of uninitialized value $_ in string eq at t/multiple_clients_with_death.t line 103, <GEN221> line 18.
Use of uninitialized value $test_number in concatenation (.) or string at t/multiple_clients_with_death.t line 103, <GEN221> line 18.

#   Failed test 'Found new test: '
#   at t/multiple_clients_with_death.t line 103.
# (3) Finishing sock2 and grabbing new test
Use of uninitialized value $_ in string eq at t/multiple_clients_with_death.t line 103, <GEN223> line 12.
Use of uninitialized value $_ in string eq at t/multiple_clients_with_death.t line 103, <GEN223> line 12.
Use of uninitialized value $_ in string eq at t/multiple_clients_with_death.t line 103, <GEN223> line 12.
Use of uninitialized value $_ in string eq at t/multiple_clients_with_death.t line 103, <GEN223> line 12.
# (4) Closing sock1 prematurely
# (5) Finishing sock0 and grabbing new test

#   Failed test 'Received well-formed test message'
#   at t/multiple_clients_with_death.t line 101.
#                   '{
#   'switches' => [],
#   'source' => 't/fake_t/07-test.t'
# }
# '
#     doesn't match '(?^:\s*\{
# \s*'source' => 't/fake_t/(\d+)-test\.t',
# \s*'switches' => \[\]
# \s*\})'
Use of uninitialized value $test_number in string eq at t/multiple_clients_with_death.t line 103, <GEN221> line 24.
Use of uninitialized value $_ in string eq at t/multiple_clients_with_death.t line 103, <GEN221> line 24.
Use of uninitialized value $test_number in string eq at t/multiple_clients_with_death.t line 103, <GEN221> line 24.
Use of uninitialized value $_ in string eq at t/multiple_clients_with_death.t line 103, <GEN221> line 24.
Use of uninitialized value $test_number in string eq at t/multiple_clients_with_death.t line 103, <GEN221> line 24.
Use of uninitialized value $test_number in string eq at t/multiple_clients_with_death.t line 103, <GEN221> line 24.
Use of uninitialized value $_ in string eq at t/multiple_clients_with_death.t line 103, <GEN221> line 24.
Use of uninitialized value $test_number in string eq at t/multiple_clients_with_death.t line 103, <GEN221> line 24.
Use of uninitialized value $_ in string eq at t/multiple_clients_with_death.t line 103, <GEN221> line 24.
Use of uninitialized value $test_number in string eq at t/multiple_clients_with_death.t line 103, <GEN221> line 24.
Use of uninitialized value $test_number in concatenation (.) or string at t/multiple_clients_with_death.t line 103, <GEN221> line 24.

#   Failed test 'Found new test: '
#   at t/multiple_clients_with_death.t line 103.
# (6b) Closing all sockets
# Looks like you failed 40 tests of 143.
t/multiple_clients_with_death.t .. 
Dubious, test returned 40 (wstat 10240, 0x2800)
Failed 40/143 subtests 

#   Failed test 'Received test message for 01-test.t'
#   at t/single_client.t line 68.
#                   '{
#   'switches' => [],
#   'source' => 't/fake_t/01-test.t'
# }
# '
#     doesn't match '(?^:\s*\{
# \s*'source' => 't/fake_t/01-test.t',
# \s*'switches' => \[\]
# \s*\}
# )'

#   Failed test 'Received test message for 02-test.t'
#   at t/single_client.t line 68.
#                   '{
#   'switches' => [],
#   'source' => 't/fake_t/02-test.t'
# }
# '
#     doesn't match '(?^:\s*\{
# \s*'source' => 't/fake_t/02-test.t',
# \s*'switches' => \[\]
# \s*\}
# )'

#   Failed test 'Received test message for 03-test.t'
#   at t/single_client.t line 68.
#                   '{
#   'switches' => [],
#   'source' => 't/fake_t/03-test.t'
# }
# '
#     doesn't match '(?^:\s*\{
# \s*'source' => 't/fake_t/03-test.t',
# \s*'switches' => \[\]
# \s*\}
# )'

#   Failed test 'Received test message for 04-test.t'
#   at t/single_client.t line 68.
#                   '{
#   'switches' => [],
#   'source' => 't/fake_t/04-test.t'
# }
# '
#     doesn't match '(?^:\s*\{
# \s*'source' => 't/fake_t/04-test.t',
# \s*'switches' => \[\]
# \s*\}
# )'

#   Failed test 'Received test message for 05-test.t'
#   at t/single_client.t line 68.
#                   '{
#   'switches' => [],
#   'source' => 't/fake_t/05-test.t'
# }
# '
#     doesn't match '(?^:\s*\{
# \s*'source' => 't/fake_t/05-test.t',
# \s*'switches' => \[\]
# \s*\}
# )'

#   Failed test 'Received test message for 06-test.t'
#   at t/single_client.t line 68.
#                   '{
#   'switches' => [],
#   'source' => 't/fake_t/06-test.t'
# }
# '
#     doesn't match '(?^:\s*\{
# \s*'source' => 't/fake_t/06-test.t',
# \s*'switches' => \[\]
# \s*\}
# )'

#   Failed test 'Received test message for 09-test.t'
#   at t/single_client.t line 68.
#                   '{
#   'switches' => [],
#   'source' => 't/fake_t/09-test.t'
# }
# '
#     doesn't match '(?^:\s*\{
# \s*'source' => 't/fake_t/09-test.t',
# \s*'switches' => \[\]
# \s*\}
# )'

#   Failed test 'Received test message for 10-test.t'
#   at t/single_client.t line 68.
#                   '{
#   'switches' => [],
#   'source' => 't/fake_t/10-test.t'
# }
# '
#     doesn't match '(?^:\s*\{
# \s*'source' => 't/fake_t/10-test.t',
# \s*'switches' => \[\]
# \s*\}
# )'

#   Failed test 'Received test message for 01-test.t'
#   at t/single_client.t line 68.
#                   '{
#   'switches' => [],
#   'source' => 't/fake_t/01-test.t'
# }
# '
#     doesn't match '(?^:\s*\{
# \s*'source' => 't/fake_t/01-test.t',
# \s*'switches' => \[\]
# \s*\}
# )'

#   Failed test 'Received test message for 02-test.t'
#   at t/single_client.t line 68.
#                   '{
#   'switches' => [],
#   'source' => 't/fake_t/02-test.t'
# }
# '
#     doesn't match '(?^:\s*\{
# \s*'source' => 't/fake_t/02-test.t',
# \s*'switches' => \[\]
# \s*\}
# )'

#   Failed test 'Received test message for 03-test.t'
#   at t/single_client.t line 68.
#                   '{
#   'switches' => [],
#   'source' => 't/fake_t/03-test.t'
# }
# '
#     doesn't match '(?^:\s*\{
# \s*'source' => 't/fake_t/03-test.t',
# \s*'switches' => \[\]
# \s*\}
# )'

#   Failed test 'Received test message for 04-test.t'
#   at t/single_client.t line 68.
#                   '{
#   'switches' => [],
#   'source' => 't/fake_t/04-test.t'
# }
# '
#     doesn't match '(?^:\s*\{
# \s*'source' => 't/fake_t/04-test.t',
# \s*'switches' => \[\]
# \s*\}
# )'

#   Failed test 'Received test message for 05-test.t'
#   at t/single_client.t line 68.
#                   '{
#   'switches' => [],
#   'source' => 't/fake_t/05-test.t'
# }
# '
#     doesn't match '(?^:\s*\{
# \s*'source' => 't/fake_t/05-test.t',
# \s*'switches' => \[\]
# \s*\}
# )'

#   Failed test 'Received test message for 08-test.t'
#   at t/single_client.t line 68.
#                   '{
#   'switches' => [],
#   'source' => 't/fake_t/08-test.t'
# }
# '
#     doesn't match '(?^:\s*\{
# \s*'source' => 't/fake_t/08-test.t',
# \s*'switches' => \[\]
# \s*\}
# )'
# Looks like you failed 14 tests of 55.
t/single_client.t ................ 
Dubious, test returned 14 (wstat 3584, 0xe00)
Failed 14/55 subtests 
Can't exec "doesnt_exist": No such file or directory at /home/perlbrew/.cpan/build/App-Prove-Plugin-Cluster-0.02-bJLsMu/blib/lib/App/Prove/Plugin/ClusterSlave.pm line 67.
t/slave_startup_death.t .......... ok

Test Summary Report
-------------------
t/huge_data.t                  (Wstat: 256 Tests: 13 Failed: 1)
  Failed test:  10
  Non-zero exit status: 1
t/multiple_clients.t           (Wstat: 6144 Tests: 89 Failed: 24)
  Failed tests:  7, 10-11, 13-14, 16-17, 25-26, 28-29, 31-32
                34-35, 51, 57-58, 66-67, 69-70, 75-76
  Non-zero exit status: 24
t/multiple_clients_with_death.t (Wstat: 10240 Tests: 143 Failed: 40)
  Failed tests:  10, 16-17, 19-20, 28-29, 31-32, 34-35, 61
                64-65, 73-74, 76-77, 91, 94-95, 97-98, 100-101
                103-104, 106-107, 109-110, 120, 123-124
                129-130, 132-133, 138-139
  Non-zero exit status: 40
t/single_client.t              (Wstat: 3584 Tests: 55 Failed: 14)
  Failed tests:  4, 6, 8, 10, 12, 14, 20, 22, 31, 33, 35
                37, 39, 45
  Non-zero exit status: 14
Files=15, Tests=314, 56 wallclock secs ( 0.06 usr  0.02 sys + 33.79 cusr  3.25 csys = 37.12 CPU)
Result: FAIL
Failed 4/15 test programs. 79/314 subtests failed.
make: *** [test_dynamic] Error 255

------------------------------
PREREQUISITES
------------------------------

Prerequisite modules loaded:

requires:

    Module              Need Have   
    ------------------- ---- -------
    Test::Harness       3.23 3.36   

build_requires:

    Module              Need Have   
    ------------------- ---- -------
    Test::Most          0.21 0.34   
    Try::Tiny           0.09 0.24   

configure_requires:

    Module              Need Have   
    ------------------- ---- -------
    ExtUtils::MakeMaker 6.31 7.10_01


------------------------------
ENVIRONMENT AND OTHER CONTEXT
------------------------------

Environment variables:

    AUTOMATED_TESTING = 1
    LANG = en_GB.UTF-8
    LANGUAGE = en_GB:en
    PATH = /opt/perlbrew/bin:/opt/perlbrew/perls/perl-5.23.8-thread-multi-ld/bin:/home/perlbrew/bin:/usr/local/sbin:/usr/local/bin:/usr/sbin:/usr/bin:/sbin:/bin:/usr/games:/usr/local/games:/home/perlbrew/.rvm/bin
    PERL5LIB = 
    PERL5OPT = 
    PERL5_CPANPLUS_IS_RUNNING = 14826
    PERL5_CPAN_IS_RUNNING = 14826
    PERL5_CPAN_IS_RUNNING_IN_RECURSION = 13137,14826
    PERLBREW_BASHRC_VERSION = 0.74
    PERLBREW_HOME = /home/perlbrew/.perlbrew
    PERLBREW_MANPATH = /opt/perlbrew/perls/perl-5.23.8-thread-multi-ld/man
    PERLBREW_PATH = /opt/perlbrew/bin:/opt/perlbrew/perls/perl-5.23.8-thread-multi-ld/bin
    PERLBREW_PERL = perl-5.23.8-thread-multi-ld
    PERLBREW_ROOT = /opt/perlbrew
    PERLBREW_VERSION = 0.74
    PERL_CPANM_OPT = --mirror http://cpan.cpantesters.org
    PERL_CR_SMOKER_CURRENT = App-Prove-Plugin-Cluster-0.02
    PERL_EXTUTILS_AUTOINSTALL = --defaultdeps
    PERL_MM_USE_DEFAULT = 1
    SHELL = /bin/bash
    TERM = xterm

Perl special variables (and OS-specific diagnostics, for MSWin32):

    $^X = /opt/perlbrew/perls/perl-5.23.8-thread-multi-ld/bin/perl5.23.8
    $UID/$EUID = 1001 / 1001
    $GID = 1001 27 1001
    $EGID = 1001 27 1001

Perl module toolchain versions installed:

    Module              Have    
    ------------------- --------
    CPAN                2.11    
    CPAN::Meta          2.150005
    Cwd                 3.63    
    ExtUtils::CBuilder  0.280225
    ExtUtils::Command   7.10    
    ExtUtils::Install   2.04    
    ExtUtils::MakeMaker 7.10_01 
    ExtUtils::Manifest  1.70    
    ExtUtils::ParseXS   3.31    
    File::Spec          3.63    
    JSON                2.90    
    JSON::PP            2.27300 
    Module::Build       0.4216  
    Module::Signature   0.79    
    Parse::CPAN::Meta   1.4417  
    Test::Harness       3.36    
    Test::More          1.001014
    YAML                1.15    
    YAML::Syck          1.29    
    version             0.9914  


--

Summary of my perl5 (revision 5 version 23 subversion 8) configuration:
   
  Platform:
    osname=linux, osvers=4.2.0-30-generic, archname=x86_64-linux-thread-multi-ld
    uname='linux ubuntu 4.2.0-30-generic #36~14.04.1-ubuntu smp fri feb 26 18:49:23 utc 2016 x86_64 x86_64 x86_64 gnulinux '
    config_args='-de -Dprefix=/opt/perlbrew/perls/perl-5.23.8-thread-multi-ld -Duselongdouble -Dusemultiplicity -Dusethreads -Dusedevel -Aeval:scriptdir=/opt/perlbrew/perls/perl-5.23.8-thread-multi-ld/bin'
    hint=recommended, useposix=true, d_sigaction=define
    useithreads=define, usemultiplicity=define
    use64bitint=define, use64bitall=define, uselongdouble=define
    usemymalloc=n, bincompat5005=undef
  Compiler:
    cc='cc', ccflags ='-D_REENTRANT -D_GNU_SOURCE -fwrapv -fno-strict-aliasing -pipe -fstack-protector -I/usr/local/include -D_LARGEFILE_SOURCE -D_FILE_OFFSET_BITS=64',
    optimize='-O2',
    cppflags='-D_REENTRANT -D_GNU_SOURCE -fwrapv -fno-strict-aliasing -pipe -fstack-protector -I/usr/local/include'
    ccversion='', gccversion='4.8.4', gccosandvers=''
    intsize=4, longsize=8, ptrsize=8, doublesize=8, byteorder=12345678, doublekind=3
    d_longlong=define, longlongsize=8, d_longdbl=define, longdblsize=16, longdblkind=3
    ivtype='long', ivsize=8, nvtype='long double', nvsize=16, Off_t='off_t', lseeksize=8
    alignbytes=16, prototype=define
  Linker and Libraries:
    ld='cc', ldflags =' -fstack-protector -L/usr/local/lib'
    libpth=/usr/local/lib /usr/lib/gcc/x86_64-linux-gnu/4.8/include-fixed /usr/include/x86_64-linux-gnu /usr/lib /lib/x86_64-linux-gnu /lib/../lib /usr/lib/x86_64-linux-gnu /usr/lib/../lib /lib
    libs=-lpthread -lnsl -lgdbm -ldl -lm -lcrypt -lutil -lc -lgdbm_compat
    perllibs=-lpthread -lnsl -ldl -lm -lcrypt -lutil -lc
    libc=libc-2.19.so, so=so, useshrplib=false, libperl=libperl.a
    gnulibc_version='2.19'
  Dynamic Linking:
    dlsrc=dl_dlopen.xs, dlext=so, d_dlsymun=undef, ccdlflags='-Wl,-E'
    cccdlflags='-fPIC', lddlflags='-shared -O2 -L/usr/local/lib -fstack-protector'


Characteristics of this binary (from libperl): 
  Compile-time options: HAS_TIMES MULTIPLICITY PERLIO_LAYERS
                        PERL_COPY_ON_WRITE PERL_DONT_CREATE_GVSV
                        PERL_HASH_FUNC_ONE_AT_A_TIME_HARD
                        PERL_IMPLICIT_CONTEXT PERL_MALLOC_WRAP
                        PERL_PRESERVE_IVUV PERL_USE_DEVEL USE_64_BIT_ALL
                        USE_64_BIT_INT USE_ITHREADS USE_LARGE_FILES
                        USE_LOCALE USE_LOCALE_COLLATE USE_LOCALE_CTYPE
                        USE_LOCALE_NUMERIC USE_LOCALE_TIME USE_LONG_DOUBLE
                        USE_PERLIO USE_PERL_ATOF USE_REENTRANT_API
  Locally applied patches:
	Devel::PatchPerl 1.38
  Built under linux
  Compiled at Feb 29 2016 11:35:07
  %ENV:
    PERL5LIB=""
    PERL5OPT=""
    PERL5_CPANPLUS_IS_RUNNING="14826"
    PERL5_CPAN_IS_RUNNING="14826"
    PERL5_CPAN_IS_RUNNING_IN_RECURSION="13137,14826"
    PERLBREW_BASHRC_VERSION="0.74"
    PERLBREW_HOME="/home/perlbrew/.perlbrew"
    PERLBREW_MANPATH="/opt/perlbrew/perls/perl-5.23.8-thread-multi-ld/man"
    PERLBREW_PATH="/opt/perlbrew/bin:/opt/perlbrew/perls/perl-5.23.8-thread-multi-ld/bin"
    PERLBREW_PERL="perl-5.23.8-thread-multi-ld"
    PERLBREW_ROOT="/opt/perlbrew"
    PERLBREW_VERSION="0.74"
    PERL_CPANM_OPT="--mirror http://cpan.cpantesters.org"
    PERL_CR_SMOKER_CURRENT="App-Prove-Plugin-Cluster-0.02"
    PERL_EXTUTILS_AUTOINSTALL="--defaultdeps"
    PERL_MM_USE_DEFAULT="1"
  @INC:
    /opt/perlbrew/perls/perl-5.23.8-thread-multi-ld/lib/site_perl/5.23.8/x86_64-linux-thread-multi-ld
    /opt/perlbrew/perls/perl-5.23.8-thread-multi-ld/lib/site_perl/5.23.8
    /opt/perlbrew/perls/perl-5.23.8-thread-multi-ld/lib/5.23.8/x86_64-linux-thread-multi-ld
    /opt/perlbrew/perls/perl-5.23.8-thread-multi-ld/lib/5.23.8
    .