Report for XML-Parser-Lite-0.719

Back
From: metabase:user:30f4dfbe-2aae-11df-837a-5e0a49663a4f
Subject: FAIL XML-Parser-Lite-0.719 v5.8.9 SunOS/Solaris
Date: 2014-04-15T19:05:55Z

This distribution has been tested as part of the CPAN Testers
project, supporting the Perl programming language.  See
http://wiki.cpantesters.org/ for more information or email
questions to cpan-testers-discuss@perl.org


--
Dear Fred Moyer,

This is a computer-generated report for XML-Parser-Lite-0.719
on perl 5.8.9, created by CPAN-Reporter-1.2011.

Thank you for uploading your work to CPAN.  However, there was a problem
testing your distribution.

If you think this report is invalid, please consult the CPAN Testers Wiki
for suggestions on how to avoid getting FAIL reports for missing library
or binary dependencies, unsupported operating systems, and so on:

http://wiki.cpantesters.org/wiki/CPANAuthorNotes

Sections of this report:

    * Tester comments
    * Program output
    * Prerequisites
    * Environment and other context

------------------------------
TESTER COMMENTS
------------------------------

Additional comments from tester:

none provided

------------------------------
PROGRAM OUTPUT
------------------------------

Output from '/usr/bin/make test':

PERL_DL_NONLAZY=1 /home/hornenj/perl5/perlbrew/perls/perl-5.8.9/bin/perl "-MExtUtils::Command::MM" "-MTest::Harness" "-e" "undef *Test::Harness::Switches; test_harness(0, 'blib/lib', 'blib/arch')" t/*.t
t/07-xmlrpc_payload.t .. ok
t/26-xmlrpc.t .......... ok
t/27-xmlparserlite.t ... ok
Undefined subroutine &XMLRPC::Test::Server::run_for called at t/37-mod_xmlrpc.t line 16.
# Looks like your test exited with 255 before it could output anything.
t/37-mod_xmlrpc.t ...... 
Dubious, test returned 255 (wstat 65280, 0xff00)
Failed 17/17 subtests 
t/Lite.t ............... ok

Test Summary Report
-------------------
t/37-mod_xmlrpc.t    (Wstat: 65280 Tests: 0 Failed: 0)
  Non-zero exit status: 255
  Parse errors: Bad plan.  You planned 17 tests but ran 0.
Files=5, Tests=69,  8 wallclock secs ( 0.25 usr  0.11 sys +  3.28 cusr  0.51 csys =  4.15 CPU)
Result: FAIL
Failed 1/5 test programs. 0/69 subtests failed.
*** Error code 29
make: Fatal error: Command failed for target `test_dynamic'

------------------------------
PREREQUISITES
------------------------------

Prerequisite modules loaded:

build_requires:

    Module              Need Have
    ------------------- ---- ----
    ExtUtils::MakeMaker 0    6.96

configure_requires:

    Module              Need Have
    ------------------- ---- ----
    ExtUtils::MakeMaker 0    6.96


------------------------------
ENVIRONMENT AND OTHER CONTEXT
------------------------------

Environment variables:

    LANG = 
    LC_ALL = 
    LC_COLLATE = 
    LC_CTYPE = 
    LC_MESSAGES = 
    LC_MONETARY = 
    LC_NUMERIC = 
    LC_TIME = 
    LD_LIBRARY_PATH = :/usr/local/lib
    PATH = /home/hornenj/perl5/perlbrew/bin:/home/hornenj/perl5/perlbrew/perls/perl-5.8.9/bin:/home/hornenj/bin:/opt/local/bin:/usr/dt/bin:/usr/openwin/bin:/usr/bin:/usr/gnu/bin:/usr/ncbi/bin:/usr/ncbi/OL/bin:/usr/ncbi/X11/bin:/netopt/studio12/SUNWspro/bin:/usr/sfw/bin:/usr/ucb:/usr/perl5/bin
    PERL5LIB = 
    PERL5OPT = 
    PERL5_CPANPLUS_IS_RUNNING = 26164
    PERL5_CPAN_IS_RUNNING = 26164
    PERLBREW_BASHRC_VERSION = 0.67
    PERLBREW_HOME = /home/hornenj/.perlbrew
    PERLBREW_MANPATH = /home/hornenj/perl5/perlbrew/perls/perl-5.8.9/man
    PERLBREW_PATH = /home/hornenj/perl5/perlbrew/bin:/home/hornenj/perl5/perlbrew/perls/perl-5.8.9/bin
    PERLBREW_PERL = perl-5.8.9
    PERLBREW_ROOT = /home/hornenj/perl5/perlbrew
    PERLBREW_VERSION = 0.67
    SHELL = /bin/bash
    TERM = xterm
    TMPDIR = /tmp

Perl special variables (and OS-specific diagnostics, for MSWin32):

    $^X = /home/hornenj/perl5/perlbrew/perls/perl-5.8.9/bin/perl
    $UID/$EUID = 12481 / 12481
    $GID = 14 14 5344 241 527
    $EGID = 14 14 5344 241 527

Perl module toolchain versions installed:

    Module              Have    
    ------------------- --------
    CPAN                2.00    
    CPAN::Meta          2.133380
    Cwd                 3.40    
    ExtUtils::CBuilder  0.280216
    ExtUtils::Command   1.18    
    ExtUtils::Install   1.54    
    ExtUtils::MakeMaker 6.96    
    ExtUtils::Manifest  1.63    
    ExtUtils::ParseXS   3.22    
    File::Spec          3.40    
    JSON                2.90    
    JSON::PP            2.27203 
    Module::Build       0.4205  
    Module::Signature   n/a     
    Parse::CPAN::Meta   1.4414  
    Test::Harness       3.30    
    Test::More          1.001003
    YAML                0.90    
    YAML::Syck          1.27    
    version             0.9908  


--

Summary of my perl5 (revision 5 version 8 subversion 9) configuration:
  Platform:
    osname=solaris, osvers=2.11, archname=sun4-solaris-thread-multi
    uname='sunos irb11ss 5.11 11.1 sun4v sparc sun4v '
    config_args='-de -Dprefix=/home/hornenj/perl5/perlbrew/perls/perl-5.8.9 -Duseithreads -Dusemultiplicity -Accflags=-O -v -xstrconst -D__EXTENSIONS__ -I/usr/local/include -native -Acc=/netopt/studio12/SUNWspro/bin/cc -Aeval:scriptdir=/home/hornenj/perl5/perlbrew/perls/perl-5.8.9/bin'
    hint=recommended, useposix=true, d_sigaction=define
    usethreads=define use5005threads=undef useithreads=define usemultiplicity=define
    useperlio=define d_sfio=undef uselargefiles=define usesocks=undef
    use64bitint=undef use64bitall=undef uselongdouble=undef
    usemymalloc=n, bincompat5005=undef
  Compiler:
    cc=' /netopt/studio12/SUNWspro/bin/cc', ccflags ='-D_REENTRANT -O -v -xstrconst -D__EXTENSIONS__ -I/usr/local/include -native -D_LARGEFILE_SOURCE -D_FILE_OFFSET_BITS=64 -DPERL_USE_SAFE_PUTENV',
    optimize='-O',
    cppflags='-D_REENTRANT -O -v -xstrconst -D__EXTENSIONS__ -I/usr/local/include -native'
    ccversion='Sun C 5.9 SunOS_sparc Patch 124867-16 2010/08/11', gccversion='', gccosandvers=''
    intsize=4, longsize=4, ptrsize=4, doublesize=8, byteorder=4321
    d_longlong=define, longlongsize=8, d_longdbl=define, longdblsize=16
    ivtype='long', ivsize=4, nvtype='double', nvsize=8, Off_t='off_t', lseeksize=8
    alignbytes=8, prototype=define
  Linker and Libraries:
    ld=' /netopt/studio12/SUNWspro/bin/cc', ldflags =' -L/usr/lib -L/usr/ccs/lib -L/netopt/studio12/SUNWspro/prod/lib/sparc -L/netopt/studio12/SUNWspro/prod/lib -L/lib -L/usr/gnu/lib '
    libpth=/usr/lib /usr/ccs/lib /netopt/studio12/SUNWspro/prod/lib/sparc /netopt/studio12/SUNWspro/prod/lib /lib /usr/gnu/lib
    libs=-lsocket -lnsl -lgdbm -ldb -ldl -lm -lpthread -lc
    perllibs=-lsocket -lnsl -ldl -lm -lpthread -lc
    libc=/lib/libc.so, so=so, useshrplib=false, libperl=libperl.a
    gnulibc_version=''
  Dynamic Linking:
    dlsrc=dl_dlopen.xs, dlext=so, d_dlsymun=undef, ccdlflags=' '
    cccdlflags='-KPIC', lddlflags='-G -L/usr/lib -L/usr/ccs/lib -L/netopt/studio12/SUNWspro/prod/lib/sparc -L/netopt/studio12/SUNWspro/prod/lib -L/lib -L/usr/gnu/lib'


Characteristics of this binary (from libperl): 
  Compile-time options: MULTIPLICITY PERL_IMPLICIT_CONTEXT PERL_MALLOC_WRAP
                        PERL_USE_SAFE_PUTENV USE_FAST_STDIO USE_ITHREADS
                        USE_LARGE_FILES USE_PERLIO USE_REENTRANT_API
  Built under solaris
  Compiled at Feb 14 2014 12:56:21
  %ENV:
    PERL5LIB=""
    PERL5OPT=""
    PERL5_CPANPLUS_IS_RUNNING="26164"
    PERL5_CPAN_IS_RUNNING="26164"
    PERLBREW_BASHRC_VERSION="0.67"
    PERLBREW_HOME="/home/hornenj/.perlbrew"
    PERLBREW_MANPATH="/home/hornenj/perl5/perlbrew/perls/perl-5.8.9/man"
    PERLBREW_PATH="/home/hornenj/perl5/perlbrew/bin:/home/hornenj/perl5/perlbrew/perls/perl-5.8.9/bin"
    PERLBREW_PERL="perl-5.8.9"
    PERLBREW_ROOT="/home/hornenj/perl5/perlbrew"
    PERLBREW_VERSION="0.67"
  @INC:
    /home/hornenj/perl5/perlbrew/perls/perl-5.8.9/lib/5.8.9/sun4-solaris-thread-multi
    /home/hornenj/perl5/perlbrew/perls/perl-5.8.9/lib/5.8.9
    /home/hornenj/perl5/perlbrew/perls/perl-5.8.9/lib/site_perl/5.8.9/sun4-solaris-thread-multi
    /home/hornenj/perl5/perlbrew/perls/perl-5.8.9/lib/site_perl/5.8.9
    .