Back
From: metabase:user:322078bc-2aae-11df-837a-5e0a49663a4f
Subject: FAIL Encode-Base58-GMP-0.06 v5.14.2 OpenBSD
Date: 2011-11-19T18:47:46Z
This distribution has been tested as part of the CPAN Testers
project, supporting the Perl programming language. See
http://wiki.cpantesters.org/ for more information or email
questions to cpan-testers-discuss@perl.org
--
Dear JWANG,
This is a computer-generated error report created automatically by
CPANPLUS, version 0.9111. Testers personal comments may appear
at the end of this report.
Thank you for uploading your work to CPAN. However, it appears that
there were some problems testing your distribution.
TEST RESULTS:
Below is the error stack from stage 'make test':
[MSG] [Sat Nov 19 18:47:45 2011] cp lib/Encode/Base58/GMP.pm blib/lib/Encode/Base58/GMP.pm
Manifying blib/man3/Encode::Base58::GMP.3
[ERROR] [Sat Nov 19 18:47:46 2011] MAKE TEST failed: PERL_DL_NONLAZY=1 /home/cpan/pit/bare/perl-5.14.2/bin/perl "-MExtUtils::Command::MM" "-e" "test_harness(0, 'blib/lib', 'blib/arch')" t/*.t
t/00_compile.t .......... ok
# Failed test at t/01_encode-decode.t line 9.
# got: '9.23511361138077e+18'
# expected: '9235113611380768826'
# Looks like you failed 1 test of 1006.
t/01_encode-decode.t ....
Dubious, test returned 1 (wstat 256, 0x100)
Failed 1/1006 subtests
t/02_encode-decode-2.t .. ok
t/03_md5-base58.t ....... ok
Test Summary Report
-------------------
t/01_encode-decode.t (Wstat: 256 Tests: 1006 Failed: 1)
Failed test: 6
Non-zero exit status: 1
Files=4, Tests=1212, 1 wallclock secs ( 0.13 usr 0.17 sys + 0.59 cusr 0.22 csys = 1.11 CPU)
Result: FAIL
Failed 1/4 test programs. 1/1212 subtests failed.
*** Error code 255
Stop in /home/cpan/pit/bare/conf/perl-5.14.2/.cpanplus/5.14.2/build/Encode-Base58-GMP-0.06 (line 838 of Makefile).
[MSG] [Sat Nov 19 18:47:46 2011] DEFAULT 'proceed_on_test_failure' HANDLER RETURNING 'sub return value'
PREREQUISITES:
Here is a list of prerequisites you specified and versions we
managed to load:
Module Name Have Want
Digest::MD5 2.51 0
Exporter 5.64_03 0
Math::GMPz 0.32 0
Test::Base 0.60 0
Test::More 0.98 0
base 2.16 0
strict 1.04 0
warnings 1.12 0
Perl module toolchain versions installed:
Module Name Have
CPANPLUS 0.9111
CPANPLUS::Dist::Build 0.60
Cwd 3.36
ExtUtils::CBuilder 0.280203
ExtUtils::Command 1.17
ExtUtils::Install 1.56
ExtUtils::MakeMaker 6.62
ExtUtils::Manifest 1.60
ExtUtils::ParseXS 3.05
File::Spec 3.33
Module::Build 0.3800
Test::Harness 3.23
Test::More 0.98
version 0.94
******************************** NOTE ********************************
The comments above are created mechanically, possibly without manual
checking by the sender. As there are many people performing automatic
tests on each upload to CPAN, it is likely that you will receive
identical messages about the same problem.
If you believe that the message is mistaken, please reply to the first
one with correction and/or additional informations, and do not take
it personally. We appreciate your patience. :)
**********************************************************************
Additional comments:
This report was machine-generated by CPANPLUS::Dist::YACSmoke 0.64.
Powered by minismokebox version 0.54
------------------------------
ENVIRONMENT AND OTHER CONTEXT
------------------------------
Environment variables:
AUTOMATED_TESTING = 1
PATH = /home/cpan/bin:/bin:/sbin:/usr/bin:/usr/sbin:/usr/X11R6/bin:/usr/local/bin:/usr/local/sbin:/usr/games:.
PERL5LIB = :/home/cpan/pit/bare/conf/perl-5.14.2/.cpanplus/5.14.2/build/Math-GMPz-0.32/blib/lib:/home/cpan/pit/bare/conf/perl-5.14.2/.cpanplus/5.14.2/build/Math-GMPz-0.32/blib/arch:/home/cpan/pit/bare/conf/perl-5.14.2/.cpanplus/5.14.2/build/Spiffy-0.30/blib/lib:/home/cpan/pit/bare/conf/perl-5.14.2/.cpanplus/5.14.2/build/Spiffy-0.30/blib/arch:/home/cpan/pit/bare/conf/perl-5.14.2/.cpanplus/5.14.2/build/Test-Base-0.60/blib/lib:/home/cpan/pit/bare/conf/perl-5.14.2/.cpanplus/5.14.2/build/Test-Base-0.60/blib/arch:/home/cpan/pit/bare/conf/perl-5.14.2/.cpanplus/5.14.2/build/Encode-Base58-GMP-0.06/blib/lib:/home/cpan/pit/bare/conf/perl-5.14.2/.cpanplus/5.14.2/build/Encode-Base58-GMP-0.06/blib/arch
PERL5_CPANPLUS_IS_RUNNING = 28897
PERL5_CPANPLUS_IS_VERSION = 0.9111
PERL5_MINISMOKEBOX = 0.54
PERL5_YACSMOKE_BASE = /home/cpan/pit/bare/conf/perl-5.14.2
PERL_EXTUTILS_AUTOINSTALL = --defaultdeps
PERL_MM_USE_DEFAULT = 1
SHELL = /usr/local/bin/bash
TERM = screen
Perl special variables (and OS-specific diagnostics, for MSWin32):
Perl: $^X = /home/cpan/pit/bare/perl-5.14.2/bin/perl
UID: $< = 1001
EUID: $> = 1001
GID: $( = 1001 1001
EGID: $) = 1001 1001
-------------------------------
--
Summary of my perl5 (revision 5 version 14 subversion 2) configuration:
Platform:
osname=openbsd, osvers=4.9, archname=OpenBSD.i386-openbsd
uname='openbsd obadiah.bingosnet.co.uk 4.9 generic#671 i386 '
config_args='-des -Dprefix=/home/cpan/pit/bare/perl-5.14.2'
hint=recommended, useposix=true, d_sigaction=define
useithreads=undef, usemultiplicity=undef
useperlio=define, d_sfio=undef, uselargefiles=define, usesocks=undef
use64bitint=undef, use64bitall=undef, uselongdouble=undef
usemymalloc=y, bincompat5005=undef
Compiler:
cc='cc', ccflags ='-fno-strict-aliasing -pipe -fstack-protector -I/usr/local/include',
optimize='-O2',
cppflags='-fno-strict-aliasing -pipe -fstack-protector -I/usr/local/include'
ccversion='', gccversion='4.2.1 20070719 ', gccosandvers='openbsd4.9'
intsize=4, longsize=4, ptrsize=4, doublesize=8, byteorder=1234
d_longlong=define, longlongsize=8, d_longdbl=define, longdblsize=12
ivtype='long', ivsize=4, nvtype='double', nvsize=8, Off_t='off_t', lseeksize=8
alignbytes=4, prototype=define
Linker and Libraries:
ld='cc', ldflags ='-Wl,-E -fstack-protector -L/usr/local/lib'
libpth=/usr/local/lib /usr/lib
libs=-lgdbm -lm -lutil -lc
perllibs=-lm -lutil -lc
libc=/usr/lib/libc.so.58.0, so=so, useshrplib=false, libperl=libperl.a
gnulibc_version=''
Dynamic Linking:
dlsrc=dl_dlopen.xs, dlext=so, d_dlsymun=undef, ccdlflags=' '
cccdlflags='-DPIC -fPIC ', lddlflags='-shared -fPIC -L/usr/local/lib -fstack-protector'
Characteristics of this binary (from libperl):
Compile-time options: MYMALLOC PERL_DONT_CREATE_GVSV PERL_MALLOC_WRAP
PERL_PRESERVE_IVUV USE_LARGE_FILES USE_PERLIO
USE_PERL_ATOF
Built under openbsd
Compiled at Oct 3 2011 13:42:51
%ENV:
PERL5LIB=":/home/cpan/pit/bare/conf/perl-5.14.2/.cpanplus/5.14.2/build/Math-GMPz-0.32/blib/lib:/home/cpan/pit/bare/conf/perl-5.14.2/.cpanplus/5.14.2/build/Math-GMPz-0.32/blib/arch:/home/cpan/pit/bare/conf/perl-5.14.2/.cpanplus/5.14.2/build/Spiffy-0.30/blib/lib:/home/cpan/pit/bare/conf/perl-5.14.2/.cpanplus/5.14.2/build/Spiffy-0.30/blib/arch:/home/cpan/pit/bare/conf/perl-5.14.2/.cpanplus/5.14.2/build/Test-Base-0.60/blib/lib:/home/cpan/pit/bare/conf/perl-5.14.2/.cpanplus/5.14.2/build/Test-Base-0.60/blib/arch:/home/cpan/pit/bare/conf/perl-5.14.2/.cpanplus/5.14.2/build/Encode-Base58-GMP-0.06/blib/lib:/home/cpan/pit/bare/conf/perl-5.14.2/.cpanplus/5.14.2/build/Encode-Base58-GMP-0.06/blib/arch"
PERL5_CPANPLUS_IS_RUNNING="28897"
PERL5_CPANPLUS_IS_VERSION="0.9111"
PERL5_MINISMOKEBOX="0.54"
PERL5_YACSMOKE_BASE="/home/cpan/pit/bare/conf/perl-5.14.2"
PERL_EXTUTILS_AUTOINSTALL="--defaultdeps"
PERL_MM_USE_DEFAULT="1"
@INC:
/home/cpan/pit/bare/conf/perl-5.14.2/.cpanplus/5.14.2/build/Math-GMPz-0.32/blib/lib
/home/cpan/pit/bare/conf/perl-5.14.2/.cpanplus/5.14.2/build/Math-GMPz-0.32/blib/arch
/home/cpan/pit/bare/conf/perl-5.14.2/.cpanplus/5.14.2/build/Spiffy-0.30/blib/lib
/home/cpan/pit/bare/conf/perl-5.14.2/.cpanplus/5.14.2/build/Spiffy-0.30/blib/arch
/home/cpan/pit/bare/conf/perl-5.14.2/.cpanplus/5.14.2/build/Test-Base-0.60/blib/lib
/home/cpan/pit/bare/conf/perl-5.14.2/.cpanplus/5.14.2/build/Test-Base-0.60/blib/arch
/home/cpan/pit/bare/conf/perl-5.14.2/.cpanplus/5.14.2/build/Encode-Base58-GMP-0.06/blib/lib
/home/cpan/pit/bare/conf/perl-5.14.2/.cpanplus/5.14.2/build/Encode-Base58-GMP-0.06/blib/arch
/home/cpan/pit/bare/perl-5.14.2/lib/site_perl/5.14.2/OpenBSD.i386-openbsd
/home/cpan/pit/bare/perl-5.14.2/lib/site_perl/5.14.2
/home/cpan/pit/bare/perl-5.14.2/lib/5.14.2/OpenBSD.i386-openbsd
/home/cpan/pit/bare/perl-5.14.2/lib/5.14.2
.