Report for HTML-TabbedExamples-Generate-0.0.1

Back
From: metabase:user:314402c4-2aae-11df-837a-5e0a49663a4f
Subject: FAIL HTML-TabbedExamples-Generate-0.0.1 v5.8.9 FreeBSD
Date: 2013-01-22T19:21:51Z

This distribution has been tested as part of the CPAN Testers
project, supporting the Perl programming language.  See
http://wiki.cpantesters.org/ for more information or email
questions to cpan-testers-discuss@perl.org


--
Dear Shlomi Fish,

This is a computer-generated report for HTML-TabbedExamples-Generate-0.0.1
on perl 5.8.9, created by CPAN-Reporter-1.2006.

Thank you for uploading your work to CPAN.  However, there was a problem
testing your distribution.

If you think this report is invalid, please consult the CPAN Testers Wiki
for suggestions on how to avoid getting FAIL reports for missing library
or binary dependencies, unsupported operating systems, and so on:

http://wiki.cpantesters.org/wiki/CPANAuthorNotes

Sections of this report:

    * Tester comments
    * Program output
    * Prerequisites
    * Environment and other context

------------------------------
TESTER COMMENTS
------------------------------

Additional comments from tester:

none provided

------------------------------
PROGRAM OUTPUT
------------------------------

Output from '/usr/bin/make test':

PERL_DL_NONLAZY=1 /usr/perl5.8.9/bin/perl5.8.9 "-MExtUtils::Command::MM" "-e" "test_harness(0, 'blib/lib', 'blib/arch')" t/*.t
t/release-pod-coverage.t .. skipped: these tests are for release candidate testing
t/release-pod-syntax.t .... skipped: these tests are for release candidate testing
Bareword found where operator expected at /var/tmp/CPAN-build/HTML-TabbedExamples-Generate-0.0.1-ItXRWd/blib/lib/HTML/TabbedExamples/Generate.pm line 58, near "s{(class=")syn}{$1}gr"
Compilation failed in require at t/tabbed-examples-gen.t line 7.
BEGIN failed--compilation aborted at t/tabbed-examples-gen.t line 7.
# Looks like your test exited with 2 before it could output anything.
t/tabbed-examples-gen.t ... 
Dubious, test returned 2 (wstat 512, 0x200)
Failed 2/2 subtests 

Test Summary Report
-------------------
t/tabbed-examples-gen.t (Wstat: 512 Tests: 0 Failed: 0)
  Non-zero exit status: 2
  Parse errors: Bad plan.  You planned 2 tests but ran 0.
Files=3, Tests=0,  1 wallclock secs ( 0.02 usr  0.02 sys +  0.13 cusr  0.07 csys =  0.25 CPU)
Result: FAIL
Failed 1/3 test programs. 0/0 subtests failed.
*** Error code 2

Stop in /var/tmp/CPAN-build/HTML-TabbedExamples-Generate-0.0.1-ItXRWd.

------------------------------
PREREQUISITES
------------------------------

Prerequisite modules loaded:

requires:

    Module              Need   Have   
    ------------------- ------ -------
    Carp                0      1.26   
    CGI                 0      3.59   
    MooX                0      0.101  
    strict              0      1.03   
    Text::VimColor      0      0.18   
    warnings            0      1.05_01

build_requires:

    Module              Need   Have   
    ------------------- ------ -------
    Module::Build       0.3601 0.4003 
    Test::Differences   0      0.61   
    Test::More          0      0.98   

configure_requires:

    Module              Need   Have   
    ------------------- ------ -------
    ExtUtils::MakeMaker 6.30   6.64   
    Module::Build       0.3601 0.4003 


------------------------------
ENVIRONMENT AND OTHER CONTEXT
------------------------------

Environment variables:

    DBIC_NO_WARN_BAD_PERL = 1
    PATH = /usr/local/bin:/usr/X11R6/bin:/usr/X11/bin:/usr/perl5.8.0/bin:/usr/bin:/bin:/usr/local/sbin:/usr/sbin:/sbin:/usr/local/pilot/bin:/home/cpansand/bin/freebsd8.0:/home/cpansand/bin/sh:/home/cpansand/bin:/usr/X386/bin:/usr/games:/home/cpansand/devel:/usr/home/e/eserte/work/srezic-misc/scripts
    PERL5LIB = /usr/local/src/CPAN/build/AnyEvent-Onkyo-1.130220-ePNL2d/blib/arch:/usr/local/src/CPAN/build/AnyEvent-Onkyo-1.130220-ePNL2d/blib/lib:/usr/local/src/CPAN/build/Device-Onkyo-1.130211-PNNzXC/blib/arch:/usr/local/src/CPAN/build/Device-Onkyo-1.130211-PNNzXC/blib/lib:/usr/local/src/CPAN/build/AnyEvent-SerialPort-1.130171-w97gVm/blib/arch:/usr/local/src/CPAN/build/AnyEvent-SerialPort-1.130171-w97gVm/blib/lib
    PERL5OPT = 
    PERL5_CPANPLUS_IS_RUNNING = 43864
    PERL5_CPAN_IS_RUNNING = 43864
    PERL5_CPAN_IS_RUNNING_IN_RECURSION = 43832,43864
    PERL_BATCH = yes
    PERL_CPAN_REPORTER_CONFIG = /var/tmp/cpansmoker-1023/SwLZmmdDOP_config.ini
    PERL_EXTUTILS_AUTOINSTALL = --defaultdeps
    PERL_HTML_DISPLAY_CLASS = HTML::Display::Mozilla
    SHELL = /usr/local/bin/zsh
    TERM = screen
    TMPDIR = /var/tmp/cpansmoker-1023

Perl special variables (and OS-specific diagnostics, for MSWin32):

    $^X = /usr/perl5.8.9/bin/perl5.8.9
    $UID/$EUID = 1023 / 1023
    $GID = 1023 1023
    $EGID = 1023 1023

Perl module toolchain versions installed:

    Module              Have    
    ------------------- --------
    CPAN                1.9800  
    CPAN::Meta          2.112621
    Cwd                 3.33    
    ExtUtils::CBuilder  0.280205
    ExtUtils::Command   1.16    
    ExtUtils::Install   1.54    
    ExtUtils::MakeMaker 6.64    
    ExtUtils::Manifest  1.60    
    ExtUtils::ParseXS   3.15    
    File::Spec          3.33    
    JSON                2.53    
    JSON::PP            2.27200 
    Module::Build       0.4003  
    Module::Signature   0.68    
    Parse::CPAN::Meta   1.4404  
    Test::Harness       3.23    
    Test::More          0.98    
    YAML                0.84    
    YAML::Syck          1.20    
    version             0.96    


--

Summary of my perl5 (revision 5 version 8 subversion 9) configuration:
  Platform:
    osname=freebsd, osvers=8.0-release, archname=i386-freebsd
    uname='freebsd biokovo.herceg.de 8.0-release freebsd 8.0-release #0: sat nov 21 15:48:17 utc 2009 root@almeida.cse.buffalo.edu:usrobjusrsrcsysgeneric i386 '
    config_args='-Dprefix=/usr/perl5.8.9 -Dusemymalloc=n -D cc=ccache cc -Dgccansipedantic -Duse64bit -de -D hintfile=myfreebsd'
    hint=recommended, useposix=true, d_sigaction=define
    usethreads=undef use5005threads=undef useithreads=undef usemultiplicity=undef
    useperlio=define d_sfio=undef uselargefiles=define usesocks=undef
    use64bitint=undef use64bitall=undef uselongdouble=undef
    usemymalloc=n, bincompat5005=undef
  Compiler:
    cc='ccache cc', ccflags ='-DHAS_FPSETMASK -DHAS_FLOATINGPOINT_H -fno-strict-aliasing -pipe -I/usr/local/include',
    optimize='-O2 -mtune=athlon64 -pipe',
    cppflags='-DHAS_FPSETMASK -DHAS_FLOATINGPOINT_H -fno-strict-aliasing -pipe -I/usr/local/include'
    ccversion='', gccversion='4.2.1 20070719  [FreeBSD]', gccosandvers=''
    intsize=4, longsize=4, ptrsize=4, doublesize=8, byteorder=1234
    d_longlong=define, longlongsize=8, d_longdbl=define, longdblsize=12
    ivtype='long', ivsize=4, nvtype='double', nvsize=8, Off_t='off_t', lseeksize=8
    alignbytes=4, prototype=define
  Linker and Libraries:
    ld='ccache cc', ldflags ='-Wl,-E  -L/usr/local/lib'
    libpth=/usr/lib /usr/local/lib
    libs=-lgdbm -lm -lcrypt -lutil -lc
    perllibs=-lm -lcrypt -lutil -lc
    libc=, so=so, useshrplib=false, libperl=libperl.a
    gnulibc_version=''
  Dynamic Linking:
    dlsrc=dl_dlopen.xs, dlext=so, d_dlsymun=undef, ccdlflags=' '
    cccdlflags='-DPIC -fPIC', lddlflags='-shared  -L/usr/local/lib'


Characteristics of this binary (from libperl): 
  Compile-time options: PERL_MALLOC_WRAP USE_FAST_STDIO USE_LARGE_FILES
                        USE_PERLIO
  Built under freebsd
  Compiled at Jan 28 2011 08:40:05
  %ENV:
    PERL5LIB="/usr/local/src/CPAN/build/AnyEvent-Onkyo-1.130220-ePNL2d/blib/arch:/usr/local/src/CPAN/build/AnyEvent-Onkyo-1.130220-ePNL2d/blib/lib:/usr/local/src/CPAN/build/Device-Onkyo-1.130211-PNNzXC/blib/arch:/usr/local/src/CPAN/build/Device-Onkyo-1.130211-PNNzXC/blib/lib:/usr/local/src/CPAN/build/AnyEvent-SerialPort-1.130171-w97gVm/blib/arch:/usr/local/src/CPAN/build/AnyEvent-SerialPort-1.130171-w97gVm/blib/lib"
    PERL5OPT=""
    PERL5_CPANPLUS_IS_RUNNING="43864"
    PERL5_CPAN_IS_RUNNING="43864"
    PERL5_CPAN_IS_RUNNING_IN_RECURSION="43832,43864"
    PERL_BATCH="yes"
    PERL_CPAN_REPORTER_CONFIG="/var/tmp/cpansmoker-1023/SwLZmmdDOP_config.ini"
    PERL_EXTUTILS_AUTOINSTALL="--defaultdeps"
    PERL_HTML_DISPLAY_CLASS="HTML::Display::Mozilla"
  @INC:
    /usr/local/src/CPAN/build/AnyEvent-Onkyo-1.130220-ePNL2d/blib/arch
    /usr/local/src/CPAN/build/AnyEvent-Onkyo-1.130220-ePNL2d/blib/lib
    /usr/local/src/CPAN/build/Device-Onkyo-1.130211-PNNzXC/blib/arch
    /usr/local/src/CPAN/build/Device-Onkyo-1.130211-PNNzXC/blib/lib
    /usr/local/src/CPAN/build/AnyEvent-SerialPort-1.130171-w97gVm/blib/arch
    /usr/local/src/CPAN/build/AnyEvent-SerialPort-1.130171-w97gVm/blib/lib
    /usr/perl5.8.9/lib/5.8.9/i386-freebsd
    /usr/perl5.8.9/lib/5.8.9
    /usr/perl5.8.9/lib/site_perl/5.8.9/i386-freebsd
    /usr/perl5.8.9/lib/site_perl/5.8.9
    .