Report for GraphViz-Graph-0.02

Back
From: metabase:user:31d414ea-2aae-11df-837a-5e0a49663a4f
Subject: FAIL GraphViz-Graph-0.02 v5.8.9 GNU/Linux
Date: 2017-07-13T14:53:04Z

This distribution has been tested as part of the CPAN Testers
project, supporting the Perl programming language.  See
http://wiki.cpantesters.org/ for more information or email
questions to cpan-testers-discuss@perl.org


--
Dear Rene Nyffenegger,

This is a computer-generated report for GraphViz-Graph-0.02
on perl 5.8.9, created by CPAN-Reporter-1.2018.

Thank you for uploading your work to CPAN.  However, there was a problem
testing your distribution.

If you think this report is invalid, please consult the CPAN Testers Wiki
for suggestions on how to avoid getting FAIL reports for missing library
or binary dependencies, unsupported operating systems, and so on:

http://wiki.cpantesters.org/wiki/CPANAuthorNotes

Sections of this report:

    * Tester comments
    * Program output
    * Prerequisites
    * Environment and other context

------------------------------
TESTER COMMENTS
------------------------------

Additional comments from tester:

this report is from an automated smoke testing program
and was not reviewed by a human for accuracy

------------------------------
PROGRAM OUTPUT
------------------------------

Output from '/usr/bin/make test':

PERL_DL_NONLAZY=1 "/home/david/cpantesting/perl-5.8.9/bin/perl" "-MExtUtils::Command::MM" "-MTest::Harness" "-e" "undef *Test::Harness::Switches; test_harness(0, 'blib/lib', 'blib/arch')" t/*.t
Global symbol "$arrow_tail" requires explicit package name at /home/david/cpantesting/perl-5.8.9/.cpan/build/GraphViz-Graph-0.02-0/blib/lib/GraphViz/Graph/Edge.pm line 92.
Global symbol "$arrow_tail" requires explicit package name at /home/david/cpantesting/perl-5.8.9/.cpan/build/GraphViz-Graph-0.02-0/blib/lib/GraphViz/Graph/Edge.pm line 98.
Global symbol "$arrow_tail" requires explicit package name at /home/david/cpantesting/perl-5.8.9/.cpan/build/GraphViz-Graph-0.02-0/blib/lib/GraphViz/Graph/Edge.pm line 100.
Global symbol "$arrow_tail" requires explicit package name at /home/david/cpantesting/perl-5.8.9/.cpan/build/GraphViz-Graph-0.02-0/blib/lib/GraphViz/Graph/Edge.pm line 100.
Compilation failed in require at /home/david/cpantesting/perl-5.8.9/.cpan/build/GraphViz-Graph-0.02-0/blib/lib/GraphViz/Graph.pm line 46.
BEGIN failed--compilation aborted at /home/david/cpantesting/perl-5.8.9/.cpan/build/GraphViz-Graph-0.02-0/blib/lib/GraphViz/Graph.pm line 46.
Compilation failed in require at t/000-load.t line 6.
BEGIN failed--compilation aborted at t/000-load.t line 6.
# Looks like your test exited with 255 before it could output anything.
t/000-load.t ................. 
Dubious, test returned 255 (wstat 65280, 0xff00)
Failed 1/1 subtests 
Global symbol "$arrow_tail" requires explicit package name at /home/david/cpantesting/perl-5.8.9/.cpan/build/GraphViz-Graph-0.02-0/blib/lib/GraphViz/Graph/Edge.pm line 92.
Global symbol "$arrow_tail" requires explicit package name at /home/david/cpantesting/perl-5.8.9/.cpan/build/GraphViz-Graph-0.02-0/blib/lib/GraphViz/Graph/Edge.pm line 98.
Global symbol "$arrow_tail" requires explicit package name at /home/david/cpantesting/perl-5.8.9/.cpan/build/GraphViz-Graph-0.02-0/blib/lib/GraphViz/Graph/Edge.pm line 100.
Global symbol "$arrow_tail" requires explicit package name at /home/david/cpantesting/perl-5.8.9/.cpan/build/GraphViz-Graph-0.02-0/blib/lib/GraphViz/Graph/Edge.pm line 100.
Compilation failed in require at /home/david/cpantesting/perl-5.8.9/.cpan/build/GraphViz-Graph-0.02-0/blib/lib/GraphViz/Graph.pm line 46.
BEGIN failed--compilation aborted at /home/david/cpantesting/perl-5.8.9/.cpan/build/GraphViz-Graph-0.02-0/blib/lib/GraphViz/Graph.pm line 46.
Compilation failed in require at t/001-new.t line 8.
BEGIN failed--compilation aborted at t/001-new.t line 8.
# Looks like your test exited with 255 before it could output anything.
t/001-new.t .................. 
Dubious, test returned 255 (wstat 65280, 0xff00)
Failed 4/4 subtests 
Can't locate Test/Files.pm in @INC (@INC contains: /home/david/cpantesting/perl-5.8.9/.cpan/build/GraphViz-Graph-0.02-0/blib/lib /home/david/cpantesting/perl-5.8.9/.cpan/build/GraphViz-Graph-0.02-0/blib/arch /home/david/cpantesting/perl-5.8.9/lib/5.8.9/x86_64-linux-thread-multi /home/david/cpantesting/perl-5.8.9/lib/5.8.9 /home/david/cpantesting/perl-5.8.9/lib/site_perl/5.8.9/x86_64-linux-thread-multi /home/david/cpantesting/perl-5.8.9/lib/site_perl/5.8.9 .) at t/002-write_dot.t line 6.
BEGIN failed--compilation aborted at t/002-write_dot.t line 6.
# Looks like your test exited with 2 before it could output anything.
t/002-write_dot.t ............ 
Dubious, test returned 2 (wstat 512, 0x200)
Failed 2/2 subtests 
Global symbol "$arrow_tail" requires explicit package name at /home/david/cpantesting/perl-5.8.9/.cpan/build/GraphViz-Graph-0.02-0/blib/lib/GraphViz/Graph/Edge.pm line 92.
Global symbol "$arrow_tail" requires explicit package name at /home/david/cpantesting/perl-5.8.9/.cpan/build/GraphViz-Graph-0.02-0/blib/lib/GraphViz/Graph/Edge.pm line 98.
Global symbol "$arrow_tail" requires explicit package name at /home/david/cpantesting/perl-5.8.9/.cpan/build/GraphViz-Graph-0.02-0/blib/lib/GraphViz/Graph/Edge.pm line 100.
Global symbol "$arrow_tail" requires explicit package name at /home/david/cpantesting/perl-5.8.9/.cpan/build/GraphViz-Graph-0.02-0/blib/lib/GraphViz/Graph/Edge.pm line 100.
Compilation failed in require at /home/david/cpantesting/perl-5.8.9/.cpan/build/GraphViz-Graph-0.02-0/blib/lib/GraphViz/Graph.pm line 46.
BEGIN failed--compilation aborted at /home/david/cpantesting/perl-5.8.9/.cpan/build/GraphViz-Graph-0.02-0/blib/lib/GraphViz/Graph.pm line 46.
Compilation failed in require at t/003-create.t line 7.
BEGIN failed--compilation aborted at t/003-create.t line 7.
# Looks like your test exited with 255 before it could output anything.
t/003-create.t ............... 
Dubious, test returned 255 (wstat 65280, 0xff00)
Failed 2/2 subtests 
Global symbol "$arrow_tail" requires explicit package name at /home/david/cpantesting/perl-5.8.9/.cpan/build/GraphViz-Graph-0.02-0/blib/lib/GraphViz/Graph/Edge.pm line 92.
Global symbol "$arrow_tail" requires explicit package name at /home/david/cpantesting/perl-5.8.9/.cpan/build/GraphViz-Graph-0.02-0/blib/lib/GraphViz/Graph/Edge.pm line 98.
Global symbol "$arrow_tail" requires explicit package name at /home/david/cpantesting/perl-5.8.9/.cpan/build/GraphViz-Graph-0.02-0/blib/lib/GraphViz/Graph/Edge.pm line 100.
Global symbol "$arrow_tail" requires explicit package name at /home/david/cpantesting/perl-5.8.9/.cpan/build/GraphViz-Graph-0.02-0/blib/lib/GraphViz/Graph/Edge.pm line 100.
Compilation failed in require at /home/david/cpantesting/perl-5.8.9/.cpan/build/GraphViz-Graph-0.02-0/blib/lib/GraphViz/Graph.pm line 46.
BEGIN failed--compilation aborted at /home/david/cpantesting/perl-5.8.9/.cpan/build/GraphViz-Graph-0.02-0/blib/lib/GraphViz/Graph.pm line 46.
Compilation failed in require at t/004-label-graph.t line 5.
BEGIN failed--compilation aborted at t/004-label-graph.t line 5.
t/004-label-graph.t .......... 
Dubious, test returned 255 (wstat 65280, 0xff00)
No subtests run 
Global symbol "$arrow_tail" requires explicit package name at /home/david/cpantesting/perl-5.8.9/.cpan/build/GraphViz-Graph-0.02-0/blib/lib/GraphViz/Graph/Edge.pm line 92.
Global symbol "$arrow_tail" requires explicit package name at /home/david/cpantesting/perl-5.8.9/.cpan/build/GraphViz-Graph-0.02-0/blib/lib/GraphViz/Graph/Edge.pm line 98.
Global symbol "$arrow_tail" requires explicit package name at /home/david/cpantesting/perl-5.8.9/.cpan/build/GraphViz-Graph-0.02-0/blib/lib/GraphViz/Graph/Edge.pm line 100.
Global symbol "$arrow_tail" requires explicit package name at /home/david/cpantesting/perl-5.8.9/.cpan/build/GraphViz-Graph-0.02-0/blib/lib/GraphViz/Graph/Edge.pm line 100.
Compilation failed in require at /home/david/cpantesting/perl-5.8.9/.cpan/build/GraphViz-Graph-0.02-0/blib/lib/GraphViz/Graph.pm line 46.
BEGIN failed--compilation aborted at /home/david/cpantesting/perl-5.8.9/.cpan/build/GraphViz-Graph-0.02-0/blib/lib/GraphViz/Graph.pm line 46.
Compilation failed in require at t/005-label-graph-html.t line 5.
BEGIN failed--compilation aborted at t/005-label-graph-html.t line 5.
t/005-label-graph-html.t ..... 
Dubious, test returned 255 (wstat 65280, 0xff00)
No subtests run 
Global symbol "$arrow_tail" requires explicit package name at /home/david/cpantesting/perl-5.8.9/.cpan/build/GraphViz-Graph-0.02-0/blib/lib/GraphViz/Graph/Edge.pm line 92.
Global symbol "$arrow_tail" requires explicit package name at /home/david/cpantesting/perl-5.8.9/.cpan/build/GraphViz-Graph-0.02-0/blib/lib/GraphViz/Graph/Edge.pm line 98.
Global symbol "$arrow_tail" requires explicit package name at /home/david/cpantesting/perl-5.8.9/.cpan/build/GraphViz-Graph-0.02-0/blib/lib/GraphViz/Graph/Edge.pm line 100.
Global symbol "$arrow_tail" requires explicit package name at /home/david/cpantesting/perl-5.8.9/.cpan/build/GraphViz-Graph-0.02-0/blib/lib/GraphViz/Graph/Edge.pm line 100.
Compilation failed in require at /home/david/cpantesting/perl-5.8.9/.cpan/build/GraphViz-Graph-0.02-0/blib/lib/GraphViz/Graph.pm line 46.
BEGIN failed--compilation aborted at /home/david/cpantesting/perl-5.8.9/.cpan/build/GraphViz-Graph-0.02-0/blib/lib/GraphViz/Graph.pm line 46.
Compilation failed in require at t/006-nodes.t line 5.
BEGIN failed--compilation aborted at t/006-nodes.t line 5.
t/006-nodes.t ................ 
Dubious, test returned 255 (wstat 65280, 0xff00)
No subtests run 
Global symbol "$arrow_tail" requires explicit package name at /home/david/cpantesting/perl-5.8.9/.cpan/build/GraphViz-Graph-0.02-0/blib/lib/GraphViz/Graph/Edge.pm line 92.
Global symbol "$arrow_tail" requires explicit package name at /home/david/cpantesting/perl-5.8.9/.cpan/build/GraphViz-Graph-0.02-0/blib/lib/GraphViz/Graph/Edge.pm line 98.
Global symbol "$arrow_tail" requires explicit package name at /home/david/cpantesting/perl-5.8.9/.cpan/build/GraphViz-Graph-0.02-0/blib/lib/GraphViz/Graph/Edge.pm line 100.
Global symbol "$arrow_tail" requires explicit package name at /home/david/cpantesting/perl-5.8.9/.cpan/build/GraphViz-Graph-0.02-0/blib/lib/GraphViz/Graph/Edge.pm line 100.
Compilation failed in require at /home/david/cpantesting/perl-5.8.9/.cpan/build/GraphViz-Graph-0.02-0/blib/lib/GraphViz/Graph.pm line 46.
BEGIN failed--compilation aborted at /home/david/cpantesting/perl-5.8.9/.cpan/build/GraphViz-Graph-0.02-0/blib/lib/GraphViz/Graph.pm line 46.
Compilation failed in require at t/007-label-graph-top.t line 5.
BEGIN failed--compilation aborted at t/007-label-graph-top.t line 5.
t/007-label-graph-top.t ...... 
Dubious, test returned 255 (wstat 65280, 0xff00)
No subtests run 
Global symbol "$arrow_tail" requires explicit package name at /home/david/cpantesting/perl-5.8.9/.cpan/build/GraphViz-Graph-0.02-0/blib/lib/GraphViz/Graph/Edge.pm line 92.
Global symbol "$arrow_tail" requires explicit package name at /home/david/cpantesting/perl-5.8.9/.cpan/build/GraphViz-Graph-0.02-0/blib/lib/GraphViz/Graph/Edge.pm line 98.
Global symbol "$arrow_tail" requires explicit package name at /home/david/cpantesting/perl-5.8.9/.cpan/build/GraphViz-Graph-0.02-0/blib/lib/GraphViz/Graph/Edge.pm line 100.
Global symbol "$arrow_tail" requires explicit package name at /home/david/cpantesting/perl-5.8.9/.cpan/build/GraphViz-Graph-0.02-0/blib/lib/GraphViz/Graph/Edge.pm line 100.
Compilation failed in require at /home/david/cpantesting/perl-5.8.9/.cpan/build/GraphViz-Graph-0.02-0/blib/lib/GraphViz/Graph.pm line 46.
BEGIN failed--compilation aborted at /home/david/cpantesting/perl-5.8.9/.cpan/build/GraphViz-Graph-0.02-0/blib/lib/GraphViz/Graph.pm line 46.
Compilation failed in require at t/008-edge.t line 5.
BEGIN failed--compilation aborted at t/008-edge.t line 5.
t/008-edge.t ................. 
Dubious, test returned 255 (wstat 65280, 0xff00)
No subtests run 
Global symbol "$arrow_tail" requires explicit package name at /home/david/cpantesting/perl-5.8.9/.cpan/build/GraphViz-Graph-0.02-0/blib/lib/GraphViz/Graph/Edge.pm line 92.
Global symbol "$arrow_tail" requires explicit package name at /home/david/cpantesting/perl-5.8.9/.cpan/build/GraphViz-Graph-0.02-0/blib/lib/GraphViz/Graph/Edge.pm line 98.
Global symbol "$arrow_tail" requires explicit package name at /home/david/cpantesting/perl-5.8.9/.cpan/build/GraphViz-Graph-0.02-0/blib/lib/GraphViz/Graph/Edge.pm line 100.
Global symbol "$arrow_tail" requires explicit package name at /home/david/cpantesting/perl-5.8.9/.cpan/build/GraphViz-Graph-0.02-0/blib/lib/GraphViz/Graph/Edge.pm line 100.
Compilation failed in require at /home/david/cpantesting/perl-5.8.9/.cpan/build/GraphViz-Graph-0.02-0/blib/lib/GraphViz/Graph.pm line 46.
BEGIN failed--compilation aborted at /home/david/cpantesting/perl-5.8.9/.cpan/build/GraphViz-Graph-0.02-0/blib/lib/GraphViz/Graph.pm line 46.
Compilation failed in require at t/009-edge-arrowhead-tail.t line 5.
BEGIN failed--compilation aborted at t/009-edge-arrowhead-tail.t line 5.
t/009-edge-arrowhead-tail.t .. 
Dubious, test returned 255 (wstat 65280, 0xff00)
No subtests run 

Test Summary Report
-------------------
t/000-load.t               (Wstat: 65280 Tests: 0 Failed: 0)
  Non-zero exit status: 255
  Parse errors: Bad plan.  You planned 1 tests but ran 0.
t/001-new.t                (Wstat: 65280 Tests: 0 Failed: 0)
  Non-zero exit status: 255
  Parse errors: Bad plan.  You planned 4 tests but ran 0.
t/002-write_dot.t          (Wstat: 512 Tests: 0 Failed: 0)
  Non-zero exit status: 2
  Parse errors: Bad plan.  You planned 2 tests but ran 0.
t/003-create.t             (Wstat: 65280 Tests: 0 Failed: 0)
  Non-zero exit status: 255
  Parse errors: Bad plan.  You planned 2 tests but ran 0.
t/004-label-graph.t        (Wstat: 65280 Tests: 0 Failed: 0)
  Non-zero exit status: 255
  Parse errors: No plan found in TAP output
t/005-label-graph-html.t   (Wstat: 65280 Tests: 0 Failed: 0)
  Non-zero exit status: 255
  Parse errors: No plan found in TAP output
t/006-nodes.t              (Wstat: 65280 Tests: 0 Failed: 0)
  Non-zero exit status: 255
  Parse errors: No plan found in TAP output
t/007-label-graph-top.t    (Wstat: 65280 Tests: 0 Failed: 0)
  Non-zero exit status: 255
  Parse errors: No plan found in TAP output
t/008-edge.t               (Wstat: 65280 Tests: 0 Failed: 0)
  Non-zero exit status: 255
  Parse errors: No plan found in TAP output
t/009-edge-arrowhead-tail.t (Wstat: 65280 Tests: 0 Failed: 0)
  Non-zero exit status: 255
  Parse errors: No plan found in TAP output
Files=10, Tests=0,  0 wallclock secs ( 0.02 usr  0.05 sys +  0.11 cusr  0.02 csys =  0.20 CPU)
Result: FAIL
Failed 10/10 test programs. 0/0 subtests failed.
Makefile:859: recipe for target 'test_dynamic' failed
make: *** [test_dynamic] Error 255

------------------------------
PREREQUISITES
------------------------------

Prerequisite modules loaded:

requires:

    Module              Need  Have    
    ------------------- ----- --------
    perl                5.006 5.008009

build_requires:

    Module              Need  Have    
    ------------------- ----- --------
    Test::Exception     0     0.43    
    Test::More          0     1.302086
    Test::Simple        0     1.302086

configure_requires:

    Module              Need  Have    
    ------------------- ----- --------
    ExtUtils::MakeMaker 0     7.24    


------------------------------
ENVIRONMENT AND OTHER CONTEXT
------------------------------

Environment variables:

    AUTOMATED_TESTING = 1
    NONINTERACTIVE_TESTING = 1
    PATH = /usr/local/bin:/usr/bin:/bin:/usr/local/games:/usr/games
    PERL = 5.8.9
    PERL5LIB = 
    PERL5OPT = 
    PERL5_CPANPLUS_IS_RUNNING = 12151
    PERL5_CPAN_IS_RUNNING = 12151
    PERLVER = 5.8.9
    PERL_INLINE_DIRECTORY = /home/david/.Inline-5.8.9
    PERL_MM_USE_DEFAULT = 1
    PERL_USE_UNSAFE_INC = 0
    SHELL = /bin/bash
    TERM = screen

Perl special variables (and OS-specific diagnostics, for MSWin32):

    $^X = /home/david/cpantesting/perl-5.8.9/bin/perl
    $UID/$EUID = 1000 / 1000
    $GID = 1000 1000
    $EGID = 1000 1000

Perl module toolchain versions installed:

    Module              Have    
    ------------------- --------
    CPAN                2.14    
    CPAN::Meta          2.143240
    Cwd                 3.62    
    ExtUtils::CBuilder  0.280224
    ExtUtils::Command   7.24    
    ExtUtils::Install   1.54    
    ExtUtils::MakeMaker 7.24    
    ExtUtils::Manifest  1.70    
    ExtUtils::ParseXS   3.30    
    File::Spec          3.62    
    JSON                2.90    
    JSON::PP            2.27400 
    Module::Build       0.4224  
    Module::Signature   n/a     
    Parse::CPAN::Meta   1.4414  
    Test::Harness       3.39    
    Test::More          1.302086
    YAML                1.18    
    YAML::Syck          n/a     
    version             0.9917  


--

Summary of my perl5 (revision 5 version 8 subversion 9) configuration:
  Platform:
    osname=linux, osvers=3.16.0-4-amd64, archname=x86_64-linux-thread-multi
    uname='linux pigsty.barnyard.co.uk 3.16.0-4-amd64 #1 smp debian 3.16.36-1+deb8u1 (2016-09-03) x86_64 gnulinux '
    config_args='-de -Duse64bitall -Dusethreads -Dprefix=/home/david/cpantesting/perl-5.8.9'
    hint=recommended, useposix=true, d_sigaction=define
    usethreads=define use5005threads=undef useithreads=define usemultiplicity=define
    useperlio=define d_sfio=undef uselargefiles=define usesocks=undef
    use64bitint=define use64bitall=define uselongdouble=undef
    usemymalloc=n, bincompat5005=undef
  Compiler:
    cc='cc', ccflags ='-D_REENTRANT -D_GNU_SOURCE -fno-strict-aliasing -pipe -I/usr/local/include -D_LARGEFILE_SOURCE -D_FILE_OFFSET_BITS=64',
    optimize='-O2',
    cppflags='-D_REENTRANT -D_GNU_SOURCE -fno-strict-aliasing -pipe -I/usr/local/include'
    ccversion='', gccversion='4.9.2', gccosandvers=''
    intsize=4, longsize=8, ptrsize=8, doublesize=8, byteorder=12345678
    d_longlong=define, longlongsize=8, d_longdbl=define, longdblsize=16
    ivtype='long', ivsize=8, nvtype='double', nvsize=8, Off_t='off_t', lseeksize=8
    alignbytes=8, prototype=define
  Linker and Libraries:
    ld='cc', ldflags =' -L/usr/local/lib'
    libpth=/usr/local/lib /lib/x86_64-linux-gnu /lib/../lib /usr/lib/x86_64-linux-gnu /usr/lib/../lib /lib /usr/lib
    libs=-lnsl -ldb -ldl -lm -lcrypt -lutil -lpthread -lc
    perllibs=-lnsl -ldl -lm -lcrypt -lutil -lpthread -lc
    libc=libc-2.19.so, so=so, useshrplib=false, libperl=libperl.a
    gnulibc_version='2.19'
  Dynamic Linking:
    dlsrc=dl_dlopen.xs, dlext=so, d_dlsymun=undef, ccdlflags='-Wl,-E'
    cccdlflags='-fPIC', lddlflags='-shared -O2 -L/usr/local/lib'


Characteristics of this binary (from libperl): 
  Compile-time options: MULTIPLICITY PERL_IMPLICIT_CONTEXT PERL_MALLOC_WRAP
                        USE_64_BIT_ALL USE_64_BIT_INT USE_FAST_STDIO
                        USE_ITHREADS USE_LARGE_FILES USE_PERLIO
                        USE_REENTRANT_API
  Locally applied patches:
	Devel::PatchPerl 1.44
  Built under linux
  Compiled at Oct 12 2016 14:10:05
  %ENV:
    PERL="5.8.9"
    PERL5LIB=""
    PERL5OPT=""
    PERL5_CPANPLUS_IS_RUNNING="12151"
    PERL5_CPAN_IS_RUNNING="12151"
    PERLVER="5.8.9"
    PERL_INLINE_DIRECTORY="/home/david/.Inline-5.8.9"
    PERL_MM_USE_DEFAULT="1"
    PERL_USE_UNSAFE_INC="0"
  @INC:
    /home/david/cpantesting/perl-5.8.9/lib/5.8.9/x86_64-linux-thread-multi
    /home/david/cpantesting/perl-5.8.9/lib/5.8.9
    /home/david/cpantesting/perl-5.8.9/lib/site_perl/5.8.9/x86_64-linux-thread-multi
    /home/david/cpantesting/perl-5.8.9/lib/site_perl/5.8.9
    .