oxdperl v0.02 Perl 5 v5.14.4 amd64-freebsd

Status
Fail
From
Slaven Rezić (SREZIC)
Dist
oxdperl v0.02
Platform
Perl 5 v5.14.4 amd64-freebsd
Date
2017-09-26 18:03:18
ID
f98f9dfe-a2e4-11e7-9543-a5f5a075cac0
This distribution has been tested as part of the CPAN Testers
project, supporting the Perl programming language.  See
http://wiki.cpantesters.org/ for more information or email
questions to cpan-testers-discuss@perl.org


--
Dear Gluu Inc,

This is a computer-generated report for oxdperl-0.02
on perl 5.14.4, created by CPAN-Reporter-1.2018.

Thank you for uploading your work to CPAN.  However, there was a problem
testing your distribution.

If you think this report is invalid, please consult the CPAN Testers Wiki
for suggestions on how to avoid getting FAIL reports for missing library
or binary dependencies, unsupported operating systems, and so on:

http://wiki.cpantesters.org/wiki/CPANAuthorNotes

Sections of this report:

    * Tester comments
    * Program output
    * Prerequisites
    * Environment and other context

------------------------------
TESTER COMMENTS
------------------------------

Additional comments from tester:

none provided

------------------------------
PROGRAM OUTPUT
------------------------------

Output from './Build test':

# Testing OxdPerlModule 0.02, Perl 5.014004, /usr/perl5.14.4/bin/perl
t/00-load.t ....... ok
t/manifest.t ...... skipped: Author tests not required for installation

#   Failed test 'Pod coverage on OxdPackages::GetAccessTokenByRefreshToken'
#   at /usr/perl5.14.4/lib/site_perl/5.14.4/Test/Pod/Coverage.pm line 133.
# OxdPackages::GetAccessTokenByRefreshToken: couldn't find pod

#   Failed test 'Pod coverage on OxdPackages::GetAuthorizationUrl'
#   at /usr/perl5.14.4/lib/site_perl/5.14.4/Test/Pod/Coverage.pm line 133.
# OxdPackages::GetAuthorizationUrl: couldn't find pod

#   Failed test 'Pod coverage on OxdPackages::GetClientToken'
#   at /usr/perl5.14.4/lib/site_perl/5.14.4/Test/Pod/Coverage.pm line 133.
# OxdPackages::GetClientToken: couldn't find pod

#   Failed test 'Pod coverage on OxdPackages::GetTokenByCode'
#   at /usr/perl5.14.4/lib/site_perl/5.14.4/Test/Pod/Coverage.pm line 133.
# OxdPackages::GetTokenByCode: couldn't find pod

#   Failed test 'Pod coverage on OxdPackages::GetUserInfo'
#   at /usr/perl5.14.4/lib/site_perl/5.14.4/Test/Pod/Coverage.pm line 133.
# OxdPackages::GetUserInfo: couldn't find pod

#   Failed test 'Pod coverage on OxdPackages::OxdClient'
#   at /usr/perl5.14.4/lib/site_perl/5.14.4/Test/Pod/Coverage.pm line 133.
# OxdPackages::OxdClient: couldn't find pod

#   Failed test 'Pod coverage on OxdPackages::OxdClientSocket'
#   at /usr/perl5.14.4/lib/site_perl/5.14.4/Test/Pod/Coverage.pm line 133.
# OxdPackages::OxdClientSocket: couldn't find pod

#   Failed test 'Pod coverage on OxdPackages::OxdLogout'
#   at /usr/perl5.14.4/lib/site_perl/5.14.4/Test/Pod/Coverage.pm line 133.
# OxdPackages::OxdLogout: couldn't find pod

#   Failed test 'Pod coverage on OxdPackages::OxdRegister'
#   at /usr/perl5.14.4/lib/site_perl/5.14.4/Test/Pod/Coverage.pm line 133.
# OxdPackages::OxdRegister: couldn't find pod

#   Failed test 'Pod coverage on OxdPackages::OxdSetupClient'
#   at /usr/perl5.14.4/lib/site_perl/5.14.4/Test/Pod/Coverage.pm line 133.
# OxdPackages::OxdSetupClient: couldn't find pod

#   Failed test 'Pod coverage on OxdPackages::UmaRpGetClaimsGatheringUrl'
#   at /usr/perl5.14.4/lib/site_perl/5.14.4/Test/Pod/Coverage.pm line 133.
# OxdPackages::UmaRpGetClaimsGatheringUrl: couldn't find pod

#   Failed test 'Pod coverage on OxdPackages::UmaRpGetRpt'
#   at /usr/perl5.14.4/lib/site_perl/5.14.4/Test/Pod/Coverage.pm line 133.
# OxdPackages::UmaRpGetRpt: couldn't find pod

#   Failed test 'Pod coverage on OxdPackages::UmaRsCheckAccess'
#   at /usr/perl5.14.4/lib/site_perl/5.14.4/Test/Pod/Coverage.pm line 133.
# OxdPackages::UmaRsCheckAccess: couldn't find pod

#   Failed test 'Pod coverage on OxdPackages::UmaRsProtect'
#   at /usr/perl5.14.4/lib/site_perl/5.14.4/Test/Pod/Coverage.pm line 133.
# OxdPackages::UmaRsProtect: couldn't find pod

#   Failed test 'Pod coverage on OxdPackages::UpdateRegistration'
#   at /usr/perl5.14.4/lib/site_perl/5.14.4/Test/Pod/Coverage.pm line 133.
# OxdPackages::UpdateRegistration: couldn't find pod
# Looks like you failed 15 tests of 17.
t/pod-coverage.t .. 
Dubious, test returned 15 (wstat 3840, 0xf00)
Failed 15/17 subtests 

#   Failed test 'POD test for blib/lib/OxdPackages/OxdConfig.pm'
#   at /usr/perl5.14.4/lib/site_perl/5.14.4/Test/Pod.pm line 187.
# blib/lib/OxdPackages/OxdConfig.pm (396): =pod directives shouldn't be over one line long!  Ignoring all 8 lines of content
# Looks like you failed 1 test of 17.
t/pod.t ........... 
Dubious, test returned 1 (wstat 256, 0x100)
Failed 1/17 subtests 

Test Summary Report
-------------------
t/pod-coverage.t (Wstat: 3840 Tests: 17 Failed: 15)
  Failed tests:  2-8, 10-17
  Non-zero exit status: 15
t/pod.t         (Wstat: 256 Tests: 17 Failed: 1)
  Failed test:  9
  Non-zero exit status: 1
Files=4, Tests=35,  1 wallclock secs ( 0.02 usr  0.02 sys +  0.30 cusr  0.09 csys =  0.44 CPU)
Result: FAIL
Failed 2/4 test programs. 16/35 subtests failed.

------------------------------
PREREQUISITES
------------------------------

Prerequisite modules loaded:

build_requires:

    Module        Need Have    
    ------------- ---- --------
    Test::More    0    1.302096

configure_requires:

    Module        Need Have    
    ------------- ---- --------
    Module::Build 0    0.4224  


------------------------------
ENVIRONMENT AND OTHER CONTEXT
------------------------------

Environment variables:

    LC_ALL = de_DE.ISO8859-1
    PATH = /usr/local/bin:/usr/bin:/bin:/usr/local/sbin:/usr/sbin:/sbin:/home/cpansand/bin/freebsd9.3:/home/cpansand/bin/sh:/home/cpansand/bin:/usr/games:/home/cpansand/devel:/usr/home/eserte/src/srezic-misc/scripts
    PERL5LIB = 
    PERL5OPT = 
    PERL5_CPANPLUS_IS_RUNNING = 25149
    PERL5_CPAN_IS_RUNNING = 25149
    PERL5_CPAN_IS_RUNNING_IN_RECURSION = 25103,25149
    PERLDOC = -MPod::Perldoc::ToTextOverstrike
    PERL_BATCH = yes
    PERL_CANARY_STABILITY_NOPROMPT = 1
    PERL_CPAN_REPORTER_CONFIG = /var/tmp/cpansmoker-1023/2017092615/cpanreporter_000_config.ini
    PERL_EXTUTILS_AUTOINSTALL = --defaultdeps
    SHELL = /usr/local/bin/zsh
    TERM = screen
    TMPDIR = /var/tmp/cpansmoker-1023/2017092615

Perl special variables (and OS-specific diagnostics, for MSWin32):

    $^X = /usr/perl5.14.4/bin/perl
    $UID/$EUID = 1023 / 1023
    $GID = 1023 1023
    $EGID = 1023 1023

Perl module toolchain versions installed:

    Module              Have    
    ------------------- --------
    CPAN                2.16    
    CPAN::Meta          2.150010
    Cwd                 3.62    
    ExtUtils::CBuilder  0.280226
    ExtUtils::Command   7.24    
    ExtUtils::Install   2.12    
    ExtUtils::MakeMaker 7.24    
    ExtUtils::Manifest  1.70    
    ExtUtils::ParseXS   3.35    
    File::Spec          3.62    
    JSON                2.94    
    JSON::PP            2.94    
    Module::Build       0.4224  
    Module::Signature   0.81    
    Parse::CPAN::Meta   2.150010
    Test::Harness       3.39    
    Test::More          1.302096
    YAML                1.20    
    YAML::Syck          1.30    
    version             0.9918  


--

Summary of my perl5 (revision 5 version 14 subversion 4) configuration:
   
  Platform:
    osname=freebsd, osvers=9.2-release-p4, archname=amd64-freebsd
    uname='freebsd cvrsnica-freebsd-92 9.2-release-p4 freebsd 9.2-release-p4 #0: tue apr 8 18:08:22 utc 2014 root@amd64-builder.daemonology.net:usrobjusrsrcsysgeneric amd64 '
    config_args='-ds -e -Dprefix=/usr/perl5.14.4'
    hint=recommended, useposix=true, d_sigaction=define
    useithreads=undef, usemultiplicity=undef
    useperlio=define, d_sfio=undef, uselargefiles=define, usesocks=undef
    use64bitint=define, use64bitall=define, uselongdouble=undef
    usemymalloc=n, bincompat5005=undef
  Compiler:
    cc='cc', ccflags ='-DHAS_FPSETMASK -DHAS_FLOATINGPOINT_H -fno-strict-aliasing -pipe -fstack-protector -I/usr/local/include',
    optimize='-O',
    cppflags='-DHAS_FPSETMASK -DHAS_FLOATINGPOINT_H -fno-strict-aliasing -pipe -fstack-protector -I/usr/local/include'
    ccversion='', gccversion='4.2.1 20070831 patched [FreeBSD]', gccosandvers=''
    intsize=4, longsize=8, ptrsize=8, doublesize=8, byteorder=12345678
    d_longlong=define, longlongsize=8, d_longdbl=define, longdblsize=16
    ivtype='long', ivsize=8, nvtype='double', nvsize=8, Off_t='off_t', lseeksize=8
    alignbytes=8, prototype=define
  Linker and Libraries:
    ld='cc', ldflags ='-Wl,-E  -fstack-protector -L/usr/local/lib'
    libpth=/usr/lib /usr/local/lib
    libs=-lgdbm -lm -lcrypt -lutil -lc
    perllibs=-lm -lcrypt -lutil -lc
    libc=, so=so, useshrplib=false, libperl=libperl.a
    gnulibc_version=''
  Dynamic Linking:
    dlsrc=dl_dlopen.xs, dlext=so, d_dlsymun=undef, ccdlflags=' '
    cccdlflags='-DPIC -fPIC', lddlflags='-shared  -L/usr/local/lib -fstack-protector'


Characteristics of this binary (from libperl): 
  Compile-time options: PERL_DONT_CREATE_GVSV PERL_MALLOC_WRAP
                        PERL_PRESERVE_IVUV USE_64_BIT_ALL USE_64_BIT_INT
                        USE_LARGE_FILES USE_PERLIO USE_PERL_ATOF
  Built under freebsd
  Compiled at May 16 2014 00:20:44
  %ENV:
    PERL5LIB=""
    PERL5OPT=""
    PERL5_CPANPLUS_IS_RUNNING="25149"
    PERL5_CPAN_IS_RUNNING="25149"
    PERL5_CPAN_IS_RUNNING_IN_RECURSION="25103,25149"
    PERLDOC="-MPod::Perldoc::ToTextOverstrike"
    PERL_BATCH="yes"
    PERL_CANARY_STABILITY_NOPROMPT="1"
    PERL_CPAN_REPORTER_CONFIG="/var/tmp/cpansmoker-1023/2017092615/cpanreporter_000_config.ini"
    PERL_EXTUTILS_AUTOINSTALL="--defaultdeps"
  @INC:
    /usr/perl5.14.4/lib/site_perl/5.14.4/amd64-freebsd
    /usr/perl5.14.4/lib/site_perl/5.14.4
    /usr/perl5.14.4/lib/5.14.4/amd64-freebsd
    /usr/perl5.14.4/lib/5.14.4
    .