Algorithm-AM v3.12 Perl 5 v5.30.2 i86pc-solaris-thread-multi-64

Status
Fail
From
David Cantrell (DCANTRELL)
Dist
Algorithm-AM v3.12
Platform
Perl 5 v5.30.2 i86pc-solaris-thread-multi-64
Date
2021-04-04 15:54:01
ID
f9a921d8-955d-11eb-bc8f-73a5d77b59ba
This distribution has been tested as part of the CPAN Testers
project, supporting the Perl programming language.  See
http://wiki.cpantesters.org/ for more information or email
questions to cpan-testers-discuss@perl.org


--
Dear Nathan Gary Glenn,

This is a computer-generated report for Algorithm-AM-3.12
on perl 5.30.2, created by CPAN-Reporter-1.2018.

Thank you for uploading your work to CPAN.  However, there was a problem
testing your distribution.

If you think this report is invalid, please consult the CPAN Testers Wiki
for suggestions on how to avoid getting FAIL reports for missing library
or binary dependencies, unsupported operating systems, and so on:

http://wiki.cpantesters.org/wiki/CPANAuthorNotes

Sections of this report:

    * Tester comments
    * Program output
    * Prerequisites
    * Environment and other context

------------------------------
TESTER COMMENTS
------------------------------

Additional comments from tester:

this report is from an automated smoke testing program
and was not reviewed by a human for accuracy

------------------------------
PROGRAM OUTPUT
------------------------------

Output from '/usr/bin/make test':

"/home/david/cpantesting/perl-5.30.2/bin/perl" -MExtUtils::Command::MM -e 'cp_nonempty' -- AM.bs blib/arch/auto/Algorithm/AM/AM.bs 644
PERL_DL_NONLAZY=1 "/home/david/cpantesting/perl-5.30.2/bin/perl" "-MExtUtils::Command::MM" "-MTest::Harness" "-e" "undef *Test::Harness::Switches; test_harness(0, 'blib/lib', 'blib/arch')" t/*.t
t/0-use_AM.t ........... ok
t/0-use_Batch.t ........ ok
# 
# Versions for all modules listed in MYMETA.json (including optional ones):
# 
# === Configure Requires ===
# 
#     Module              Want Have
#     ------------------- ---- ----
#     ExtUtils::MakeMaker 6.17 7.34
# 
# === Build Requires ===
# 
#     Module              Want Have
#     ------------------- ---- ----
#     ExtUtils::MakeMaker  any 7.34
# 
# === Test Requires ===
# 
#     Module              Want     Have
#     ------------------- ---- --------
#     ExtUtils::MakeMaker  any     7.34
#     File::Spec           any     3.78
#     FindBin              any     1.51
#     Test::Deep           any    1.130
#     Test::Exception      any     0.43
#     Test::LongString     any     0.17
#     Test::More          0.88 1.302183
#     Test::NoWarnings     any     1.04
# 
# === Test Recommends ===
# 
#     Module         Want     Have
#     ---------- -------- --------
#     CPAN::Meta 2.120900 2.150010
# 
# === Runtime Requires ===
# 
#     Module            Want     Have
#     ----------------- ---- --------
#     Carp               any     1.50
#     Class::Tiny        any    1.008
#     Exporter::Easy     any     0.18
#     Getopt::Long      2.13      2.5
#     Import::Into       any 1.002005
#     Log::Any           any    1.709
#     Log::Any::Adapter  any    1.709
#     Path::Tiny         any    0.114
#     Pod::Usage         any     1.69
#     Text::Table        any    1.134
#     XSLoader           any     0.30
#     feature            any     1.54
#     integer            any     1.01
#     strict             any     1.11
#     warnings           any     1.44
# 
t/00-report-prereqs.t .. ok
t/01-Item.t ............ ok
Can't locate t/TestAM.pm in @INC (you may need to install the t::TestAM module) (@INC contains: /home/david/cpantesting/perl-5.30.2/.cpan/build/Algorithm-AM-3.12-0/blib/lib /home/david/cpantesting/perl-5.30.2/.cpan/build/Algorithm-AM-3.12-0/blib/arch /home/david/cpantesting/perl-5.30.2/lib/site_perl/5.30.2/i86pc-solaris-thread-multi-64 /home/david/cpantesting/perl-5.30.2/lib/site_perl/5.30.2 /home/david/cpantesting/perl-5.30.2/lib/5.30.2/i86pc-solaris-thread-multi-64 /home/david/cpantesting/perl-5.30.2/lib/5.30.2) at t/02-DataSet.t line 9.
BEGIN failed--compilation aborted at t/02-DataSet.t line 9.
# Tests were run but no plan was declared and done_testing() was not seen.
# Looks like your test exited with 2 just after 1.
t/02-DataSet.t ......... 
Dubious, test returned 2 (wstat 512, 0x200)
All 1 subtests passed 
Can't locate t/TestAM.pm in @INC (you may need to install the t::TestAM module) (@INC contains: /home/david/cpantesting/perl-5.30.2/.cpan/build/Algorithm-AM-3.12-0/blib/lib /home/david/cpantesting/perl-5.30.2/.cpan/build/Algorithm-AM-3.12-0/blib/arch /home/david/cpantesting/perl-5.30.2/lib/site_perl/5.30.2/i86pc-solaris-thread-multi-64 /home/david/cpantesting/perl-5.30.2/lib/site_perl/5.30.2 /home/david/cpantesting/perl-5.30.2/lib/5.30.2/i86pc-solaris-thread-multi-64 /home/david/cpantesting/perl-5.30.2/lib/5.30.2) at t/03-AM.t line 12.
BEGIN failed--compilation aborted at t/03-AM.t line 12.
# Tests were run but no plan was declared and done_testing() was not seen.
# Looks like your test exited with 2 just after 1.
t/03-AM.t .............. 
Dubious, test returned 2 (wstat 512, 0x200)
All 1 subtests passed 
Can't locate t/TestAM.pm in @INC (you may need to install the t::TestAM module) (@INC contains: /home/david/cpantesting/perl-5.30.2/.cpan/build/Algorithm-AM-3.12-0/blib/lib /home/david/cpantesting/perl-5.30.2/.cpan/build/Algorithm-AM-3.12-0/blib/arch /home/david/cpantesting/perl-5.30.2/lib/site_perl/5.30.2/i86pc-solaris-thread-multi-64 /home/david/cpantesting/perl-5.30.2/lib/site_perl/5.30.2 /home/david/cpantesting/perl-5.30.2/lib/5.30.2/i86pc-solaris-thread-multi-64 /home/david/cpantesting/perl-5.30.2/lib/5.30.2) at t/04-Result.t line 12.
BEGIN failed--compilation aborted at t/04-Result.t line 12.
t/04-Result.t .......... 
Dubious, test returned 2 (wstat 512, 0x200)
No subtests run 
Can't locate t/TestAM.pm in @INC (you may need to install the t::TestAM module) (@INC contains: /home/david/cpantesting/perl-5.30.2/.cpan/build/Algorithm-AM-3.12-0/blib/lib /home/david/cpantesting/perl-5.30.2/.cpan/build/Algorithm-AM-3.12-0/blib/arch /home/david/cpantesting/perl-5.30.2/lib/site_perl/5.30.2/i86pc-solaris-thread-multi-64 /home/david/cpantesting/perl-5.30.2/lib/site_perl/5.30.2 /home/david/cpantesting/perl-5.30.2/lib/5.30.2/i86pc-solaris-thread-multi-64 /home/david/cpantesting/perl-5.30.2/lib/5.30.2) at t/05-Bigint.t line 8.
BEGIN failed--compilation aborted at t/05-Bigint.t line 8.
# Tests were run but no plan was declared and done_testing() was not seen.
# Looks like your test exited with 2 just after 1.
t/05-Bigint.t .......... 
Dubious, test returned 2 (wstat 512, 0x200)
All 1 subtests passed 
Can't locate t/TestAM.pm in @INC (you may need to install the t::TestAM module) (@INC contains: /home/david/cpantesting/perl-5.30.2/.cpan/build/Algorithm-AM-3.12-0/blib/lib /home/david/cpantesting/perl-5.30.2/.cpan/build/Algorithm-AM-3.12-0/blib/arch /home/david/cpantesting/perl-5.30.2/lib/site_perl/5.30.2/i86pc-solaris-thread-multi-64 /home/david/cpantesting/perl-5.30.2/lib/site_perl/5.30.2 /home/david/cpantesting/perl-5.30.2/lib/5.30.2/i86pc-solaris-thread-multi-64 /home/david/cpantesting/perl-5.30.2/lib/5.30.2) at t/06-Batch.t line 10.
BEGIN failed--compilation aborted at t/06-Batch.t line 10.
# Tests were run but no plan was declared and done_testing() was not seen.
# Looks like your test exited with 2 just after 1.
t/06-Batch.t ........... 
Dubious, test returned 2 (wstat 512, 0x200)
All 1 subtests passed 
Can't locate t/TestAM.pm in @INC (you may need to install the t::TestAM module) (@INC contains: /home/david/cpantesting/perl-5.30.2/.cpan/build/Algorithm-AM-3.12-0/blib/lib /home/david/cpantesting/perl-5.30.2/.cpan/build/Algorithm-AM-3.12-0/blib/arch /home/david/cpantesting/perl-5.30.2/lib/site_perl/5.30.2/i86pc-solaris-thread-multi-64 /home/david/cpantesting/perl-5.30.2/lib/site_perl/5.30.2 /home/david/cpantesting/perl-5.30.2/lib/5.30.2/i86pc-solaris-thread-multi-64 /home/david/cpantesting/perl-5.30.2/lib/5.30.2) at t/07-Batch_hooks.t line 7.
BEGIN failed--compilation aborted at t/07-Batch_hooks.t line 7.
# Tests were run but no plan was declared and done_testing() was not seen.
# Looks like your test exited with 2 just after 1.
t/07-Batch_hooks.t ..... 
Dubious, test returned 2 (wstat 512, 0x200)
All 1 subtests passed 
t/08-finnverb.t ........ ok
t/09-soybean.t ......... ok

Test Summary Report
-------------------
t/02-DataSet.t       (Wstat: 512 Tests: 1 Failed: 0)
  Non-zero exit status: 2
  Parse errors: No plan found in TAP output
t/03-AM.t            (Wstat: 512 Tests: 1 Failed: 0)
  Non-zero exit status: 2
  Parse errors: No plan found in TAP output
t/04-Result.t        (Wstat: 512 Tests: 0 Failed: 0)
  Non-zero exit status: 2
  Parse errors: No plan found in TAP output
t/05-Bigint.t        (Wstat: 512 Tests: 1 Failed: 0)
  Non-zero exit status: 2
  Parse errors: No plan found in TAP output
t/06-Batch.t         (Wstat: 512 Tests: 1 Failed: 0)
  Non-zero exit status: 2
  Parse errors: No plan found in TAP output
t/07-Batch_hooks.t   (Wstat: 512 Tests: 1 Failed: 0)
  Non-zero exit status: 2
  Parse errors: No plan found in TAP output
Files=12, Tests=44, 15 wallclock secs ( 0.19 usr  0.22 sys + 10.66 cusr  3.10 csys = 14.17 CPU)
Result: FAIL
Failed 6/12 test programs. 0/44 subtests failed.
*** Error code 255
make: Fatal error: Command failed for target `test_dynamic'

------------------------------
PREREQUISITES
------------------------------

Prerequisite modules loaded:

requires:

    Module              Need     Have    
    ------------------- -------- --------
    Carp                0        1.50    
    Class::Tiny         0        1.008   
    Exporter::Easy      0        0.18    
    feature             0        1.54    
    Getopt::Long        2.13     2.5     
    Import::Into        0        1.002005
    integer             0        1.01    
    Log::Any            0        1.709   
    Log::Any::Adapter   0        1.709   
    Path::Tiny          0        0.114   
    perl                5.010000 5.030002
    Pod::Usage          0        1.69    
    strict              0        1.11    
    Text::Table         0        1.134   
    warnings            0        1.44    
    XSLoader            0        0.30    

build_requires:

    Module              Need     Have    
    ------------------- -------- --------
    ExtUtils::MakeMaker 0        7.34    
    File::Spec          0        3.78    
    FindBin             0        1.51    
    Test::Deep          0        1.130   
    Test::Exception     0        0.43    
    Test::LongString    0        0.17    
    Test::More          0.88     1.302183
    Test::NoWarnings    0        1.04    

configure_requires:

    Module              Need     Have    
    ------------------- -------- --------
    ExtUtils::MakeMaker 6.17     7.34    
    perl                5.010    5.030002


------------------------------
ENVIRONMENT AND OTHER CONTEXT
------------------------------

Environment variables:

    AUTOMATED_TESTING = 1
    LANG = en_GB.UTF-8
    NONINTERACTIVE_TESTING = 1
    PATH = /home/david/perl5/perlbrew/bin:/home/david/perl5/perlbrew/perls/perl-5.32.0/bin:/usr/bin:/usr/sbin:/sbin:/usr/gnu/bin:/opt/ooce/bin:/home/david/.fzf.git/bin:/opt/ooce/bin:/opt/ooce/bin
    PERL = 5.30.2
    PERL5LIB = 
    PERL5OPT = 
    PERL5_CPANPLUS_IS_RUNNING = 13298
    PERL5_CPAN_IS_RUNNING = 13298
    PERLBREW_HOME = /home/david/.perlbrew
    PERLBREW_MANPATH = /home/david/perl5/perlbrew/perls/perl-5.32.0/man
    PERLBREW_PATH = /home/david/perl5/perlbrew/bin:/home/david/perl5/perlbrew/perls/perl-5.32.0/bin
    PERLBREW_PERL = perl-5.32.0
    PERLBREW_ROOT = /home/david/perl5/perlbrew
    PERLBREW_SHELLRC_VERSION = 0.89
    PERLBREW_VERSION = 0.89
    PERLVER = 5.30.2
    PERL_INLINE_DIRECTORY = /home/david/.Inline-5.30.2
    PERL_MM_USE_DEFAULT = 1
    PERL_USE_UNSAFE_INC = 0
    SHELL = /bin/bash
    TERM = screen

Perl special variables (and OS-specific diagnostics, for MSWin32):

    $^X = /home/david/cpantesting/perl-5.30.2/bin/perl
    $UID/$EUID = 100 / 100
    $GID = 1 1 100
    $EGID = 1 1 100

Perl module toolchain versions installed:

    Module              Have    
    ------------------- --------
    CPAN                2.22    
    CPAN::Meta          2.150010
    Cwd                 3.78    
    ExtUtils::CBuilder  0.280231
    ExtUtils::Command   7.34    
    ExtUtils::Install   2.14    
    ExtUtils::MakeMaker 7.34    
    ExtUtils::Manifest  1.72    
    ExtUtils::ParseXS   3.40    
    File::Spec          3.78    
    JSON                4.03    
    JSON::PP            4.02    
    Module::Build       0.4231  
    Module::Signature   n/a     
    Parse::CPAN::Meta   2.150010
    Test::Harness       3.42    
    Test::More          1.302183
    YAML                1.30    
    YAML::Syck          n/a     
    version             0.9924  


--

Summary of my perl5 (revision 5 version 30 subversion 2) configuration:
   
  Platform:
    osname=solaris
    osvers=2.11
    archname=i86pc-solaris-thread-multi-64
    uname='sunos cpantesting-illumos 5.11 omnios-r151036-4a32ffb911 i86pc i386 i86pc '
    config_args='-de -Dcc=gcc -Dprefix=/home/david/cpantesting/perl-5.30.2 -Dusethreads'
    hint=recommended
    useposix=true
    d_sigaction=define
    useithreads=define
    usemultiplicity=define
    use64bitint=define
    use64bitall=define
    uselongdouble=undef
    usemymalloc=n
    default_inc_excludes_dot=define
    bincompat5005=undef
  Compiler:
    cc='gcc'
    ccflags ='-D_REENTRANT -fwrapv -fno-strict-aliasing -pipe -fstack-protector-strong -m64 -D_LARGEFILE_SOURCE -D_FILE_OFFSET_BITS=64 -D_FORTIFY_SOURCE=2 -DPERL_USE_SAFE_PUTENV'
    optimize='-O'
    cppflags='-D_REENTRANT -fwrapv -fno-strict-aliasing -pipe -fstack-protector-strong'
    ccversion=''
    gccversion='9.3.0'
    gccosandvers=''
    intsize=4
    longsize=8
    ptrsize=8
    doublesize=8
    byteorder=12345678
    doublekind=3
    d_longlong=define
    longlongsize=8
    d_longdbl=define
    longdblsize=16
    longdblkind=3
    ivtype='long'
    ivsize=8
    nvtype='double'
    nvsize=8
    Off_t='off_t'
    lseeksize=8
    alignbytes=8
    prototype=define
  Linker and Libraries:
    ld='gcc'
    ldflags =' -fstack-protector-strong -L/usr/gnu/lib -m64 '
    libpth=/opt/gcc-9/lib /opt/gcc-9/lib/gcc/x86_64-pc-solaris2.11/9.3.0/include-fixed /usr/lib /usr/gnu/lib /usr/ccs/lib
    libs=-lpthread -lsocket -lnsl -ldl -lm -lc
    perllibs=-lpthread -lsocket -lnsl -ldl -lm -lc
    libc=/lib/libc.so
    so=so
    useshrplib=true
    libperl=libperl.so
    gnulibc_version=''
  Dynamic Linking:
    dlsrc=dl_dlopen.xs
    dlext=so
    d_dlsymun=undef
    ccdlflags='  -R /home/david/cpantesting/perl-5.30.2/lib/5.30.2/i86pc-solaris-thread-multi-64/CORE'
    cccdlflags='-fPIC'
    lddlflags=' -shared -m64 -L/usr/gnu/lib -fstack-protector-strong'


Characteristics of this binary (from libperl): 
  Compile-time options:
    HAS_TIMES
    MULTIPLICITY
    PERLIO_LAYERS
    PERL_COPY_ON_WRITE
    PERL_DONT_CREATE_GVSV
    PERL_IMPLICIT_CONTEXT
    PERL_MALLOC_WRAP
    PERL_OP_PARENT
    PERL_PRESERVE_IVUV
    PERL_USE_SAFE_PUTENV
    USE_64_BIT_ALL
    USE_64_BIT_INT
    USE_ITHREADS
    USE_LARGE_FILES
    USE_LOCALE
    USE_LOCALE_COLLATE
    USE_LOCALE_CTYPE
    USE_LOCALE_NUMERIC
    USE_LOCALE_TIME
    USE_PERLIO
    USE_PERL_ATOF
    USE_REENTRANT_API
    USE_THREAD_SAFE_LOCALE
  Built under solaris
  Compiled at Dec 12 2020 00:49:07
  %ENV:
    PERL="5.30.2"
    PERL5LIB=""
    PERL5OPT=""
    PERL5_CPANPLUS_IS_RUNNING="13298"
    PERL5_CPAN_IS_RUNNING="13298"
    PERLBREW_HOME="/home/david/.perlbrew"
    PERLBREW_MANPATH="/home/david/perl5/perlbrew/perls/perl-5.32.0/man"
    PERLBREW_PATH="/home/david/perl5/perlbrew/bin:/home/david/perl5/perlbrew/perls/perl-5.32.0/bin"
    PERLBREW_PERL="perl-5.32.0"
    PERLBREW_ROOT="/home/david/perl5/perlbrew"
    PERLBREW_SHELLRC_VERSION="0.89"
    PERLBREW_VERSION="0.89"
    PERLVER="5.30.2"
    PERL_INLINE_DIRECTORY="/home/david/.Inline-5.30.2"
    PERL_MM_USE_DEFAULT="1"
    PERL_USE_UNSAFE_INC="0"
  @INC:
    /home/david/cpantesting/perl-5.30.2/lib/site_perl/5.30.2/i86pc-solaris-thread-multi-64
    /home/david/cpantesting/perl-5.30.2/lib/site_perl/5.30.2
    /home/david/cpantesting/perl-5.30.2/lib/5.30.2/i86pc-solaris-thread-multi-64
    /home/david/cpantesting/perl-5.30.2/lib/5.30.2