POE-Component-UserBase v0.09 Perl 5 v5.12.0 i386-freebsd
- Status
- Fail
- From
- Chris Williams (BINGOS)
- Dist
-
POE-Component-UserBase v0.09
- Platform
- Perl 5 v5.12.0 i386-freebsd
- Date
- 2010-04-30 00:11:51
- ID
- f9ab4da0-53ec-11df-b9fc-021a90befd91
This distribution has been tested as part of the CPAN Testers
project, supporting the Perl programming language. See
http://wiki.cpantesters.org/ for more information or email
questions to cpan-testers-discuss@perl.org
--
Dear JGOFF,
This is a computer-generated error report created automatically by
CPANPLUS, version 0.9003. Testers personal comments may appear
at the end of this report.
Thank you for uploading your work to CPAN. However, it appears that
there were some problems testing your distribution.
TEST RESULTS:
Below is the error stack from stage 'make test':
[MSG] [Fri Apr 30 01:11:49 2010] cp UserBase.pm blib/lib/POE/Component/UserBase.pm
Manifying blib/man3/POE::Component::UserBase.3
[ERROR] [Fri Apr 30 01:11:50 2010] MAKE TEST failed: No such file or directory PERL_DL_NONLAZY=1 /usr/home/cpan/pit/bare/perl-5.12.0/bin/perl "-MExtUtils::Command::MM" "-e" "test_harness(0, 'blib/lib', 'blib/arch')" t/*.t
t/01_basic.t .. ok
15506: a '_stop' event was sent from /usr/home/cpan/pit/bare/conf/perl-5.12.0/.cpanplus/5.12.0/build/POE-1.289/blib/lib/POE/Resource/Sessions.pm at 528 to session 2 (file_user_base) but session 2 (file_user_base) has neither a handler for it nor one for _default
t/02_file.t ... ok
Can't locate object method "connect" via package "DBI" (perhaps you forgot to load "DBI"?) at t/03_dbi.t line 46.
t/03_dbi.t ....
Dubious, test returned 255 (wstat 65280, 0xff00)
Failed 1/1 subtests
Test Summary Report
-------------------
t/03_dbi.t (Wstat: 65280 Tests: 0 Failed: 0)
Non-zero exit status: 255
Parse errors: Bad plan. You planned 1 tests but ran 0.
Files=3, Tests=7, 0 wallclock secs ( 0.02 usr 0.07 sys + 0.35 cusr 0.27 csys = 0.70 CPU)
Result: FAIL
Failed 1/3 test programs. 0/7 subtests failed.
*** Error code 255
Stop in /usr/home/cpan/pit/bare/conf/perl-5.12.0/.cpanplus/5.12.0/build/POE-Component-UserBase-0.09.
[MSG] [Fri Apr 30 01:11:50 2010] DEFAULT 'proceed_on_test_failure' HANDLER RETURNING 'sub return value'
PREREQUISITES:
Here is a list of prerequisites you specified and versions we
managed to load:
Module Name Have Want
POE 1.289 0.11
Storable 2.22 1
Perl module toolchain versions installed:
Module Name Have
CPANPLUS 0.9003
CPANPLUS::Dist::Build 0.46
Cwd 3.31
ExtUtils::CBuilder 0.2703
ExtUtils::Command 1.16
ExtUtils::Install 1.55
ExtUtils::MakeMaker 6.56
ExtUtils::Manifest 1.58
ExtUtils::ParseXS 2.2205
File::Spec 3.31
Module::Build 0.3607
Test::Harness 3.21
Test::More 0.94
version 0.82
******************************** NOTE ********************************
The comments above are created mechanically, possibly without manual
checking by the sender. As there are many people performing automatic
tests on each upload to CPAN, it is likely that you will receive
identical messages about the same problem.
If you believe that the message is mistaken, please reply to the first
one with correction and/or additional informations, and do not take
it personally. We appreciate your patience. :)
**********************************************************************
Additional comments:
This report was machine-generated by CPANPLUS::Dist::YACSmoke 0.56.
Powered by minismokebox version 0.26
------------------------------
ENVIRONMENT AND OTHER CONTEXT
------------------------------
Environment variables:
AUTOMATED_TESTING = 1
PATH = /sbin:/bin:/usr/sbin:/usr/bin:/usr/games:/usr/local/sbin:/usr/local/bin:/home/cpan/bin
PERL5LIB = :/usr/home/cpan/pit/bare/conf/perl-5.12.0/.cpanplus/5.12.0/build/IO-Tty-1.08/blib/lib:/usr/home/cpan/pit/bare/conf/perl-5.12.0/.cpanplus/5.12.0/build/IO-Tty-1.08/blib/arch:/usr/home/cpan/pit/bare/conf/perl-5.12.0/.cpanplus/5.12.0/build/POE-Test-Loops-1.035/blib/lib:/usr/home/cpan/pit/bare/conf/perl-5.12.0/.cpanplus/5.12.0/build/POE-Test-Loops-1.035/blib/arch:/usr/home/cpan/pit/bare/conf/perl-5.12.0/.cpanplus/5.12.0/build/POE-1.289/blib/lib:/usr/home/cpan/pit/bare/conf/perl-5.12.0/.cpanplus/5.12.0/build/POE-1.289/blib/arch:/usr/home/cpan/pit/bare/conf/perl-5.12.0/.cpanplus/5.12.0/build/POE-Component-UserBase-0.09/blib/lib:/usr/home/cpan/pit/bare/conf/perl-5.12.0/.cpanplus/5.12.0/build/POE-Component-UserBase-0.09/blib/arch
PERL5_CPANPLUS_IS_RUNNING = 15422
PERL5_CPANPLUS_IS_VERSION = 0.9003
PERL5_MINISMOKEBOX = 0.26
PERL5_YACSMOKE_BASE = /usr/home/cpan/pit/bare/conf/perl-5.12.0/
PERL_EXTUTILS_AUTOINSTALL = --defaultdeps
PERL_MM_USE_DEFAULT = 1
SHELL = /usr/local/bin/bash
TERM = screen
Perl special variables (and OS-specific diagnostics, for MSWin32):
Perl: $^X = /usr/home/cpan/pit/bare/perl-5.12.0/bin/perl
UID: $< = 1003
EUID: $> = 1003
GID: $( = 1003 1003 1003
EGID: $) = 1003 1003 1003
-------------------------------
--
Summary of my perl5 (revision 5 version 12 subversion 0) configuration:
Platform:
osname=freebsd, osvers=7.2-release, archname=i386-freebsd
uname='freebsd wintermute.staffordshire.gov.uk 7.2-release freebsd 7.2-release #0: fri may 1 08:49:13 utc 2009 root@walker.cse.buffalo.edu:usrobjusrsrcsysgeneric i386 '
config_args='-de -Dprefix=/usr/home/cpan/pit/bare/perl-5.12.0'
hint=recommended, useposix=true, d_sigaction=define
useithreads=undef, usemultiplicity=undef
useperlio=define, d_sfio=undef, uselargefiles=define, usesocks=undef
use64bitint=undef, use64bitall=undef, uselongdouble=undef
usemymalloc=n, bincompat5005=undef
Compiler:
cc='cc', ccflags ='-DHAS_FPSETMASK -DHAS_FLOATINGPOINT_H -fno-strict-aliasing -pipe -fstack-protector -I/usr/local/include',
optimize='-O',
cppflags='-DHAS_FPSETMASK -DHAS_FLOATINGPOINT_H -fno-strict-aliasing -pipe -fstack-protector -I/usr/local/include'
ccversion='', gccversion='4.2.1 20070719 [FreeBSD]', gccosandvers=''
intsize=4, longsize=4, ptrsize=4, doublesize=8, byteorder=1234
d_longlong=define, longlongsize=8, d_longdbl=define, longdblsize=12
ivtype='long', ivsize=4, nvtype='double', nvsize=8, Off_t='off_t', lseeksize=8
alignbytes=4, prototype=define
Linker and Libraries:
ld='cc', ldflags ='-Wl,-E -fstack-protector -L/usr/local/lib'
libpth=/usr/lib /usr/local/lib
libs=-lgdbm -lm -lcrypt -lutil -lc
perllibs=-lm -lcrypt -lutil -lc
libc=, so=so, useshrplib=false, libperl=libperl.a
gnulibc_version=''
Dynamic Linking:
dlsrc=dl_dlopen.xs, dlext=so, d_dlsymun=undef, ccdlflags=' '
cccdlflags='-DPIC -fPIC', lddlflags='-shared -L/usr/local/lib -fstack-protector'
Characteristics of this binary (from libperl):
Compile-time options: PERL_DONT_CREATE_GVSV PERL_MALLOC_WRAP
USE_LARGE_FILES USE_PERLIO USE_PERL_ATOF
Built under freebsd
Compiled at Apr 25 2010 21:18:12
%ENV:
PERL5LIB=":/usr/home/cpan/pit/bare/conf/perl-5.12.0/.cpanplus/5.12.0/build/IO-Tty-1.08/blib/lib:/usr/home/cpan/pit/bare/conf/perl-5.12.0/.cpanplus/5.12.0/build/IO-Tty-1.08/blib/arch:/usr/home/cpan/pit/bare/conf/perl-5.12.0/.cpanplus/5.12.0/build/POE-Test-Loops-1.035/blib/lib:/usr/home/cpan/pit/bare/conf/perl-5.12.0/.cpanplus/5.12.0/build/POE-Test-Loops-1.035/blib/arch:/usr/home/cpan/pit/bare/conf/perl-5.12.0/.cpanplus/5.12.0/build/POE-1.289/blib/lib:/usr/home/cpan/pit/bare/conf/perl-5.12.0/.cpanplus/5.12.0/build/POE-1.289/blib/arch:/usr/home/cpan/pit/bare/conf/perl-5.12.0/.cpanplus/5.12.0/build/POE-Component-UserBase-0.09/blib/lib:/usr/home/cpan/pit/bare/conf/perl-5.12.0/.cpanplus/5.12.0/build/POE-Component-UserBase-0.09/blib/arch"
PERL5_CPANPLUS_IS_RUNNING="15422"
PERL5_CPANPLUS_IS_VERSION="0.9003"
PERL5_MINISMOKEBOX="0.26"
PERL5_YACSMOKE_BASE="/usr/home/cpan/pit/bare/conf/perl-5.12.0/"
PERL_EXTUTILS_AUTOINSTALL="--defaultdeps"
PERL_MM_USE_DEFAULT="1"
@INC:
/usr/home/cpan/pit/bare/conf/perl-5.12.0/.cpanplus/5.12.0/build/IO-Tty-1.08/blib/lib
/usr/home/cpan/pit/bare/conf/perl-5.12.0/.cpanplus/5.12.0/build/IO-Tty-1.08/blib/arch
/usr/home/cpan/pit/bare/conf/perl-5.12.0/.cpanplus/5.12.0/build/POE-Test-Loops-1.035/blib/lib
/usr/home/cpan/pit/bare/conf/perl-5.12.0/.cpanplus/5.12.0/build/POE-Test-Loops-1.035/blib/arch
/usr/home/cpan/pit/bare/conf/perl-5.12.0/.cpanplus/5.12.0/build/POE-1.289/blib/lib
/usr/home/cpan/pit/bare/conf/perl-5.12.0/.cpanplus/5.12.0/build/POE-1.289/blib/arch
/usr/home/cpan/pit/bare/conf/perl-5.12.0/.cpanplus/5.12.0/build/POE-Component-UserBase-0.09/blib/lib
/usr/home/cpan/pit/bare/conf/perl-5.12.0/.cpanplus/5.12.0/build/POE-Component-UserBase-0.09/blib/arch
/usr/home/cpan/pit/bare/perl-5.12.0/lib/site_perl/5.12.0/i386-freebsd
/usr/home/cpan/pit/bare/perl-5.12.0/lib/site_perl/5.12.0
/usr/home/cpan/pit/bare/perl-5.12.0/lib/5.12.0/i386-freebsd
/usr/home/cpan/pit/bare/perl-5.12.0/lib/5.12.0
.