Report for Config-DB-0.2

Back
From: metabase:user:320bfe00-2aae-11df-837a-5e0a49663a4f
Subject: FAIL Config-DB-0.2 v5.17.4 GNU/Linux
Date: 2012-09-15T09:23:14Z

This distribution has been tested as part of the CPAN Testers
project, supporting the Perl programming language.  See
http://wiki.cpantesters.org/ for more information or email
questions to cpan-testers-discuss@perl.org


--
Dear Daniele Ricci,

This is a computer-generated report for Config-DB-0.2
on perl 5.17.4, created by CPAN-Reporter-1.2006.

Thank you for uploading your work to CPAN.  However, there was a problem
testing your distribution.

If you think this report is invalid, please consult the CPAN Testers Wiki
for suggestions on how to avoid getting FAIL reports for missing library
or binary dependencies, unsupported operating systems, and so on:

http://wiki.cpantesters.org/wiki/CPANAuthorNotes

Sections of this report:

    * Tester comments
    * Program output
    * Prerequisites
    * Environment and other context

------------------------------
TESTER COMMENTS
------------------------------

Additional comments from tester:

this report is from an automated smoke testing program
and was not reviewed by a human for accuracy

------------------------------
PROGRAM OUTPUT
------------------------------

Output from '/usr/bin/make test':

PERL_DL_NONLAZY=1 /mnt/k75/homesand/src/perl/repoperls/installed-perls/perl/v5.17.3-245-g9bcdb3d/9980/bin/perl "-MExtUtils::Command::MM" "-e" "test_harness(0, 'blib/lib', 'blib/arch')" t/*.t

#   Failed test 'wrong new call - no parameters'
#   at t/01_new.t line 9.
#                   'Config::DB::new: wrong call at t/01_new.t line 8.
# '
#     doesn't match '(?^:^Config::DB::new: wrong call at t/01_new.t line \d+\n$)'

#   Failed test 'wrong new call - hack try 1'
#   at t/01_new.t line 16.
#                   'Config::DB::new: wrong call at t/01_new.t line 15.
# '
#     doesn't match '(?^:^Config::DB::new: wrong call at t/01_new.t line \d+\n$)'

#   Failed test 'wrong new call - hack try 2'
#   at t/01_new.t line 23.
#                   'Config::DB::new: 'NoOk' does not hinerit 'Config::DB' at t/01_new.t line 22.
# '
#     doesn't match '(?^:^Config::DB::new: 'NoOk' does not hinerit 'Config::DB' at t/01_new.t line \d+\n$)'

#   Failed test 'wrong new call - wrong class'
#   at t/01_new.t line 30.
#                   'Config::DB::new: 'Wrong::Class' does not hinerit 'Config::DB' at t/01_new.t line 29.
# '
#     doesn't match '(?^:^Config::DB::new: 'Wrong::Class' does not hinerit 'Config::DB' at t/01_new.t line \d+\n$)'

#   Failed test 'wrong new call - missing connect paramenter'
#   at t/01_new.t line 37.
#                   'Config::DB::new: missing 'connect' paramenter at t/01_new.t line 36.
# '
#     doesn't match '(?^:^Config::DB::new: missing 'connect' paramenter at t/01_new.t line \d+\n$)'

#   Failed test 'wrong new call - connect paramenter not array ref'
#   at t/01_new.t line 44.
#                   'Config::DB::new: 'connect' paramenter is not a reference to ARRAY at t/01_new.t line 43.
# '
#     doesn't match '(?^:^Config::DB::new: 'connect' paramenter is not a reference to ARRAY at t/01_new.t line \d+\n$)'

#   Failed test 'wrong new call - missing tables paramenter'
#   at t/01_new.t line 51.
#                   'Config::DB::new: missing 'tables' paramenter at t/01_new.t line 50.
# '
#     doesn't match '(?^:^Config::DB::new: missing 'tables' paramenter at t/01_new.t line \d+\n$)'

#   Failed test 'wrong new call - tables paramenter not array ref'
#   at t/01_new.t line 58.
#                   'Config::DB::new: 'tables' paramenter is not a reference to HASH at t/01_new.t line 57.
# '
#     doesn't match '(?^:^Config::DB::new: 'tables' paramenter is not a reference to HASH at t/01_new.t line \d+\n$)'

#   Failed test 'wrong new call - missing tables'
#   at t/01_new.t line 65.
#                   'Config::DB::new: no tables defined at t/01_new.t line 64.
# '
#     doesn't match '(?^:^Config::DB::new: no tables defined at t/01_new.t line \d+\n$)'
# Looks like you failed 9 tests of 13.
t/01_new.t ..... 
Dubious, test returned 9 (wstat 2304, 0x900)
Failed 9/13 subtests 
DBD::DBM::db do failed: Cannot open /tmp/loop_over_bdir-gxQqw2/Config-DB-0.2-5jYIaF/notable.lck: No such file or directory (2) at /home/src/perl/repoperls/installed-perls/perl/v5.17.3-245-g9bcdb3d/9980/lib/site_perl/5.17.4/x86_64-linux-thread-multi/DBD/File.pm line 730. at /home/src/perl/repoperls/installed-perls/perl/v5.17.3-245-g9bcdb3d/9980/lib/site_perl/5.17.4/x86_64-linux-thread-multi/DBI/DBD/SqlEngine.pm line 796.
 at /home/src/perl/repoperls/installed-perls/perl/v5.17.3-245-g9bcdb3d/9980/lib/site_perl/5.17.4/x86_64-linux-thread-multi/DBI/DBD/SqlEngine.pm line 796.
 [for Statement "DROP TABLE notable"] at t/02_params.t line 5.

#   Failed test 'connection error'
#   at t/02_params.t line 18.
#                   'Can't connect to data source 'DBI:NotInstalled' because I can't work out what driver to use (it doesn't seem to contain a 'dbi:driver:' prefix and the DBI_DRIVER env var is not set) at /tmp/loop_over_bdir-gxQqw2/Config-DB-0.2-5jYIaF/blib/lib/Config/DB.pm line 100.Config::DB::read: can't connect at t/02_params.t line 15.'
#     doesn't match '(?^:^Can't connect to data source 'DBI:NotInstalled'.*Config::DB::read: can't connect at t/02_params.t line \d+$)'

#   Failed test 'missing table'
#   at t/02_params.t line 32.
#                   'DBD::DBM::db selectall_hashref failed: Cannot open /tmp/loop_over_bdir-gxQqw2/Config-DB-0.2-5jYIaF/notable.lck: No such file or directory (2) at /home/src/perl/repoperls/installed-perls/perl/v5.17.3-245-g9bcdb3d/9980/lib/site_perl/5.17.4/x86_64-linux-thread-multi/DBD/File.pm line 730. at /home/src/perl/repoperls/installed-perls/perl/v5.17.3-245-g9bcdb3d/9980/lib/site_perl/5.17.4/x86_64-linux-thread-multi/DBI/DBD/SqlEngine.pm line 796. [for Statement "SELECT nofield AS dbcfg_key, notable.* FROM notable"] at /tmp/loop_over_bdir-gxQqw2/Config-DB-0.2-5jYIaF/blib/lib/Config/DB.pm line 107.Config::DB::read: reading 'notable' table at t/02_params.t line 29.'
#     doesn't match '(?^:^DBD::DBM::db selectall_hashref failed.*Config::DB::read: reading 'notable' table at t/02_params.t line \d+$)'

#   Failed test 'missing field'
#   at t/02_params.t line 43.
#                   'DBD::DBM::db selectall_hashref failed: No such column 'nofield AS dbcfg_key' at /home/src/perl/repoperls/installed-perls/perl/v5.17.3-245-g9bcdb3d/9980/lib/site_perl/5.17.4/x86_64-linux-thread-multi/DBI/DBD/SqlEngine.pm line 796. [for Statement "SELECT nofield AS dbcfg_key, notable.* FROM notable"] at /tmp/loop_over_bdir-gxQqw2/Config-DB-0.2-5jYIaF/blib/lib/Config/DB.pm line 107.Config::DB::read: reading 'notable' table at t/02_params.t line 40.'
#     doesn't match '(?^:^DBD::DBM::db selectall_hashref failed.*Config::DB::read: reading 'notable' table at t/02_params.t line \d+$)'

#   Failed test 'ok call'
#   at t/02_params.t line 53.
#          got: 'DBD::DBM::db selectall_hashref failed: No such column 'nofield AS dbcfg_key' at /home/src/perl/repoperls/installed-perls/perl/v5.17.3-245-g9bcdb3d/9980/lib/site_perl/5.17.4/x86_64-linux-thread-multi/DBI/DBD/SqlEngine.pm line 796.
#  [for Statement "SELECT nofield AS dbcfg_key, notable.* FROM notable"] at /tmp/loop_over_bdir-gxQqw2/Config-DB-0.2-5jYIaF/blib/lib/Config/DB.pm line 107.
# 
# Config::DB::read: reading 'notable' table at t/02_params.t line 52.
# '
#     expected: ''
# Looks like you failed 4 tests of 6.
t/02_params.t .. 
Dubious, test returned 4 (wstat 1024, 0x400)
Failed 4/6 subtests 
DBD::DBM::db do failed: Cannot open /tmp/loop_over_bdir-gxQqw2/Config-DB-0.2-5jYIaF/cfg.lck: No such file or directory (2) at /home/src/perl/repoperls/installed-perls/perl/v5.17.3-245-g9bcdb3d/9980/lib/site_perl/5.17.4/x86_64-linux-thread-multi/DBD/File.pm line 730. at /home/src/perl/repoperls/installed-perls/perl/v5.17.3-245-g9bcdb3d/9980/lib/site_perl/5.17.4/x86_64-linux-thread-multi/DBI/DBD/SqlEngine.pm line 796.
 at /home/src/perl/repoperls/installed-perls/perl/v5.17.3-245-g9bcdb3d/9980/lib/site_perl/5.17.4/x86_64-linux-thread-multi/DBI/DBD/SqlEngine.pm line 796.
 [for Statement "DROP TABLE cfg"] at t/03_get.t line 5.

#   Failed test 'ok call'
#   at t/03_get.t line 20.
#          got: 'DBD::DBM::db selectall_hashref failed: No such column 'ckey AS dbcfg_key' at /home/src/perl/repoperls/installed-perls/perl/v5.17.3-245-g9bcdb3d/9980/lib/site_perl/5.17.4/x86_64-linux-thread-multi/DBI/DBD/SqlEngine.pm line 796.
#  [for Statement "SELECT ckey AS dbcfg_key, cfg.* FROM cfg"] at /tmp/loop_over_bdir-gxQqw2/Config-DB-0.2-5jYIaF/blib/lib/Config/DB.pm line 107.
# 
# Config::DB::read: reading 'cfg' table at t/03_get.t line 19.
# '
#     expected: ''

#   Failed test 'missing table parameter'
#   at t/03_get.t line 23.
#                   'DBD::DBM::db selectall_hashref failed: No such column 'ckey AS dbcfg_key' at /home/src/perl/repoperls/installed-perls/perl/v5.17.3-245-g9bcdb3d/9980/lib/site_perl/5.17.4/x86_64-linux-thread-multi/DBI/DBD/SqlEngine.pm line 796.
#  [for Statement "SELECT ckey AS dbcfg_key, cfg.* FROM cfg"] at /tmp/loop_over_bdir-gxQqw2/Config-DB-0.2-5jYIaF/blib/lib/Config/DB.pm line 107.
# 
# Config::DB::read: reading 'cfg' table at t/03_get.t line 22.
# '
#     doesn't match '(?^:^Config::DB::get: missing table parameter at t/03_get.t line \d+$)'
DBD::DBM::db selectall_hashref failed: No such column 'ckey AS dbcfg_key' at /home/src/perl/repoperls/installed-perls/perl/v5.17.3-245-g9bcdb3d/9980/lib/site_perl/5.17.4/x86_64-linux-thread-multi/DBI/DBD/SqlEngine.pm line 796.
 [for Statement "SELECT ckey AS dbcfg_key, cfg.* FROM cfg"] at /tmp/loop_over_bdir-gxQqw2/Config-DB-0.2-5jYIaF/blib/lib/Config/DB.pm line 107.

Config::DB::read: reading 'cfg' table at t/03_get.t line 29.
# Looks like you planned 28 tests but ran 4.
# Looks like you failed 2 tests of 4 run.
# Looks like your test exited with 25 just after 4.
t/03_get.t ..... 
Dubious, test returned 25 (wstat 6400, 0x1900)
Failed 26/28 subtests 

Test Summary Report
-------------------
t/01_new.t   (Wstat: 2304 Tests: 13 Failed: 9)
  Failed tests:  3-11
  Non-zero exit status: 9
t/02_params.t (Wstat: 1024 Tests: 6 Failed: 4)
  Failed tests:  3-6
  Non-zero exit status: 4
t/03_get.t   (Wstat: 6400 Tests: 4 Failed: 2)
  Failed tests:  3-4
  Non-zero exit status: 25
  Parse errors: Bad plan.  You planned 28 tests but ran 4.
Files=3, Tests=23,  0 wallclock secs ( 0.02 usr  0.01 sys +  0.14 cusr  0.03 csys =  0.20 CPU)
Result: FAIL
Failed 3/3 test programs. 15/23 subtests failed.
make: *** [test_dynamic] Error 25

------------------------------
PREREQUISITES
------------------------------

Prerequisite modules loaded:

requires:

    Module              Need  Have   
    ------------------- ----- -------
    DBI                 1.616 1.622  

build_requires:

    Module              Need  Have   
    ------------------- ----- -------
    ExtUtils::MakeMaker 0     6.63_02

configure_requires:

    Module              Need  Have   
    ------------------- ----- -------
    ExtUtils::MakeMaker 0     6.63_02


------------------------------
ENVIRONMENT AND OTHER CONTEXT
------------------------------

Environment variables:

    AUTOMATED_TESTING = 1
    LANG = en_US.UTF-8
    LANGUAGE = en_US:en
    PATH = /home/sand/bin:/usr/local/bin:/usr/bin:/bin:/usr/bin/X11:/usr/games:/usr/local/perl/bin:/usr/X11/bin:/sbin:/usr/sbin
    PERL5LIB = 
    PERL5OPT = 
    PERL5_CPANPLUS_IS_RUNNING = 14035
    PERL5_CPAN_IS_RUNNING = 14035
    PERL_MM_USE_DEFAULT = 1
    SHELL = /usr/bin/zsh
    TERM = screen

Perl special variables (and OS-specific diagnostics, for MSWin32):

    $^X = /mnt/k75/homesand/src/perl/repoperls/installed-perls/perl/v5.17.3-245-g9bcdb3d/9980/bin/perl
    $UID/$EUID = 1005 / 1005
    $GID = 1005 1005
    $EGID = 1005 1005

Perl module toolchain versions installed:

    Module              Have    
    ------------------- --------
    CPAN                1.9800  
    CPAN::Meta          2.120921
    Cwd                 3.39_02 
    ExtUtils::CBuilder  0.280208
    ExtUtils::Command   1.17    
    ExtUtils::Install   1.54    
    ExtUtils::MakeMaker 6.63_02 
    ExtUtils::Manifest  1.61    
    ExtUtils::ParseXS   3.18    
    File::Spec          3.39_02 
    JSON                2.53    
    JSON::PP            2.27200 
    Module::Build       0.4003  
    Module::Signature   0.68    
    Parse::CPAN::Meta   1.4404  
    Test::Harness       3.25_01 
    Test::More          0.98    
    YAML                0.84    
    YAML::Syck          1.20    
    version             0.99    


--

Summary of my perl5 (revision 5 version 17 subversion 4) configuration:
  Commit id: 9bcdb3dd02eeb4602916eaf43f73d58395ffd840
  Platform:
    osname=linux, osvers=3.2.0-3-amd64, archname=x86_64-linux-thread-multi
    uname='linux k83 3.2.0-3-amd64 #1 smp mon jul 23 02:45:17 utc 2012 x86_64 gnulinux '
    config_args='-Dprefix=/home/src/perl/repoperls/installed-perls/perl/v5.17.3-245-g9bcdb3d/9980 -Dmyhostname=k83 -Dinstallusrbinperl=n -Uversiononly -Dusedevel -des -Ui_db -Duseithreads -Uuselongdouble -DDEBUGGING=-g'
    hint=recommended, useposix=true, d_sigaction=define
    useithreads=define, usemultiplicity=define
    useperlio=define, d_sfio=undef, uselargefiles=define, usesocks=undef
    use64bitint=define, use64bitall=define, uselongdouble=undef
    usemymalloc=n, bincompat5005=undef
  Compiler:
    cc='cc', ccflags ='-D_REENTRANT -D_GNU_SOURCE -fno-strict-aliasing -pipe -fstack-protector -I/usr/local/include -D_LARGEFILE_SOURCE -D_FILE_OFFSET_BITS=64',
    optimize='-O2 -g',
    cppflags='-D_REENTRANT -D_GNU_SOURCE -fno-strict-aliasing -pipe -fstack-protector -I/usr/local/include'
    ccversion='', gccversion='4.7.1', gccosandvers=''
    intsize=4, longsize=8, ptrsize=8, doublesize=8, byteorder=12345678
    d_longlong=define, longlongsize=8, d_longdbl=define, longdblsize=16
    ivtype='long', ivsize=8, nvtype='double', nvsize=8, Off_t='off_t', lseeksize=8
    alignbytes=8, prototype=define
  Linker and Libraries:
    ld='cc', ldflags =' -fstack-protector -L/usr/local/lib'
    libpth=/usr/local/lib /lib/x86_64-linux-gnu /lib/../lib /usr/lib/x86_64-linux-gnu /usr/lib/../lib /lib /usr/lib
    libs=-lnsl -ldb -ldl -lm -lcrypt -lutil -lpthread -lc
    perllibs=-lnsl -ldl -lm -lcrypt -lutil -lpthread -lc
    libc=, so=so, useshrplib=false, libperl=libperl.a
    gnulibc_version='2.13'
  Dynamic Linking:
    dlsrc=dl_dlopen.xs, dlext=so, d_dlsymun=undef, ccdlflags='-Wl,-E'
    cccdlflags='-fPIC', lddlflags='-shared -O2 -g -L/usr/local/lib -fstack-protector'


Characteristics of this binary (from libperl): 
  Compile-time options: HAS_TIMES MULTIPLICITY PERLIO_LAYERS
                        PERL_DONT_CREATE_GVSV PERL_IMPLICIT_CONTEXT
                        PERL_MALLOC_WRAP PERL_PRESERVE_IVUV PERL_USE_DEVEL
                        USE_64_BIT_ALL USE_64_BIT_INT USE_ITHREADS
                        USE_LARGE_FILES USE_LOCALE USE_LOCALE_COLLATE
                        USE_LOCALE_CTYPE USE_LOCALE_NUMERIC USE_PERLIO
                        USE_PERL_ATOF USE_REENTRANT_API
  Built under linux
  Compiled at Sep  5 2012 03:36:35
  %ENV:
    PERL5LIB=""
    PERL5OPT=""
    PERL5_CPANPLUS_IS_RUNNING="14035"
    PERL5_CPAN_IS_RUNNING="14035"
    PERL_MM_USE_DEFAULT="1"
  @INC:
    /home/src/perl/repoperls/installed-perls/perl/v5.17.3-245-g9bcdb3d/9980/lib/site_perl/5.17.4/x86_64-linux-thread-multi
    /home/src/perl/repoperls/installed-perls/perl/v5.17.3-245-g9bcdb3d/9980/lib/site_perl/5.17.4
    /home/src/perl/repoperls/installed-perls/perl/v5.17.3-245-g9bcdb3d/9980/lib/5.17.4/x86_64-linux-thread-multi
    /home/src/perl/repoperls/installed-perls/perl/v5.17.3-245-g9bcdb3d/9980/lib/5.17.4
    .