Report for Module-UseFrom-0.02

Back
From: metabase:user:d2c9f356-b46f-11df-9a90-20a83c0b7757
Subject: FAIL Module-UseFrom-0.02 v5.10.1 SunOS/Solaris
Date: 2012-01-05T14:31:38Z

This distribution has been tested as part of the CPAN Testers
project, supporting the Perl programming language.  See
http://wiki.cpantesters.org/ for more information or email
questions to cpan-testers-discuss@perl.org


--
Dear Joel Berger,

This is a computer-generated report for Module-UseFrom-0.02
on perl 5.10.1, created by CPAN-Reporter-1.2003.

Thank you for uploading your work to CPAN.  However, there was a problem
testing your distribution.

If you think this report is invalid, please consult the CPAN Testers Wiki
for suggestions on how to avoid getting FAIL reports for missing library
or binary dependencies, unsupported operating systems, and so on:

http://wiki.cpantesters.org/wiki/CPANAuthorNotes

Sections of this report:

    * Tester comments
    * Program output
    * Prerequisites
    * Environment and other context

------------------------------
TESTER COMMENTS
------------------------------

Additional comments from tester:

this report is from an automated smoke testing program
and was not reviewed by a human for accuracy

------------------------------
PROGRAM OUTPUT
------------------------------

Output from './Build test':


#   Failed test 'use Module::UseFrom;'
#   at t/00-use.t line 6.
#     Tried to use 'Module::UseFrom'.
#     Error:  Type of arg 1 to keys must be hash (not private variable) at /export/home/cpantest/.cpan/build/Module-UseFrom-0.02-kSg2Gg/blib/lib/Module/UseFrom.pm line 97, near "$export) "
# BEGIN not safe after errors--compilation aborted at /export/home/cpantest/.cpan/build/Module-UseFrom-0.02-kSg2Gg/blib/lib/Module/UseFrom.pm line 106.
# Compilation failed in require at (eval 4) line 2.
# BEGIN failed--compilation aborted at (eval 4) line 2.
# Looks like you failed 1 test of 1.
t/00-use.t ............ 
Dubious, test returned 1 (wstat 256, 0x100)
Failed 1/1 subtests 
Type of arg 1 to keys must be hash (not private variable) at /export/home/cpantest/.cpan/build/Module-UseFrom-0.02-kSg2Gg/blib/lib/Module/UseFrom.pm line 97, near "$export) "
BEGIN not safe after errors--compilation aborted at /export/home/cpantest/.cpan/build/Module-UseFrom-0.02-kSg2Gg/blib/lib/Module/UseFrom.pm line 106.
Compilation failed in require at t/import.t line 6.
BEGIN failed--compilation aborted at t/import.t line 6.
# Looks like your test exited with 2 before it could output anything.
t/import.t ............ 
Dubious, test returned 2 (wstat 512, 0x200)
Failed 1/1 subtests 
Type of arg 1 to keys must be hash (not private variable) at /export/home/cpantest/.cpan/build/Module-UseFrom-0.02-kSg2Gg/blib/lib/Module/UseFrom.pm line 97, near "$export) "
BEGIN not safe after errors--compilation aborted at /export/home/cpantest/.cpan/build/Module-UseFrom-0.02-kSg2Gg/blib/lib/Module/UseFrom.pm line 106.
Compilation failed in require at t/import_all.t line 6.
BEGIN failed--compilation aborted at t/import_all.t line 6.
# Looks like your test exited with 2 before it could output anything.
t/import_all.t ........ 
Dubious, test returned 2 (wstat 512, 0x200)
Failed 2/2 subtests 
Type of arg 1 to keys must be hash (not private variable) at /export/home/cpantest/.cpan/build/Module-UseFrom-0.02-kSg2Gg/blib/lib/Module/UseFrom.pm line 97, near "$export) "
BEGIN not safe after errors--compilation aborted at /export/home/cpantest/.cpan/build/Module-UseFrom-0.02-kSg2Gg/blib/lib/Module/UseFrom.pm line 106.
Compilation failed in require at t/import_other.t line 6.
BEGIN failed--compilation aborted at t/import_other.t line 6.
# Looks like your test exited with 2 before it could output anything.
t/import_other.t ...... 
Dubious, test returned 2 (wstat 512, 0x200)
Failed 2/2 subtests 
Type of arg 1 to keys must be hash (not private variable) at /export/home/cpantest/.cpan/build/Module-UseFrom-0.02-kSg2Gg/blib/lib/Module/UseFrom.pm line 97, near "$export) "
BEGIN not safe after errors--compilation aborted at /export/home/cpantest/.cpan/build/Module-UseFrom-0.02-kSg2Gg/blib/lib/Module/UseFrom.pm line 106.
Compilation failed in require at t/use_from.t line 6.
BEGIN failed--compilation aborted at t/use_from.t line 6.
t/use_from.t .......... 
Dubious, test returned 2 (wstat 512, 0x200)
No subtests run 
Type of arg 1 to keys must be hash (not private variable) at /export/home/cpantest/.cpan/build/Module-UseFrom-0.02-kSg2Gg/blib/lib/Module/UseFrom.pm line 97, near "$export) "
BEGIN not safe after errors--compilation aborted at /export/home/cpantest/.cpan/build/Module-UseFrom-0.02-kSg2Gg/blib/lib/Module/UseFrom.pm line 106.
Compilation failed in require at t/use_if_available.t line 8.
BEGIN failed--compilation aborted at t/use_if_available.t line 8.
t/use_if_available.t .. 
Dubious, test returned 2 (wstat 512, 0x200)
No subtests run 

Test Summary Report
-------------------
t/00-use.t          (Wstat: 256 Tests: 1 Failed: 1)
  Failed test:  1
  Non-zero exit status: 1
t/import.t          (Wstat: 512 Tests: 0 Failed: 0)
  Non-zero exit status: 2
  Parse errors: Bad plan.  You planned 1 tests but ran 0.
t/import_all.t      (Wstat: 512 Tests: 0 Failed: 0)
  Non-zero exit status: 2
  Parse errors: Bad plan.  You planned 2 tests but ran 0.
t/import_other.t    (Wstat: 512 Tests: 0 Failed: 0)
  Non-zero exit status: 2
  Parse errors: Bad plan.  You planned 2 tests but ran 0.
t/use_from.t        (Wstat: 512 Tests: 0 Failed: 0)
  Non-zero exit status: 2
  Parse errors: No plan found in TAP output
t/use_if_available.t (Wstat: 512 Tests: 0 Failed: 0)
  Non-zero exit status: 2
  Parse errors: No plan found in TAP output
Files=6, Tests=1,  3 wallclock secs ( 0.03 usr  0.02 sys +  1.02 cusr  0.06 csys =  1.13 CPU)
Result: FAIL
Failed 6/6 test programs. 1/1 subtests failed.

------------------------------
PREREQUISITES
------------------------------

Prerequisite modules loaded:

requires:

    Module              Need   Have     
    ------------------- ------ ---------
    Carp                0      1.23     
    Devel::Declare      0      0.006008 
    ExtUtils::Installed 0      1.999_001
    Module::CoreList    0      2.59     
    perl                v5.8.1 5.010001 
    Scalar::Util        0      1.23     
    strict              0      1.04     
    version             0.77   0.95     
    warnings            0      1.06     

build_requires:

    Module              Need   Have     
    ------------------- ------ ---------
    Module::Build       0.3601 0.3800   
    Test::More          0      0.98     

configure_requires:

    Module              Need   Have     
    ------------------- ------ ---------
    Module::Build       0.3601 0.3800   


------------------------------
ENVIRONMENT AND OTHER CONTEXT
------------------------------

Environment variables:

    AUTOMATED_TESTING = 1
    LANG = C
    LD_LIBRARY_PATH = /usr/local/lib:
    PATH = /export/home/cpantest/perl5/bin:/usr/local/bin:/usr/bin
    PERL5LIB = 
    PERL5OPT = 
    PERL5_CPANPLUS_IS_RUNNING = 11628
    PERL5_CPAN_IS_RUNNING = 11628
    PERL5_CPAN_IS_RUNNING_IN_RECURSION = 10640,11628
    PERL_CR_SMOKER_CURRENT = Module-UseFrom-0.02
    PERL_EXTUTILS_AUTOINSTALL = --defaultdeps
    PERL_MM_USE_DEFAULT = 1
    SHELL = /usr/bin/bash
    TERM = xterm

Perl special variables (and OS-specific diagnostics, for MSWin32):

    $^X = /export/home/cpantest/perl5/bin/perl
    $UID/$EUID = 100 / 100
    $GID = 1 1
    $EGID = 1 1

Perl module toolchain versions installed:

    Module              Have    
    ------------------- --------
    CPAN                1.9800  
    CPAN::Meta          2.113640
    Cwd                 3.33    
    ExtUtils::CBuilder  0.280202
    ExtUtils::Command   1.17    
    ExtUtils::Install   1.54    
    ExtUtils::MakeMaker 6.62    
    ExtUtils::Manifest  1.60    
    ExtUtils::ParseXS   3.11    
    File::Spec          3.33    
    JSON                2.53    
    JSON::PP            2.27200 
    Module::Build       0.3800  
    Module::Signature   n/a     
    Parse::CPAN::Meta   1.4401  
    Test::Harness       3.23    
    Test::More          0.98    
    YAML                0.78    
    YAML::Syck          1.19    
    version             0.95    


--

Summary of my perl5 (revision 5 version 10 subversion 1) configuration:
   
  Platform:
    osname=solaris, osvers=2.10, archname=i86pc-solaris-64int
    uname='sunos vmrz0046 5.10 generic_141445-09 i86pc i386 i86pc '
    config_args='-Dcc=gcc -Dprefix=~/perl5 -Duse64bitint -d'
    hint=recommended, useposix=true, d_sigaction=define
    useithreads=undef, usemultiplicity=undef
    useperlio=define, d_sfio=undef, uselargefiles=define, usesocks=undef
    use64bitint=define, use64bitall=undef, uselongdouble=undef
    usemymalloc=n, bincompat5005=undef
  Compiler:
    cc='gcc', ccflags ='-DPTR_IS_LONG -fno-strict-aliasing -pipe -I/usr/local/include -D_LARGEFILE_SOURCE -D_FILE_OFFSET_BITS=64 -DPERL_USE_SAFE_PUTENV -DPERL_USE_SAFE_PUTENV',
    optimize='-O',
    cppflags='-DPTR_IS_LONG -fno-strict-aliasing -pipe -I/usr/local/include'
    ccversion='', gccversion='3.4.6', gccosandvers='solaris2.10'
    intsize=4, longsize=4, ptrsize=4, doublesize=8, byteorder=12345678
    d_longlong=define, longlongsize=8, d_longdbl=define, longdblsize=12
    ivtype='long long', ivsize=8, nvtype='double', nvsize=8, Off_t='off_t', lseeksize=8
    alignbytes=4, prototype=define
  Linker and Libraries:
    ld='gcc', ldflags =' -L/usr/local/lib '
    libpth=/usr/local/lib /usr/lib /usr/ccs/lib
    libs=-lsocket -lnsl -ldl -lm -lc
    perllibs=-lsocket -lnsl -ldl -lm -lc
    libc=/lib/libc.so, so=so, useshrplib=false, libperl=libperl.a
    gnulibc_version=''
  Dynamic Linking:
    dlsrc=dl_dlopen.xs, dlext=so, d_dlsymun=undef, ccdlflags=' '
    cccdlflags='-fPIC', lddlflags='-G -L/usr/local/lib'


Characteristics of this binary (from libperl): 
  Compile-time options: PERL_DONT_CREATE_GVSV PERL_MALLOC_WRAP
                        PERL_USE_SAFE_PUTENV USE_64_BIT_INT USE_LARGE_FILES
                        USE_PERLIO
  Built under solaris
  Compiled at Mar  1 2011 16:15:56
  %ENV:
    PERL5LIB=""
    PERL5OPT=""
    PERL5_CPANPLUS_IS_RUNNING="11628"
    PERL5_CPAN_IS_RUNNING="11628"
    PERL5_CPAN_IS_RUNNING_IN_RECURSION="10640,11628"
    PERL_CR_SMOKER_CURRENT="Module-UseFrom-0.02"
    PERL_EXTUTILS_AUTOINSTALL="--defaultdeps"
    PERL_MM_USE_DEFAULT="1"
  @INC:
    /export/home/cpantest/perl5/lib/5.10.1/i86pc-solaris-64int
    /export/home/cpantest/perl5/lib/5.10.1
    /export/home/cpantest/perl5/lib/site_perl/5.10.1/i86pc-solaris-64int
    /export/home/cpantest/perl5/lib/site_perl/5.10.1
    /export/home/cpantest/perl5/lib/site_perl/5.10.0/i86pc-solaris-64int
    /export/home/cpantest/perl5/lib/site_perl/5.10.0
    /export/home/cpantest/perl5/lib/site_perl
    .